[INFO] cloning repository https://github.com/dermoumi/rmux
[INFO] running `Command { std: "git" "-c" "credential.helper=" "-c" "credential.helper=/workspace/cargo-home/bin/git-credential-null" "clone" "--bare" "https://github.com/dermoumi/rmux" "/workspace/cache/git-repos/https%3A%2F%2Fgithub.com%2Fdermoumi%2Frmux", kill_on_drop: false }`
[INFO] [stderr] Cloning into bare repository '/workspace/cache/git-repos/https%3A%2F%2Fgithub.com%2Fdermoumi%2Frmux'...
[INFO] running `Command { std: "git" "rev-parse" "HEAD", kill_on_drop: false }`
[INFO] [stdout] ec6283e01e9c2d5aac47e8fb43b57f085865e5c4
[INFO] testing dermoumi/rmux against 1.83.0 for beta-1.84.0-4-retry
[INFO] running `Command { std: "git" "clone" "/workspace/cache/git-repos/https%3A%2F%2Fgithub.com%2Fdermoumi%2Frmux" "/workspace/builds/worker-5-tc1/source", kill_on_drop: false }`
[INFO] [stderr] Cloning into '/workspace/builds/worker-5-tc1/source'...
[INFO] [stderr] done.
[INFO] validating manifest of git repo https://github.com/dermoumi/rmux on toolchain 1.83.0
[INFO] running `Command { std: CARGO_HOME="/workspace/cargo-home" RUSTUP_HOME="/workspace/rustup-home" "/workspace/cargo-home/bin/cargo" "+1.83.0" "metadata" "--manifest-path" "Cargo.toml" "--no-deps", kill_on_drop: false }`
[INFO] started tweaking git repo https://github.com/dermoumi/rmux
[INFO] finished tweaking git repo https://github.com/dermoumi/rmux
[INFO] tweaked toml for git repo https://github.com/dermoumi/rmux written to /workspace/builds/worker-5-tc1/source/Cargo.toml
[INFO] crate git repo https://github.com/dermoumi/rmux already has a lockfile, it will not be regenerated
[INFO] running `Command { std: CARGO_HOME="/workspace/cargo-home" RUSTUP_HOME="/workspace/rustup-home" "/workspace/cargo-home/bin/cargo" "+1.83.0" "fetch" "--manifest-path" "Cargo.toml", kill_on_drop: false }`
[INFO] [stderr]     Updating crates.io index
[INFO] [stderr]     Blocking waiting for file lock on package cache
[INFO] [stderr]  Downloading crates ...
[INFO] [stderr]   Downloaded dirs-sys-next v0.1.1
[INFO] [stderr]   Downloaded main_error v0.1.1
[INFO] [stderr]   Downloaded mkdirp v1.0.0
[INFO] running `Command { std: "docker" "create" "-v" "/var/lib/crater-agent-workspace/builds/worker-5-tc1/target:/opt/rustwide/target:rw,Z" "-v" "/var/lib/crater-agent-workspace/builds/worker-5-tc1/source:/opt/rustwide/workdir:ro,Z" "-v" "/var/lib/crater-agent-workspace/cargo-home:/opt/rustwide/cargo-home:ro,Z" "-v" "/var/lib/crater-agent-workspace/rustup-home:/opt/rustwide/rustup-home:ro,Z" "-e" "SOURCE_DIR=/opt/rustwide/workdir" "-e" "CARGO_TARGET_DIR=/opt/rustwide/target" "-e" "CARGO_HOME=/opt/rustwide/cargo-home" "-e" "RUSTUP_HOME=/opt/rustwide/rustup-home" "-w" "/opt/rustwide/workdir" "-m" "1610612736" "--user" "0:0" "--network" "none" "ghcr.io/rust-lang/crates-build-env/linux@sha256:f3a9d4ad9d972b27faf3965f35b62e55ba32bbce8f20bc8fe909558a86702fde" "/opt/rustwide/cargo-home/bin/cargo" "+1.83.0" "metadata" "--no-deps" "--format-version=1", kill_on_drop: false }`
[INFO] [stdout] 05b0e5f5843b3b5b2a5049f19072202a9c4572f9fe5768abcb20ae583288052f
[INFO] running `Command { std: "docker" "start" "-a" "05b0e5f5843b3b5b2a5049f19072202a9c4572f9fe5768abcb20ae583288052f", kill_on_drop: false }`
[INFO] running `Command { std: "docker" "inspect" "05b0e5f5843b3b5b2a5049f19072202a9c4572f9fe5768abcb20ae583288052f", kill_on_drop: false }`
[INFO] running `Command { std: "docker" "rm" "-f" "05b0e5f5843b3b5b2a5049f19072202a9c4572f9fe5768abcb20ae583288052f", kill_on_drop: false }`
[INFO] [stdout] 05b0e5f5843b3b5b2a5049f19072202a9c4572f9fe5768abcb20ae583288052f
[INFO] running `Command { std: "docker" "create" "-v" "/var/lib/crater-agent-workspace/builds/worker-5-tc1/target:/opt/rustwide/target:rw,Z" "-v" "/var/lib/crater-agent-workspace/builds/worker-5-tc1/source:/opt/rustwide/workdir:ro,Z" "-v" "/var/lib/crater-agent-workspace/cargo-home:/opt/rustwide/cargo-home:ro,Z" "-v" "/var/lib/crater-agent-workspace/rustup-home:/opt/rustwide/rustup-home:ro,Z" "-e" "SOURCE_DIR=/opt/rustwide/workdir" "-e" "CARGO_TARGET_DIR=/opt/rustwide/target" "-e" "CARGO_INCREMENTAL=0" "-e" "RUST_BACKTRACE=full" "-e" "RUSTFLAGS=--cap-lints=warn" "-e" "RUSTDOCFLAGS=--cap-lints=warn" "-e" "CARGO_HOME=/opt/rustwide/cargo-home" "-e" "RUSTUP_HOME=/opt/rustwide/rustup-home" "-w" "/opt/rustwide/workdir" "-m" "1610612736" "--user" "0:0" "--network" "none" "ghcr.io/rust-lang/crates-build-env/linux@sha256:f3a9d4ad9d972b27faf3965f35b62e55ba32bbce8f20bc8fe909558a86702fde" "/opt/rustwide/cargo-home/bin/cargo" "+1.83.0" "build" "--frozen" "--message-format=json", kill_on_drop: false }`
[INFO] [stdout] cd7613e09262d375ea1a1d3a0a75557485ba1b9102b40ee2ae43256f8f181e73
[INFO] running `Command { std: "docker" "start" "-a" "cd7613e09262d375ea1a1d3a0a75557485ba1b9102b40ee2ae43256f8f181e73", kill_on_drop: false }`
[INFO] [stderr]    Compiling libc v0.2.81
[INFO] [stderr]    Compiling proc-macro2 v1.0.24
[INFO] [stderr]    Compiling unicode-xid v0.2.1
[INFO] [stderr]    Compiling syn v1.0.55
[INFO] [stderr]    Compiling getrandom v0.1.15
[INFO] [stderr]    Compiling serde_derive v1.0.118
[INFO] [stderr]    Compiling cfg-if v0.1.10
[INFO] [stderr]    Compiling serde v1.0.118
[INFO] [stderr]    Compiling ryu v1.0.5
[INFO] [stderr]    Compiling doc-comment v0.3.3
[INFO] [stderr]    Compiling ppv-lite86 v0.2.10
[INFO] [stderr]    Compiling unicode-width v0.1.8
[INFO] [stderr]    Compiling bitflags v1.2.1
[INFO] [stderr]    Compiling cfg-if v1.0.0
[INFO] [stderr]    Compiling serde_json v1.0.60
[INFO] [stderr]    Compiling linked-hash-map v0.5.3
[INFO] [stderr]    Compiling regex-syntax v0.6.21
[INFO] [stderr]    Compiling strsim v0.8.0
[INFO] [stderr]    Compiling textwrap v0.11.0
[INFO] [stderr]    Compiling xdg v2.2.0
[INFO] [stderr]    Compiling yaml-rust v0.4.4
[INFO] [stderr]    Compiling itoa v0.4.6
[INFO] [stderr]    Compiling remove_dir_all v0.5.3
[INFO] [stderr]    Compiling dtoa v0.4.6
[INFO] [stderr]    Compiling ansi_term v0.11.0
[INFO] [stderr]    Compiling lazy_static v1.4.0
[INFO] [stderr]    Compiling vec_map v0.8.2
[INFO] [stderr]    Compiling app_dirs v1.2.1
[INFO] [stderr]    Compiling main_error v0.1.1
[INFO] [stderr]    Compiling shell-words v1.0.0
[INFO] [stderr]    Compiling mkdirp v1.0.0
[INFO] [stderr]    Compiling quote v1.0.8
[INFO] [stderr]    Compiling dirs-sys-next v0.1.1
[INFO] [stderr]    Compiling terminal_size v0.1.15
[INFO] [stderr]    Compiling atty v0.2.14
[INFO] [stderr]    Compiling clap v2.33.3
[INFO] [stderr]    Compiling rand_core v0.5.1
[INFO] [stderr]    Compiling dirs-next v2.0.0
[INFO] [stderr]    Compiling shellexpand v2.1.0
[INFO] [stderr]    Compiling rand_chacha v0.2.2
[INFO] [stderr]    Compiling rand v0.7.3
[INFO] [stderr]    Compiling regex v1.4.2
[INFO] [stderr]    Compiling tempfile v3.1.0
[INFO] [stderr]    Compiling console v0.13.0
[INFO] [stderr]    Compiling snafu-derive v0.6.10
[INFO] [stderr]    Compiling snafu v0.6.10
[INFO] [stderr]    Compiling serde_yaml v0.8.14
[INFO] [stderr]    Compiling airmux v0.2.3 (/opt/rustwide/workdir)
[INFO] [stdout] warning: elided lifetime has a name
[INFO] [stdout]     --> src/actions.rs:1009:52
[INFO] [stdout]      |
[INFO] [stdout] 1008 |     impl<'a> TmuxDummySession<'a> {
[INFO] [stdout]      |          -- lifetime `'a` declared here
[INFO] [stdout] 1009 |         pub fn new(project: &'a Project) -> Result<TmuxDummySession, Box<dyn error::Error>> {
[INFO] [stdout]      |                                                    ^^^^^^^^^^^^^^^^ this elided lifetime gets resolved as `'a`
[INFO] [stdout]      |
[INFO] [stdout]      = note: `#[warn(elided_named_lifetimes)]` on by default
[INFO] [stdout] 
[INFO] [stdout] 
[INFO] [stderr]     Finished `dev` profile [unoptimized + debuginfo] target(s) in 26.42s
[INFO] running `Command { std: "docker" "inspect" "cd7613e09262d375ea1a1d3a0a75557485ba1b9102b40ee2ae43256f8f181e73", kill_on_drop: false }`
[INFO] running `Command { std: "docker" "rm" "-f" "cd7613e09262d375ea1a1d3a0a75557485ba1b9102b40ee2ae43256f8f181e73", kill_on_drop: false }`
[INFO] [stdout] cd7613e09262d375ea1a1d3a0a75557485ba1b9102b40ee2ae43256f8f181e73
[INFO] running `Command { std: "docker" "create" "-v" "/var/lib/crater-agent-workspace/builds/worker-5-tc1/target:/opt/rustwide/target:rw,Z" "-v" "/var/lib/crater-agent-workspace/builds/worker-5-tc1/source:/opt/rustwide/workdir:ro,Z" "-v" "/var/lib/crater-agent-workspace/cargo-home:/opt/rustwide/cargo-home:ro,Z" "-v" "/var/lib/crater-agent-workspace/rustup-home:/opt/rustwide/rustup-home:ro,Z" "-e" "SOURCE_DIR=/opt/rustwide/workdir" "-e" "CARGO_TARGET_DIR=/opt/rustwide/target" "-e" "CARGO_INCREMENTAL=0" "-e" "RUST_BACKTRACE=full" "-e" "RUSTFLAGS=--cap-lints=warn" "-e" "RUSTDOCFLAGS=--cap-lints=warn" "-e" "CARGO_HOME=/opt/rustwide/cargo-home" "-e" "RUSTUP_HOME=/opt/rustwide/rustup-home" "-w" "/opt/rustwide/workdir" "-m" "1610612736" "--user" "0:0" "--network" "none" "ghcr.io/rust-lang/crates-build-env/linux@sha256:f3a9d4ad9d972b27faf3965f35b62e55ba32bbce8f20bc8fe909558a86702fde" "/opt/rustwide/cargo-home/bin/cargo" "+1.83.0" "test" "--frozen" "--no-run" "--message-format=json", kill_on_drop: false }`
[INFO] [stdout] 4e68fbfd484ee5b1c4d14b699c7d8051485cae0e5da1a2f44e27c45d1e150b11
[INFO] running `Command { std: "docker" "start" "-a" "4e68fbfd484ee5b1c4d14b699c7d8051485cae0e5da1a2f44e27c45d1e150b11", kill_on_drop: false }`
[INFO] [stderr]    Compiling airmux v0.2.3 (/opt/rustwide/workdir)
[INFO] [stdout] warning: elided lifetime has a name
[INFO] [stdout]     --> src/actions.rs:1009:52
[INFO] [stdout]      |
[INFO] [stdout] 1008 |     impl<'a> TmuxDummySession<'a> {
[INFO] [stdout]      |          -- lifetime `'a` declared here
[INFO] [stdout] 1009 |         pub fn new(project: &'a Project) -> Result<TmuxDummySession, Box<dyn error::Error>> {
[INFO] [stdout]      |                                                    ^^^^^^^^^^^^^^^^ this elided lifetime gets resolved as `'a`
[INFO] [stdout]      |
[INFO] [stdout]      = note: `#[warn(elided_named_lifetimes)]` on by default
[INFO] [stdout] 
[INFO] [stdout] 
[INFO] [stdout] warning: elided lifetime has a name
[INFO] [stdout]     --> src/actions.rs:1009:52
[INFO] [stdout]      |
[INFO] [stdout] 1008 |     impl<'a> TmuxDummySession<'a> {
[INFO] [stdout]      |          -- lifetime `'a` declared here
[INFO] [stdout] 1009 |         pub fn new(project: &'a Project) -> Result<TmuxDummySession, Box<dyn error::Error>> {
[INFO] [stdout]      |                                                    ^^^^^^^^^^^^^^^^ this elided lifetime gets resolved as `'a`
[INFO] [stdout]      |
[INFO] [stdout]      = note: `#[warn(elided_named_lifetimes)]` on by default
[INFO] [stdout] 
[INFO] [stdout] 
[INFO] [stderr]     Finished `test` profile [unoptimized + debuginfo] target(s) in 5.01s
[INFO] running `Command { std: "docker" "inspect" "4e68fbfd484ee5b1c4d14b699c7d8051485cae0e5da1a2f44e27c45d1e150b11", kill_on_drop: false }`
[INFO] running `Command { std: "docker" "rm" "-f" "4e68fbfd484ee5b1c4d14b699c7d8051485cae0e5da1a2f44e27c45d1e150b11", kill_on_drop: false }`
[INFO] [stdout] 4e68fbfd484ee5b1c4d14b699c7d8051485cae0e5da1a2f44e27c45d1e150b11
[INFO] running `Command { std: "docker" "create" "-v" "/var/lib/crater-agent-workspace/builds/worker-5-tc1/target:/opt/rustwide/target:rw,Z" "-v" "/var/lib/crater-agent-workspace/builds/worker-5-tc1/source:/opt/rustwide/workdir:ro,Z" "-v" "/var/lib/crater-agent-workspace/cargo-home:/opt/rustwide/cargo-home:ro,Z" "-v" "/var/lib/crater-agent-workspace/rustup-home:/opt/rustwide/rustup-home:ro,Z" "-e" "SOURCE_DIR=/opt/rustwide/workdir" "-e" "CARGO_TARGET_DIR=/opt/rustwide/target" "-e" "CARGO_INCREMENTAL=0" "-e" "RUST_BACKTRACE=full" "-e" "RUSTFLAGS=--cap-lints=warn" "-e" "RUSTDOCFLAGS=--cap-lints=warn" "-e" "CARGO_HOME=/opt/rustwide/cargo-home" "-e" "RUSTUP_HOME=/opt/rustwide/rustup-home" "-w" "/opt/rustwide/workdir" "-m" "1610612736" "--user" "0:0" "--network" "none" "ghcr.io/rust-lang/crates-build-env/linux@sha256:f3a9d4ad9d972b27faf3965f35b62e55ba32bbce8f20bc8fe909558a86702fde" "/opt/rustwide/cargo-home/bin/cargo" "+1.83.0" "test" "--frozen", kill_on_drop: false }`
[INFO] [stdout] 45ebfaad30ad305629bd3b5a24c0d360e4cead9852367a87ebffeaf58eb2b50f
[INFO] running `Command { std: "docker" "start" "-a" "45ebfaad30ad305629bd3b5a24c0d360e4cead9852367a87ebffeaf58eb2b50f", kill_on_drop: false }`
[INFO] [stderr] warning: elided lifetime has a name
[INFO] [stderr]     --> src/actions.rs:1009:52
[INFO] [stderr]      |
[INFO] [stderr] 1008 |     impl<'a> TmuxDummySession<'a> {
[INFO] [stderr]      |          -- lifetime `'a` declared here
[INFO] [stderr] 1009 |         pub fn new(project: &'a Project) -> Result<TmuxDummySession, Box<dyn error::Error>> {
[INFO] [stderr]      |                                                    ^^^^^^^^^^^^^^^^ this elided lifetime gets resolved as `'a`
[INFO] [stderr]      |
[INFO] [stderr]      = note: `#[warn(elided_named_lifetimes)]` on by default
[INFO] [stderr] 
[INFO] [stderr] warning: `airmux` (lib) generated 1 warning
[INFO] [stderr] warning: `airmux` (lib test) generated 1 warning (1 duplicate)
[INFO] [stderr]     Finished `test` profile [unoptimized + debuginfo] target(s) in 0.07s
[INFO] [stderr]      Running unittests src/lib.rs (/opt/rustwide/target/debug/deps/airmux-bcad39c38ca36926)
[INFO] [stdout] 
[INFO] [stdout] running 179 tests
[INFO] [stdout] test actions::tests::get_filename_fails_if_path_does_not_contain_a_filename ... ok
[INFO] [stdout] test actions::tests::edit_project_fails_when_editor_is_empty ... ok
[INFO] [stdout] test actions::tests::env_context_returns_none_if_out_of_bounds ... ok
[INFO] [stdout] test actions::tests::get_filename_extracts_project_name_from_project_file ... ok
[INFO] [stdout] test actions::tests::env_context_returns_positional_vars_if_in_bounds ... ok
[INFO] [stdout] test actions::tests::get_filename_fails_if_project_file_is_single_dash_and_project_name_is_empty ... ok
[INFO] [stdout] test actions::tests::get_filename_returns_empty_filepath_if_project_file_is_single_dash ... ok
[INFO] [stdout] test actions::tests::get_filename_fails_if_project_file_is_single_dash_and_project_name_is_none ... ok
[INFO] [stdout] test actions::tests::edit_project_project_name_cannot_be_empty ... ok
[INFO] [stdout] test actions::tests::edit_project_succeeds_when_project_file_does_not_exist ... ok
[INFO] [stdout] test actions::tests::remove_project_fails_if_project_does_not_exist ... ok
[INFO] [stdout] test actions::tests::remove_project_project_name_cannot_be_empty ... ok
[INFO] [stdout] test command::tests::process_command_escapes_pounds ... ok
[INFO] [stdout] test command::tests::process_command_removes_line_carriages ... ok
[INFO] [stdout] test actions::tests::edit_project_fails_if_extension_is_not_supported ... ok
[INFO] [stdout] test actions::tests::edit_project_fails_when_project_path_is_directory ... ok
[INFO] [stdout] test config::tests::check_fails_when_author_name_is_empty ... ok
[INFO] [stdout] test actions::tests::remove_project_removes_parent_subdirectories_if_empty ... ok
[INFO] [stdout] test config::tests::from_args_matches_commands_correctly ... ok
[INFO] [stdout] test config::tests::get_config_dir_fails_if_app_name_is_empty_and_config_dir_is_none ... ok
[INFO] [stdout] test config::tests::check_fails_when_app_name_is_empty ... ok
[INFO] [stdout] test actions::tests::edit_project_creates_sub_directories_as_needed ... ok
[INFO] [stdout] test actions::tests::remove_project_removes_existing_project ... ok
[INFO] [stdout] test config::tests::check_attemps_to_make_the_directory ... ok
[INFO] [stdout] test pane::tests::pane_1st_form_deserializes_correctly ... ok
[INFO] [stdout] test config::tests::get_tmux_command_splits_commands_correctly ... ok
[INFO] [stdout] test pane::tests::pane_1st_form_deserializes_correctly_with_null_key_name ... ok
[INFO] [stdout] test pane::tests::pane_1st_form_deserializes_from_null ... ok
[INFO] [stdout] test pane::tests::pane_1st_form_deserializes_split_h ... ok
[INFO] [stdout] test config::tests::get_config_dir_returns_correct_path ... ok
[INFO] [stdout] test pane::tests::pane_1st_form_deserializes_correctly_with_key_name ... ok
[INFO] [stdout] test actions::tests::list_follows_symlinks ... ok
[INFO] [stdout] test actions::tests::list_detects_symlink_loops ... ok
[INFO] [stdout] test pane::tests::pane_1st_form_deserializes_split_horizontal ... ok
[INFO] [stdout] test pane::tests::pane_1st_form_deserializes_split_size_null ... ok
[INFO] [stdout] test pane::tests::pane_1st_form_deserializes_split_size_number ... ok
[INFO] [stdout] test pane::tests::pane_1st_form_deserializes_split_vertical ... ok
[INFO] [stdout] test pane::tests::pane_1st_form_deserializes_split_size_string ... ok
[INFO] [stdout] test pane::tests::pane_1st_form_deserializes_split_v ... ok
[INFO] [stdout] test pane::tests::pane_1st_form_fails_when_a_field_does_not_accept_a_command_list ... ok
[INFO] [stdout] test pane::tests::pane_1st_form_fails_when_a_field_does_not_accept_a_pane_definition_with_name ... ok
[INFO] [stdout] test pane::tests::pane_1st_form_deserializes_working_dir_from_number ... ok
[INFO] [stdout] test config::tests::check_fails_when_config_dir_is_a_file ... ok
[INFO] [stdout] test actions::tests::list_project_does_not_fail ... ok
[INFO] [stdout] test config::tests::get_projects_dir_returns_correct_subdir_path ... ok
[INFO] [stdout] test actions::tests::get_project_list_returns_projects_without_extensions ... ok
[INFO] [stdout] test config::tests::get_projects_dir_returns_correct_path ... ok
[INFO] [stdout] test actions::tests::remove_project_does_not_remove_parent_subdirs_if_not_empty ... ok
[INFO] [stdout] test actions::tests::edit_project_succeeds_when_project_file_exists ... ok
[INFO] [stdout] test actions::tests::remove_project_removes_local_project ... ok
[INFO] [stdout] test pane::tests::pane_1st_form_fails_when_a_field_does_not_accept_a_pane_definition_without_name ... ok
[INFO] [stdout] test pane::tests::pane_1st_form_fails_when_key_name_is_not_first_line ... ok
[INFO] [stdout] test pane::tests::pane_1st_form_fails_when_a_field_does_not_accept_a_string ... ok
[INFO] [stdout] test pane::tests::pane_2nd_form_deserializes_correctly_from_single_command_with_null_name ... ok
[INFO] [stdout] test pane::tests::pane_2nd_form_deserializes_correctly_from_string ... ok
[INFO] [stdout] test pane::tests::pane_2nd_form_deserializes_correctly_from_command_list_with_null_name ... ok
[INFO] [stdout] test pane::tests::pane_2nd_form_deserializes_correctly_with_name ... ok
[INFO] [stdout] test pane::tests::pane_1st_form_raises_error_on_invalid_split_value ... ok
[INFO] [stdout] test pane::tests::pane_2nd_form_deserializes_split_h ... ok
[INFO] [stdout] test config::tests::get_config_dir_returns_correct_subdir_path ... ok
[INFO] [stdout] test actions::tests::list_shows_projects_in_subdirectories ... ok
[INFO] [stdout] test pane::tests::pane_2nd_form_deserializes_split_size_number ... ok
[INFO] [stdout] test pane::tests::pane_1st_form_raises_error_on_invalid_split_size_value ... ok
[INFO] [stdout] test pane::tests::pane_2nd_form_deserializes_split_size_string ... ok
[INFO] [stdout] test pane::tests::pane_2nd_form_deserializes_split_horizontal ... ok
[INFO] [stdout] test pane::tests::pane_2nd_form_deserializes_correctly_with_null_name ... ok
[INFO] [stdout] test pane::tests::pane_2nd_form_deserializes_correctly_from_command_list_with_name ... ok
[INFO] [stdout] test pane::tests::pane_2nd_form_fails_to_deserialize_from_number_with_null_name ... ok
[INFO] [stdout] test pane::tests::pane_2nd_form_raises_error_on_invalid_split_size_value ... ok
[INFO] [stdout] test pane::tests::pane_2nd_form_deserializes_split_size_null ... ok
[INFO] [stdout] test pane::tests::pane_2nd_form_deserializes_split_v ... ok
[INFO] [stdout] test pane::tests::pane_2nd_form_deserializes_split_vertical ... ok
[INFO] [stdout] test pane::tests::pane_2nd_form_fails_to_deserialize_from_boolean_with_name ... ok
[INFO] [stdout] test pane::tests::pane_2nd_form_fails_to_deserialize_from_boolean_with_null_name ... ok
[INFO] [stdout] test pane::tests::pane_2nd_form_raises_error_on_invalid_split_value ... ok
[INFO] [stdout] test pane::tests::pane_3rd_form_deserializes_correctly_with_id ... ok
[INFO] [stdout] test pane::tests::pane_2nd_form_fails_to_deserialize_from_number_with_name ... ok
[INFO] [stdout] test pane::tests::pane_1st_form_fails_when_null_key_name_is_not_first_line ... ok
[INFO] [stdout] test pane::tests::pane_3rd_form_deserializes_correctly_with_name ... ok
[INFO] [stdout] test pane::tests::pane_3rd_form_deserializes_correctly_with_null_name ... ok
[INFO] [stdout] test pane::tests::pane_deserializes_post_create ... ok
[INFO] [stdout] test pane::tests::pane_deserializes_string_command ... ok
[INFO] [stdout] test pane::tests::pane_check_fails_when_working_dir_is_missing ... ok
[INFO] [stdout] test pane::tests::pane_check_succeeds_when_working_dir_is_a_existing_dir ... ok
[INFO] [stdout] test pane::tests::pane_check_succeeds_on_valid_pane ... ok
[INFO] [stdout] test pane::tests::pane_deserializes_null_command ... ok
[INFO] [stdout] test project::tests::project_check_succeeds_on_valid_project ... ok
[INFO] [stdout] test project::tests::project_check_fails_on_invalid_session_name ... ok
[INFO] [stdout] test pane::tests::pane_raises_error_on_invalid_split_from_value ... ok
[INFO] [stdout] test project::tests::project_coerces_from_some ... ok
[INFO] [stdout] test project::tests::project_deserializer_accepts_multiple_window_commands ... ok
[INFO] [stdout] test pane::tests::pane_from_string_translates_to_single_command_pane ... ok
[INFO] [stdout] test project::tests::project_deserializer_attach_default_when_neither_attach_or_detach_are_set ... ok
[INFO] [stdout] test project::tests::project_deserializer_attach_value_is_set_correctly_when_detached_is_set ... ok
[INFO] [stdout] test project::tests::project_deserializer_accepts_single_window_command ... ok
[INFO] [stdout] test project::tests::project_deserializer_raises_error_when_both_attach_and_detached_are_set ... ok
[INFO] [stdout] test project::tests::project_deserializer_rejects_unknown_fields ... ok
[INFO] [stdout] test project::tests::project_deserializes_correctly ... ok
[INFO] [stdout] test project::tests::project_deserializes_from_null ... ok
[INFO] [stdout] test project::tests::project_check_fails_when_working_dir_is_not_a_directory ... ok
[INFO] [stdout] test project::tests::project_deserializes_working_dir ... ok
[INFO] [stdout] test pane::tests::pane_check_fails_when_working_dir_is_not_a_directory ... ok
[INFO] [stdout] test project::tests::project_deserializes_working_dir_null_as_home ... ok
[INFO] [stdout] test project::tests::project_get_tmux_command_for_template_returns_joined_quoted_params ... ok
[INFO] [stdout] test project::tests::project_deserializer_attach_value_is_set_correctly_when_attach_is_set ... ok
[INFO] [stdout] test project::tests::project_check_fails_when_working_dir_is_missing ... ok
[INFO] [stdout] test project::tests::project_check_succeeds_when_working_dir_is_a_existing_dir ... ok
[INFO] [stdout] test pane::tests::pane_deserializes_sequence_commands ... ok
[INFO] [stdout] test project::tests::project_check_fails_on_invalid_startup_window ... ok
[INFO] [stdout] test project::tests::project_prepare_replaces_attach_when_force_attach_is_set ... ok
[INFO] [stdout] test pane::tests::pane_deserializes_sequence_as_command ... ok
[INFO] [stdout] test pane::tests::pane_raises_error_on_invalid_commands_value ... ok
[INFO] [stdout] test project::tests::project_deserializer_accepts_empty_values ... ok
[INFO] [stdout] test project::tests::project_prepare_replaces_session_name_when_none ... ok
[INFO] [stdout] test project::tests::project_coerces_from_none ... ok
[INFO] [stdout] test project::tests::project_prepare_sets_tmux_default_command_when_empty ... ok
[INFO] [stdout] test project::tests::project_get_tmux_command_for_template_returns_single_command ... ok
[INFO] [stdout] test project::tests::project_get_tmux_command_splits_command_and_appends_options ... ok
[INFO] [stdout] test project::tests::project_on_create_deserializes_as_on_first_start ... ok
[INFO] [stdout] test project::tests::project_pane_no_command_serializes_to_an_empty_string ... ok
[INFO] [stdout] test project::tests::project_pane_single_command_serializes_to_a_single_string ... ok
[INFO] [stdout] test pane::tests::pane_3rd_form_deserializes_correctly_with_null_id ... ok
[INFO] [stdout] test project::tests::project_raises_error_on_invalid_working_dir_value ... ok
[INFO] [stdout] test project::tests::project_pane_two_or_more_commands_serializes_to_a_full_object ... ok
[INFO] [stdout] test project::tests::project_prepare_replaces_tmux_command_if_set_in_config ... ok
[INFO] [stdout] test utils::tests::correct_command_fails_on_empty_command ... ok
[INFO] [stdout] test utils::tests::correct_command_parses_command_with_flags_command ... ok
[INFO] [stdout] test project::tests::project_startup_window_by_index ... ok
[INFO] [stdout] test utils::tests::fails_when_project_name_is_an_absolute_path ... ok
[INFO] [stdout] test utils::tests::correct_command_parses_single_command ... ok
[INFO] [stdout] test utils::tests::fails_when_project_name_has_a_trailing_slash ... ok
[INFO] [stdout] test utils::tests::parses_empty_namespace ... ok
[INFO] [stdout] test utils::tests::parses_namespace ... ok
[INFO] [stdout] test utils::tests::parses_multilevel_namspaces ... ok
[INFO] [stdout] test window::tests::window_1st_form_deserializes_correctly_with_explicit_name ... ok
[INFO] [stdout] test window::tests::window_1st_form_deserializes_correctly_with_null_key_name ... ok
[INFO] [stdout] test window::tests::window_1st_form_deserializes_from_single_command ... ok
[INFO] [stdout] test window::tests::window_1st_form_does_not_accept_unknown_fields ... ok
[INFO] [stdout] test window::tests::window_1st_form_deserializes_correctly_with_key_name ... ok
[INFO] [stdout] test window::tests::window_1st_form_deserializes_correctly_deserializes_command_lists ... ok
[INFO] [stdout] test window::tests::window_1st_form_deserializes_from_multiple_commands ... ok
[INFO] [stdout] test window::tests::window_1st_form_deserializes_from_null ... ok
[INFO] [stdout] test window::tests::window_1st_form_fails_when_a_field_does_not_accept_a_pane_list ... ok
[INFO] [stdout] test window::tests::window_1st_form_fails_when_a_field_does_not_accept_command_list ... ok
[INFO] [stdout] test window::tests::window_1st_form_fails_when_a_field_does_not_accept_window_definiton ... ok
[INFO] [stdout] test utils::tests::correct_command_parses_returns_correct_arguments ... ok
[INFO] [stdout] test window::tests::window_1st_form_fails_when_a_field_does_not_accept_window_definiton_with_name ... ok
[INFO] [stdout] test window::tests::window_1st_form_fails_when_clear_panes_has_an_invalid_value ... ok
[INFO] [stdout] test window::tests::window_1st_form_fails_when_key_name_is_not_first_line ... ok
[INFO] [stdout] test window::tests::window_1st_form_fails_when_null_key_name_is_not_first_line ... ok
[INFO] [stdout] test window::tests::window_2nd_form_deserializes_from_null ... ok
[INFO] [stdout] test window::tests::window_2nd_form_deserializes_correctly_with_null_name ... ok
[INFO] [stdout] test window::tests::window_2nd_form_deserializes_from_sequence_with_null_name ... ok
[INFO] [stdout] test project::tests::project_startup_window_by_name ... ok
[INFO] [stdout] test window::tests::window_2nd_form_deserializes_from_str_with_null_name ... ok
[INFO] [stdout] test window::tests::window_2nd_form_deserializes_name_string ... ok
[INFO] [stdout] test window::tests::window_2nd_form_deserializes_from_str_with_name ... ok
[INFO] [stdout] test window::tests::window_2nd_form_raises_error_on_invalid_layout_value ... ok
[INFO] [stdout] test window::tests::window_2nd_form_raises_error_on_invalid_window_definition ... ok
[INFO] [stdout] test window::tests::window_2nd_form_raises_error_on_invalid_name_value ... ok
[INFO] [stdout] test window::tests::window_3rd_form_deserializes_correctly_with_null_key ... ok
[INFO] [stdout] test window::tests::window_check_fails_when_layout_and_split_are_both_used ... ok
[INFO] [stdout] test window::tests::window_2nd_form_deserializes_correctly_with_name ... ok
[INFO] [stdout] test window::tests::window_check_fails_when_layout_and_split_size_are_both_used ... ok
[INFO] [stdout] test window::tests::window_2nd_form_deserializes_null_name ... ok
[INFO] [stdout] test window::tests::window_check_fails_when_pane_split_from_is_out_of_bounds ... ok
[INFO] [stdout] test window::tests::window_2nd_form_raises_error_on_multiple_hashmap_keys ... ok
[INFO] [stdout] test window::tests::window_check_fails_when_working_dir_is_missing ... ok
[INFO] [stdout] test window::tests::window_3rd_form_deserializes_correctly_with_string_key ... ok
[INFO] [stdout] test window::tests::window_check_fails_on_invalid_name ... ok
[INFO] [stdout] test window::tests::window_3rd_form_overrides_null_name ... ok
[INFO] [stdout] test window::tests::window_2nd_form_deserializes_correctly_from_pane_listwith_null_name ... ok
[INFO] [stdout] test window::tests::window_2nd_form_deserializes_from_sequence_with_name ... ok
[INFO] [stdout] test window::tests::window_check_fails_when_working_dir_is_not_a_directory ... ok
[INFO] [stdout] test actions::tests::edit_project_creates_file_locally ... FAILED
[INFO] [stdout] test window::tests::window_check_succeeds_when_working_dir_is_a_existing_dir ... ok
[INFO] [stdout] test window::tests::window_deserializes_pane_keyword_as_panes ... ok
[INFO] [stdout] test window::tests::window_check_succeeds_on_valid_window ... ok
[INFO] [stdout] test window::tests::window_deserializes_empty_pane_list ... ok
[INFO] [stdout] 
[INFO] [stdout] failures:
[INFO] [stdout] 
[INFO] [stdout] ---- actions::tests::edit_project_creates_file_locally stdout ----
[INFO] [stdout] thread 'actions::tests::edit_project_creates_file_locally' panicked at src/test/actions.rs:228:5:
[INFO] [stdout] assertion failed: project_file.exists()
[INFO] [stdout] stack backtrace:
[INFO] [stdout]    0:     0x62b417f0596a - std::backtrace_rs::backtrace::libunwind::trace::h5a5b8284f2d0c266
[INFO] [stdout]                                at /rustc/90b35a6239c3d8bdabc530a6a0816f7ff89a0aaf/library/std/src/../../backtrace/src/backtrace/libunwind.rs:116:5
[INFO] [stdout]    1:     0x62b417f0596a - std::backtrace_rs::backtrace::trace_unsynchronized::h76d4f1c9b0b875e3
[INFO] [stdout]                                at /rustc/90b35a6239c3d8bdabc530a6a0816f7ff89a0aaf/library/std/src/../../backtrace/src/backtrace/mod.rs:66:5
[INFO] [stdout]    2:     0x62b417f0596a - std::sys::backtrace::_print_fmt::hc4546b8364a537c6
[INFO] [stdout]                                at /rustc/90b35a6239c3d8bdabc530a6a0816f7ff89a0aaf/library/std/src/sys/backtrace.rs:66:9
[INFO] [stdout]    3:     0x62b417f0596a - <std::sys::backtrace::BacktraceLock::print::DisplayBacktrace as core::fmt::Display>::fmt::h5b6bd5631a6d1f6b
[INFO] [stdout]                                at /rustc/90b35a6239c3d8bdabc530a6a0816f7ff89a0aaf/library/std/src/sys/backtrace.rs:39:26
[INFO] [stdout]    4:     0x62b417f2e303 - core::fmt::rt::Argument::fmt::h270f6602a2b96f62
[INFO] [stdout]                                at /rustc/90b35a6239c3d8bdabc530a6a0816f7ff89a0aaf/library/core/src/fmt/rt.rs:177:76
[INFO] [stdout]    5:     0x62b417f2e303 - core::fmt::write::h7550c97b06c86515
[INFO] [stdout]                                at /rustc/90b35a6239c3d8bdabc530a6a0816f7ff89a0aaf/library/core/src/fmt/mod.rs:1186:21
[INFO] [stdout]    6:     0x62b417f01d93 - std::io::Write::write_fmt::h509ff860e5956e5e
[INFO] [stdout]                                at /rustc/90b35a6239c3d8bdabc530a6a0816f7ff89a0aaf/library/std/src/io/mod.rs:1839:15
[INFO] [stdout]    7:     0x62b417f057b2 - std::sys::backtrace::BacktraceLock::print::h2395ccd2c84ba3aa
[INFO] [stdout]                                at /rustc/90b35a6239c3d8bdabc530a6a0816f7ff89a0aaf/library/std/src/sys/backtrace.rs:42:9
[INFO] [stdout]    8:     0x62b417f06dca - std::panicking::default_hook::{{closure}}::he19d4c7230e07961
[INFO] [stdout]                                at /rustc/90b35a6239c3d8bdabc530a6a0816f7ff89a0aaf/library/std/src/panicking.rs:268:22
[INFO] [stdout]    9:     0x62b417f06bd4 - std::panicking::default_hook::hf614597d3c67bbdb
[INFO] [stdout]                                at /rustc/90b35a6239c3d8bdabc530a6a0816f7ff89a0aaf/library/std/src/panicking.rs:292:9
[INFO] [stdout]   10:     0x62b417d9df09 - <alloc::boxed::Box<F,A> as core::ops::function::Fn<Args>>::call::h39b51ce4599c23d1
[INFO] [stdout]                                at /rustc/90b35a6239c3d8bdabc530a6a0816f7ff89a0aaf/library/alloc/src/boxed.rs:2468:9
[INFO] [stdout]   11:     0x62b417d9df09 - test::test_main::{{closure}}::he977ae839a582784
[INFO] [stdout]                                at /rustc/90b35a6239c3d8bdabc530a6a0816f7ff89a0aaf/library/test/src/lib.rs:133:21
[INFO] [stdout]   12:     0x62b417f07468 - <alloc::boxed::Box<F,A> as core::ops::function::Fn<Args>>::call::h9455091b6b06f9fb
[INFO] [stdout]                                at /rustc/90b35a6239c3d8bdabc530a6a0816f7ff89a0aaf/library/alloc/src/boxed.rs:2468:9
[INFO] [stdout]   13:     0x62b417f07468 - std::panicking::rust_panic_with_hook::h8942133a8b252070
[INFO] [stdout]                                at /rustc/90b35a6239c3d8bdabc530a6a0816f7ff89a0aaf/library/std/src/panicking.rs:809:13
[INFO] [stdout]   14:     0x62b417f071f6 - std::panicking::begin_panic_handler::{{closure}}::hb5f5963570096b29
[INFO] [stdout]                                at /rustc/90b35a6239c3d8bdabc530a6a0816f7ff89a0aaf/library/std/src/panicking.rs:667:13
[INFO] [stdout]   15:     0x62b417f05e49 - std::sys::backtrace::__rust_end_short_backtrace::h6208cedc1922feda
[INFO] [stdout]                                at /rustc/90b35a6239c3d8bdabc530a6a0816f7ff89a0aaf/library/std/src/sys/backtrace.rs:170:18
[INFO] [stdout]   16:     0x62b417f06ebc - rust_begin_unwind
[INFO] [stdout]                                at /rustc/90b35a6239c3d8bdabc530a6a0816f7ff89a0aaf/library/std/src/panicking.rs:665:5
[INFO] [stdout]   17:     0x62b417c0f360 - core::panicking::panic_fmt::h0c3082644d1bf418
[INFO] [stdout]                                at /rustc/90b35a6239c3d8bdabc530a6a0816f7ff89a0aaf/library/core/src/panicking.rs:74:14
[INFO] [stdout]   18:     0x62b417c0f3ec - core::panicking::panic::h957f98c65a3b3074
[INFO] [stdout]                                at /rustc/90b35a6239c3d8bdabc530a6a0816f7ff89a0aaf/library/core/src/panicking.rs:148:5
[INFO] [stdout]   19:     0x62b417ccf0e5 - airmux::actions::tests::edit_project_creates_file_locally::hc887c1f42cbd190e
[INFO] [stdout]                                at /opt/rustwide/workdir/src/test/actions.rs:228:5
[INFO] [stdout]   20:     0x62b417cce937 - airmux::actions::tests::edit_project_creates_file_locally::{{closure}}::h6e775fdb632ee503
[INFO] [stdout]                                at /opt/rustwide/workdir/src/test/actions.rs:205:39
[INFO] [stdout]   21:     0x62b417cdf506 - core::ops::function::FnOnce::call_once::h68adc4565cf01023
[INFO] [stdout]                                at /rustc/90b35a6239c3d8bdabc530a6a0816f7ff89a0aaf/library/core/src/ops/function.rs:250:5
[INFO] [stdout]   22:     0x62b417da28cb - core::ops::function::FnOnce::call_once::h109cf8051a59b34e
[INFO] [stdout]                                at /rustc/90b35a6239c3d8bdabc530a6a0816f7ff89a0aaf/library/core/src/ops/function.rs:250:5
[INFO] [stdout]   23:     0x62b417da28cb - test::__rust_begin_short_backtrace::hf4fff89d377446ba
[INFO] [stdout]                                at /rustc/90b35a6239c3d8bdabc530a6a0816f7ff89a0aaf/library/test/src/lib.rs:621:18
[INFO] [stdout]   24:     0x62b417da2107 - test::run_test_in_process::{{closure}}::h0e39181dd7ee5a43
[INFO] [stdout]                                at /rustc/90b35a6239c3d8bdabc530a6a0816f7ff89a0aaf/library/test/src/lib.rs:644:60
[INFO] [stdout]   25:     0x62b417da2107 - <core::panic::unwind_safe::AssertUnwindSafe<F> as core::ops::function::FnOnce<()>>::call_once::hc5a66a30f0bdfd1f
[INFO] [stdout]                                at /rustc/90b35a6239c3d8bdabc530a6a0816f7ff89a0aaf/library/core/src/panic/unwind_safe.rs:272:9
[INFO] [stdout]   26:     0x62b417da2107 - std::panicking::try::do_call::h873b7cf639554a5e
[INFO] [stdout]                                at /rustc/90b35a6239c3d8bdabc530a6a0816f7ff89a0aaf/library/std/src/panicking.rs:557:40
[INFO] [stdout]   27:     0x62b417da2107 - std::panicking::try::hdb19862fad9c8bd1
[INFO] [stdout]                                at /rustc/90b35a6239c3d8bdabc530a6a0816f7ff89a0aaf/library/std/src/panicking.rs:520:19
[INFO] [stdout]   28:     0x62b417da2107 - std::panic::catch_unwind::h281fe732d236d260
[INFO] [stdout]                                at /rustc/90b35a6239c3d8bdabc530a6a0816f7ff89a0aaf/library/std/src/panic.rs:358:14
[INFO] [stdout]   29:     0x62b417da2107 - test::run_test_in_process::h949b6df8457ed338
[INFO] [stdout]                                at /rustc/90b35a6239c3d8bdabc530a6a0816f7ff89a0aaf/library/test/src/lib.rs:644:27
[INFO] [stdout]   30:     0x62b417da2107 - test::run_test::{{closure}}::h52c556a6d4740e10
[INFO] [stdout]                                at /rustc/90b35a6239c3d8bdabc530a6a0816f7ff89a0aaf/library/test/src/lib.rs:565:43
[INFO] [stdout]   31:     0x62b417d673e4 - test::run_test::{{closure}}::h4237f6381c45ccb9
[INFO] [stdout]                                at /rustc/90b35a6239c3d8bdabc530a6a0816f7ff89a0aaf/library/test/src/lib.rs:595:41
[INFO] [stdout]   32:     0x62b417d673e4 - std::sys::backtrace::__rust_begin_short_backtrace::h505c97a579eca628
[INFO] [stdout]                                at /rustc/90b35a6239c3d8bdabc530a6a0816f7ff89a0aaf/library/std/src/sys/backtrace.rs:154:18
[INFO] [stdout]   33:     0x62b417d6aaae - std::thread::Builder::spawn_unchecked_::{{closure}}::{{closure}}::h9e86b2e2bc107ea3
[INFO] [stdout]                                at /rustc/90b35a6239c3d8bdabc530a6a0816f7ff89a0aaf/library/std/src/thread/mod.rs:538:17
[INFO] [stdout]   34:     0x62b417d6aaae - <core::panic::unwind_safe::AssertUnwindSafe<F> as core::ops::function::FnOnce<()>>::call_once::h8b06ddb275ff4a25
[INFO] [stdout]                                at /rustc/90b35a6239c3d8bdabc530a6a0816f7ff89a0aaf/library/core/src/panic/unwind_safe.rs:272:9
[INFO] [stdout]   35:     0x62b417d6aaae - std::panicking::try::do_call::hb26ecd7cd9a9355d
[INFO] [stdout]                                at /rustc/90b35a6239c3d8bdabc530a6a0816f7ff89a0aaf/library/std/src/panicking.rs:557:40
[INFO] [stdout]   36:     0x62b417d6aaae - std::panicking::try::h8ddeca9d705f9069
[INFO] [stdout]                                at /rustc/90b35a6239c3d8bdabc530a6a0816f7ff89a0aaf/library/std/src/panicking.rs:520:19
[INFO] [stdout]   37:     0x62b417d6aaae - std::panic::catch_unwind::h49e1c33078844c46
[INFO] [stdout]                                at /rustc/90b35a6239c3d8bdabc530a6a0816f7ff89a0aaf/library/std/src/panic.rs:358:14
[INFO] [stdout]   38:     0x62b417d6aaae - std::thread::Builder::spawn_unchecked_::{{closure}}::h6073db6ff56ad35d
[INFO] [stdout]                                at /rustc/90b35a6239c3d8bdabc530a6a0816f7ff89a0aaf/library/std/src/thread/mod.rs:537:30
[INFO] [stdout]   39:     0x62b417d6aaae - core::ops::function::FnOnce::call_once{{vtable.shim}}::h2c5a5f3779c774f1
[INFO] [stdout]                                at /rustc/90b35a6239c3d8bdabc530a6a0816f7ff89a0aaf/library/core/src/ops/function.rs:250:5
[INFO] [stdout]   40:     0x62b417f0c53b - <alloc::boxed::Box<F,A> as core::ops::function::FnOnce<Args>>::call_once::hf75717d9f28faebf
[INFO] [stdout]                                at /rustc/90b35a6239c3d8bdabc530a6a0816f7ff89a0aaf/library/alloc/src/boxed.rs:2454:9
[INFO] [stdout]   41:     0x62b417f0c53b - <alloc::boxed::Box<F,A> as core::ops::function::FnOnce<Args>>::call_once::h7bd883a5f3c5f3c1
[INFO] [stdout]                                at /rustc/90b35a6239c3d8bdabc530a6a0816f7ff89a0aaf/library/alloc/src/boxed.rs:2454:9
[INFO] [stdout]   42:     0x62b417f0c53b - std::sys::pal::unix::thread::Thread::new::thread_start::hcc78f3943333fa94
[INFO] [stdout]                                at /rustc/90b35a6239c3d8bdabc530a6a0816f7ff89a0aaf/library/std/src/sys/pal/unix/thread.rs:105:17
[INFO] [stdout]   43:     0x7030f8b6fac3 - <unknown>
[INFO] [stdout]   44:     0x7030f8c00a04 - clone
[INFO] [stdout]   45:                0x0 - <unknown>
[INFO] [stdout] 
[INFO] [stdout] 
[INFO] [stdout] failures:
[INFO] [stdout]     actions::tests::edit_project_creates_file_locally
[INFO] [stdout] 
[INFO] [stdout] test result: FAILED. 178 passed; 1 failed; 0 ignored; 0 measured; 0 filtered out; finished in 0.16s
[INFO] [stdout] 
[INFO] [stderr] error: test failed, to rerun pass `--lib`
[INFO] running `Command { std: "docker" "inspect" "45ebfaad30ad305629bd3b5a24c0d360e4cead9852367a87ebffeaf58eb2b50f", kill_on_drop: false }`
[INFO] running `Command { std: "docker" "rm" "-f" "45ebfaad30ad305629bd3b5a24c0d360e4cead9852367a87ebffeaf58eb2b50f", kill_on_drop: false }`
[INFO] [stdout] 45ebfaad30ad305629bd3b5a24c0d360e4cead9852367a87ebffeaf58eb2b50f
