[INFO] cloning repository https://github.com/HEnquist/rustfir
[INFO] running `Command { std: "git" "-c" "credential.helper=" "-c" "credential.helper=/workspace/cargo-home/bin/git-credential-null" "clone" "--bare" "https://github.com/HEnquist/rustfir" "/workspace/cache/git-repos/https%3A%2F%2Fgithub.com%2FHEnquist%2Frustfir", kill_on_drop: false }`
[INFO] [stderr] Cloning into bare repository '/workspace/cache/git-repos/https%3A%2F%2Fgithub.com%2FHEnquist%2Frustfir'...
[INFO] running `Command { std: "git" "rev-parse" "HEAD", kill_on_drop: false }`
[INFO] [stdout] 76aa55dddc237daa0477bfea45df8bfba6e22cc1
[INFO] testing HEnquist/rustfir against 1.83.0 for beta-1.84.0-4-retry
[INFO] running `Command { std: "git" "clone" "/workspace/cache/git-repos/https%3A%2F%2Fgithub.com%2FHEnquist%2Frustfir" "/workspace/builds/worker-7-tc1/source", kill_on_drop: false }`
[INFO] [stderr] Cloning into '/workspace/builds/worker-7-tc1/source'...
[INFO] [stderr] done.
[INFO] validating manifest of git repo https://github.com/HEnquist/rustfir on toolchain 1.83.0
[INFO] running `Command { std: CARGO_HOME="/workspace/cargo-home" RUSTUP_HOME="/workspace/rustup-home" "/workspace/cargo-home/bin/cargo" "+1.83.0" "metadata" "--manifest-path" "Cargo.toml" "--no-deps", kill_on_drop: false }`
[INFO] started tweaking git repo https://github.com/HEnquist/rustfir
[INFO] finished tweaking git repo https://github.com/HEnquist/rustfir
[INFO] tweaked toml for git repo https://github.com/HEnquist/rustfir written to /workspace/builds/worker-7-tc1/source/Cargo.toml
[INFO] running `Command { std: CARGO_HOME="/workspace/cargo-home" RUSTUP_HOME="/workspace/rustup-home" "/workspace/cargo-home/bin/cargo" "+1.83.0" "generate-lockfile" "--manifest-path" "Cargo.toml", kill_on_drop: false }`
[INFO] [stderr]     Updating crates.io index
[INFO] [stderr]      Locking 360 packages to latest compatible versions
[INFO] [stderr]       Adding alsa v0.8.1 (available: v0.9.1)
[INFO] [stderr]       Adding clap v2.34.0 (available: v4.5.23)
[INFO] [stderr]       Adding coreaudio-rs v0.11.3 (available: v0.12.1)
[INFO] [stderr]       Adding cpal v0.13.5 (available: v0.15.3)
[INFO] [stderr]       Adding criterion v0.3.6 (available: v0.5.1)
[INFO] [stderr]       Adding fftw v0.7.0 (available: v0.8.0)
[INFO] [stderr]       Adding flexi_logger v0.27.4 (available: v0.29.7)
[INFO] [stderr]       Adding fs_extra v1.2.0 (available: v1.3.0)
[INFO] [stderr]       Adding nix v0.23.2 (available: v0.29.0)
[INFO] [stderr]       Adding rubato v0.14.1 (available: v0.16.1)
[INFO] [stderr]       Adding serde_with v1.14.0 (available: v3.11.0)
[INFO] [stderr]       Adding serde_yaml v0.8.26 (available: v0.9.34+deprecated)
[INFO] [stderr]       Adding tungstenite v0.21.0 (available: v0.24.0)
[INFO] [stderr]       Adding wasapi v0.13.0 (available: v0.15.0)
[INFO] [stderr]       Adding wasi v0.10.0+wasi-snapshot-preview1 (available: v0.10.2+wasi-snapshot-preview1)
[INFO] [stderr]       Adding windows v0.48.0 (available: v0.58.0)
[INFO] [stderr]       Adding zbus v3.15.2 (available: v5.1.1)
[INFO] [stderr]       Adding zvariant_utils v1.0.1 (available: v1.1.1)
[INFO] running `Command { std: CARGO_HOME="/workspace/cargo-home" RUSTUP_HOME="/workspace/rustup-home" "/workspace/cargo-home/bin/cargo" "+1.83.0" "fetch" "--manifest-path" "Cargo.toml", kill_on_drop: false }`
[INFO] [stderr] warning: `default_features` is deprecated in favor of `default-features` and will not work in the 2024 edition
[INFO] [stderr] (in the `rand` dependency)
[INFO] [stderr]  Downloading crates ...
[INFO] [stderr]   Downloaded realfft v3.4.0
[INFO] [stderr]   Downloaded wasapi v0.13.0
[INFO] [stderr]   Downloaded rawsample v0.2.0
[INFO] [stderr]   Downloaded transpose v0.2.3
[INFO] [stderr]   Downloaded primal-check v0.3.4
[INFO] [stderr]   Downloaded libloading v0.8.6
[INFO] [stderr]   Downloaded circular-queue v0.2.6
[INFO] [stderr]   Downloaded jack-sys v0.2.3
[INFO] [stderr]   Downloaded jack v0.8.4
[INFO] [stderr]   Downloaded alsa v0.8.1
[INFO] [stderr]   Downloaded serde_with v1.14.0
[INFO] [stderr]   Downloaded half v1.8.3
[INFO] [stderr]   Downloaded libpulse-sys v1.21.0
[INFO] [stderr]   Downloaded ftp v3.0.1
[INFO] [stderr]   Downloaded plotters v0.3.7
[INFO] [stderr]   Downloaded libpulse-binding v2.28.2
[INFO] [stderr]   Downloaded fftw v0.7.0
[INFO] [stderr]   Downloaded libpulse-simple-sys v1.21.1
[INFO] [stderr]   Downloaded bindgen v0.70.1
[INFO] [stderr]   Downloaded flexi_logger v0.27.4
[INFO] [stderr]   Downloaded ndarray v0.14.0
[INFO] [stderr]   Downloaded rustfft v6.2.0
[INFO] [stderr]   Downloaded libpulse-simple-binding v2.28.1
[INFO] [stderr]   Downloaded coreaudio-sys v0.2.16
[INFO] [stderr]   Downloaded oorandom v11.1.4
[INFO] [stderr]   Downloaded plotters-backend v0.3.7
[INFO] [stderr]   Downloaded plotters-svg v0.3.7
[INFO] [stderr]   Downloaded fftw-sys v0.6.0
[INFO] [stderr]   Downloaded serde_with_macros v1.5.2
[INFO] [stderr]   Downloaded csv v1.3.1
[INFO] [stderr]   Downloaded fftw-src v0.3.3
[INFO] running `Command { std: "docker" "create" "-v" "/var/lib/crater-agent-workspace/builds/worker-7-tc1/target:/opt/rustwide/target:rw,Z" "-v" "/var/lib/crater-agent-workspace/builds/worker-7-tc1/source:/opt/rustwide/workdir:ro,Z" "-v" "/var/lib/crater-agent-workspace/cargo-home:/opt/rustwide/cargo-home:ro,Z" "-v" "/var/lib/crater-agent-workspace/rustup-home:/opt/rustwide/rustup-home:ro,Z" "-e" "SOURCE_DIR=/opt/rustwide/workdir" "-e" "CARGO_TARGET_DIR=/opt/rustwide/target" "-e" "CARGO_HOME=/opt/rustwide/cargo-home" "-e" "RUSTUP_HOME=/opt/rustwide/rustup-home" "-w" "/opt/rustwide/workdir" "-m" "1610612736" "--user" "0:0" "--network" "none" "ghcr.io/rust-lang/crates-build-env/linux@sha256:f3a9d4ad9d972b27faf3965f35b62e55ba32bbce8f20bc8fe909558a86702fde" "/opt/rustwide/cargo-home/bin/cargo" "+1.83.0" "metadata" "--no-deps" "--format-version=1", kill_on_drop: false }`
[INFO] [stdout] f7eef1ae4748d8ea511cf45cc67f0a89aac0132f24f72b9cbc8238d36f792653
[INFO] running `Command { std: "docker" "start" "-a" "f7eef1ae4748d8ea511cf45cc67f0a89aac0132f24f72b9cbc8238d36f792653", kill_on_drop: false }`
[INFO] running `Command { std: "docker" "inspect" "f7eef1ae4748d8ea511cf45cc67f0a89aac0132f24f72b9cbc8238d36f792653", kill_on_drop: false }`
[INFO] running `Command { std: "docker" "rm" "-f" "f7eef1ae4748d8ea511cf45cc67f0a89aac0132f24f72b9cbc8238d36f792653", kill_on_drop: false }`
[INFO] [stdout] f7eef1ae4748d8ea511cf45cc67f0a89aac0132f24f72b9cbc8238d36f792653
[INFO] running `Command { std: "docker" "create" "-v" "/var/lib/crater-agent-workspace/builds/worker-7-tc1/target:/opt/rustwide/target:rw,Z" "-v" "/var/lib/crater-agent-workspace/builds/worker-7-tc1/source:/opt/rustwide/workdir:ro,Z" "-v" "/var/lib/crater-agent-workspace/cargo-home:/opt/rustwide/cargo-home:ro,Z" "-v" "/var/lib/crater-agent-workspace/rustup-home:/opt/rustwide/rustup-home:ro,Z" "-e" "SOURCE_DIR=/opt/rustwide/workdir" "-e" "CARGO_TARGET_DIR=/opt/rustwide/target" "-e" "CARGO_INCREMENTAL=0" "-e" "RUST_BACKTRACE=full" "-e" "RUSTFLAGS=--cap-lints=warn" "-e" "RUSTDOCFLAGS=--cap-lints=warn" "-e" "CARGO_HOME=/opt/rustwide/cargo-home" "-e" "RUSTUP_HOME=/opt/rustwide/rustup-home" "-w" "/opt/rustwide/workdir" "-m" "1610612736" "--user" "0:0" "--network" "none" "ghcr.io/rust-lang/crates-build-env/linux@sha256:f3a9d4ad9d972b27faf3965f35b62e55ba32bbce8f20bc8fe909558a86702fde" "/opt/rustwide/cargo-home/bin/cargo" "+1.83.0" "build" "--frozen" "--message-format=json", kill_on_drop: false }`
[INFO] [stdout] 0b91fb8aee4da70bdf7648a25390f5fb5bdfb788b790ce574fea3d7c498415fb
[INFO] running `Command { std: "docker" "start" "-a" "0b91fb8aee4da70bdf7648a25390f5fb5bdfb788b790ce574fea3d7c498415fb", kill_on_drop: false }`
[INFO] [stderr] warning: `default_features` is deprecated in favor of `default-features` and will not work in the 2024 edition
[INFO] [stderr] (in the `rand` dependency)
[INFO] [stderr]    Compiling proc-macro2 v1.0.92
[INFO] [stderr]    Compiling unicode-ident v1.0.14
[INFO] [stderr]    Compiling libc v0.2.168
[INFO] [stderr]    Compiling libm v0.2.11
[INFO] [stderr]    Compiling stable_deref_trait v1.2.0
[INFO] [stderr]    Compiling litemap v0.7.4
[INFO] [stderr]    Compiling writeable v0.5.5
[INFO] [stderr]    Compiling icu_locid_transform_data v1.5.0
[INFO] [stderr]    Compiling smallvec v1.13.2
[INFO] [stderr]    Compiling syn v1.0.109
[INFO] [stderr]    Compiling byteorder v1.5.0
[INFO] [stderr]    Compiling num-traits v0.2.19
[INFO] [stderr]    Compiling generic-array v0.14.7
[INFO] [stderr]    Compiling icu_properties_data v1.5.0
[INFO] [stderr]    Compiling crossbeam-utils v0.8.20
[INFO] [stderr]    Compiling utf8_iter v1.0.4
[INFO] [stderr]    Compiling ident_case v1.0.1
[INFO] [stderr]    Compiling utf16_iter v1.0.5
[INFO] [stderr]    Compiling strsim v0.10.0
[INFO] [stderr]    Compiling pkg-config v0.3.31
[INFO] [stderr]    Compiling serde v1.0.216
[INFO] [stderr]    Compiling memchr v2.7.4
[INFO] [stderr]    Compiling icu_normalizer_data v1.5.0
[INFO] [stderr]    Compiling write16 v1.0.0
[INFO] [stderr]    Compiling rustfft v6.2.0
[INFO] [stderr]    Compiling thiserror v1.0.69
[INFO] [stderr]    Compiling strength_reduce v0.2.4
[INFO] [stderr]    Compiling memoffset v0.6.5
[INFO] [stderr]    Compiling lock_api v0.4.12
[INFO] [stderr]    Compiling indexmap v1.9.3
[INFO] [stderr]    Compiling itoa v1.0.14
[INFO] [stderr]    Compiling regex-syntax v0.8.5
[INFO] [stderr]    Compiling percent-encoding v2.3.1
[INFO] [stderr]    Compiling httparse v1.9.5
[INFO] [stderr]    Compiling circular-queue v0.2.6
[INFO] [stderr]    Compiling linked-hash-map v0.5.6
[INFO] [stderr]    Compiling form_urlencoded v1.2.1
[INFO] [stderr]    Compiling cpufeatures v0.2.16
[INFO] [stderr]    Compiling log v0.4.22
[INFO] [stderr]    Compiling bytes v1.9.0
[INFO] [stderr]    Compiling iana-time-zone v0.1.61
[INFO] [stderr]    Compiling unicode-width v0.1.14
[INFO] [stderr]    Compiling alsa-sys v0.3.1
[INFO] [stderr]    Compiling serde_json v1.0.133
[INFO] [stderr]    Compiling quote v1.0.37
[INFO] [stderr]    Compiling yaml-rust v0.4.5
[INFO] [stderr]    Compiling aho-corasick v1.1.3
[INFO] [stderr]    Compiling textwrap v0.11.0
[INFO] [stderr]    Compiling syn v2.0.90
[INFO] [stderr]    Compiling crypto-common v0.1.6
[INFO] [stderr]    Compiling block-buffer v0.10.4
[INFO] [stderr]    Compiling crossbeam-channel v0.5.13
[INFO] [stderr]    Compiling crossbeam-queue v0.3.11
[INFO] [stderr]    Compiling digest v0.10.7
[INFO] [stderr]    Compiling camilladsp v2.0.3 (/opt/rustwide/workdir)
[INFO] [stderr]    Compiling http v1.2.0
[INFO] [stderr]    Compiling glob v0.3.1
[INFO] [stderr]    Compiling sha1 v0.10.6
[INFO] [stderr]    Compiling ansi_term v0.12.1
[INFO] [stderr]    Compiling lazy_static v1.5.0
[INFO] [stderr]    Compiling data-encoding v2.6.0
[INFO] [stderr]    Compiling nu-ansi-term v0.49.0
[INFO] [stderr]    Compiling bitflags v2.6.0
[INFO] [stderr]    Compiling num-integer v0.1.46
[INFO] [stderr]    Compiling num-complex v0.4.6
[INFO] [stderr]    Compiling chrono v0.4.39
[INFO] [stderr]    Compiling rawsample v0.2.0
[INFO] [stderr]    Compiling primal-check v0.3.4
[INFO] [stderr]    Compiling transpose v0.2.3
[INFO] [stderr]    Compiling getrandom v0.2.15
[INFO] [stderr]    Compiling is-terminal v0.4.13
[INFO] [stderr]    Compiling parking_lot_core v0.9.10
[INFO] [stderr]    Compiling nix v0.26.4
[INFO] [stderr]    Compiling signal-hook-registry v1.4.2
[INFO] [stderr]    Compiling atty v0.2.14
[INFO] [stderr]    Compiling clap v2.34.0
[INFO] [stderr]    Compiling nix v0.23.2
[INFO] [stderr]    Compiling rand_core v0.6.4
[INFO] [stderr]    Compiling signal-hook v0.3.17
[INFO] [stderr]    Compiling parking_lot v0.12.3
[INFO] [stderr]    Compiling alsa v0.8.1
[INFO] [stderr]    Compiling regex-automata v0.4.9
[INFO] [stderr]    Compiling synstructure v0.13.1
[INFO] [stderr]    Compiling zerovec-derive v0.10.3
[INFO] [stderr]    Compiling displaydoc v0.2.5
[INFO] [stderr]    Compiling icu_provider_macros v1.5.0
[INFO] [stderr]    Compiling zerocopy-derive v0.7.35
[INFO] [stderr]    Compiling serde_derive v1.0.216
[INFO] [stderr]    Compiling thiserror-impl v1.0.69
[INFO] [stderr]    Compiling zerofrom-derive v0.1.5
[INFO] [stderr]    Compiling yoke-derive v0.7.5
[INFO] [stderr]    Compiling darling_core v0.13.4
[INFO] [stderr]    Compiling zerocopy v0.7.35
[INFO] [stderr]    Compiling zerofrom v0.1.5
[INFO] [stderr]    Compiling yoke v0.7.5
[INFO] [stderr]    Compiling regex v1.11.1
[INFO] [stderr]    Compiling zerovec v0.10.4
[INFO] [stderr]    Compiling flexi_logger v0.27.4
[INFO] [stderr]    Compiling ppv-lite86 v0.2.20
[INFO] [stderr]    Compiling darling_macro v0.13.4
[INFO] [stderr]    Compiling rand_chacha v0.3.1
[INFO] [stderr]    Compiling rand v0.8.5
[INFO] [stderr]    Compiling darling v0.13.4
[INFO] [stderr]    Compiling serde_with_macros v1.5.2
[INFO] [stderr]    Compiling realfft v3.4.0
[INFO] [stderr]    Compiling tinystr v0.7.6
[INFO] [stderr]    Compiling icu_collections v1.5.0
[INFO] [stderr]    Compiling rubato v0.14.1
[INFO] [stderr]    Compiling icu_locid v1.5.0
[INFO] [stderr]    Compiling rand_distr v0.4.3
[INFO] [stderr]    Compiling icu_provider v1.5.0
[INFO] [stderr]    Compiling icu_locid_transform v1.5.0
[INFO] [stderr]    Compiling icu_properties v1.5.1
[INFO] [stderr]    Compiling serde_yaml v0.8.26
[INFO] [stderr]    Compiling serde_with v1.14.0
[INFO] [stderr]    Compiling icu_normalizer v1.5.0
[INFO] [stderr]    Compiling idna_adapter v1.2.0
[INFO] [stderr]    Compiling idna v1.0.3
[INFO] [stderr]    Compiling url v2.5.4
[INFO] [stderr]    Compiling tungstenite v0.21.0
[INFO] [stderr]     Finished `dev` profile [unoptimized + debuginfo] target(s) in 1m 21s
[INFO] running `Command { std: "docker" "inspect" "0b91fb8aee4da70bdf7648a25390f5fb5bdfb788b790ce574fea3d7c498415fb", kill_on_drop: false }`
[INFO] running `Command { std: "docker" "rm" "-f" "0b91fb8aee4da70bdf7648a25390f5fb5bdfb788b790ce574fea3d7c498415fb", kill_on_drop: false }`
[INFO] [stdout] 0b91fb8aee4da70bdf7648a25390f5fb5bdfb788b790ce574fea3d7c498415fb
[INFO] running `Command { std: "docker" "create" "-v" "/var/lib/crater-agent-workspace/builds/worker-7-tc1/target:/opt/rustwide/target:rw,Z" "-v" "/var/lib/crater-agent-workspace/builds/worker-7-tc1/source:/opt/rustwide/workdir:ro,Z" "-v" "/var/lib/crater-agent-workspace/cargo-home:/opt/rustwide/cargo-home:ro,Z" "-v" "/var/lib/crater-agent-workspace/rustup-home:/opt/rustwide/rustup-home:ro,Z" "-e" "SOURCE_DIR=/opt/rustwide/workdir" "-e" "CARGO_TARGET_DIR=/opt/rustwide/target" "-e" "CARGO_INCREMENTAL=0" "-e" "RUST_BACKTRACE=full" "-e" "RUSTFLAGS=--cap-lints=warn" "-e" "RUSTDOCFLAGS=--cap-lints=warn" "-e" "CARGO_HOME=/opt/rustwide/cargo-home" "-e" "RUSTUP_HOME=/opt/rustwide/rustup-home" "-w" "/opt/rustwide/workdir" "-m" "1610612736" "--user" "0:0" "--network" "none" "ghcr.io/rust-lang/crates-build-env/linux@sha256:f3a9d4ad9d972b27faf3965f35b62e55ba32bbce8f20bc8fe909558a86702fde" "/opt/rustwide/cargo-home/bin/cargo" "+1.83.0" "test" "--frozen" "--no-run" "--message-format=json", kill_on_drop: false }`
[INFO] [stdout] 0a9a87a2fa7d75b8c08c2641bd960f5fdb1df8529186173757d04ac7517d3744
[INFO] running `Command { std: "docker" "start" "-a" "0a9a87a2fa7d75b8c08c2641bd960f5fdb1df8529186173757d04ac7517d3744", kill_on_drop: false }`
[INFO] [stderr] warning: `default_features` is deprecated in favor of `default-features` and will not work in the 2024 edition
[INFO] [stderr] (in the `rand` dependency)
[INFO] [stderr]    Compiling crossbeam-utils v0.8.20
[INFO] [stderr]    Compiling either v1.13.0
[INFO] [stderr]    Compiling rayon-core v1.12.1
[INFO] [stderr]    Compiling plotters-backend v0.3.7
[INFO] [stderr]    Compiling csv-core v0.1.11
[INFO] [stderr]    Compiling cast v0.3.0
[INFO] [stderr]    Compiling half v1.8.3
[INFO] [stderr]    Compiling same-file v1.0.6
[INFO] [stderr]    Compiling tinytemplate v1.2.1
[INFO] [stderr]    Compiling oorandom v11.1.4
[INFO] [stderr]    Compiling walkdir v2.5.0
[INFO] [stderr]    Compiling serde_cbor v0.11.2
[INFO] [stderr]    Compiling plotters-svg v0.3.7
[INFO] [stderr]    Compiling plotters v0.3.7
[INFO] [stderr]    Compiling csv v1.3.1
[INFO] [stderr]    Compiling itertools v0.10.5
[INFO] [stderr]    Compiling crossbeam-epoch v0.9.18
[INFO] [stderr]    Compiling crossbeam-channel v0.5.13
[INFO] [stderr]    Compiling crossbeam-queue v0.3.11
[INFO] [stderr]    Compiling crossbeam-deque v0.8.5
[INFO] [stderr]    Compiling flexi_logger v0.27.4
[INFO] [stderr]    Compiling rayon v1.10.0
[INFO] [stderr]    Compiling criterion-plot v0.4.5
[INFO] [stderr]    Compiling camilladsp v2.0.3 (/opt/rustwide/workdir)
[INFO] [stderr]    Compiling criterion v0.3.6
[INFO] [stderr]     Finished `test` profile [unoptimized + debuginfo] target(s) in 42.85s
[INFO] running `Command { std: "docker" "inspect" "0a9a87a2fa7d75b8c08c2641bd960f5fdb1df8529186173757d04ac7517d3744", kill_on_drop: false }`
[INFO] running `Command { std: "docker" "rm" "-f" "0a9a87a2fa7d75b8c08c2641bd960f5fdb1df8529186173757d04ac7517d3744", kill_on_drop: false }`
[INFO] [stdout] 0a9a87a2fa7d75b8c08c2641bd960f5fdb1df8529186173757d04ac7517d3744
[INFO] running `Command { std: "docker" "create" "-v" "/var/lib/crater-agent-workspace/builds/worker-7-tc1/target:/opt/rustwide/target:rw,Z" "-v" "/var/lib/crater-agent-workspace/builds/worker-7-tc1/source:/opt/rustwide/workdir:ro,Z" "-v" "/var/lib/crater-agent-workspace/cargo-home:/opt/rustwide/cargo-home:ro,Z" "-v" "/var/lib/crater-agent-workspace/rustup-home:/opt/rustwide/rustup-home:ro,Z" "-e" "SOURCE_DIR=/opt/rustwide/workdir" "-e" "CARGO_TARGET_DIR=/opt/rustwide/target" "-e" "CARGO_INCREMENTAL=0" "-e" "RUST_BACKTRACE=full" "-e" "RUSTFLAGS=--cap-lints=warn" "-e" "RUSTDOCFLAGS=--cap-lints=warn" "-e" "CARGO_HOME=/opt/rustwide/cargo-home" "-e" "RUSTUP_HOME=/opt/rustwide/rustup-home" "-w" "/opt/rustwide/workdir" "-m" "1610612736" "--user" "0:0" "--network" "none" "ghcr.io/rust-lang/crates-build-env/linux@sha256:f3a9d4ad9d972b27faf3965f35b62e55ba32bbce8f20bc8fe909558a86702fde" "/opt/rustwide/cargo-home/bin/cargo" "+1.83.0" "test" "--frozen", kill_on_drop: false }`
[INFO] [stdout] 8fadc40e8c89f53a326463cd04885abc5e8004543b5fd84e68dd8b97049968be
[INFO] running `Command { std: "docker" "start" "-a" "8fadc40e8c89f53a326463cd04885abc5e8004543b5fd84e68dd8b97049968be", kill_on_drop: false }`
[INFO] [stderr] warning: `default_features` is deprecated in favor of `default-features` and will not work in the 2024 edition
[INFO] [stderr] (in the `rand` dependency)
[INFO] [stderr]     Finished `test` profile [unoptimized + debuginfo] target(s) in 0.27s
[INFO] [stderr]      Running unittests src/lib.rs (/opt/rustwide/target/debug/deps/camillalib-8b843c6f6167ffbb)
[INFO] [stdout] 
[INFO] [stdout] running 94 tests
[INFO] [stdout] test audiodevice::tests::chunk_rms_and_peak ... ok
[INFO] [stdout] test audiodevice::tests::rms_and_peak_to_db ... ok
[INFO] [stdout] test basicfilters::tests::delay_small ... ok
[INFO] [stdout] test basicfilters::tests::delay_supersmall ... ok
[INFO] [stdout] test basicfilters::tests::delay_large ... ok
[INFO] [stdout] test basicfilters::tests::gain_invert ... ok
[INFO] [stdout] test basicfilters::tests::delay_fraction ... ok
[INFO] [stdout] test biquad::tests::make_allpass_fo ... ok
[INFO] [stdout] test biquad::tests::make_bandpass ... ok
[INFO] [stdout] test biquad::tests::highshelf_slope_vs_q ... ok
[INFO] [stdout] test biquad::tests::check_result ... ok
[INFO] [stdout] test biquad::tests::make_allpass ... ok
[INFO] [stdout] test biquad::tests::check_slope ... ok
[INFO] [stdout] test biquad::tests::make_generalnotch_hp ... ok
[INFO] [stdout] test biquad::tests::make_generalnotch_lp ... ok
[INFO] [stdout] test biquad::tests::check_freq_q ... ok
[INFO] [stdout] test biquad::tests::lowshelf_slope_vs_q ... ok
[INFO] [stdout] test biquad::tests::make_highpass ... ok
[INFO] [stdout] test biquad::tests::allpass_bw_vs_q ... ok
[INFO] [stdout] test biquad::tests::make_highpass_fo ... ok
[INFO] [stdout] test biquad::tests::make_highshelf ... ok
[INFO] [stdout] test biquad::tests::make_highshelf_fo ... ok
[INFO] [stdout] test biquad::tests::make_lowshelf ... ok
[INFO] [stdout] test biquad::tests::make_lowshelf_fo ... ok
[INFO] [stdout] test biquad::tests::make_peaking ... ok
[INFO] [stdout] test biquad::tests::bandpass_bw_vs_q ... ok
[INFO] [stdout] test biquad::tests::make_lowpass ... ok
[INFO] [stdout] test biquad::tests::make_lt ... ok
[INFO] [stdout] test biquad::tests::make_notch ... ok
[INFO] [stdout] test basicfilters::tests::gain_ampl ... ok
[INFO] [stdout] test biquad::tests::make_lowpass_fo ... ok
[INFO] [stdout] test audiodevice::tests::vec_rms_and_peak ... ok
[INFO] [stdout] test biquad::tests::notch_bw_vs_q ... ok
[INFO] [stdout] test biquadcombo::tests::check_butterworth ... ok
[INFO] [stdout] test biquadcombo::tests::make_butterworth_2 ... ok
[INFO] [stdout] test biquadcombo::tests::check_lr ... ok
[INFO] [stdout] test biquadcombo::tests::make_butterworth_5 ... ok
[INFO] [stdout] test biquadcombo::tests::make_butterworth_8 ... ok
[INFO] [stdout] test conversions::tests::clipping_16 ... ok
[INFO] [stdout] test biquadcombo::tests::make_lr6 ... ok
[INFO] [stdout] test conversions::tests::from_buffer_int24_4 ... ok
[INFO] [stdout] test conversions::tests::to_buffer_float32 ... ok
[INFO] [stdout] test conversions::tests::clipping_32 ... ok
[INFO] [stdout] test conversions::tests::clipping_24 ... ok
[INFO] [stdout] test conversions::tests::to_buffer_float64 ... ok
[INFO] [stdout] test conversions::tests::to_buffer_ignored_int24 ... ok
[INFO] [stdout] test conversions::tests::to_buffer_int16 ... ok
[INFO] [stdout] test conversions::tests::to_buffer_int24_3 ... ok
[INFO] [stdout] test conversions::tests::to_buffer_int24_4 ... ok
[INFO] [stdout] test conversions::tests::to_buffer_int32 ... ok
[INFO] [stdout] test conversions::tests::to_from_buffer_24_3 ... ok
[INFO] [stdout] test conversions::tests::to_from_buffer_24 ... ok
[INFO] [stdout] test conversions::tests::to_from_buffer_16 ... ok
[INFO] [stdout] test countertimer::tests::silencecounter ... ok
[INFO] [stdout] test conversions::tests::to_from_buffer_float32 ... ok
[INFO] [stdout] test conversions::tests::to_from_buffer_float64 ... ok
[INFO] [stdout] test countertimer::tests::test_valuehistory_change_nbr ... ok
[INFO] [stdout] test countertimer::tests::averager ... ok
[INFO] [stdout] test countertimer::tests::test_valuewatcher ... ok
[INFO] [stdout] test diffeq::tests::check_result ... ok
[INFO] [stdout] test countertimer::tests::silencecounter_largechunksize ... ok
[INFO] [stdout] test dither::tests::test_flat ... ok
[INFO] [stdout] test dither::tests::test_quantize ... ok
[INFO] [stdout] test dither::tests::test_lip ... ok
[INFO] [stdout] test conversions::tests::from_buffer_int24_3 ... ok
[INFO] [stdout] test conversions::tests::to_from_buffer_32 ... ok
[INFO] [stdout] test countertimer::tests::test_valuehistory_last ... ok
[INFO] [stdout] test dither::tests::test_high_pass ... ok
[INFO] [stdout] test countertimer::tests::test_valuehistory_rms ... ok
[INFO] [stdout] test countertimer::tests::test_valuehistory_peak ... ok
[INFO] [stdout] test filters::tests::test_padding ... ok
[INFO] [stdout] test fftconv::tests::check_result ... ok
[INFO] [stdout] test filters::tests::read_float32 ... ok
[INFO] [stdout] test filters::tests::read_int16 ... ok
[INFO] [stdout] test mixer::tests::check_all_used ... ok
[INFO] [stdout] test filters::tests::test_analyze_wav ... ok
[INFO] [stdout] test mixer::tests::check_make_mixer ... ok
[INFO] [stdout] test filters::tests::read_float64 ... ok
[INFO] [stdout] test filters::tests::read_int24 ... ok
[INFO] [stdout] test biquadcombo::tests::make_lr4 ... ok
[INFO] [stdout] test filters::tests::read_int24_3 ... ok
[INFO] [stdout] test filters::tests::read_int32 ... ok
[INFO] [stdout] test filters::tests::read_text ... ok
[INFO] [stdout] test filters::tests::test_read_wav ... ok
[INFO] [stdout] test mixer::tests::check_not_mapped ... ok
[INFO] [stdout] test mixer::tests::check_mute_source ... ok
[INFO] [stdout] test socketserver::tests::parse_commands ... ok
[INFO] [stdout] test countertimer::tests::test_valuehistory ... ok
[INFO] [stdout] test mixer::tests::check_make_mixer_muted ... ok
[INFO] [stdout] test fftconv::tests::check_result_segmented ... ok
[INFO] [stdout] test mixer::tests::check_mute_mapping ... ok
[INFO] [stdout] test countertimer::tests::stopwatch ... ok
[INFO] [stdout] test countertimer::tests::stopwatch_as_timer ... FAILED
[INFO] [stdout] test countertimer::tests::timeaverage ... FAILED
[INFO] [stdout] 
[INFO] [stdout] failures:
[INFO] [stdout] 
[INFO] [stdout] ---- countertimer::tests::stopwatch_as_timer stdout ----
[INFO] [stdout] thread 'countertimer::tests::stopwatch_as_timer' panicked at src/countertimer.rs:390:9:
[INFO] [stdout] assertion failed: !t.larger_than_millis(8)
[INFO] [stdout] stack backtrace:
[INFO] [stdout]    0:     0x5b4ed60066ca - std::backtrace_rs::backtrace::libunwind::trace::h5a5b8284f2d0c266
[INFO] [stdout]                                at /rustc/90b35a6239c3d8bdabc530a6a0816f7ff89a0aaf/library/std/src/../../backtrace/src/backtrace/libunwind.rs:116:5
[INFO] [stdout]    1:     0x5b4ed60066ca - std::backtrace_rs::backtrace::trace_unsynchronized::h76d4f1c9b0b875e3
[INFO] [stdout]                                at /rustc/90b35a6239c3d8bdabc530a6a0816f7ff89a0aaf/library/std/src/../../backtrace/src/backtrace/mod.rs:66:5
[INFO] [stdout]    2:     0x5b4ed60066ca - std::sys::backtrace::_print_fmt::hc4546b8364a537c6
[INFO] [stdout]                                at /rustc/90b35a6239c3d8bdabc530a6a0816f7ff89a0aaf/library/std/src/sys/backtrace.rs:66:9
[INFO] [stdout]    3:     0x5b4ed60066ca - <std::sys::backtrace::BacktraceLock::print::DisplayBacktrace as core::fmt::Display>::fmt::h5b6bd5631a6d1f6b
[INFO] [stdout]                                at /rustc/90b35a6239c3d8bdabc530a6a0816f7ff89a0aaf/library/std/src/sys/backtrace.rs:39:26
[INFO] [stdout]    4:     0x5b4ed602d983 - core::fmt::rt::Argument::fmt::h270f6602a2b96f62
[INFO] [stdout]                                at /rustc/90b35a6239c3d8bdabc530a6a0816f7ff89a0aaf/library/core/src/fmt/rt.rs:177:76
[INFO] [stdout]    5:     0x5b4ed602d983 - core::fmt::write::h7550c97b06c86515
[INFO] [stdout]                                at /rustc/90b35a6239c3d8bdabc530a6a0816f7ff89a0aaf/library/core/src/fmt/mod.rs:1186:21
[INFO] [stdout]    6:     0x5b4ed6003853 - std::io::Write::write_fmt::h509ff860e5956e5e
[INFO] [stdout]                                at /rustc/90b35a6239c3d8bdabc530a6a0816f7ff89a0aaf/library/std/src/io/mod.rs:1839:15
[INFO] [stdout]    7:     0x5b4ed6006512 - std::sys::backtrace::BacktraceLock::print::h2395ccd2c84ba3aa
[INFO] [stdout]                                at /rustc/90b35a6239c3d8bdabc530a6a0816f7ff89a0aaf/library/std/src/sys/backtrace.rs:42:9
[INFO] [stdout]    8:     0x5b4ed6007b2a - std::panicking::default_hook::{{closure}}::he19d4c7230e07961
[INFO] [stdout]                                at /rustc/90b35a6239c3d8bdabc530a6a0816f7ff89a0aaf/library/std/src/panicking.rs:268:22
[INFO] [stdout]    9:     0x5b4ed6007934 - std::panicking::default_hook::hf614597d3c67bbdb
[INFO] [stdout]                                at /rustc/90b35a6239c3d8bdabc530a6a0816f7ff89a0aaf/library/std/src/panicking.rs:292:9
[INFO] [stdout]   10:     0x5b4ed5f92819 - <alloc::boxed::Box<F,A> as core::ops::function::Fn<Args>>::call::h39b51ce4599c23d1
[INFO] [stdout]                                at /rustc/90b35a6239c3d8bdabc530a6a0816f7ff89a0aaf/library/alloc/src/boxed.rs:2468:9
[INFO] [stdout]   11:     0x5b4ed5f92819 - test::test_main::{{closure}}::he977ae839a582784
[INFO] [stdout]                                at /rustc/90b35a6239c3d8bdabc530a6a0816f7ff89a0aaf/library/test/src/lib.rs:133:21
[INFO] [stdout]   12:     0x5b4ed60081c8 - <alloc::boxed::Box<F,A> as core::ops::function::Fn<Args>>::call::h9455091b6b06f9fb
[INFO] [stdout]                                at /rustc/90b35a6239c3d8bdabc530a6a0816f7ff89a0aaf/library/alloc/src/boxed.rs:2468:9
[INFO] [stdout]   13:     0x5b4ed60081c8 - std::panicking::rust_panic_with_hook::h8942133a8b252070
[INFO] [stdout]                                at /rustc/90b35a6239c3d8bdabc530a6a0816f7ff89a0aaf/library/std/src/panicking.rs:809:13
[INFO] [stdout]   14:     0x5b4ed6007f56 - std::panicking::begin_panic_handler::{{closure}}::hb5f5963570096b29
[INFO] [stdout]                                at /rustc/90b35a6239c3d8bdabc530a6a0816f7ff89a0aaf/library/std/src/panicking.rs:667:13
[INFO] [stdout]   15:     0x5b4ed6006ba9 - std::sys::backtrace::__rust_end_short_backtrace::h6208cedc1922feda
[INFO] [stdout]                                at /rustc/90b35a6239c3d8bdabc530a6a0816f7ff89a0aaf/library/std/src/sys/backtrace.rs:170:18
[INFO] [stdout]   16:     0x5b4ed6007c1c - rust_begin_unwind
[INFO] [stdout]                                at /rustc/90b35a6239c3d8bdabc530a6a0816f7ff89a0aaf/library/std/src/panicking.rs:665:5
[INFO] [stdout]   17:     0x5b4ed5682010 - core::panicking::panic_fmt::h0c3082644d1bf418
[INFO] [stdout]                                at /rustc/90b35a6239c3d8bdabc530a6a0816f7ff89a0aaf/library/core/src/panicking.rs:74:14
[INFO] [stdout]   18:     0x5b4ed568209c - core::panicking::panic::h957f98c65a3b3074
[INFO] [stdout]                                at /rustc/90b35a6239c3d8bdabc530a6a0816f7ff89a0aaf/library/core/src/panicking.rs:148:5
[INFO] [stdout]   19:     0x5b4ed5ea4ecf - camillalib::countertimer::tests::stopwatch_as_timer::hc95c41c13e644145
[INFO] [stdout]                                at /opt/rustwide/workdir/src/countertimer.rs:390:9
[INFO] [stdout]   20:     0x5b4ed5ea4e17 - camillalib::countertimer::tests::stopwatch_as_timer::{{closure}}::h1f449c3d573754de
[INFO] [stdout]                                at /opt/rustwide/workdir/src/countertimer.rs:386:28
[INFO] [stdout]   21:     0x5b4ed5e591b6 - core::ops::function::FnOnce::call_once::h315dac1dd6bc5888
[INFO] [stdout]                                at /rustc/90b35a6239c3d8bdabc530a6a0816f7ff89a0aaf/library/core/src/ops/function.rs:250:5
[INFO] [stdout]   22:     0x5b4ed5f971db - core::ops::function::FnOnce::call_once::h109cf8051a59b34e
[INFO] [stdout]                                at /rustc/90b35a6239c3d8bdabc530a6a0816f7ff89a0aaf/library/core/src/ops/function.rs:250:5
[INFO] [stdout]   23:     0x5b4ed5f971db - test::__rust_begin_short_backtrace::hf4fff89d377446ba
[INFO] [stdout]                                at /rustc/90b35a6239c3d8bdabc530a6a0816f7ff89a0aaf/library/test/src/lib.rs:621:18
[INFO] [stdout]   24:     0x5b4ed5f96a17 - test::run_test_in_process::{{closure}}::h0e39181dd7ee5a43
[INFO] [stdout]                                at /rustc/90b35a6239c3d8bdabc530a6a0816f7ff89a0aaf/library/test/src/lib.rs:644:60
[INFO] [stdout]   25:     0x5b4ed5f96a17 - <core::panic::unwind_safe::AssertUnwindSafe<F> as core::ops::function::FnOnce<()>>::call_once::hc5a66a30f0bdfd1f
[INFO] [stdout]                                at /rustc/90b35a6239c3d8bdabc530a6a0816f7ff89a0aaf/library/core/src/panic/unwind_safe.rs:272:9
[INFO] [stdout]   26:     0x5b4ed5f96a17 - std::panicking::try::do_call::h873b7cf639554a5e
[INFO] [stdout]                                at /rustc/90b35a6239c3d8bdabc530a6a0816f7ff89a0aaf/library/std/src/panicking.rs:557:40
[INFO] [stdout]   27:     0x5b4ed5f96a17 - std::panicking::try::hdb19862fad9c8bd1
[INFO] [stdout]                                at /rustc/90b35a6239c3d8bdabc530a6a0816f7ff89a0aaf/library/std/src/panicking.rs:520:19
[INFO] [stdout]   28:     0x5b4ed5f96a17 - std::panic::catch_unwind::h281fe732d236d260
[INFO] [stdout]                                at /rustc/90b35a6239c3d8bdabc530a6a0816f7ff89a0aaf/library/std/src/panic.rs:358:14
[INFO] [stdout]   29:     0x5b4ed5f96a17 - test::run_test_in_process::h949b6df8457ed338
[INFO] [stdout]                                at /rustc/90b35a6239c3d8bdabc530a6a0816f7ff89a0aaf/library/test/src/lib.rs:644:27
[INFO] [stdout]   30:     0x5b4ed5f96a17 - test::run_test::{{closure}}::h52c556a6d4740e10
[INFO] [stdout]                                at /rustc/90b35a6239c3d8bdabc530a6a0816f7ff89a0aaf/library/test/src/lib.rs:565:43
[INFO] [stdout]   31:     0x5b4ed5f5bcf4 - test::run_test::{{closure}}::h4237f6381c45ccb9
[INFO] [stdout]                                at /rustc/90b35a6239c3d8bdabc530a6a0816f7ff89a0aaf/library/test/src/lib.rs:595:41
[INFO] [stdout]   32:     0x5b4ed5f5bcf4 - std::sys::backtrace::__rust_begin_short_backtrace::h505c97a579eca628
[INFO] [stdout]                                at /rustc/90b35a6239c3d8bdabc530a6a0816f7ff89a0aaf/library/std/src/sys/backtrace.rs:154:18
[INFO] [stdout]   33:     0x5b4ed5f5f3be - std::thread::Builder::spawn_unchecked_::{{closure}}::{{closure}}::h9e86b2e2bc107ea3
[INFO] [stdout]                                at /rustc/90b35a6239c3d8bdabc530a6a0816f7ff89a0aaf/library/std/src/thread/mod.rs:538:17
[INFO] [stdout]   34:     0x5b4ed5f5f3be - <core::panic::unwind_safe::AssertUnwindSafe<F> as core::ops::function::FnOnce<()>>::call_once::h8b06ddb275ff4a25
[INFO] [stdout]                                at /rustc/90b35a6239c3d8bdabc530a6a0816f7ff89a0aaf/library/core/src/panic/unwind_safe.rs:272:9
[INFO] [stdout]   35:     0x5b4ed5f5f3be - std::panicking::try::do_call::hb26ecd7cd9a9355d
[INFO] [stdout]                                at /rustc/90b35a6239c3d8bdabc530a6a0816f7ff89a0aaf/library/std/src/panicking.rs:557:40
[INFO] [stdout]   36:     0x5b4ed5f5f3be - std::panicking::try::h8ddeca9d705f9069
[INFO] [stdout]                                at /rustc/90b35a6239c3d8bdabc530a6a0816f7ff89a0aaf/library/std/src/panicking.rs:520:19
[INFO] [stdout]   37:     0x5b4ed5f5f3be - std::panic::catch_unwind::h49e1c33078844c46
[INFO] [stdout]                                at /rustc/90b35a6239c3d8bdabc530a6a0816f7ff89a0aaf/library/std/src/panic.rs:358:14
[INFO] [stdout]   38:     0x5b4ed5f5f3be - std::thread::Builder::spawn_unchecked_::{{closure}}::h6073db6ff56ad35d
[INFO] [stdout]                                at /rustc/90b35a6239c3d8bdabc530a6a0816f7ff89a0aaf/library/std/src/thread/mod.rs:537:30
[INFO] [stdout]   39:     0x5b4ed5f5f3be - core::ops::function::FnOnce::call_once{{vtable.shim}}::h2c5a5f3779c774f1
[INFO] [stdout]                                at /rustc/90b35a6239c3d8bdabc530a6a0816f7ff89a0aaf/library/core/src/ops/function.rs:250:5
[INFO] [stdout]   40:     0x5b4ed600c02b - <alloc::boxed::Box<F,A> as core::ops::function::FnOnce<Args>>::call_once::hf75717d9f28faebf
[INFO] [stdout]                                at /rustc/90b35a6239c3d8bdabc530a6a0816f7ff89a0aaf/library/alloc/src/boxed.rs:2454:9
[INFO] [stdout]   41:     0x5b4ed600c02b - <alloc::boxed::Box<F,A> as core::ops::function::FnOnce<Args>>::call_once::h7bd883a5f3c5f3c1
[INFO] [stdout]                                at /rustc/90b35a6239c3d8bdabc530a6a0816f7ff89a0aaf/library/alloc/src/boxed.rs:2454:9
[INFO] [stdout]   42:     0x5b4ed600c02b - std::sys::pal::unix::thread::Thread::new::thread_start::hcc78f3943333fa94
[INFO] [stdout]                                at /rustc/90b35a6239c3d8bdabc530a6a0816f7ff89a0aaf/library/std/src/sys/pal/unix/thread.rs:105:17
[INFO] [stdout]   43:     0x774ef2454ac3 - <unknown>
[INFO] [stdout]   44:     0x774ef24e5a04 - clone
[INFO] [stdout]   45:                0x0 - <unknown>
[INFO] [stdout] 
[INFO] [stdout] ---- countertimer::tests::timeaverage stdout ----
[INFO] [stdout] thread 'countertimer::tests::timeaverage' panicked at src/countertimer.rs:435:9:
[INFO] [stdout] assertion failed: a.average() > 7000.0
[INFO] [stdout] stack backtrace:
[INFO] [stdout]    0:     0x5b4ed60066ca - std::backtrace_rs::backtrace::libunwind::trace::h5a5b8284f2d0c266
[INFO] [stdout]                                at /rustc/90b35a6239c3d8bdabc530a6a0816f7ff89a0aaf/library/std/src/../../backtrace/src/backtrace/libunwind.rs:116:5
[INFO] [stdout]    1:     0x5b4ed60066ca - std::backtrace_rs::backtrace::trace_unsynchronized::h76d4f1c9b0b875e3
[INFO] [stdout]                                at /rustc/90b35a6239c3d8bdabc530a6a0816f7ff89a0aaf/library/std/src/../../backtrace/src/backtrace/mod.rs:66:5
[INFO] [stdout]    2:     0x5b4ed60066ca - std::sys::backtrace::_print_fmt::hc4546b8364a537c6
[INFO] [stdout]                                at /rustc/90b35a6239c3d8bdabc530a6a0816f7ff89a0aaf/library/std/src/sys/backtrace.rs:66:9
[INFO] [stdout]    3:     0x5b4ed60066ca - <std::sys::backtrace::BacktraceLock::print::DisplayBacktrace as core::fmt::Display>::fmt::h5b6bd5631a6d1f6b
[INFO] [stdout]                                at /rustc/90b35a6239c3d8bdabc530a6a0816f7ff89a0aaf/library/std/src/sys/backtrace.rs:39:26
[INFO] [stdout]    4:     0x5b4ed602d983 - core::fmt::rt::Argument::fmt::h270f6602a2b96f62
[INFO] [stdout]                                at /rustc/90b35a6239c3d8bdabc530a6a0816f7ff89a0aaf/library/core/src/fmt/rt.rs:177:76
[INFO] [stdout]    5:     0x5b4ed602d983 - core::fmt::write::h7550c97b06c86515
[INFO] [stdout]                                at /rustc/90b35a6239c3d8bdabc530a6a0816f7ff89a0aaf/library/core/src/fmt/mod.rs:1186:21
[INFO] [stdout]    6:     0x5b4ed6003853 - std::io::Write::write_fmt::h509ff860e5956e5e
[INFO] [stdout]                                at /rustc/90b35a6239c3d8bdabc530a6a0816f7ff89a0aaf/library/std/src/io/mod.rs:1839:15
[INFO] [stdout]    7:     0x5b4ed6006512 - std::sys::backtrace::BacktraceLock::print::h2395ccd2c84ba3aa
[INFO] [stdout]                                at /rustc/90b35a6239c3d8bdabc530a6a0816f7ff89a0aaf/library/std/src/sys/backtrace.rs:42:9
[INFO] [stdout]    8:     0x5b4ed6007b2a - std::panicking::default_hook::{{closure}}::he19d4c7230e07961
[INFO] [stdout]                                at /rustc/90b35a6239c3d8bdabc530a6a0816f7ff89a0aaf/library/std/src/panicking.rs:268:22
[INFO] [stdout]    9:     0x5b4ed6007934 - std::panicking::default_hook::hf614597d3c67bbdb
[INFO] [stdout]                                at /rustc/90b35a6239c3d8bdabc530a6a0816f7ff89a0aaf/library/std/src/panicking.rs:292:9
[INFO] [stdout]   10:     0x5b4ed5f92819 - <alloc::boxed::Box<F,A> as core::ops::function::Fn<Args>>::call::h39b51ce4599c23d1
[INFO] [stdout]                                at /rustc/90b35a6239c3d8bdabc530a6a0816f7ff89a0aaf/library/alloc/src/boxed.rs:2468:9
[INFO] [stdout]   11:     0x5b4ed5f92819 - test::test_main::{{closure}}::he977ae839a582784
[INFO] [stdout]                                at /rustc/90b35a6239c3d8bdabc530a6a0816f7ff89a0aaf/library/test/src/lib.rs:133:21
[INFO] [stdout]   12:     0x5b4ed60081c8 - <alloc::boxed::Box<F,A> as core::ops::function::Fn<Args>>::call::h9455091b6b06f9fb
[INFO] [stdout]                                at /rustc/90b35a6239c3d8bdabc530a6a0816f7ff89a0aaf/library/alloc/src/boxed.rs:2468:9
[INFO] [stdout]   13:     0x5b4ed60081c8 - std::panicking::rust_panic_with_hook::h8942133a8b252070
[INFO] [stdout]                                at /rustc/90b35a6239c3d8bdabc530a6a0816f7ff89a0aaf/library/std/src/panicking.rs:809:13
[INFO] [stdout]   14:     0x5b4ed6007f56 - std::panicking::begin_panic_handler::{{closure}}::hb5f5963570096b29
[INFO] [stdout]                                at /rustc/90b35a6239c3d8bdabc530a6a0816f7ff89a0aaf/library/std/src/panicking.rs:667:13
[INFO] [stdout]   15:     0x5b4ed6006ba9 - std::sys::backtrace::__rust_end_short_backtrace::h6208cedc1922feda
[INFO] [stdout]                                at /rustc/90b35a6239c3d8bdabc530a6a0816f7ff89a0aaf/library/std/src/sys/backtrace.rs:170:18
[INFO] [stdout]   16:     0x5b4ed6007c1c - rust_begin_unwind
[INFO] [stdout]                                at /rustc/90b35a6239c3d8bdabc530a6a0816f7ff89a0aaf/library/std/src/panicking.rs:665:5
[INFO] [stdout]   17:     0x5b4ed5682010 - core::panicking::panic_fmt::h0c3082644d1bf418
[INFO] [stdout]                                at /rustc/90b35a6239c3d8bdabc530a6a0816f7ff89a0aaf/library/core/src/panicking.rs:74:14
[INFO] [stdout]   18:     0x5b4ed568209c - core::panicking::panic::h957f98c65a3b3074
[INFO] [stdout]                                at /rustc/90b35a6239c3d8bdabc530a6a0816f7ff89a0aaf/library/core/src/panicking.rs:148:5
[INFO] [stdout]   19:     0x5b4ed5ea54b9 - camillalib::countertimer::tests::timeaverage::hb934edf644f7ecbb
[INFO] [stdout]                                at /opt/rustwide/workdir/src/countertimer.rs:435:9
[INFO] [stdout]   20:     0x5b4ed5ea5377 - camillalib::countertimer::tests::timeaverage::{{closure}}::h816002b8d6e26a67
[INFO] [stdout]                                at /opt/rustwide/workdir/src/countertimer.rs:423:21
[INFO] [stdout]   21:     0x5b4ed5e5a766 - core::ops::function::FnOnce::call_once::hcbfe80c4f22ddf60
[INFO] [stdout]                                at /rustc/90b35a6239c3d8bdabc530a6a0816f7ff89a0aaf/library/core/src/ops/function.rs:250:5
[INFO] [stdout]   22:     0x5b4ed5f971db - core::ops::function::FnOnce::call_once::h109cf8051a59b34e
[INFO] [stdout]                                at /rustc/90b35a6239c3d8bdabc530a6a0816f7ff89a0aaf/library/core/src/ops/function.rs:250:5
[INFO] [stdout]   23:     0x5b4ed5f971db - test::__rust_begin_short_backtrace::hf4fff89d377446ba
[INFO] [stdout]                                at /rustc/90b35a6239c3d8bdabc530a6a0816f7ff89a0aaf/library/test/src/lib.rs:621:18
[INFO] [stdout]   24:     0x5b4ed5f96a17 - test::run_test_in_process::{{closure}}::h0e39181dd7ee5a43
[INFO] [stdout]                                at /rustc/90b35a6239c3d8bdabc530a6a0816f7ff89a0aaf/library/test/src/lib.rs:644:60
[INFO] [stdout]   25:     0x5b4ed5f96a17 - <core::panic::unwind_safe::AssertUnwindSafe<F> as core::ops::function::FnOnce<()>>::call_once::hc5a66a30f0bdfd1f
[INFO] [stdout]                                at /rustc/90b35a6239c3d8bdabc530a6a0816f7ff89a0aaf/library/core/src/panic/unwind_safe.rs:272:9
[INFO] [stdout]   26:     0x5b4ed5f96a17 - std::panicking::try::do_call::h873b7cf639554a5e
[INFO] [stdout]                                at /rustc/90b35a6239c3d8bdabc530a6a0816f7ff89a0aaf/library/std/src/panicking.rs:557:40
[INFO] [stdout]   27:     0x5b4ed5f96a17 - std::panicking::try::hdb19862fad9c8bd1
[INFO] [stdout]                                at /rustc/90b35a6239c3d8bdabc530a6a0816f7ff89a0aaf/library/std/src/panicking.rs:520:19
[INFO] [stdout]   28:     0x5b4ed5f96a17 - std::panic::catch_unwind::h281fe732d236d260
[INFO] [stdout]                                at /rustc/90b35a6239c3d8bdabc530a6a0816f7ff89a0aaf/library/std/src/panic.rs:358:14
[INFO] [stdout]   29:     0x5b4ed5f96a17 - test::run_test_in_process::h949b6df8457ed338
[INFO] [stdout]                                at /rustc/90b35a6239c3d8bdabc530a6a0816f7ff89a0aaf/library/test/src/lib.rs:644:27
[INFO] [stdout]   30:     0x5b4ed5f96a17 - test::run_test::{{closure}}::h52c556a6d4740e10
[INFO] [stdout]                                at /rustc/90b35a6239c3d8bdabc530a6a0816f7ff89a0aaf/library/test/src/lib.rs:565:43
[INFO] [stdout]   31:     0x5b4ed5f5bcf4 - test::run_test::{{closure}}::h4237f6381c45ccb9
[INFO] [stdout]                                at /rustc/90b35a6239c3d8bdabc530a6a0816f7ff89a0aaf/library/test/src/lib.rs:595:41
[INFO] [stdout]   32:     0x5b4ed5f5bcf4 - std::sys::backtrace::__rust_begin_short_backtrace::h505c97a579eca628
[INFO] [stdout]                                at /rustc/90b35a6239c3d8bdabc530a6a0816f7ff89a0aaf/library/std/src/sys/backtrace.rs:154:18
[INFO] [stdout]   33:     0x5b4ed5f5f3be - std::thread::Builder::spawn_unchecked_::{{closure}}::{{closure}}::h9e86b2e2bc107ea3
[INFO] [stdout]                                at /rustc/90b35a6239c3d8bdabc530a6a0816f7ff89a0aaf/library/std/src/thread/mod.rs:538:17
[INFO] [stdout]   34:     0x5b4ed5f5f3be - <core::panic::unwind_safe::AssertUnwindSafe<F> as core::ops::function::FnOnce<()>>::call_once::h8b06ddb275ff4a25
[INFO] [stdout]                                at /rustc/90b35a6239c3d8bdabc530a6a0816f7ff89a0aaf/library/core/src/panic/unwind_safe.rs:272:9
[INFO] [stdout]   35:     0x5b4ed5f5f3be - std::panicking::try::do_call::hb26ecd7cd9a9355d
[INFO] [stdout]                                at /rustc/90b35a6239c3d8bdabc530a6a0816f7ff89a0aaf/library/std/src/panicking.rs:557:40
[INFO] [stdout]   36:     0x5b4ed5f5f3be - std::panicking::try::h8ddeca9d705f9069
[INFO] [stdout]                                at /rustc/90b35a6239c3d8bdabc530a6a0816f7ff89a0aaf/library/std/src/panicking.rs:520:19
[INFO] [stdout]   37:     0x5b4ed5f5f3be - std::panic::catch_unwind::h49e1c33078844c46
[INFO] [stdout]                                at /rustc/90b35a6239c3d8bdabc530a6a0816f7ff89a0aaf/library/std/src/panic.rs:358:14
[INFO] [stdout]   38:     0x5b4ed5f5f3be - std::thread::Builder::spawn_unchecked_::{{closure}}::h6073db6ff56ad35d
[INFO] [stdout]                                at /rustc/90b35a6239c3d8bdabc530a6a0816f7ff89a0aaf/library/std/src/thread/mod.rs:537:30
[INFO] [stdout]   39:     0x5b4ed5f5f3be - core::ops::function::FnOnce::call_once{{vtable.shim}}::h2c5a5f3779c774f1
[INFO] [stdout]                                at /rustc/90b35a6239c3d8bdabc530a6a0816f7ff89a0aaf/library/core/src/ops/function.rs:250:5
[INFO] [stdout]   40:     0x5b4ed600c02b - <alloc::boxed::Box<F,A> as core::ops::function::FnOnce<Args>>::call_once::hf75717d9f28faebf
[INFO] [stdout]                                at /rustc/90b35a6239c3d8bdabc530a6a0816f7ff89a0aaf/library/alloc/src/boxed.rs:2454:9
[INFO] [stdout]   41:     0x5b4ed600c02b - <alloc::boxed::Box<F,A> as core::ops::function::FnOnce<Args>>::call_once::h7bd883a5f3c5f3c1
[INFO] [stdout]                                at /rustc/90b35a6239c3d8bdabc530a6a0816f7ff89a0aaf/library/alloc/src/boxed.rs:2454:9
[INFO] [stdout]   42:     0x5b4ed600c02b - std::sys::pal::unix::thread::Thread::new::thread_start::hcc78f3943333fa94
[INFO] [stdout]                                at /rustc/90b35a6239c3d8bdabc530a6a0816f7ff89a0aaf/library/std/src/sys/pal/unix/thread.rs:105:17
[INFO] [stdout]   43:     0x774ef2454ac3 - <unknown>
[INFO] [stdout]   44:     0x774ef24e5a04 - clone
[INFO] [stdout]   45:                0x0 - <unknown>
[INFO] [stdout] 
[INFO] [stdout] 
[INFO] [stdout] failures:
[INFO] [stdout]     countertimer::tests::stopwatch_as_timer
[INFO] [stdout]     countertimer::tests::timeaverage
[INFO] [stdout] 
[INFO] [stdout] test result: FAILED. 92 passed; 2 failed; 0 ignored; 0 measured; 0 filtered out; finished in 0.15s
[INFO] [stdout] 
[INFO] [stderr] error: test failed, to rerun pass `--lib`
[INFO] running `Command { std: "docker" "inspect" "8fadc40e8c89f53a326463cd04885abc5e8004543b5fd84e68dd8b97049968be", kill_on_drop: false }`
[INFO] running `Command { std: "docker" "rm" "-f" "8fadc40e8c89f53a326463cd04885abc5e8004543b5fd84e68dd8b97049968be", kill_on_drop: false }`
[INFO] [stdout] 8fadc40e8c89f53a326463cd04885abc5e8004543b5fd84e68dd8b97049968be
