[INFO] fetching crate bustools_cli 0.5.1...
[INFO] testing bustools_cli-0.5.1 against 1.83.0 for beta-1.84.0-4-retry
[INFO] extracting crate bustools_cli 0.5.1 into /workspace/builds/worker-0-tc1/source
[INFO] validating manifest of crates.io crate bustools_cli 0.5.1 on toolchain 1.83.0
[INFO] running `Command { std: CARGO_HOME="/workspace/cargo-home" RUSTUP_HOME="/workspace/rustup-home" "/workspace/cargo-home/bin/cargo" "+1.83.0" "metadata" "--manifest-path" "Cargo.toml" "--no-deps", kill_on_drop: false }`
[INFO] started tweaking crates.io crate bustools_cli 0.5.1
[INFO] finished tweaking crates.io crate bustools_cli 0.5.1
[INFO] tweaked toml for crates.io crate bustools_cli 0.5.1 written to /workspace/builds/worker-0-tc1/source/Cargo.toml
[INFO] crate crates.io crate bustools_cli 0.5.1 already has a lockfile, it will not be regenerated
[INFO] running `Command { std: CARGO_HOME="/workspace/cargo-home" RUSTUP_HOME="/workspace/rustup-home" "/workspace/cargo-home/bin/cargo" "+1.83.0" "fetch" "--manifest-path" "Cargo.toml", kill_on_drop: false }`
[INFO] [stderr]     Updating crates.io index
[INFO] [stderr]  Downloading crates ...
[INFO] [stderr]   Downloaded special v0.10.3
[INFO] [stderr]   Downloaded random v0.13.2
[INFO] [stderr]   Downloaded bktree v1.0.1
[INFO] [stderr]   Downloaded bustools v0.14.1
[INFO] [stderr]   Downloaded probability v0.20.3
[INFO] [stderr]   Downloaded newpfd v0.8.0
[INFO] [stderr]   Downloaded fastfibonacci v1.3.0
[INFO] [stderr]   Downloaded sprs v0.11.1
[INFO] running `Command { std: "docker" "create" "-v" "/var/lib/crater-agent-workspace/builds/worker-0-tc1/target:/opt/rustwide/target:rw,Z" "-v" "/var/lib/crater-agent-workspace/builds/worker-0-tc1/source:/opt/rustwide/workdir:ro,Z" "-v" "/var/lib/crater-agent-workspace/cargo-home:/opt/rustwide/cargo-home:ro,Z" "-v" "/var/lib/crater-agent-workspace/rustup-home:/opt/rustwide/rustup-home:ro,Z" "-e" "SOURCE_DIR=/opt/rustwide/workdir" "-e" "CARGO_TARGET_DIR=/opt/rustwide/target" "-e" "CARGO_HOME=/opt/rustwide/cargo-home" "-e" "RUSTUP_HOME=/opt/rustwide/rustup-home" "-w" "/opt/rustwide/workdir" "-m" "1610612736" "--user" "0:0" "--network" "none" "ghcr.io/rust-lang/crates-build-env/linux@sha256:f3a9d4ad9d972b27faf3965f35b62e55ba32bbce8f20bc8fe909558a86702fde" "/opt/rustwide/cargo-home/bin/cargo" "+1.83.0" "metadata" "--no-deps" "--format-version=1", kill_on_drop: false }`
[INFO] [stdout] 73a9f8eb428550a546198a4f8f39a33a62edeaa7e7a5a3046a71c21bb61899c8
[INFO] running `Command { std: "docker" "start" "-a" "73a9f8eb428550a546198a4f8f39a33a62edeaa7e7a5a3046a71c21bb61899c8", kill_on_drop: false }`
[INFO] running `Command { std: "docker" "inspect" "73a9f8eb428550a546198a4f8f39a33a62edeaa7e7a5a3046a71c21bb61899c8", kill_on_drop: false }`
[INFO] running `Command { std: "docker" "rm" "-f" "73a9f8eb428550a546198a4f8f39a33a62edeaa7e7a5a3046a71c21bb61899c8", kill_on_drop: false }`
[INFO] [stdout] 73a9f8eb428550a546198a4f8f39a33a62edeaa7e7a5a3046a71c21bb61899c8
[INFO] running `Command { std: "docker" "create" "-v" "/var/lib/crater-agent-workspace/builds/worker-0-tc1/target:/opt/rustwide/target:rw,Z" "-v" "/var/lib/crater-agent-workspace/builds/worker-0-tc1/source:/opt/rustwide/workdir:ro,Z" "-v" "/var/lib/crater-agent-workspace/cargo-home:/opt/rustwide/cargo-home:ro,Z" "-v" "/var/lib/crater-agent-workspace/rustup-home:/opt/rustwide/rustup-home:ro,Z" "-e" "SOURCE_DIR=/opt/rustwide/workdir" "-e" "CARGO_TARGET_DIR=/opt/rustwide/target" "-e" "CARGO_INCREMENTAL=0" "-e" "RUST_BACKTRACE=full" "-e" "RUSTFLAGS=--cap-lints=warn" "-e" "RUSTDOCFLAGS=--cap-lints=warn" "-e" "CARGO_HOME=/opt/rustwide/cargo-home" "-e" "RUSTUP_HOME=/opt/rustwide/rustup-home" "-w" "/opt/rustwide/workdir" "-m" "1610612736" "--user" "0:0" "--network" "none" "ghcr.io/rust-lang/crates-build-env/linux@sha256:f3a9d4ad9d972b27faf3965f35b62e55ba32bbce8f20bc8fe909558a86702fde" "/opt/rustwide/cargo-home/bin/cargo" "+1.83.0" "build" "--frozen" "--message-format=json", kill_on_drop: false }`
[INFO] [stdout] abaec7853fef40808abf712d50d6bc8f4cbbf153b65ab8304ece535f3e68e01e
[INFO] running `Command { std: "docker" "start" "-a" "abaec7853fef40808abf712d50d6bc8f4cbbf153b65ab8304ece535f3e68e01e", kill_on_drop: false }`
[INFO] [stderr]    Compiling autocfg v1.1.0
[INFO] [stderr]    Compiling libm v0.2.8
[INFO] [stderr]    Compiling proc-macro2 v1.0.74
[INFO] [stderr]    Compiling cfg-if v1.0.0
[INFO] [stderr]    Compiling unicode-ident v1.0.12
[INFO] [stderr]    Compiling libc v0.2.153
[INFO] [stderr]    Compiling syn v1.0.109
[INFO] [stderr]    Compiling ppv-lite86 v0.2.17
[INFO] [stderr]    Compiling crossbeam-utils v0.8.18
[INFO] [stderr]    Compiling either v1.9.0
[INFO] [stderr]    Compiling version_check v0.9.4
[INFO] [stderr]    Compiling radium v0.7.0
[INFO] [stderr]    Compiling once_cell v1.19.0
[INFO] [stderr]    Compiling rawpointer v0.2.1
[INFO] [stderr]    Compiling crunchy v0.2.2
[INFO] [stderr]    Compiling paste v1.0.14
[INFO] [stderr]    Compiling tap v1.0.1
[INFO] [stderr]    Compiling bytecheck v0.6.12
[INFO] [stderr]    Compiling bytemuck v1.14.0
[INFO] [stderr]    Compiling wyz v0.5.1
[INFO] [stderr]    Compiling funty v2.0.0
[INFO] [stderr]    Compiling safe_arch v0.7.1
[INFO] [stderr]    Compiling rend v0.4.2
[INFO] [stderr]    Compiling typenum v1.17.0
[INFO] [stderr]    Compiling portable-atomic v1.6.0
[INFO] [stderr]    Compiling ahash v0.7.8
[INFO] [stderr]    Compiling utf8parse v0.2.1
[INFO] [stderr]    Compiling rustix v0.38.31
[INFO] [stderr]    Compiling rayon-core v1.12.0
[INFO] [stderr]    Compiling serde v1.0.194
[INFO] [stderr]    Compiling simdutf8 v0.1.4
[INFO] [stderr]    Compiling num-traits v0.2.17
[INFO] [stderr]    Compiling num-integer v0.1.45
[INFO] [stderr]    Compiling num-bigint v0.4.4
[INFO] [stderr]    Compiling num-rational v0.4.1
[INFO] [stderr]    Compiling num-iter v0.1.43
[INFO] [stderr]    Compiling matrixmultiply v0.3.8
[INFO] [stderr]    Compiling num-complex v0.2.4
[INFO] [stderr]    Compiling bitvec v1.0.1
[INFO] [stderr]    Compiling wide v0.7.13
[INFO] [stderr]    Compiling anstyle-parse v0.2.3
[INFO] [stderr]    Compiling quote v1.0.35
[INFO] [stderr]    Compiling itertools v0.13.0
[INFO] [stderr]    Compiling unicode-width v0.1.11
[INFO] [stderr]    Compiling anstyle-query v1.0.2
[INFO] [stderr]    Compiling colorchoice v1.0.0
[INFO] [stderr]    Compiling bitflags v2.4.1
[INFO] [stderr]    Compiling lazy_static v1.4.0
[INFO] [stderr]    Compiling syn v2.0.46
[INFO] [stderr]    Compiling linux-raw-sys v0.4.12
[INFO] [stderr]    Compiling getrandom v0.2.11
[INFO] [stderr]    Compiling crossbeam-epoch v0.9.17
[INFO] [stderr]    Compiling anstyle v1.0.4
[INFO] [stderr]    Compiling byteorder v1.5.0
[INFO] [stderr]    Compiling rkyv v0.7.44
[INFO] [stderr]    Compiling console v0.15.7
[INFO] [stderr]    Compiling rand_core v0.6.4
[INFO] [stderr]    Compiling crossbeam-deque v0.8.4
[INFO] [stderr]    Compiling anstream v0.6.5
[INFO] [stderr]    Compiling rand_chacha v0.3.1
[INFO] [stderr]    Compiling num-complex v0.4.4
[INFO] [stderr]    Compiling approx v0.5.1
[INFO] [stderr]    Compiling hashbrown v0.12.3
[INFO] [stderr]    Compiling approx v0.3.2
[INFO] [stderr]    Compiling rand v0.8.5
[INFO] [stderr]    Compiling bitpacking v0.9.2
[INFO] [stderr]    Compiling heck v0.4.1
[INFO] [stderr]    Compiling clap_lex v0.6.0
[INFO] [stderr]    Compiling rand_distr v0.4.3
[INFO] [stderr]    Compiling simba v0.8.1
[INFO] [stderr]    Compiling seahash v4.1.0
[INFO] [stderr]    Compiling fastrand v2.0.1
[INFO] [stderr]    Compiling strsim v0.10.0
[INFO] [stderr]    Compiling number_prefix v0.4.0
[INFO] [stderr]    Compiling alga v0.9.3
[INFO] [stderr]    Compiling ndarray v0.15.6
[INFO] [stderr]    Compiling rayon v1.8.0
[INFO] [stderr]    Compiling indicatif v0.17.7
[INFO] [stderr]    Compiling clap_builder v4.4.12
[INFO] [stderr]    Compiling num_cpus v1.16.0
[INFO] [stderr]    Compiling special v0.10.3
[INFO] [stderr]    Compiling random v0.13.2
[INFO] [stderr]    Compiling smallvec v1.11.2
[INFO] [stderr]    Compiling probability v0.20.3
[INFO] [stderr]    Compiling tempfile v3.10.0
[INFO] [stderr]    Compiling num v0.4.1
[INFO] [stderr]    Compiling fastfibonacci v1.3.0
[INFO] [stderr]    Compiling bktree v1.0.1
[INFO] [stderr]    Compiling ptr_meta_derive v0.1.4
[INFO] [stderr]    Compiling bytecheck_derive v0.6.12
[INFO] [stderr]    Compiling rkyv_derive v0.7.44
[INFO] [stderr]    Compiling serde_derive v1.0.194
[INFO] [stderr]    Compiling nalgebra-macros v0.2.2
[INFO] [stderr]    Compiling clap_derive v4.4.7
[INFO] [stderr]    Compiling ptr_meta v0.1.4
[INFO] [stderr]    Compiling sprs v0.11.1
[INFO] [stderr]    Compiling clap v4.4.12
[INFO] [stderr]    Compiling nalgebra v0.32.6
[INFO] [stderr]    Compiling newpfd v0.8.0
[INFO] [stderr]    Compiling bincode v1.3.3
[INFO] [stderr]    Compiling bustools v0.14.1
[INFO] [stderr]    Compiling statrs v0.17.1
[INFO] [stderr]    Compiling bustools_cli v0.5.1 (/opt/rustwide/workdir)
[INFO] [stderr]     Finished `dev` profile [unoptimized + debuginfo] target(s) in 33.84s
[INFO] running `Command { std: "docker" "inspect" "abaec7853fef40808abf712d50d6bc8f4cbbf153b65ab8304ece535f3e68e01e", kill_on_drop: false }`
[INFO] running `Command { std: "docker" "rm" "-f" "abaec7853fef40808abf712d50d6bc8f4cbbf153b65ab8304ece535f3e68e01e", kill_on_drop: false }`
[INFO] [stdout] abaec7853fef40808abf712d50d6bc8f4cbbf153b65ab8304ece535f3e68e01e
[INFO] running `Command { std: "docker" "create" "-v" "/var/lib/crater-agent-workspace/builds/worker-0-tc1/target:/opt/rustwide/target:rw,Z" "-v" "/var/lib/crater-agent-workspace/builds/worker-0-tc1/source:/opt/rustwide/workdir:ro,Z" "-v" "/var/lib/crater-agent-workspace/cargo-home:/opt/rustwide/cargo-home:ro,Z" "-v" "/var/lib/crater-agent-workspace/rustup-home:/opt/rustwide/rustup-home:ro,Z" "-e" "SOURCE_DIR=/opt/rustwide/workdir" "-e" "CARGO_TARGET_DIR=/opt/rustwide/target" "-e" "CARGO_INCREMENTAL=0" "-e" "RUST_BACKTRACE=full" "-e" "RUSTFLAGS=--cap-lints=warn" "-e" "RUSTDOCFLAGS=--cap-lints=warn" "-e" "CARGO_HOME=/opt/rustwide/cargo-home" "-e" "RUSTUP_HOME=/opt/rustwide/rustup-home" "-w" "/opt/rustwide/workdir" "-m" "1610612736" "--user" "0:0" "--network" "none" "ghcr.io/rust-lang/crates-build-env/linux@sha256:f3a9d4ad9d972b27faf3965f35b62e55ba32bbce8f20bc8fe909558a86702fde" "/opt/rustwide/cargo-home/bin/cargo" "+1.83.0" "test" "--frozen" "--no-run" "--message-format=json", kill_on_drop: false }`
[INFO] [stdout] e3e5bd57c61923e10d5f3231af8abb2120303e7bc2a3c5233b0d8b71760456ad
[INFO] running `Command { std: "docker" "start" "-a" "e3e5bd57c61923e10d5f3231af8abb2120303e7bc2a3c5233b0d8b71760456ad", kill_on_drop: false }`
[INFO] [stderr]    Compiling serde v1.0.194
[INFO] [stderr]    Compiling rustix v0.38.31
[INFO] [stderr]    Compiling serde_json v1.0.110
[INFO] [stderr]    Compiling itoa v1.0.10
[INFO] [stderr]    Compiling plotters-backend v0.3.5
[INFO] [stderr]    Compiling ryu v1.0.16
[INFO] [stderr]    Compiling ciborium-io v0.2.1
[INFO] [stderr]    Compiling half v1.8.2
[INFO] [stderr]    Compiling regex-syntax v0.8.2
[INFO] [stderr]    Compiling itertools v0.10.5
[INFO] [stderr]    Compiling same-file v1.0.6
[INFO] [stderr]    Compiling cast v0.3.0
[INFO] [stderr]    Compiling anes v0.1.6
[INFO] [stderr]    Compiling oorandom v11.1.3
[INFO] [stderr]    Compiling walkdir v2.4.0
[INFO] [stderr]    Compiling ciborium-ll v0.2.1
[INFO] [stderr]    Compiling plotters-svg v0.3.5
[INFO] [stderr]    Compiling plotters v0.3.5
[INFO] [stderr]    Compiling regex-automata v0.4.3
[INFO] [stderr]    Compiling criterion-plot v0.5.0
[INFO] [stderr]    Compiling tempfile v3.10.0
[INFO] [stderr]    Compiling is-terminal v0.4.10
[INFO] [stderr]    Compiling regex v1.10.2
[INFO] [stderr]    Compiling bincode v1.3.3
[INFO] [stderr]    Compiling ciborium v0.2.1
[INFO] [stderr]    Compiling bustools v0.14.1
[INFO] [stderr]    Compiling tinytemplate v1.2.1
[INFO] [stderr]    Compiling bustools_cli v0.5.1 (/opt/rustwide/workdir)
[INFO] [stderr]    Compiling criterion v0.5.1
[INFO] [stderr]     Finished `test` profile [unoptimized + debuginfo] target(s) in 21.64s
[INFO] running `Command { std: "docker" "inspect" "e3e5bd57c61923e10d5f3231af8abb2120303e7bc2a3c5233b0d8b71760456ad", kill_on_drop: false }`
[INFO] running `Command { std: "docker" "rm" "-f" "e3e5bd57c61923e10d5f3231af8abb2120303e7bc2a3c5233b0d8b71760456ad", kill_on_drop: false }`
[INFO] [stdout] e3e5bd57c61923e10d5f3231af8abb2120303e7bc2a3c5233b0d8b71760456ad
[INFO] running `Command { std: "docker" "create" "-v" "/var/lib/crater-agent-workspace/builds/worker-0-tc1/target:/opt/rustwide/target:rw,Z" "-v" "/var/lib/crater-agent-workspace/builds/worker-0-tc1/source:/opt/rustwide/workdir:ro,Z" "-v" "/var/lib/crater-agent-workspace/cargo-home:/opt/rustwide/cargo-home:ro,Z" "-v" "/var/lib/crater-agent-workspace/rustup-home:/opt/rustwide/rustup-home:ro,Z" "-e" "SOURCE_DIR=/opt/rustwide/workdir" "-e" "CARGO_TARGET_DIR=/opt/rustwide/target" "-e" "CARGO_INCREMENTAL=0" "-e" "RUST_BACKTRACE=full" "-e" "RUSTFLAGS=--cap-lints=warn" "-e" "RUSTDOCFLAGS=--cap-lints=warn" "-e" "CARGO_HOME=/opt/rustwide/cargo-home" "-e" "RUSTUP_HOME=/opt/rustwide/rustup-home" "-w" "/opt/rustwide/workdir" "-m" "1610612736" "--user" "0:0" "--network" "none" "ghcr.io/rust-lang/crates-build-env/linux@sha256:f3a9d4ad9d972b27faf3965f35b62e55ba32bbce8f20bc8fe909558a86702fde" "/opt/rustwide/cargo-home/bin/cargo" "+1.83.0" "test" "--frozen", kill_on_drop: false }`
[INFO] [stdout] 07e86f777ed9030b0103944303efb99d0939571dfb4f6200ef5b2e6110dfd8fe
[INFO] running `Command { std: "docker" "start" "-a" "07e86f777ed9030b0103944303efb99d0939571dfb4f6200ef5b2e6110dfd8fe", kill_on_drop: false }`
[INFO] [stderr]     Finished `test` profile [unoptimized + debuginfo] target(s) in 0.16s
[INFO] [stderr]      Running unittests src/lib.rs (/opt/rustwide/target/debug/deps/bustools_cli-8db1a643e7649c5d)
[INFO] [stdout] 
[INFO] [stdout] running 18 tests
[INFO] [stdout] test busmerger::tests::test_merge ... ok
[INFO] [stdout] test butterfly::testing::testing ... ok
[INFO] [stdout] test correct::testing::test_correct ... ok
[INFO] [stdout] test countmatrix::test::test_countmatrix ... ok
[INFO] [stdout] test sort::test::sort_into_btree::test_ec_sorted ... ok
[INFO] [stdout] test count::test::test_records_to_expression_vector ... ok
[INFO] [stdout] test butterfly::testing::test_butterfly ... ok
[INFO] [stdout] test inspect::testing::test_inspect ... ok
[INFO] [stdout] test count::test::test_count ... ok
[INFO] [stdout] test countmatrix::test::test_read_write ... ok
[INFO] [stdout] test countmatrix::test::test_countmatrix_equal ... ok
[INFO] [stdout] test sort::test::sort_into_btree::test_merge ... ok
[INFO] [stdout] test sort::test::test_merge_sorted_aggregated ... ok
[INFO] [stdout] test concat::test::test_concat ... ok
[INFO] [stdout] test sort::test::test_sort_in_memory ... ok
[INFO] [stdout] test sort::test::test_sort_on_disk ... ok
[INFO] [stdout] test sort::test::sort_into_btree::test_simple ... ok
[INFO] [stderr]      Running unittests src/main.rs (/opt/rustwide/target/debug/deps/bustools_cli-1cb102b5d748957c)
[INFO] [stdout] test sort::test::test_random_file_sort ... ok
[INFO] [stdout] 
[INFO] [stdout] test result: ok. 18 passed; 0 failed; 0 ignored; 0 measured; 0 filtered out; finished in 0.21s
[INFO] [stdout] 
[INFO] [stdout] 
[INFO] [stdout] running 1 test
[INFO] [stdout] test create_dummy ... ok
[INFO] [stderr]    Doc-tests bustools_cli
[INFO] [stdout] 
[INFO] [stdout] test result: ok. 1 passed; 0 failed; 0 ignored; 0 measured; 0 filtered out; finished in 0.00s
[INFO] [stdout] 
[INFO] [stdout] 
[INFO] [stdout] running 3 tests
[INFO] [stdout] test src/butterfly.rs - butterfly (line 26) - compile ... FAILED
[INFO] [stdout] test src/countmatrix.rs - countmatrix (line 6) - compile ... FAILED
[INFO] [stdout] test src/inspect.rs - inspect::inspect (line 46) - compile ... FAILED
[INFO] [stdout] 
[INFO] [stdout] failures:
[INFO] [stdout] 
[INFO] [stdout] ---- src/butterfly.rs - butterfly (line 26) stdout ----
[INFO] [stdout] error[E0432]: unresolved import `bustools::butterfly`
[INFO] [stdout]  --> src/butterfly.rs:28:15
[INFO] [stdout]   |
[INFO] [stdout] 4 | use bustools::butterfly::make_ecs;
[INFO] [stdout]   |               ^^^^^^^^^ could not find `butterfly` in `bustools`
[INFO] [stdout] 
[INFO] [stdout] error[E0061]: this function takes 1 argument but 2 arguments were supplied
[INFO] [stdout]    --> src/butterfly.rs:29:9
[INFO] [stdout]     |
[INFO] [stdout] 5   | let b = BusFolder::new(
[INFO] [stdout]     |         ^^^^^^^^^^^^^^
[INFO] [stdout] 6   |     "/path/to/bus/output",
[INFO] [stdout] 7   |     "/path/to/transcripts_to_genes.txt",
[INFO] [stdout]     |     ----------------------------------- unexpected argument #2 of type `&'static str`
[INFO] [stdout]     |
[INFO] [stdout] note: associated function defined here
[INFO] [stdout]    --> /opt/rustwide/cargo-home/registry/src/index.crates.io-6f17d22bba15001f/bustools-0.14.1/src/io.rs:595:12
[INFO] [stdout]     |
[INFO] [stdout] 595 |     pub fn new(foldername: &str) -> BusFolder {
[INFO] [stdout]     |            ^^^
[INFO] [stdout] help: remove the extra argument
[INFO] [stdout]     |
[INFO] [stdout] 6   -     "/path/to/bus/output",
[INFO] [stdout] 7   -     "/path/to/transcripts_to_genes.txt",
[INFO] [stdout] 6   +     "/path/to/bus/output",
[INFO] [stdout]     |
[INFO] [stdout] 
[INFO] [stdout] error: aborting due to 2 previous errors
[INFO] [stdout] 
[INFO] [stdout] Some errors have detailed explanations: E0061, E0432.
[INFO] [stdout] For more information about an error, try `rustc --explain E0061`.
[INFO] [stdout] Couldn't compile the test.
[INFO] [stdout] ---- src/countmatrix.rs - countmatrix (line 6) stdout ----
[INFO] [stdout] error[E0432]: unresolved import `bustools::countmatrix`
[INFO] [stdout]  --> src/countmatrix.rs:8:15
[INFO] [stdout]   |
[INFO] [stdout] 4 | use bustools::countmatrix::CountMatrix;
[INFO] [stdout]   |               ^^^^^^^^^^^ could not find `countmatrix` in `bustools`
[INFO] [stdout] 
[INFO] [stdout] error: aborting due to 1 previous error
[INFO] [stdout] 
[INFO] [stdout] For more information about this error, try `rustc --explain E0432`.
[INFO] [stdout] Couldn't compile the test.
[INFO] [stdout] ---- src/inspect.rs - inspect::inspect (line 46) stdout ----
[INFO] [stdout] error[E0432]: unresolved import `bustools::inspect`
[INFO] [stdout]  --> src/inspect.rs:47:15
[INFO] [stdout]   |
[INFO] [stdout] 3 | use bustools::inspect::inspect;
[INFO] [stdout]   |               ^^^^^^^ could not find `inspect` in `bustools`
[INFO] [stdout] 
[INFO] [stdout] error: aborting due to 1 previous error
[INFO] [stdout] 
[INFO] [stdout] For more information about this error, try `rustc --explain E0432`.
[INFO] [stdout] Couldn't compile the test.
[INFO] [stdout] 
[INFO] [stdout] failures:
[INFO] [stdout]     src/butterfly.rs - butterfly (line 26)
[INFO] [stdout]     src/countmatrix.rs - countmatrix (line 6)
[INFO] [stdout]     src/inspect.rs - inspect::inspect (line 46)
[INFO] [stdout] 
[INFO] [stdout] test result: FAILED. 0 passed; 3 failed; 0 ignored; 0 measured; 0 filtered out; finished in 0.15s
[INFO] [stdout] 
[INFO] [stderr] error: doctest failed, to rerun pass `--doc`
[INFO] running `Command { std: "docker" "inspect" "07e86f777ed9030b0103944303efb99d0939571dfb4f6200ef5b2e6110dfd8fe", kill_on_drop: false }`
[INFO] running `Command { std: "docker" "rm" "-f" "07e86f777ed9030b0103944303efb99d0939571dfb4f6200ef5b2e6110dfd8fe", kill_on_drop: false }`
[INFO] [stdout] 07e86f777ed9030b0103944303efb99d0939571dfb4f6200ef5b2e6110dfd8fe
