[INFO] fetching crate bitcoin-foundblock 0.1.16-alpha.0...
[INFO] testing bitcoin-foundblock-0.1.16-alpha.0 against 1.83.0 for beta-1.84.0-4-retry
[INFO] extracting crate bitcoin-foundblock 0.1.16-alpha.0 into /workspace/builds/worker-6-tc1/source
[INFO] validating manifest of crates.io crate bitcoin-foundblock 0.1.16-alpha.0 on toolchain 1.83.0
[INFO] running `Command { std: CARGO_HOME="/workspace/cargo-home" RUSTUP_HOME="/workspace/rustup-home" "/workspace/cargo-home/bin/cargo" "+1.83.0" "metadata" "--manifest-path" "Cargo.toml" "--no-deps", kill_on_drop: false }`
[INFO] started tweaking crates.io crate bitcoin-foundblock 0.1.16-alpha.0
[INFO] finished tweaking crates.io crate bitcoin-foundblock 0.1.16-alpha.0
[INFO] tweaked toml for crates.io crate bitcoin-foundblock 0.1.16-alpha.0 written to /workspace/builds/worker-6-tc1/source/Cargo.toml
[INFO] running `Command { std: CARGO_HOME="/workspace/cargo-home" RUSTUP_HOME="/workspace/rustup-home" "/workspace/cargo-home/bin/cargo" "+1.83.0" "generate-lockfile" "--manifest-path" "Cargo.toml", kill_on_drop: false }`
[INFO] [stderr]     Updating crates.io index
[INFO] [stderr]      Locking 258 packages to latest compatible versions
[INFO] [stderr]       Adding bitcoin-primitives v0.1.16-alpha.0 (available: v0.101.0)
[INFO] running `Command { std: CARGO_HOME="/workspace/cargo-home" RUSTUP_HOME="/workspace/rustup-home" "/workspace/cargo-home/bin/cargo" "+1.83.0" "fetch" "--manifest-path" "Cargo.toml", kill_on_drop: false }`
[INFO] [stderr]  Downloading crates ...
[INFO] [stderr]   Downloaded libevent v0.1.0
[INFO] [stderr]   Downloaded qt_macros v0.1.1
[INFO] [stderr]   Downloaded time-point v0.1.1
[INFO] [stderr]   Downloaded pathdiff v0.1.0
[INFO] [stderr]   Downloaded qt_ritual_build v0.5.0
[INFO] [stderr]   Downloaded try-catch v0.2.2
[INFO] [stderr]   Downloaded bitset v0.1.2
[INFO] [stderr]   Downloaded cpp v0.5.10
[INFO] [stderr]   Downloaded cpp_build v0.5.10
[INFO] [stderr]   Downloaded ritual_build v0.4.0
[INFO] [stderr]   Downloaded sqlite3 v0.24.0
[INFO] [stderr]   Downloaded multiset v0.0.5
[INFO] [stderr]   Downloaded delegate v0.7.0
[INFO] [stderr]   Downloaded bitcoinleveldb-status v0.1.16-alpha.0
[INFO] [stderr]   Downloaded bitcoin-ripemd v0.1.16-alpha.0
[INFO] [stderr]   Downloaded bitcoin-log v0.1.16-alpha.0
[INFO] [stderr]   Downloaded bitcoin-hash v0.1.16-alpha.0
[INFO] [stderr]   Downloaded bitcoin-scripting v0.1.16-alpha.0
[INFO] [stderr]   Downloaded bitcoin-secp256k1 v0.1.16-alpha.0
[INFO] [stderr]   Downloaded bitcoin-key v0.1.16-alpha.0
[INFO] [stderr]   Downloaded bitcoinsecp256k1-field v0.1.16-alpha.0
[INFO] [stderr]   Downloaded bitcoinsecp256k1-modinv v0.1.16-alpha.0
[INFO] [stderr]   Downloaded bitcoin-tx v0.1.16-alpha.0
[INFO] [stderr]   Downloaded bitcoin-mem v0.1.16-alpha.0
[INFO] [stderr]   Downloaded cpp_core v0.6.0
[INFO] [stderr]   Downloaded pnet_sys v0.31.0
[INFO] [stderr]   Downloaded bitcoin-sha256 v0.1.16-alpha.0
[INFO] [stderr]   Downloaded bitcoinleveldb-cache v0.1.16-alpha.0
[INFO] [stderr]   Downloaded bitcoinleveldb-rand v0.1.16-alpha.0
[INFO] [stderr]   Downloaded bitcoinleveldb-snapshot v0.1.16-alpha.0
[INFO] [stderr]   Downloaded bitcoinsecp256k1-ec v0.1.16-alpha.0
[INFO] [stderr]   Downloaded bitcoinsecp256k1-scalar v0.1.16-alpha.0
[INFO] [stderr]   Downloaded bitcoin-validation v0.1.16-alpha.0
[INFO] [stderr]   Downloaded bitcoin-block v0.1.16-alpha.0
[INFO] [stderr]   Downloaded qmetaobject v0.2.10
[INFO] [stderr]   Downloaded bitcoinleveldb-file v0.1.16-alpha.0
[INFO] [stderr]   Downloaded libevent-sys v0.2.6
[INFO] [stderr]   Downloaded bitcoin-imports v0.1.16-alpha.0
[INFO] [stderr]   Downloaded bitcoin-primitives v0.1.16-alpha.0
[INFO] [stderr]   Downloaded bitcoin-time v0.1.16-alpha.0
[INFO] [stderr]   Downloaded bitcoin-cuckoo-cache v0.1.16-alpha.0
[INFO] [stderr]   Downloaded bitcoin-compat v0.1.16-alpha.0
[INFO] [stderr]   Downloaded bitcoin-serialize v0.1.16-alpha.0
[INFO] [stderr]   Downloaded bitcoin-string v0.1.16-alpha.0
[INFO] [stderr]   Downloaded bitcoin-version v0.1.16-alpha.0
[INFO] [stderr]   Downloaded bitcoin-univalue v0.1.16-alpha.0
[INFO] [stderr]   Downloaded bitcoinleveldb-env v0.1.16-alpha.0
[INFO] [stderr]   Downloaded bitcoinleveldb-log v0.1.16-alpha.0
[INFO] [stderr]   Downloaded bitcoinleveldb-filter v0.1.16-alpha.0
[INFO] [stderr]   Downloaded bitcoinleveldb-key v0.1.16-alpha.0
[INFO] [stderr]   Downloaded bitcoinleveldb-util v0.1.16-alpha.0
[INFO] [stderr]   Downloaded bitcoinleveldb-table v0.1.16-alpha.0
[INFO] [stderr]   Downloaded bitcoinsecp256k1-scratch v0.1.16-alpha.0
[INFO] [stderr]   Downloaded bitcoinsecp256k1-group v0.1.16-alpha.0
[INFO] [stderr]   Downloaded bitcoinsecp256k1-keys v0.1.16-alpha.0
[INFO] [stderr]   Downloaded bitcoin-cfg v0.1.16-alpha.0
[INFO] [stderr]   Downloaded comparator v0.3.0
[INFO] [stderr]   Downloaded shell-words v0.1.0
[INFO] [stderr]   Downloaded term-painter v0.2.4
[INFO] [stderr]   Downloaded ritual_common v0.4.0
[INFO] [stderr]   Downloaded serde-big-array v0.4.1
[INFO] [stderr]   Downloaded shared-mutex v0.3.1
[INFO] [stderr]   Downloaded bitcoin-support v0.1.16-alpha.0
[INFO] [stderr]   Downloaded bitcoin-amt v0.1.16-alpha.0
[INFO] [stderr]   Downloaded bitcoinleveldb-comparator v0.1.16-alpha.0
[INFO] [stderr]   Downloaded bitcoinleveldb-options v0.1.16-alpha.0
[INFO] [stderr]   Downloaded bitcoinleveldb-slice v0.1.16-alpha.0
[INFO] [stderr]   Downloaded cpp_macros v0.5.10
[INFO] [stderr]   Downloaded bitcoin-derive v0.1.16-alpha.0
[INFO] [stderr]   Downloaded libc-stdhandle v0.1.0
[INFO] [stderr]   Downloaded cpp_common v0.5.10
[INFO] [stderr]   Downloaded qt_ritual_common v0.4.0
[INFO] [stderr]   Downloaded poison v0.1.0
[INFO] [stderr]   Downloaded qmetaobject_impl v0.2.10
[INFO] [stderr]   Downloaded sqlite3-src v0.2.12
[INFO] [stderr]   Downloaded qt_gui v0.5.0
[INFO] [stderr]   Downloaded qt_core v0.5.0
[INFO] running `Command { std: "docker" "create" "-v" "/var/lib/crater-agent-workspace/builds/worker-6-tc1/target:/opt/rustwide/target:rw,Z" "-v" "/var/lib/crater-agent-workspace/builds/worker-6-tc1/source:/opt/rustwide/workdir:ro,Z" "-v" "/var/lib/crater-agent-workspace/cargo-home:/opt/rustwide/cargo-home:ro,Z" "-v" "/var/lib/crater-agent-workspace/rustup-home:/opt/rustwide/rustup-home:ro,Z" "-e" "SOURCE_DIR=/opt/rustwide/workdir" "-e" "CARGO_TARGET_DIR=/opt/rustwide/target" "-e" "CARGO_HOME=/opt/rustwide/cargo-home" "-e" "RUSTUP_HOME=/opt/rustwide/rustup-home" "-w" "/opt/rustwide/workdir" "-m" "1610612736" "--user" "0:0" "--network" "none" "ghcr.io/rust-lang/crates-build-env/linux@sha256:f3a9d4ad9d972b27faf3965f35b62e55ba32bbce8f20bc8fe909558a86702fde" "/opt/rustwide/cargo-home/bin/cargo" "+1.83.0" "metadata" "--no-deps" "--format-version=1", kill_on_drop: false }`
[INFO] [stdout] 52575b729ac90ff102895bd6a87c136069a38878819f3e313c76402c794efffa
[INFO] running `Command { std: "docker" "start" "-a" "52575b729ac90ff102895bd6a87c136069a38878819f3e313c76402c794efffa", kill_on_drop: false }`
[INFO] running `Command { std: "docker" "inspect" "52575b729ac90ff102895bd6a87c136069a38878819f3e313c76402c794efffa", kill_on_drop: false }`
[INFO] running `Command { std: "docker" "rm" "-f" "52575b729ac90ff102895bd6a87c136069a38878819f3e313c76402c794efffa", kill_on_drop: false }`
[INFO] [stdout] 52575b729ac90ff102895bd6a87c136069a38878819f3e313c76402c794efffa
[INFO] running `Command { std: "docker" "create" "-v" "/var/lib/crater-agent-workspace/builds/worker-6-tc1/target:/opt/rustwide/target:rw,Z" "-v" "/var/lib/crater-agent-workspace/builds/worker-6-tc1/source:/opt/rustwide/workdir:ro,Z" "-v" "/var/lib/crater-agent-workspace/cargo-home:/opt/rustwide/cargo-home:ro,Z" "-v" "/var/lib/crater-agent-workspace/rustup-home:/opt/rustwide/rustup-home:ro,Z" "-e" "SOURCE_DIR=/opt/rustwide/workdir" "-e" "CARGO_TARGET_DIR=/opt/rustwide/target" "-e" "CARGO_INCREMENTAL=0" "-e" "RUST_BACKTRACE=full" "-e" "RUSTFLAGS=--cap-lints=warn" "-e" "RUSTDOCFLAGS=--cap-lints=warn" "-e" "CARGO_HOME=/opt/rustwide/cargo-home" "-e" "RUSTUP_HOME=/opt/rustwide/rustup-home" "-w" "/opt/rustwide/workdir" "-m" "1610612736" "--user" "0:0" "--network" "none" "ghcr.io/rust-lang/crates-build-env/linux@sha256:f3a9d4ad9d972b27faf3965f35b62e55ba32bbce8f20bc8fe909558a86702fde" "/opt/rustwide/cargo-home/bin/cargo" "+1.83.0" "build" "--frozen" "--message-format=json", kill_on_drop: false }`
[INFO] [stdout] 94fcf327b6ee941b74de9cf33876534d2124770e30df3fb00dda949138aef595
[INFO] running `Command { std: "docker" "start" "-a" "94fcf327b6ee941b74de9cf33876534d2124770e30df3fb00dda949138aef595", kill_on_drop: false }`
[INFO] [stderr]    Compiling proc-macro2 v1.0.92
[INFO] [stderr]    Compiling unicode-ident v1.0.14
[INFO] [stderr]    Compiling libc v0.2.168
[INFO] [stderr]    Compiling cfg-if v1.0.0
[INFO] [stderr]    Compiling memchr v2.7.4
[INFO] [stderr]    Compiling autocfg v1.4.0
[INFO] [stderr]    Compiling regex-syntax v0.8.5
[INFO] [stderr]    Compiling syn v1.0.109
[INFO] [stderr]    Compiling shlex v1.3.0
[INFO] [stderr]    Compiling lazy_static v1.5.0
[INFO] [stderr]    Compiling unicode-xid v0.2.6
[INFO] [stderr]    Compiling cc v1.2.4
[INFO] [stderr]    Compiling serde v1.0.216
[INFO] [stderr]    Compiling log v0.4.22
[INFO] [stderr] rustc-LLVM ERROR: IO failure on output stream: No space left on device
[INFO] [stdout] error: error writing dependencies to `/opt/rustwide/target/debug/deps/regex_syntax-73bb9d1dafc57a08.d`: No space left on device (os error 28)
[INFO] [stdout] 
[INFO] [stdout] 
[INFO] [stderr] error: could not compile `libc` (build script) due to 1 previous error
[INFO] [stdout] error: linking with `cc` failed: exit status: 1
[INFO] [stdout]   |
[INFO] [stdout]   = note: LC_ALL="C" PATH="/opt/rustwide/rustup-home/toolchains/1.83.0-x86_64-unknown-linux-gnu/lib/rustlib/x86_64-unknown-linux-gnu/bin:/opt/rustwide/cargo-home/bin:/usr/local/sbin:/usr/local/bin:/usr/sbin:/usr/bin:/sbin:/bin" VSLANG="1033" "cc" "-m64" "/tmp/rustcQxI3Sm/symbols.o" "/opt/rustwide/target/debug/build/libc-6f2a9f3241ea0436/build_script_build-6f2a9f3241ea0436.build_script_build.76c670f75afe50fd-cgu.0.rcgu.o" "/opt/rustwide/target/debug/build/libc-6f2a9f3241ea0436/build_script_build-6f2a9f3241ea0436.build_script_build.76c670f75afe50fd-cgu.1.rcgu.o" "/opt/rustwide/target/debug/build/libc-6f2a9f3241ea0436/build_script_build-6f2a9f3241ea0436.build_script_build.76c670f75afe50fd-cgu.2.rcgu.o" "/opt/rustwide/target/debug/build/libc-6f2a9f3241ea0436/build_script_build-6f2a9f3241ea0436.d3943oumpx792vbdhrt3v9rbf.rcgu.o" "-Wl,--as-needed" "-Wl,-Bstatic" "/opt/rustwide/rustup-home/toolchains/1.83.0-x86_64-unknown-linux-gnu/lib/rustlib/x86_64-unknown-linux-gnu/lib/libstd-ca74a2d9c5166d9f.rlib" "/opt/rustwide/rustup-home/toolchains/1.83.0-x86_64-unknown-linux-gnu/lib/rustlib/x86_64-unknown-linux-gnu/lib/libpanic_unwind-e31ab23316ed5080.rlib" "/opt/rustwide/rustup-home/toolchains/1.83.0-x86_64-unknown-linux-gnu/lib/rustlib/x86_64-unknown-linux-gnu/lib/libobject-27dc4aa955912662.rlib" "/opt/rustwide/rustup-home/toolchains/1.83.0-x86_64-unknown-linux-gnu/lib/rustlib/x86_64-unknown-linux-gnu/lib/libmemchr-bd0d6cccce077b99.rlib" "/opt/rustwide/rustup-home/toolchains/1.83.0-x86_64-unknown-linux-gnu/lib/rustlib/x86_64-unknown-linux-gnu/lib/libaddr2line-8d001680935b5e3c.rlib" "/opt/rustwide/rustup-home/toolchains/1.83.0-x86_64-unknown-linux-gnu/lib/rustlib/x86_64-unknown-linux-gnu/lib/libgimli-ba8ce71964f984f4.rlib" "/opt/rustwide/rustup-home/toolchains/1.83.0-x86_64-unknown-linux-gnu/lib/rustlib/x86_64-unknown-linux-gnu/lib/librustc_demangle-99a73526abcec14b.rlib" "/opt/rustwide/rustup-home/toolchains/1.83.0-x86_64-unknown-linux-gnu/lib/rustlib/x86_64-unknown-linux-gnu/lib/libstd_detect-63ac0d22cff92579.rlib" "/opt/rustwide/rustup-home/toolchains/1.83.0-x86_64-unknown-linux-gnu/lib/rustlib/x86_64-unknown-linux-gnu/lib/libhashbrown-9057355c92c922d5.rlib" "/opt/rustwide/rustup-home/toolchains/1.83.0-x86_64-unknown-linux-gnu/lib/rustlib/x86_64-unknown-linux-gnu/lib/librustc_std_workspace_alloc-358be9bc1f6bab04.rlib" "/opt/rustwide/rustup-home/toolchains/1.83.0-x86_64-unknown-linux-gnu/lib/rustlib/x86_64-unknown-linux-gnu/lib/libminiz_oxide-aca15549d5bff974.rlib" "/opt/rustwide/rustup-home/toolchains/1.83.0-x86_64-unknown-linux-gnu/lib/rustlib/x86_64-unknown-linux-gnu/lib/libadler-8251d2cef7072448.rlib" "/opt/rustwide/rustup-home/toolchains/1.83.0-x86_64-unknown-linux-gnu/lib/rustlib/x86_64-unknown-linux-gnu/lib/libunwind-7d50b86011c66411.rlib" "/opt/rustwide/rustup-home/toolchains/1.83.0-x86_64-unknown-linux-gnu/lib/rustlib/x86_64-unknown-linux-gnu/lib/libcfg_if-51ea098fce5006bf.rlib" "/opt/rustwide/rustup-home/toolchains/1.83.0-x86_64-unknown-linux-gnu/lib/rustlib/x86_64-unknown-linux-gnu/lib/liblibc-5a14e0d0b712e731.rlib" "/opt/rustwide/rustup-home/toolchains/1.83.0-x86_64-unknown-linux-gnu/lib/rustlib/x86_64-unknown-linux-gnu/lib/liballoc-8b83dbf3a7b8f999.rlib" "/opt/rustwide/rustup-home/toolchains/1.83.0-x86_64-unknown-linux-gnu/lib/rustlib/x86_64-unknown-linux-gnu/lib/librustc_std_workspace_core-c6fd227bdc7b39ff.rlib" "/opt/rustwide/rustup-home/toolchains/1.83.0-x86_64-unknown-linux-gnu/lib/rustlib/x86_64-unknown-linux-gnu/lib/libcore-959d3389fa3da8a5.rlib" "/opt/rustwide/rustup-home/toolchains/1.83.0-x86_64-unknown-linux-gnu/lib/rustlib/x86_64-unknown-linux-gnu/lib/libcompiler_builtins-abe05db089cc2c62.rlib" "-Wl,-Bdynamic" "-lgcc_s" "-lutil" "-lrt" "-lpthread" "-lm" "-ldl" "-lc" "-Wl,--eh-frame-hdr" "-Wl,-z,noexecstack" "-L" "/opt/rustwide/rustup-home/toolchains/1.83.0-x86_64-unknown-linux-gnu/lib/rustlib/x86_64-unknown-linux-gnu/lib" "-o" "/opt/rustwide/target/debug/build/libc-6f2a9f3241ea0436/build_script_build-6f2a9f3241ea0436" "-Wl,--gc-sections" "-pie" "-Wl,-z,relro,-z,now" "-nodefaultlibs"
[INFO] [stdout]   = note: /usr/bin/ld: final link failed: No space left on device
[INFO] [stdout]           collect2: error: ld returned 1 exit status
[INFO] [stdout]           
[INFO] [stdout] 
[INFO] [stdout] 
[INFO] [stderr] warning: build failed, waiting for other jobs to finish...
[INFO] [stderr] error: could not compile `serde` (build script)
[INFO] [stderr] 
[INFO] [stderr] Caused by:
[INFO] [stderr]   process didn't exit successfully: `/opt/rustwide/rustup-home/toolchains/1.83.0-x86_64-unknown-linux-gnu/bin/rustc --crate-name build_script_build --edition=2018 /opt/rustwide/cargo-home/registry/src/index.crates.io-6f17d22bba15001f/serde-1.0.216/build.rs --error-format=json --json=diagnostic-rendered-ansi,artifacts,future-incompat --crate-type bin --emit=dep-info,link -C embed-bitcode=no --cfg 'feature="alloc"' --cfg 'feature="default"' --cfg 'feature="derive"' --cfg 'feature="rc"' --cfg 'feature="serde_derive"' --cfg 'feature="std"' --check-cfg 'cfg(docsrs)' --check-cfg 'cfg(feature, values("alloc", "default", "derive", "rc", "serde_derive", "std", "unstable"))' -C metadata=5e60b996f3fb4687 -C extra-filename=-5e60b996f3fb4687 --out-dir /opt/rustwide/target/debug/build/serde-5e60b996f3fb4687 -L dependency=/opt/rustwide/target/debug/deps --cap-lints allow --cap-lints=warn` (exit status: 101)
[INFO] [stderr] error: could not compile `regex-syntax` (lib) due to 1 previous error
[INFO] [stdout] error: linking with `cc` failed: exit status: 1
[INFO] [stdout]   |
[INFO] [stdout]   = note: LC_ALL="C" PATH="/opt/rustwide/rustup-home/toolchains/1.83.0-x86_64-unknown-linux-gnu/lib/rustlib/x86_64-unknown-linux-gnu/bin:/opt/rustwide/cargo-home/bin:/usr/local/sbin:/usr/local/bin:/usr/sbin:/usr/bin:/sbin:/bin" VSLANG="1033" "cc" "-m64" "/tmp/rustchvFmHg/symbols.o" "/opt/rustwide/target/debug/build/proc-macro2-1be6258861b9bf85/build_script_build-1be6258861b9bf85.build_script_build.739cc1490c5e5434-cgu.0.rcgu.o" "/opt/rustwide/target/debug/build/proc-macro2-1be6258861b9bf85/build_script_build-1be6258861b9bf85.build_script_build.739cc1490c5e5434-cgu.1.rcgu.o" "/opt/rustwide/target/debug/build/proc-macro2-1be6258861b9bf85/build_script_build-1be6258861b9bf85.3au5suyae9tlvheulrcbuass3.rcgu.o" "-Wl,--as-needed" "-Wl,-Bstatic" "/opt/rustwide/rustup-home/toolchains/1.83.0-x86_64-unknown-linux-gnu/lib/rustlib/x86_64-unknown-linux-gnu/lib/libstd-ca74a2d9c5166d9f.rlib" "/opt/rustwide/rustup-home/toolchains/1.83.0-x86_64-unknown-linux-gnu/lib/rustlib/x86_64-unknown-linux-gnu/lib/libpanic_unwind-e31ab23316ed5080.rlib" "/opt/rustwide/rustup-home/toolchains/1.83.0-x86_64-unknown-linux-gnu/lib/rustlib/x86_64-unknown-linux-gnu/lib/libobject-27dc4aa955912662.rlib" "/opt/rustwide/rustup-home/toolchains/1.83.0-x86_64-unknown-linux-gnu/lib/rustlib/x86_64-unknown-linux-gnu/lib/libmemchr-bd0d6cccce077b99.rlib" "/opt/rustwide/rustup-home/toolchains/1.83.0-x86_64-unknown-linux-gnu/lib/rustlib/x86_64-unknown-linux-gnu/lib/libaddr2line-8d001680935b5e3c.rlib" "/opt/rustwide/rustup-home/toolchains/1.83.0-x86_64-unknown-linux-gnu/lib/rustlib/x86_64-unknown-linux-gnu/lib/libgimli-ba8ce71964f984f4.rlib" "/opt/rustwide/rustup-home/toolchains/1.83.0-x86_64-unknown-linux-gnu/lib/rustlib/x86_64-unknown-linux-gnu/lib/librustc_demangle-99a73526abcec14b.rlib" "/opt/rustwide/rustup-home/toolchains/1.83.0-x86_64-unknown-linux-gnu/lib/rustlib/x86_64-unknown-linux-gnu/lib/libstd_detect-63ac0d22cff92579.rlib" "/opt/rustwide/rustup-home/toolchains/1.83.0-x86_64-unknown-linux-gnu/lib/rustlib/x86_64-unknown-linux-gnu/lib/libhashbrown-9057355c92c922d5.rlib" "/opt/rustwide/rustup-home/toolchains/1.83.0-x86_64-unknown-linux-gnu/lib/rustlib/x86_64-unknown-linux-gnu/lib/librustc_std_workspace_alloc-358be9bc1f6bab04.rlib" "/opt/rustwide/rustup-home/toolchains/1.83.0-x86_64-unknown-linux-gnu/lib/rustlib/x86_64-unknown-linux-gnu/lib/libminiz_oxide-aca15549d5bff974.rlib" "/opt/rustwide/rustup-home/toolchains/1.83.0-x86_64-unknown-linux-gnu/lib/rustlib/x86_64-unknown-linux-gnu/lib/libadler-8251d2cef7072448.rlib" "/opt/rustwide/rustup-home/toolchains/1.83.0-x86_64-unknown-linux-gnu/lib/rustlib/x86_64-unknown-linux-gnu/lib/libunwind-7d50b86011c66411.rlib" "/opt/rustwide/rustup-home/toolchains/1.83.0-x86_64-unknown-linux-gnu/lib/rustlib/x86_64-unknown-linux-gnu/lib/libcfg_if-51ea098fce5006bf.rlib" "/opt/rustwide/rustup-home/toolchains/1.83.0-x86_64-unknown-linux-gnu/lib/rustlib/x86_64-unknown-linux-gnu/lib/liblibc-5a14e0d0b712e731.rlib" "/opt/rustwide/rustup-home/toolchains/1.83.0-x86_64-unknown-linux-gnu/lib/rustlib/x86_64-unknown-linux-gnu/lib/liballoc-8b83dbf3a7b8f999.rlib" "/opt/rustwide/rustup-home/toolchains/1.83.0-x86_64-unknown-linux-gnu/lib/rustlib/x86_64-unknown-linux-gnu/lib/librustc_std_workspace_core-c6fd227bdc7b39ff.rlib" "/opt/rustwide/rustup-home/toolchains/1.83.0-x86_64-unknown-linux-gnu/lib/rustlib/x86_64-unknown-linux-gnu/lib/libcore-959d3389fa3da8a5.rlib" "/opt/rustwide/rustup-home/toolchains/1.83.0-x86_64-unknown-linux-gnu/lib/rustlib/x86_64-unknown-linux-gnu/lib/libcompiler_builtins-abe05db089cc2c62.rlib" "-Wl,-Bdynamic" "-lgcc_s" "-lutil" "-lrt" "-lpthread" "-lm" "-ldl" "-lc" "-Wl,--eh-frame-hdr" "-Wl,-z,noexecstack" "-L" "/opt/rustwide/rustup-home/toolchains/1.83.0-x86_64-unknown-linux-gnu/lib/rustlib/x86_64-unknown-linux-gnu/lib" "-o" "/opt/rustwide/target/debug/build/proc-macro2-1be6258861b9bf85/build_script_build-1be6258861b9bf85" "-Wl,--gc-sections" "-pie" "-Wl,-z,relro,-z,now" "-nodefaultlibs"
[INFO] [stdout]   = note: /usr/bin/ld: final link failed: No space left on device
[INFO] [stdout]           collect2: error: ld returned 1 exit status
[INFO] [stdout]           
[INFO] [stdout] 
[INFO] [stdout] 
[INFO] [stderr] error: could not compile `proc-macro2` (build script) due to 1 previous error
[INFO] [stderr] rustc-LLVM ERROR: IO failure on output stream: No space left on device
[INFO] [stderr] error: could not compile `log` (lib)
[INFO] [stderr] 
[INFO] [stderr] Caused by:
[INFO] [stderr]   No space left on device (os error 28)
[INFO] [stderr] 
[INFO] [stderr] Caused by:
[INFO] [stderr]   failed to parse process output: `/opt/rustwide/rustup-home/toolchains/1.83.0-x86_64-unknown-linux-gnu/bin/rustc --crate-name log --edition=2021 /opt/rustwide/cargo-home/registry/src/index.crates.io-6f17d22bba15001f/log-0.4.22/src/lib.rs --error-format=json --json=diagnostic-rendered-ansi,artifacts,future-incompat --crate-type lib --emit=dep-info,metadata,link -C embed-bitcode=no -C debuginfo=2 --cfg 'feature="std"' --check-cfg 'cfg(docsrs)' --check-cfg 'cfg(feature, values("kv", "kv_serde", "kv_std", "kv_sval", "kv_unstable", "kv_unstable_serde", "kv_unstable_std", "kv_unstable_sval", "max_level_debug", "max_level_error", "max_level_info", "max_level_off", "max_level_trace", "max_level_warn", "release_max_level_debug", "release_max_level_error", "release_max_level_info", "release_max_level_off", "release_max_level_trace", "release_max_level_warn", "serde", "std", "sval", "sval_ref", "value-bag"))' -C metadata=6d50fe4853ae55d4 -C extra-filename=-6d50fe4853ae55d4 --out-dir /opt/rustwide/target/debug/deps -L dependency=/opt/rustwide/target/debug/deps --cap-lints allow --cap-lints=warn` (exit status: 101)
[INFO] [stdout] error: couldn't create a temp dir: No space left on device (os error 28) at path "/opt/rustwide/target/debug/deps/rmetau9TbrP"
[INFO] [stdout] 
[INFO] [stdout] 
[INFO] [stderr] error: could not compile `memchr` (lib) due to 1 previous error
[INFO] [stdout] error: couldn't create a temp dir: No space left on device (os error 28) at path "/opt/rustwide/target/debug/deps/rmetaG0FMXu"
[INFO] [stdout] 
[INFO] [stdout] 
[INFO] [stderr] error: could not compile `cc` (lib) due to 1 previous error
[INFO] running `Command { std: "docker" "inspect" "94fcf327b6ee941b74de9cf33876534d2124770e30df3fb00dda949138aef595", kill_on_drop: false }`
[INFO] running `Command { std: "docker" "rm" "-f" "94fcf327b6ee941b74de9cf33876534d2124770e30df3fb00dda949138aef595", kill_on_drop: false }`
[INFO] [stdout] 94fcf327b6ee941b74de9cf33876534d2124770e30df3fb00dda949138aef595
