[INFO] fetching crate another_grrs 0.1.0...
[INFO] testing another_grrs-0.1.0 against 1.83.0 for beta-1.84.0-4-retry
[INFO] extracting crate another_grrs 0.1.0 into /workspace/builds/worker-5-tc1/source
[INFO] validating manifest of crates.io crate another_grrs 0.1.0 on toolchain 1.83.0
[INFO] running `Command { std: CARGO_HOME="/workspace/cargo-home" RUSTUP_HOME="/workspace/rustup-home" "/workspace/cargo-home/bin/cargo" "+1.83.0" "metadata" "--manifest-path" "Cargo.toml" "--no-deps", kill_on_drop: false }`
[INFO] started tweaking crates.io crate another_grrs 0.1.0
[INFO] finished tweaking crates.io crate another_grrs 0.1.0
[INFO] tweaked toml for crates.io crate another_grrs 0.1.0 written to /workspace/builds/worker-5-tc1/source/Cargo.toml
[INFO] crate crates.io crate another_grrs 0.1.0 already has a lockfile, it will not be regenerated
[INFO] running `Command { std: CARGO_HOME="/workspace/cargo-home" RUSTUP_HOME="/workspace/rustup-home" "/workspace/cargo-home/bin/cargo" "+1.83.0" "fetch" "--manifest-path" "Cargo.toml", kill_on_drop: false }`
[INFO] running `Command { std: "docker" "create" "-v" "/var/lib/crater-agent-workspace/builds/worker-5-tc1/target:/opt/rustwide/target:rw,Z" "-v" "/var/lib/crater-agent-workspace/builds/worker-5-tc1/source:/opt/rustwide/workdir:ro,Z" "-v" "/var/lib/crater-agent-workspace/cargo-home:/opt/rustwide/cargo-home:ro,Z" "-v" "/var/lib/crater-agent-workspace/rustup-home:/opt/rustwide/rustup-home:ro,Z" "-e" "SOURCE_DIR=/opt/rustwide/workdir" "-e" "CARGO_TARGET_DIR=/opt/rustwide/target" "-e" "CARGO_HOME=/opt/rustwide/cargo-home" "-e" "RUSTUP_HOME=/opt/rustwide/rustup-home" "-w" "/opt/rustwide/workdir" "-m" "1610612736" "--user" "0:0" "--network" "none" "ghcr.io/rust-lang/crates-build-env/linux@sha256:f3a9d4ad9d972b27faf3965f35b62e55ba32bbce8f20bc8fe909558a86702fde" "/opt/rustwide/cargo-home/bin/cargo" "+1.83.0" "metadata" "--no-deps" "--format-version=1", kill_on_drop: false }`
[INFO] [stdout] 62d2421b948d57171898b0770f3afb650a7eb64b9bddc5057450bd43cb8c4f36
[INFO] running `Command { std: "docker" "start" "-a" "62d2421b948d57171898b0770f3afb650a7eb64b9bddc5057450bd43cb8c4f36", kill_on_drop: false }`
[INFO] running `Command { std: "docker" "inspect" "62d2421b948d57171898b0770f3afb650a7eb64b9bddc5057450bd43cb8c4f36", kill_on_drop: false }`
[INFO] running `Command { std: "docker" "rm" "-f" "62d2421b948d57171898b0770f3afb650a7eb64b9bddc5057450bd43cb8c4f36", kill_on_drop: false }`
[INFO] [stdout] 62d2421b948d57171898b0770f3afb650a7eb64b9bddc5057450bd43cb8c4f36
[INFO] running `Command { std: "docker" "create" "-v" "/var/lib/crater-agent-workspace/builds/worker-5-tc1/target:/opt/rustwide/target:rw,Z" "-v" "/var/lib/crater-agent-workspace/builds/worker-5-tc1/source:/opt/rustwide/workdir:ro,Z" "-v" "/var/lib/crater-agent-workspace/cargo-home:/opt/rustwide/cargo-home:ro,Z" "-v" "/var/lib/crater-agent-workspace/rustup-home:/opt/rustwide/rustup-home:ro,Z" "-e" "SOURCE_DIR=/opt/rustwide/workdir" "-e" "CARGO_TARGET_DIR=/opt/rustwide/target" "-e" "CARGO_INCREMENTAL=0" "-e" "RUST_BACKTRACE=full" "-e" "RUSTFLAGS=--cap-lints=warn" "-e" "RUSTDOCFLAGS=--cap-lints=warn" "-e" "CARGO_HOME=/opt/rustwide/cargo-home" "-e" "RUSTUP_HOME=/opt/rustwide/rustup-home" "-w" "/opt/rustwide/workdir" "-m" "1610612736" "--user" "0:0" "--network" "none" "ghcr.io/rust-lang/crates-build-env/linux@sha256:f3a9d4ad9d972b27faf3965f35b62e55ba32bbce8f20bc8fe909558a86702fde" "/opt/rustwide/cargo-home/bin/cargo" "+1.83.0" "build" "--frozen" "--message-format=json", kill_on_drop: false }`
[INFO] [stdout] c71c95ec2bd06b5d57393e8a198818ec592ce850f8b7d14d6cd2bff3c439f404
[INFO] running `Command { std: "docker" "start" "-a" "c71c95ec2bd06b5d57393e8a198818ec592ce850f8b7d14d6cd2bff3c439f404", kill_on_drop: false }`
[INFO] [stderr]    Compiling proc-macro2 v1.0.24
[INFO] [stderr]    Compiling libc v0.2.81
[INFO] [stderr]    Compiling unicode-xid v0.2.1
[INFO] [stderr]    Compiling autocfg v1.0.1
[INFO] [stderr]    Compiling syn v1.0.55
[INFO] [stderr]    Compiling proc-macro2 v0.4.30
[INFO] [stderr]    Compiling unicode-xid v0.1.0
[INFO] [stderr]    Compiling adler v0.2.3
[INFO] [stderr]    Compiling gimli v0.23.0
[INFO] [stderr]    Compiling failure_derive v0.1.8
[INFO] [stderr]    Compiling bitflags v1.2.1
[INFO] [stderr]    Compiling syn v0.15.44
[INFO] [stderr]    Compiling miniz_oxide v0.4.3
[INFO] [stderr]    Compiling cfg-if v1.0.0
[INFO] [stderr]    Compiling unicode-width v0.1.8
[INFO] [stderr]    Compiling unicode-segmentation v1.7.1
[INFO] [stderr]    Compiling object v0.22.0
[INFO] [stderr]    Compiling rustc-demangle v0.1.18
[INFO] [stderr]    Compiling quote v1.0.8
[INFO] [stderr]    Compiling quote v0.6.13
[INFO] [stderr]    Compiling atty v0.2.14
[INFO] [stderr]    Compiling heck v0.3.2
[INFO] [stderr]    Compiling textwrap v0.11.0
[INFO] [stderr]    Compiling strsim v0.8.0
[INFO] [stderr]    Compiling ansi_term v0.11.0
[INFO] [stderr]    Compiling vec_map v0.8.2
[INFO] [stderr]    Compiling anyhow v1.0.33
[INFO] [stderr]    Compiling clap v2.33.3
[INFO] [stderr]    Compiling addr2line v0.14.0
[INFO] [stderr]    Compiling backtrace v0.3.55
[INFO] [stderr]    Compiling structopt-derive v0.2.18
[INFO] [stderr]    Compiling synstructure v0.12.4
[INFO] [stderr]    Compiling structopt v0.2.18
[INFO] [stderr]    Compiling failure v0.1.8
[INFO] [stderr]    Compiling exitfailure v0.5.1
[INFO] [stderr]    Compiling another_grrs v0.1.0 (/opt/rustwide/workdir)
[INFO] [stderr]     Finished `dev` profile [unoptimized + debuginfo] target(s) in 29.48s
[INFO] running `Command { std: "docker" "inspect" "c71c95ec2bd06b5d57393e8a198818ec592ce850f8b7d14d6cd2bff3c439f404", kill_on_drop: false }`
[INFO] running `Command { std: "docker" "rm" "-f" "c71c95ec2bd06b5d57393e8a198818ec592ce850f8b7d14d6cd2bff3c439f404", kill_on_drop: false }`
[INFO] [stdout] c71c95ec2bd06b5d57393e8a198818ec592ce850f8b7d14d6cd2bff3c439f404
[INFO] running `Command { std: "docker" "create" "-v" "/var/lib/crater-agent-workspace/builds/worker-5-tc1/target:/opt/rustwide/target:rw,Z" "-v" "/var/lib/crater-agent-workspace/builds/worker-5-tc1/source:/opt/rustwide/workdir:ro,Z" "-v" "/var/lib/crater-agent-workspace/cargo-home:/opt/rustwide/cargo-home:ro,Z" "-v" "/var/lib/crater-agent-workspace/rustup-home:/opt/rustwide/rustup-home:ro,Z" "-e" "SOURCE_DIR=/opt/rustwide/workdir" "-e" "CARGO_TARGET_DIR=/opt/rustwide/target" "-e" "CARGO_INCREMENTAL=0" "-e" "RUST_BACKTRACE=full" "-e" "RUSTFLAGS=--cap-lints=warn" "-e" "RUSTDOCFLAGS=--cap-lints=warn" "-e" "CARGO_HOME=/opt/rustwide/cargo-home" "-e" "RUSTUP_HOME=/opt/rustwide/rustup-home" "-w" "/opt/rustwide/workdir" "-m" "1610612736" "--user" "0:0" "--network" "none" "ghcr.io/rust-lang/crates-build-env/linux@sha256:f3a9d4ad9d972b27faf3965f35b62e55ba32bbce8f20bc8fe909558a86702fde" "/opt/rustwide/cargo-home/bin/cargo" "+1.83.0" "test" "--frozen" "--no-run" "--message-format=json", kill_on_drop: false }`
[INFO] [stdout] a3b83b3bd7ec365b3cfc78d4afd4fa83ff44ed769a4f30eafc37e71f2b674a8d
[INFO] running `Command { std: "docker" "start" "-a" "a3b83b3bd7ec365b3cfc78d4afd4fa83ff44ed769a4f30eafc37e71f2b674a8d", kill_on_drop: false }`
[INFO] [stderr]    Compiling memchr v2.3.4
[INFO] [stderr]    Compiling getrandom v0.1.15
[INFO] [stderr]    Compiling serde_derive v1.0.118
[INFO] [stderr]    Compiling num-traits v0.2.14
[INFO] [stderr]    Compiling cfg-if v0.1.10
[INFO] [stderr]    Compiling serde v1.0.118
[INFO] [stderr]    Compiling ryu v1.0.5
[INFO] [stderr]    Compiling lazy_static v1.4.0
[INFO] [stderr]    Compiling serde_json v1.0.60
[INFO] [stderr]    Compiling thread_local v1.0.1
[INFO] [stderr]    Compiling itoa v0.4.6
[INFO] [stderr]    Compiling escargot v0.3.1
[INFO] [stderr]    Compiling predicates-core v1.0.0
[INFO] [stderr]    Compiling regex-syntax v0.6.21
[INFO] [stderr]    Compiling ppv-lite86 v0.2.10
[INFO] [stderr]    Compiling aho-corasick v0.7.15
[INFO] [stderr]    Compiling rand_core v0.5.1
[INFO] [stderr]    Compiling treeline v0.1.0
[INFO] [stderr]    Compiling normalize-line-endings v0.3.0
[INFO] [stderr]    Compiling difference v2.0.0
[INFO] [stderr]    Compiling predicates-tree v1.0.0
[INFO] [stderr]    Compiling rand_chacha v0.2.2
[INFO] [stderr]    Compiling remove_dir_all v0.5.3
[INFO] [stderr]    Compiling float-cmp v0.8.0
[INFO] [stderr]    Compiling rand v0.7.3
[INFO] [stderr]    Compiling regex v1.4.2
[INFO] [stderr]    Compiling tempfile v3.1.0
[INFO] [stderr]    Compiling predicates v1.0.5
[INFO] [stderr]    Compiling assert_cmd v0.10.2
[INFO] [stderr]    Compiling another_grrs v0.1.0 (/opt/rustwide/workdir)
[INFO] [stderr]     Finished `test` profile [unoptimized + debuginfo] target(s) in 26.23s
[INFO] running `Command { std: "docker" "inspect" "a3b83b3bd7ec365b3cfc78d4afd4fa83ff44ed769a4f30eafc37e71f2b674a8d", kill_on_drop: false }`
[INFO] running `Command { std: "docker" "rm" "-f" "a3b83b3bd7ec365b3cfc78d4afd4fa83ff44ed769a4f30eafc37e71f2b674a8d", kill_on_drop: false }`
[INFO] [stdout] a3b83b3bd7ec365b3cfc78d4afd4fa83ff44ed769a4f30eafc37e71f2b674a8d
[INFO] running `Command { std: "docker" "create" "-v" "/var/lib/crater-agent-workspace/builds/worker-5-tc1/target:/opt/rustwide/target:rw,Z" "-v" "/var/lib/crater-agent-workspace/builds/worker-5-tc1/source:/opt/rustwide/workdir:ro,Z" "-v" "/var/lib/crater-agent-workspace/cargo-home:/opt/rustwide/cargo-home:ro,Z" "-v" "/var/lib/crater-agent-workspace/rustup-home:/opt/rustwide/rustup-home:ro,Z" "-e" "SOURCE_DIR=/opt/rustwide/workdir" "-e" "CARGO_TARGET_DIR=/opt/rustwide/target" "-e" "CARGO_INCREMENTAL=0" "-e" "RUST_BACKTRACE=full" "-e" "RUSTFLAGS=--cap-lints=warn" "-e" "RUSTDOCFLAGS=--cap-lints=warn" "-e" "CARGO_HOME=/opt/rustwide/cargo-home" "-e" "RUSTUP_HOME=/opt/rustwide/rustup-home" "-w" "/opt/rustwide/workdir" "-m" "1610612736" "--user" "0:0" "--network" "none" "ghcr.io/rust-lang/crates-build-env/linux@sha256:f3a9d4ad9d972b27faf3965f35b62e55ba32bbce8f20bc8fe909558a86702fde" "/opt/rustwide/cargo-home/bin/cargo" "+1.83.0" "test" "--frozen", kill_on_drop: false }`
[INFO] [stdout] 9ba65ec7d1284289534545cdff7c58bd4fdb334e290697e60d5f09912f7b6211
[INFO] running `Command { std: "docker" "start" "-a" "9ba65ec7d1284289534545cdff7c58bd4fdb334e290697e60d5f09912f7b6211", kill_on_drop: false }`
[INFO] [stderr]     Finished `test` profile [unoptimized + debuginfo] target(s) in 0.21s
[INFO] [stderr]      Running unittests src/lib.rs (/opt/rustwide/target/debug/deps/another_grrs-b99d5f500090d465)
[INFO] [stdout] 
[INFO] [stdout] running 0 tests
[INFO] [stdout] 
[INFO] [stdout] test result: ok. 0 passed; 0 failed; 0 ignored; 0 measured; 0 filtered out; finished in 0.00s
[INFO] [stdout] 
[INFO] [stderr]      Running unittests src/main.rs (/opt/rustwide/target/debug/deps/another_grrs-f6fff294ce5ab385)
[INFO] [stdout] 
[INFO] [stdout] running 0 tests
[INFO] [stdout] 
[INFO] [stdout] test result: ok. 0 passed; 0 failed; 0 ignored; 0 measured; 0 filtered out; finished in 0.00s
[INFO] [stdout] 
[INFO] [stderr]      Running tests/cli.rs (/opt/rustwide/target/debug/deps/cli-e515ad7c15757c40)
[INFO] [stdout] 
[INFO] [stdout] running 2 tests
[INFO] [stdout] test file_doesnt_exist ... FAILED
[INFO] [stdout] test find_content_in_file ... FAILED
[INFO] [stdout] 
[INFO] [stdout] failures:
[INFO] [stdout] 
[INFO] [stdout] ---- file_doesnt_exist stdout ----
[INFO] [stdout] Error: CargoError { cause: Some(CargoError { kind: CommandFailed, context: Some("   Compiling proc-macro2 v1.0.24\n   Compiling libc v0.2.81\n   Compiling unicode-xid v0.2.1\n   Compiling autocfg v1.0.1\n   Compiling proc-macro2 v0.4.30\n   Compiling syn v1.0.55\n   Compiling unicode-xid v0.1.0\n   Compiling syn v0.15.44\n   Compiling adler v0.2.3\n   Compiling gimli v0.23.0\n   Compiling bitflags v1.2.1\n   Compiling failure_derive v0.1.8\n   Compiling unicode-width v0.1.8\n   Compiling rustc-demangle v0.1.18\n   Compiling miniz_oxide v0.4.3\n   Compiling object v0.22.0\n   Compiling unicode-segmentation v1.7.1\n   Compiling quote v1.0.8\n   Compiling cfg-if v1.0.0\n   Compiling quote v0.6.13\n   Compiling heck v0.3.2\n   Compiling atty v0.2.14\n   Compiling textwrap v0.11.0\n   Compiling ansi_term v0.11.0\n   Compiling vec_map v0.8.2\n   Compiling anyhow v1.0.33\n   Compiling strsim v0.8.0\n   Compiling clap v2.33.3\n   Compiling addr2line v0.14.0\n   Compiling synstructure v0.12.4\n   Compiling backtrace v0.3.55\n   Compiling structopt-derive v0.2.18\n   Compiling structopt v0.2.18\n   Compiling failure v0.1.8\n   Compiling exitfailure v0.5.1\n   Compiling another_grrs v0.1.0 (/opt/rustwide/workdir)\nerror: could not compile `another_grrs` (bin \"another_grrs\") due to 1 previous error\n"), cause: None }) }
[INFO] [stdout] 
[INFO] [stdout] ---- find_content_in_file stdout ----
[INFO] [stdout] Error: CargoError { cause: Some(CargoError { kind: CommandFailed, context: Some("    Blocking waiting for file lock on build directory\n   Compiling another_grrs v0.1.0 (/opt/rustwide/workdir)\nerror: could not compile `another_grrs` (bin \"another_grrs\") due to 1 previous error\n"), cause: None }) }
[INFO] [stdout] 
[INFO] [stdout] 
[INFO] [stdout] failures:
[INFO] [stdout]     file_doesnt_exist
[INFO] [stdout]     find_content_in_file
[INFO] [stdout] 
[INFO] [stdout] test result: FAILED. 0 passed; 2 failed; 0 ignored; 0 measured; 0 filtered out; finished in 34.33s
[INFO] [stdout] 
[INFO] [stderr] error: test failed, to rerun pass `--test cli`
[INFO] running `Command { std: "docker" "inspect" "9ba65ec7d1284289534545cdff7c58bd4fdb334e290697e60d5f09912f7b6211", kill_on_drop: false }`
[INFO] running `Command { std: "docker" "rm" "-f" "9ba65ec7d1284289534545cdff7c58bd4fdb334e290697e60d5f09912f7b6211", kill_on_drop: false }`
[INFO] [stdout] 9ba65ec7d1284289534545cdff7c58bd4fdb334e290697e60d5f09912f7b6211
