[INFO] cloning repository https://github.com/wagiejack/temp
[INFO] running `Command { std: "git" "-c" "credential.helper=" "-c" "credential.helper=/workspace/cargo-home/bin/git-credential-null" "clone" "--bare" "https://github.com/wagiejack/temp" "/workspace/cache/git-repos/https%3A%2F%2Fgithub.com%2Fwagiejack%2Ftemp", kill_on_drop: false }`
[INFO] [stderr] Cloning into bare repository '/workspace/cache/git-repos/https%3A%2F%2Fgithub.com%2Fwagiejack%2Ftemp'...
[INFO] running `Command { std: "git" "rev-parse" "HEAD", kill_on_drop: false }`
[INFO] [stdout] 6b04cba182a2cbbe8a6f139ad005c678de413015
[INFO] testing wagiejack/temp against beta-2024-12-08 for beta-1.84.0-4-retry
[INFO] running `Command { std: "git" "clone" "/workspace/cache/git-repos/https%3A%2F%2Fgithub.com%2Fwagiejack%2Ftemp" "/workspace/builds/worker-6-tc2/source", kill_on_drop: false }`
[INFO] [stderr] Cloning into '/workspace/builds/worker-6-tc2/source'...
[INFO] [stderr] done.
[INFO] [stderr] Updating files:  75% (8423/11097)
Updating files:  76% (8434/11097)
Updating files:  77% (8545/11097)
Updating files:  78% (8656/11097)
Updating files:  79% (8767/11097)
Updating files:  80% (8878/11097)
Updating files:  81% (8989/11097)
Updating files:  82% (9100/11097)
Updating files:  83% (9211/11097)
Updating files:  84% (9322/11097)
Updating files:  85% (9433/11097)
Updating files:  86% (9544/11097)
Updating files:  87% (9655/11097)
Updating files:  88% (9766/11097)
Updating files:  89% (9877/11097)
Updating files:  90% (9988/11097)
Updating files:  91% (10099/11097)
Updating files:  92% (10210/11097)
Updating files:  93% (10321/11097)
Updating files:  94% (10432/11097)
Updating files:  95% (10543/11097)
Updating files:  96% (10654/11097)
Updating files:  97% (10765/11097)
Updating files:  98% (10876/11097)
Updating files:  99% (10987/11097)
Updating files: 100% (11097/11097)
Updating files: 100% (11097/11097), done.
[INFO] validating manifest of git repo https://github.com/wagiejack/temp on toolchain beta-2024-12-08
[INFO] running `Command { std: CARGO_HOME="/workspace/cargo-home" RUSTUP_HOME="/workspace/rustup-home" "/workspace/cargo-home/bin/cargo" "+beta-2024-12-08" "metadata" "--manifest-path" "Cargo.toml" "--no-deps", kill_on_drop: false }`
[INFO] started tweaking git repo https://github.com/wagiejack/temp
[INFO] finished tweaking git repo https://github.com/wagiejack/temp
[INFO] tweaked toml for git repo https://github.com/wagiejack/temp written to /workspace/builds/worker-6-tc2/source/Cargo.toml
[INFO] crate git repo https://github.com/wagiejack/temp already has a lockfile, it will not be regenerated
[INFO] running `Command { std: CARGO_HOME="/workspace/cargo-home" RUSTUP_HOME="/workspace/rustup-home" "/workspace/cargo-home/bin/cargo" "+beta-2024-12-08" "fetch" "--manifest-path" "Cargo.toml", kill_on_drop: false }`
[INFO] [stderr]     Blocking waiting for file lock on package cache
[INFO] [stderr]     Blocking waiting for file lock on package cache
[INFO] running `Command { std: "docker" "create" "-v" "/var/lib/crater-agent-workspace/builds/worker-6-tc2/target:/opt/rustwide/target:rw,Z" "-v" "/var/lib/crater-agent-workspace/builds/worker-6-tc2/source:/opt/rustwide/workdir:ro,Z" "-v" "/var/lib/crater-agent-workspace/cargo-home:/opt/rustwide/cargo-home:ro,Z" "-v" "/var/lib/crater-agent-workspace/rustup-home:/opt/rustwide/rustup-home:ro,Z" "-e" "SOURCE_DIR=/opt/rustwide/workdir" "-e" "CARGO_TARGET_DIR=/opt/rustwide/target" "-e" "CARGO_HOME=/opt/rustwide/cargo-home" "-e" "RUSTUP_HOME=/opt/rustwide/rustup-home" "-w" "/opt/rustwide/workdir" "-m" "1610612736" "--user" "0:0" "--network" "none" "ghcr.io/rust-lang/crates-build-env/linux@sha256:f3a9d4ad9d972b27faf3965f35b62e55ba32bbce8f20bc8fe909558a86702fde" "/opt/rustwide/cargo-home/bin/cargo" "+beta-2024-12-08" "metadata" "--no-deps" "--format-version=1", kill_on_drop: false }`
[INFO] [stdout] 70664aebbd29ba45d4681cb107c83017a5d88aefd8d856d9d90a45a09a47984e
[INFO] running `Command { std: "docker" "start" "-a" "70664aebbd29ba45d4681cb107c83017a5d88aefd8d856d9d90a45a09a47984e", kill_on_drop: false }`
[INFO] running `Command { std: "docker" "inspect" "70664aebbd29ba45d4681cb107c83017a5d88aefd8d856d9d90a45a09a47984e", kill_on_drop: false }`
[INFO] running `Command { std: "docker" "rm" "-f" "70664aebbd29ba45d4681cb107c83017a5d88aefd8d856d9d90a45a09a47984e", kill_on_drop: false }`
[INFO] [stdout] 70664aebbd29ba45d4681cb107c83017a5d88aefd8d856d9d90a45a09a47984e
[INFO] running `Command { std: "docker" "create" "-v" "/var/lib/crater-agent-workspace/builds/worker-6-tc2/target:/opt/rustwide/target:rw,Z" "-v" "/var/lib/crater-agent-workspace/builds/worker-6-tc2/source:/opt/rustwide/workdir:ro,Z" "-v" "/var/lib/crater-agent-workspace/cargo-home:/opt/rustwide/cargo-home:ro,Z" "-v" "/var/lib/crater-agent-workspace/rustup-home:/opt/rustwide/rustup-home:ro,Z" "-e" "SOURCE_DIR=/opt/rustwide/workdir" "-e" "CARGO_TARGET_DIR=/opt/rustwide/target" "-e" "CARGO_INCREMENTAL=0" "-e" "RUST_BACKTRACE=full" "-e" "RUSTFLAGS=--cap-lints=warn" "-e" "RUSTDOCFLAGS=--cap-lints=warn" "-e" "CARGO_HOME=/opt/rustwide/cargo-home" "-e" "RUSTUP_HOME=/opt/rustwide/rustup-home" "-w" "/opt/rustwide/workdir" "-m" "1610612736" "--user" "0:0" "--network" "none" "ghcr.io/rust-lang/crates-build-env/linux@sha256:f3a9d4ad9d972b27faf3965f35b62e55ba32bbce8f20bc8fe909558a86702fde" "/opt/rustwide/cargo-home/bin/cargo" "+beta-2024-12-08" "build" "--frozen" "--message-format=json", kill_on_drop: false }`
[INFO] [stdout] 47ad45586dcb2721a20c2f0e79c1adb64a11c495abed731b11904a7cb744b533
[INFO] running `Command { std: "docker" "start" "-a" "47ad45586dcb2721a20c2f0e79c1adb64a11c495abed731b11904a7cb744b533", kill_on_drop: false }`
[INFO] [stderr]    Compiling exercises v0.0.0 (/opt/rustwide/workdir)
[INFO] [stdout] warning: enum `Fruit` is never used
[INFO] [stdout]   --> solutions/11_hashmaps/hashmaps2.rs:14:6
[INFO] [stdout]    |
[INFO] [stdout] 14 | enum Fruit {
[INFO] [stdout]    |      ^^^^^
[INFO] [stdout]    |
[INFO] [stdout]    = note: `#[warn(dead_code)]` on by default
[INFO] [stdout] 
[INFO] [stdout] 
[INFO] [stdout] warning: function `fruit_basket` is never used
[INFO] [stdout]   --> solutions/11_hashmaps/hashmaps2.rs:22:4
[INFO] [stdout]    |
[INFO] [stdout] 22 | fn fruit_basket(basket: &mut HashMap<Fruit, u32>) {
[INFO] [stdout]    |    ^^^^^^^^^^^^
[INFO] [stdout] 
[INFO] [stdout] 
[INFO] [stdout] warning: trait `AppendBar` is never used
[INFO] [stdout]  --> exercises/15_traits/traits2.rs:1:7
[INFO] [stdout]   |
[INFO] [stdout] 1 | trait AppendBar {
[INFO] [stdout]   |       ^^^^^^^^^
[INFO] [stdout]   |
[INFO] [stdout]   = note: `#[warn(dead_code)]` on by default
[INFO] [stdout] 
[INFO] [stdout] 
[INFO] [stdout] warning: function `calculate_price_of_apples` is never used
[INFO] [stdout]  --> solutions/quizzes/quiz1.rs:6:4
[INFO] [stdout]   |
[INFO] [stdout] 6 | fn calculate_price_of_apples(n_apples: u64) -> u64 {
[INFO] [stdout]   |    ^^^^^^^^^^^^^^^^^^^^^^^^^
[INFO] [stdout]   |
[INFO] [stdout]   = note: `#[warn(dead_code)]` on by default
[INFO] [stdout] 
[INFO] [stdout] 
[INFO] [stdout] warning: struct `Package` is never constructed
[INFO] [stdout]  --> solutions/07_structs/structs3.rs:2:8
[INFO] [stdout]   |
[INFO] [stdout] 2 | struct Package {
[INFO] [stdout]   |        ^^^^^^^
[INFO] [stdout]   |
[INFO] [stdout]   = note: `#[warn(dead_code)]` on by default
[INFO] [stdout] 
[INFO] [stdout] 
[INFO] [stdout] warning: associated items `new`, `is_international`, and `get_fees` are never used
[INFO] [stdout]   --> solutions/07_structs/structs3.rs:9:8
[INFO] [stdout]    |
[INFO] [stdout] 8  | impl Package {
[INFO] [stdout]    | ------------ associated items in this implementation
[INFO] [stdout] 9  |     fn new(sender_country: String, recipient_country: String, weight_in_grams: u32) -> Self {
[INFO] [stdout]    |        ^^^
[INFO] [stdout] ...
[INFO] [stdout] 23 |     fn is_international(&self) -> bool {
[INFO] [stdout]    |        ^^^^^^^^^^^^^^^^
[INFO] [stdout] ...
[INFO] [stdout] 28 |     fn get_fees(&self, cents_per_gram: u32) -> u32 {
[INFO] [stdout]    |        ^^^^^^^^
[INFO] [stdout] 
[INFO] [stdout] 
[INFO] [stdout] warning: function `vec_loop` is never used
[INFO] [stdout]  --> exercises/05_vecs/vecs2.rs:1:4
[INFO] [stdout]   |
[INFO] [stdout] 1 | fn vec_loop(input: &[i32]) -> Vec<i32> {
[INFO] [stdout]   |    ^^^^^^^^
[INFO] [stdout]   |
[INFO] [stdout]   = note: `#[warn(dead_code)]` on by default
[INFO] [stdout] 
[INFO] [stdout] 
[INFO] [stdout] warning: function `vec_map_example` is never used
[INFO] [stdout]   --> exercises/05_vecs/vecs2.rs:13:4
[INFO] [stdout]    |
[INFO] [stdout] 13 | fn vec_map_example(input: &[i32]) -> Vec<i32> {
[INFO] [stdout]    |    ^^^^^^^^^^^^^^^
[INFO] [stdout] 
[INFO] [stdout] 
[INFO] [stdout] warning: function `vec_map` is never used
[INFO] [stdout]   --> exercises/05_vecs/vecs2.rs:20:4
[INFO] [stdout]    |
[INFO] [stdout] 20 | fn vec_map(input: &[i32]) -> Vec<i32> {
[INFO] [stdout]    |    ^^^^^^^
[INFO] [stdout] 
[INFO] [stdout] 
[INFO] [stdout] warning: struct `Order` is never constructed
[INFO] [stdout]  --> solutions/07_structs/structs2.rs:2:8
[INFO] [stdout]   |
[INFO] [stdout] 2 | struct Order {
[INFO] [stdout]   |        ^^^^^
[INFO] [stdout]   |
[INFO] [stdout]   = note: `#[warn(dead_code)]` on by default
[INFO] [stdout] 
[INFO] [stdout] 
[INFO] [stdout] warning: function `create_order_template` is never used
[INFO] [stdout]   --> solutions/07_structs/structs2.rs:12:4
[INFO] [stdout]    |
[INFO] [stdout] 12 | fn create_order_template() -> Order {
[INFO] [stdout]    |    ^^^^^^^^^^^^^^^^^^^^^
[INFO] [stdout] 
[INFO] [stdout] 
[INFO] [stdout] warning: function `fruit_basket` is never used
[INFO] [stdout]  --> solutions/11_hashmaps/hashmaps1.rs:9:4
[INFO] [stdout]   |
[INFO] [stdout] 9 | fn fruit_basket() -> HashMap<String, u32> {
[INFO] [stdout]   |    ^^^^^^^^^^^^
[INFO] [stdout]   |
[INFO] [stdout]   = note: `#[warn(dead_code)]` on by default
[INFO] [stdout] 
[INFO] [stdout] 
[INFO] [stdout] error[E0072]: recursive type `List` has infinite size
[INFO] [stdout]   --> exercises/19_smart_pointers/box1.rs:14:1
[INFO] [stdout]    |
[INFO] [stdout] 14 | enum List {
[INFO] [stdout]    | ^^^^^^^^^
[INFO] [stdout] 15 |     Cons(i32, List),
[INFO] [stdout]    |               ---- recursive without indirection
[INFO] [stdout]    |
[INFO] [stdout] help: insert some indirection (e.g., a `Box`, `Rc`, or `&`) to break the cycle
[INFO] [stdout]    |
[INFO] [stdout] 15 |     Cons(i32, Box<List>),
[INFO] [stdout]    |               ++++    +
[INFO] [stdout] 
[INFO] [stdout] 
[INFO] [stdout] error[E0425]: cannot find value `child_numbers` in this scope
[INFO] [stdout]   --> exercises/19_smart_pointers/arc1.rs:35:28
[INFO] [stdout]    |
[INFO] [stdout] 35 |             let sum: u32 = child_numbers.iter().filter(|&&n| n % 8 == offset).sum();
[INFO] [stdout]    |                            ^^^^^^^^^^^^^ not found in this scope
[INFO] [stdout] 
[INFO] [stdout] 
[INFO] [stdout] error[E0391]: cycle detected when computing drop-check constraints for `List`
[INFO] [stdout]   --> exercises/19_smart_pointers/box1.rs:14:1
[INFO] [stdout]    |
[INFO] [stdout] 14 | enum List {
[INFO] [stdout]    | ^^^^^^^^^
[INFO] [stdout]    |
[INFO] [stdout]    = note: ...which immediately requires computing drop-check constraints for `List` again
[INFO] [stdout]    = note: cycle used when computing dropck types for `List`
[INFO] [stdout]    = note: see https://rustc-dev-guide.rust-lang.org/overview.html#queries and https://rustc-dev-guide.rust-lang.org/query.html for more information
[INFO] [stdout] 
[INFO] [stdout] 
[INFO] [stdout] warning: unused import: `sync::Arc`
[INFO] [stdout]   --> exercises/19_smart_pointers/arc1.rs:20:11
[INFO] [stdout]    |
[INFO] [stdout] 20 | use std::{sync::Arc, thread};
[INFO] [stdout]    |           ^^^^^^^^^
[INFO] [stdout]    |
[INFO] [stdout] note: the lint level is defined here
[INFO] [stdout]   --> exercises/19_smart_pointers/arc1.rs:19:11
[INFO] [stdout]    |
[INFO] [stdout] 19 | #![forbid(unused_imports)]
[INFO] [stdout]    |           ^^^^^^^^^^^^^^
[INFO] [stdout] 
[INFO] [stdout] 
[INFO] [stdout] error[E0391]: cycle detected when computing when `List` needs drop
[INFO] [stdout]   --> exercises/19_smart_pointers/box1.rs:14:1
[INFO] [stdout]    |
[INFO] [stdout] 14 | enum List {
[INFO] [stdout]    | ^^^^^^^^^
[INFO] [stdout]    |
[INFO] [stdout]    = note: ...which immediately requires computing when `List` needs drop again
[INFO] [stdout]    = note: cycle used when computing whether `List` needs drop
[INFO] [stdout]    = note: see https://rustc-dev-guide.rust-lang.org/overview.html#queries and https://rustc-dev-guide.rust-lang.org/query.html for more information
[INFO] [stdout] 
[INFO] [stdout] 
[INFO] [stdout] For more information about this error, try `rustc --explain E0425`.
[INFO] [stdout] 
[INFO] [stdout] Some errors have detailed explanations: E0072, E0391.
[INFO] [stdout] 
[INFO] [stdout] For more information about an error, try `rustc --explain E0072`.
[INFO] [stdout] 
[INFO] [stderr] error: could not compile `exercises` (bin "arc1") due to 1 previous error; 1 warning emitted
[INFO] [stderr] warning: build failed, waiting for other jobs to finish...
[INFO] [stderr] error: could not compile `exercises` (bin "box1") due to 3 previous errors
[INFO] running `Command { std: "docker" "inspect" "47ad45586dcb2721a20c2f0e79c1adb64a11c495abed731b11904a7cb744b533", kill_on_drop: false }`
[INFO] running `Command { std: "docker" "rm" "-f" "47ad45586dcb2721a20c2f0e79c1adb64a11c495abed731b11904a7cb744b533", kill_on_drop: false }`
[INFO] [stdout] 47ad45586dcb2721a20c2f0e79c1adb64a11c495abed731b11904a7cb744b533
