[INFO] cloning repository https://github.com/trollLemon/YtDownload
[INFO] running `Command { std: "git" "-c" "credential.helper=" "-c" "credential.helper=/workspace/cargo-home/bin/git-credential-null" "clone" "--bare" "https://github.com/trollLemon/YtDownload" "/workspace/cache/git-repos/https%3A%2F%2Fgithub.com%2FtrollLemon%2FYtDownload", kill_on_drop: false }`
[INFO] [stderr] Cloning into bare repository '/workspace/cache/git-repos/https%3A%2F%2Fgithub.com%2FtrollLemon%2FYtDownload'...
[INFO] running `Command { std: "git" "rev-parse" "HEAD", kill_on_drop: false }`
[INFO] [stdout] 296b3c8506b692c99947f70bea38c67868edd2f3
[INFO] testing trollLemon/YtDownload against beta-2024-12-08 for beta-1.84.0-4-retry
[INFO] running `Command { std: "git" "clone" "/workspace/cache/git-repos/https%3A%2F%2Fgithub.com%2FtrollLemon%2FYtDownload" "/workspace/builds/worker-3-tc2/source", kill_on_drop: false }`
[INFO] [stderr] Cloning into '/workspace/builds/worker-3-tc2/source'...
[INFO] [stderr] done.
[INFO] validating manifest of git repo https://github.com/trollLemon/YtDownload on toolchain beta-2024-12-08
[INFO] running `Command { std: CARGO_HOME="/workspace/cargo-home" RUSTUP_HOME="/workspace/rustup-home" "/workspace/cargo-home/bin/cargo" "+beta-2024-12-08" "metadata" "--manifest-path" "Cargo.toml" "--no-deps", kill_on_drop: false }`
[INFO] started tweaking git repo https://github.com/trollLemon/YtDownload
[INFO] finished tweaking git repo https://github.com/trollLemon/YtDownload
[INFO] tweaked toml for git repo https://github.com/trollLemon/YtDownload written to /workspace/builds/worker-3-tc2/source/Cargo.toml
[INFO] crate git repo https://github.com/trollLemon/YtDownload already has a lockfile, it will not be regenerated
[INFO] running `Command { std: CARGO_HOME="/workspace/cargo-home" RUSTUP_HOME="/workspace/rustup-home" "/workspace/cargo-home/bin/cargo" "+beta-2024-12-08" "fetch" "--manifest-path" "Cargo.toml", kill_on_drop: false }`
[INFO] [stderr]     Blocking waiting for file lock on package cache
[INFO] [stderr]     Updating crates.io index
[INFO] [stderr]     Blocking waiting for file lock on package cache
[INFO] [stderr]  Downloading crates ...
[INFO] [stderr]   Downloaded serde_qs v0.8.5
[INFO] [stderr]   Downloaded wayland-cursor v0.29.4
[INFO] [stderr]   Downloaded wayland-egl v0.29.4
[INFO] [stderr]   Downloaded x11-clipboard v0.5.3
[INFO] [stderr]   Downloaded dconf_rs v0.3.0
[INFO] [stderr]   Downloaded lazy-bytes-cast v5.0.1
[INFO] [stderr]   Downloaded enumflags2 v0.7.3
[INFO] [stderr]   Downloaded egui-winit v0.17.0
[INFO] [stderr]   Downloaded easy-parallel v3.2.0
[INFO] [stderr]   Downloaded clipboard-win v3.1.1
[INFO] [stderr]   Downloaded calloop v0.9.3
[INFO] [stderr]   Downloaded smithay-clipboard v0.6.5
[INFO] [stderr]   Downloaded cookie v0.15.1
[INFO] [stderr]   Downloaded zbus v2.1.1
[INFO] [stderr]   Downloaded xcb v0.10.1
[INFO] [stderr]   Downloaded quick-xml v0.22.0
[INFO] [stderr]   Downloaded wayland-protocols v0.29.4
[INFO] [stderr]   Downloaded smithay-client-toolkit v0.15.3
[INFO] [stderr]   Downloaded egui v0.17.0
[INFO] [stderr]   Downloaded gio-sys v0.15.7
[INFO] [stderr]   Downloaded publicsuffix v2.1.1
[INFO] [stderr]   Downloaded tracing v0.1.31
[INFO] [stderr]   Downloaded serde_with v1.12.0
[INFO] [stderr]   Downloaded copypasta v0.7.1
[INFO] [stderr]   Downloaded enumflags2_derive v0.7.3
[INFO] [stderr]   Downloaded zvariant v3.1.2
[INFO] [stderr]   Downloaded glutin v0.28.0
[INFO] [stderr]   Downloaded egui_web v0.17.0
[INFO] [stderr]   Downloaded ab_glyph v0.2.14
[INFO] [stderr]   Downloaded emath v0.17.0
[INFO] [stderr]   Downloaded glib-sys v0.15.7
[INFO] [stderr]   Downloaded async-compression v0.3.12
[INFO] [stderr]   Downloaded psl-types v2.0.10
[INFO] [stderr]   Downloaded mio v0.8.0
[INFO] [stderr]   Downloaded wayland-client v0.29.4
[INFO] [stderr]   Downloaded eframe v0.17.0
[INFO] [stderr]   Downloaded pango-sys v0.15.1
[INFO] [stderr]   Downloaded cfg-expr v0.10.2
[INFO] [stderr]   Downloaded rfd v0.8.1
[INFO] [stderr]   Downloaded winreg v0.8.0
[INFO] [stderr]   Downloaded zbus_macros v2.1.1
[INFO] [stderr]   Downloaded zvariant_derive v3.1.2
[INFO] [stderr]   Downloaded windows_aarch64_msvc v0.33.0
[INFO] [stderr]   Downloaded egui_glow v0.17.0
[INFO] [stderr]   Downloaded windows_x86_64_gnu v0.33.0
[INFO] [stderr]   Downloaded detect-desktop-environment v0.2.0
[INFO] [stderr]   Downloaded windows_i686_gnu v0.33.0
[INFO] [stderr]   Downloaded windows_x86_64_msvc v0.33.0
[INFO] [stderr]   Downloaded windows_i686_msvc v0.33.0
[INFO] [stderr]   Downloaded zbus_names v2.1.0
[INFO] [stderr]   Downloaded wayland-scanner v0.29.4
[INFO] [stderr]   Downloaded poll-promise v0.1.0
[INFO] [stderr]   Downloaded log-derive v0.4.1
[INFO] [stderr]   Downloaded epaint v0.17.0
[INFO] [stderr]   Downloaded webbrowser v0.6.0
[INFO] [stderr]   Downloaded wayland-commons v0.29.4
[INFO] [stderr]   Downloaded epi v0.17.0
[INFO] [stderr]   Downloaded gobject-sys v0.15.9
[INFO] [stderr]   Downloaded cookie_store v0.15.1
[INFO] [stderr]   Downloaded serde_with_macros v1.5.1
[INFO] [stderr]   Downloaded rustube v0.3.8
[INFO] [stderr]   Downloaded dlv-list v0.2.3
[INFO] [stderr]   Downloaded ordered-multimap v0.3.1
[INFO] [stderr]   Downloaded rust-ini v0.17.0
[INFO] [stderr]   Downloaded async-broadcast v0.3.4
[INFO] [stderr]   Downloaded dark-light v0.2.1
[INFO] [stderr]   Downloaded memmap2 v0.3.1
[INFO] [stderr]   Downloaded wayland-sys v0.29.4
[INFO] [stderr]   Downloaded gdk-pixbuf-sys v0.15.1
[INFO] [stderr]   Downloaded windows v0.33.0
[INFO] running `Command { std: "docker" "create" "-v" "/var/lib/crater-agent-workspace/builds/worker-3-tc2/target:/opt/rustwide/target:rw,Z" "-v" "/var/lib/crater-agent-workspace/builds/worker-3-tc2/source:/opt/rustwide/workdir:ro,Z" "-v" "/var/lib/crater-agent-workspace/cargo-home:/opt/rustwide/cargo-home:ro,Z" "-v" "/var/lib/crater-agent-workspace/rustup-home:/opt/rustwide/rustup-home:ro,Z" "-e" "SOURCE_DIR=/opt/rustwide/workdir" "-e" "CARGO_TARGET_DIR=/opt/rustwide/target" "-e" "CARGO_HOME=/opt/rustwide/cargo-home" "-e" "RUSTUP_HOME=/opt/rustwide/rustup-home" "-w" "/opt/rustwide/workdir" "-m" "1610612736" "--user" "0:0" "--network" "none" "ghcr.io/rust-lang/crates-build-env/linux@sha256:f3a9d4ad9d972b27faf3965f35b62e55ba32bbce8f20bc8fe909558a86702fde" "/opt/rustwide/cargo-home/bin/cargo" "+beta-2024-12-08" "metadata" "--no-deps" "--format-version=1", kill_on_drop: false }`
[INFO] [stdout] e7cfec75bfffdd8703601a1c856687ac43ce9c4864789c383f0646db7a979860
[INFO] running `Command { std: "docker" "start" "-a" "e7cfec75bfffdd8703601a1c856687ac43ce9c4864789c383f0646db7a979860", kill_on_drop: false }`
[INFO] running `Command { std: "docker" "inspect" "e7cfec75bfffdd8703601a1c856687ac43ce9c4864789c383f0646db7a979860", kill_on_drop: false }`
[INFO] running `Command { std: "docker" "rm" "-f" "e7cfec75bfffdd8703601a1c856687ac43ce9c4864789c383f0646db7a979860", kill_on_drop: false }`
[INFO] [stdout] e7cfec75bfffdd8703601a1c856687ac43ce9c4864789c383f0646db7a979860
[INFO] running `Command { std: "docker" "create" "-v" "/var/lib/crater-agent-workspace/builds/worker-3-tc2/target:/opt/rustwide/target:rw,Z" "-v" "/var/lib/crater-agent-workspace/builds/worker-3-tc2/source:/opt/rustwide/workdir:ro,Z" "-v" "/var/lib/crater-agent-workspace/cargo-home:/opt/rustwide/cargo-home:ro,Z" "-v" "/var/lib/crater-agent-workspace/rustup-home:/opt/rustwide/rustup-home:ro,Z" "-e" "SOURCE_DIR=/opt/rustwide/workdir" "-e" "CARGO_TARGET_DIR=/opt/rustwide/target" "-e" "CARGO_INCREMENTAL=0" "-e" "RUST_BACKTRACE=full" "-e" "RUSTFLAGS=--cap-lints=warn" "-e" "RUSTDOCFLAGS=--cap-lints=warn" "-e" "CARGO_HOME=/opt/rustwide/cargo-home" "-e" "RUSTUP_HOME=/opt/rustwide/rustup-home" "-w" "/opt/rustwide/workdir" "-m" "1610612736" "--user" "0:0" "--network" "none" "ghcr.io/rust-lang/crates-build-env/linux@sha256:f3a9d4ad9d972b27faf3965f35b62e55ba32bbce8f20bc8fe909558a86702fde" "/opt/rustwide/cargo-home/bin/cargo" "+beta-2024-12-08" "build" "--frozen" "--message-format=json", kill_on_drop: false }`
[INFO] [stdout] 617156fcf17f7ea5f37f99e1fb3a81996c73e773c736cd4837fcb75d2f75e469
[INFO] running `Command { std: "docker" "start" "-a" "617156fcf17f7ea5f37f99e1fb3a81996c73e773c736cd4837fcb75d2f75e469", kill_on_drop: false }`
[INFO] [stderr]    Compiling libc v0.2.119
[INFO] [stderr]    Compiling unicode-xid v0.2.2
[INFO] [stderr]    Compiling syn v1.0.86
[INFO] [stderr]    Compiling serde v1.0.136
[INFO] [stderr]    Compiling once_cell v1.9.0
[INFO] [stderr]    Compiling version-compare v0.1.0
[INFO] [stderr]    Compiling proc-macro2 v1.0.36
[INFO] [stderr]    Compiling cfg-expr v0.10.2
[INFO] [stderr]    Compiling xml-rs v0.8.4
[INFO] [stderr]    Compiling memoffset v0.6.5
[INFO] [stderr]    Compiling libloading v0.7.3
[INFO] [stderr]    Compiling wayland-sys v0.29.4
[INFO] [stderr]    Compiling bytes v1.1.0
[INFO] [stderr]    Compiling nom v7.1.0
[INFO] [stderr]    Compiling scoped-tls v1.0.0
[INFO] [stderr]    Compiling khronos_api v3.1.0
[INFO] [stderr]    Compiling futures-util v0.3.21
[INFO] [stderr]    Compiling dlib v0.5.0
[INFO] [stderr]    Compiling tracing-core v0.1.22
[INFO] [stderr]    Compiling byteorder v1.4.3
[INFO] [stderr]    Compiling minimal-lexical v0.2.1
[INFO] [stderr]    Compiling ident_case v1.0.1
[INFO] [stderr]    Compiling smithay-client-toolkit v0.15.3
[INFO] [stderr]    Compiling standback v0.2.17
[INFO] [stderr]    Compiling proc-macro-hack v0.5.19
[INFO] [stderr]    Compiling cache-padded v1.2.0
[INFO] [stderr]    Compiling concurrent-queue v1.2.2
[INFO] [stderr]    Compiling quote v1.0.15
[INFO] [stderr]    Compiling gl_generator v0.14.0
[INFO] [stderr]    Compiling wayland-scanner v0.29.4
[INFO] [stderr]    Compiling quick-xml v0.22.0
[INFO] [stderr]    Compiling x11-dl v2.19.1
[INFO] [stderr]    Compiling ahash v0.7.6
[INFO] [stderr]    Compiling parking_lot_core v0.8.5
[INFO] [stderr]    Compiling parking v2.0.0
[INFO] [stderr]    Compiling fastrand v1.7.0
[INFO] [stderr]    Compiling futures-io v0.3.21
[INFO] [stderr]    Compiling event-listener v2.5.2
[INFO] [stderr]    Compiling hashbrown v0.11.2
[INFO] [stderr]    Compiling waker-fn v1.1.0
[INFO] [stderr]    Compiling ttf-parser v0.15.0
[INFO] [stderr]    Compiling futures-lite v1.12.0
[INFO] [stderr]    Compiling regex v1.5.4
[INFO] [stderr]    Compiling instant v0.1.12
[INFO] [stderr]    Compiling const_fn v0.4.9
[INFO] [stderr]    Compiling cty v0.2.2
[INFO] [stderr]    Compiling ahash v0.4.7
[INFO] [stderr]    Compiling xcb v0.10.1
[INFO] [stderr]    Compiling ab_glyph_rasterizer v0.1.5
[INFO] [stderr]    Compiling hashbrown v0.9.1
[INFO] [stderr]    Compiling raw-window-handle v0.4.2
[INFO] [stderr]    Compiling http v0.2.6
[INFO] [stderr]    Compiling miniz_oxide v0.4.4
[INFO] [stderr]    Compiling time v0.2.27
[INFO] [stderr]    Compiling serde_json v1.0.79
[INFO] [stderr]    Compiling nohash-hasher v0.2.0
[INFO] [stderr]    Compiling async-task v4.2.0
[INFO] [stderr]    Compiling winit v0.26.1
[INFO] [stderr]    Compiling atomic_refcell v0.1.8
[INFO] [stderr]    Compiling sha1_smol v1.0.0
[INFO] [stderr]    Compiling easy-parallel v3.2.0
[INFO] [stderr]    Compiling strsim v0.10.0
[INFO] [stderr]    Compiling async-broadcast v0.3.4
[INFO] [stderr]    Compiling async-executor v1.4.1
[INFO] [stderr]    Compiling socket2 v0.4.4
[INFO] [stderr]    Compiling mio v0.8.0
[INFO] [stderr]    Compiling getrandom v0.2.5
[INFO] [stderr]    Compiling nix v0.22.3
[INFO] [stderr]    Compiling parking_lot_core v0.9.1
[INFO] [stderr]    Compiling num_cpus v1.13.1
[INFO] [stderr]    Compiling wayland-client v0.29.4
[INFO] [stderr]    Compiling parking_lot v0.12.0
[INFO] [stderr]    Compiling signal-hook-registry v1.4.0
[INFO] [stderr]    Compiling wayland-protocols v0.29.4
[INFO] [stderr]    Compiling rand_core v0.6.3
[INFO] [stderr]    Compiling memmap2 v0.3.1
[INFO] [stderr]    Compiling rand_chacha v0.3.1
[INFO] [stderr]    Compiling openssl-sys v0.9.72
[INFO] [stderr]    Compiling polling v2.2.0
[INFO] [stderr]    Compiling xcursor v0.3.4
[INFO] [stderr]    Compiling rand v0.8.5
[INFO] [stderr]    Compiling async-io v1.6.0
[INFO] [stderr]    Compiling toml v0.5.8
[INFO] [stderr]    Compiling owned_ttf_parser v0.15.0
[INFO] [stderr]    Compiling openssl v0.10.38
[INFO] [stderr]    Compiling parking_lot v0.11.2
[INFO] [stderr]    Compiling sha1 v0.6.1
[INFO] [stderr]    Compiling nix v0.23.1
[INFO] [stderr]    Compiling ab_glyph v0.2.14
[INFO] [stderr]    Compiling dlv-list v0.2.3
[INFO] [stderr]    Compiling dirs-sys v0.3.6
[INFO] [stderr]    Compiling ordered-multimap v0.3.1
[INFO] [stderr]    Compiling indexmap v1.8.0
[INFO] [stderr]    Compiling glutin_egl_sys v0.1.5
[INFO] [stderr]    Compiling glutin_glx_sys v0.1.7
[INFO] [stderr]    Compiling async-channel v1.6.1
[INFO] [stderr]    Compiling async-lock v2.5.0
[INFO] [stderr]    Compiling ordered-stream v0.0.1
[INFO] [stderr]    Compiling num-traits v0.2.14
[INFO] [stderr]    Compiling cookie v0.15.1
[INFO] [stderr]    Compiling dark-light v0.2.1
[INFO] [stderr]    Compiling strsim v0.9.3
[INFO] [stderr]    Compiling system-deps v6.0.2
[INFO] [stderr]    Compiling rust-ini v0.17.0
[INFO] [stderr]    Compiling dirs v4.0.0
[INFO] [stderr]    Compiling http-body v0.4.4
[INFO] [stderr]    Compiling shared_library v0.1.9
[INFO] [stderr]    Compiling num-integer v0.1.44
[INFO] [stderr]    Compiling psl-types v2.0.10
[INFO] [stderr]    Compiling detect-desktop-environment v0.2.0
[INFO] [stderr]    Compiling dconf_rs v0.3.0
[INFO] [stderr]    Compiling rustversion v1.0.6
[INFO] [stderr]    Compiling publicsuffix v2.1.1
[INFO] [stderr]    Compiling osmesa-sys v0.1.2
[INFO] [stderr]    Compiling time v0.1.44
[INFO] [stderr]    Compiling flate2 v1.0.22
[INFO] [stderr]    Compiling rfd v0.8.1
[INFO] [stderr]    Compiling ipnet v2.3.1
[INFO] [stderr]    Compiling convert_case v0.4.0
[INFO] [stderr]    Compiling glow v0.11.2
[INFO] [stderr]    Compiling darling_core v0.13.1
[INFO] [stderr]    Compiling darling_core v0.10.2
[INFO] [stderr]    Compiling glib-sys v0.15.7
[INFO] [stderr]    Compiling gobject-sys v0.15.9
[INFO] [stderr]    Compiling atk-sys v0.15.1
[INFO] [stderr]    Compiling gdk-sys v0.15.1
[INFO] [stderr]    Compiling gio-sys v0.15.7
[INFO] [stderr]    Compiling wayland-commons v0.29.4
[INFO] [stderr]    Compiling calloop v0.9.3
[INFO] [stderr]    Compiling gdk-pixbuf-sys v0.15.1
[INFO] [stderr]    Compiling cairo-sys-rs v0.15.1
[INFO] [stderr]    Compiling pango-sys v0.15.1
[INFO] [stderr]    Compiling x11-clipboard v0.5.3
[INFO] [stderr]    Compiling gtk-sys v0.15.3
[INFO] [stderr]    Compiling native-tls v0.2.8
[INFO] [stderr]    Compiling serde_derive v1.0.136
[INFO] [stderr]    Compiling thiserror-impl v1.0.30
[INFO] [stderr]    Compiling tracing-attributes v0.1.20
[INFO] [stderr]    Compiling tokio-macros v1.7.0
[INFO] [stderr]    Compiling bytemuck_derive v1.0.1
[INFO] [stderr]    Compiling enumflags2_derive v0.7.3
[INFO] [stderr]    Compiling derivative v2.2.0
[INFO] [stderr]    Compiling time-macros-impl v0.1.2
[INFO] [stderr]    Compiling serde_repr v0.1.7
[INFO] [stderr]    Compiling async-trait v0.1.52
[INFO] [stderr]    Compiling wayland-cursor v0.29.4
[INFO] [stderr]    Compiling async-recursion v0.3.2
[INFO] [stderr]    Compiling darling_macro v0.13.1
[INFO] [stderr]    Compiling wayland-egl v0.29.4
[INFO] [stderr]    Compiling bytemuck v1.8.0
[INFO] [stderr]    Compiling darling_macro v0.10.2
[INFO] [stderr]    Compiling time-macros v0.1.1
[INFO] [stderr]    Compiling emath v0.17.0
[INFO] [stderr]    Compiling tokio v1.17.0
[INFO] [stderr]    Compiling derive_more v0.99.17
[INFO] [stderr]    Compiling epaint v0.17.0
[INFO] [stderr]    Compiling darling v0.13.1
[INFO] [stderr]    Compiling serde_with_macros v1.5.1
[INFO] [stderr]    Compiling darling v0.10.2
[INFO] [stderr]    Compiling log-derive v0.4.1
[INFO] [stderr]    Compiling tracing v0.1.31
[INFO] [stderr]    Compiling thiserror v1.0.30
[INFO] [stderr]    Compiling proc-macro-crate v1.1.3
[INFO] [stderr]    Compiling egui v0.17.0
[INFO] [stderr]    Compiling zvariant_derive v3.1.2
[INFO] [stderr]    Compiling zbus_macros v2.1.1
[INFO] [stderr]    Compiling epi v0.17.0
[INFO] [stderr]    Compiling tokio-util v0.6.9
[INFO] [stderr]    Compiling tokio-native-tls v0.3.0
[INFO] [stderr]    Compiling async-compression v0.3.12
[INFO] [stderr]    Compiling tokio-stream v0.1.8
[INFO] [stderr]    Compiling poll-promise v0.1.0
[INFO] [stderr]    Compiling h2 v0.3.11
[INFO] [stderr]    Compiling url v2.2.2
[INFO] [stderr]    Compiling enumflags2 v0.7.3
[INFO] [stderr]    Compiling serde_urlencoded v0.7.1
[INFO] [stderr]    Compiling chrono v0.4.19
[INFO] [stderr]    Compiling serde_qs v0.8.5
[INFO] [stderr]    Compiling zvariant v3.1.2
[INFO] [stderr]    Compiling webbrowser v0.6.0
[INFO] [stderr]    Compiling cookie_store v0.15.1
[INFO] [stderr]    Compiling serde_with v1.12.0
[INFO] [stderr]    Compiling zbus_names v2.1.0
[INFO] [stderr]    Compiling zbus v2.1.1
[INFO] [stderr]    Compiling hyper v0.14.17
[INFO] [stderr]    Compiling hyper-tls v0.5.0
[INFO] [stderr]    Compiling reqwest v0.11.9
[INFO] [stderr]    Compiling rustube v0.3.8
[INFO] [stdout] error[E0557]: feature has been removed
[INFO] [stdout]  --> /opt/rustwide/cargo-home/registry/src/index.crates.io-6f17d22bba15001f/rustube-0.3.8/src/lib.rs:3:60
[INFO] [stdout]   |
[INFO] [stdout] 3 | async_closure, bool_to_option, cow_is_borrowed, once_cell, box_syntax,
[INFO] [stdout]   |                                                            ^^^^^^^^^^ feature has been removed
[INFO] [stdout]   |
[INFO] [stdout]   = note: replaced with `#[rustc_box]`
[INFO] [stdout] 
[INFO] [stdout] 
[INFO] [stdout] error: `box_syntax` has been removed
[INFO] [stdout]    --> /opt/rustwide/cargo-home/registry/src/index.crates.io-6f17d22bba15001f/rustube-0.3.8/src/fetcher.rs:205:47
[INFO] [stdout]     |
[INFO] [stdout] 205 |             ps => Err(Error::VideoUnavailable(box ps))
[INFO] [stdout]     |                                               ^^^^^^
[INFO] [stdout]     |
[INFO] [stdout] help: use `Box::new()` instead
[INFO] [stdout]     |
[INFO] [stdout] 205 |             ps => Err(Error::VideoUnavailable(Box::new(ps)))
[INFO] [stdout]     |                                               ~~~~~~~~~  +
[INFO] [stdout] 
[INFO] [stdout] 
[INFO] [stdout] error: `box_syntax` has been removed
[INFO] [stdout]    --> /opt/rustwide/cargo-home/registry/src/index.crates.io-6f17d22bba15001f/rustube-0.3.8/src/fetcher.rs:217:47
[INFO] [stdout]     |
[INFO] [stdout] 217 |             ps => Err(Error::VideoUnavailable(box ps))
[INFO] [stdout]     |                                               ^^^^^^
[INFO] [stdout]     |
[INFO] [stdout] help: use `Box::new()` instead
[INFO] [stdout]     |
[INFO] [stdout] 217 |             ps => Err(Error::VideoUnavailable(Box::new(ps)))
[INFO] [stdout]     |                                               ~~~~~~~~~  +
[INFO] [stdout] 
[INFO] [stdout] 
[INFO] [stdout] error[E0432]: unresolved import `std::lazy`
[INFO] [stdout]  --> /opt/rustwide/cargo-home/registry/src/index.crates.io-6f17d22bba15001f/rustube-0.3.8/src/fetcher.rs:1:10
[INFO] [stdout]   |
[INFO] [stdout] 1 | use std::lazy::SyncLazy;
[INFO] [stdout]   |          ^^^^ could not find `lazy` in `std`
[INFO] [stdout] 
[INFO] [stdout] 
[INFO] [stdout] error[E0432]: unresolved import `std::lazy`
[INFO] [stdout]  --> /opt/rustwide/cargo-home/registry/src/index.crates.io-6f17d22bba15001f/rustube-0.3.8/src/descrambler/cipher.rs:2:10
[INFO] [stdout]   |
[INFO] [stdout] 2 | use std::lazy::SyncLazy;
[INFO] [stdout]   |          ^^^^ could not find `lazy` in `std`
[INFO] [stdout] 
[INFO] [stdout] 
[INFO] [stdout] error[E0432]: unresolved import `std::lazy`
[INFO] [stdout]  --> /opt/rustwide/cargo-home/registry/src/index.crates.io-6f17d22bba15001f/rustube-0.3.8/src/serde_impl/mime_type.rs:1:10
[INFO] [stdout]   |
[INFO] [stdout] 1 | use std::lazy::SyncLazy;
[INFO] [stdout]   |          ^^^^ could not find `lazy` in `std`
[INFO] [stdout] 
[INFO] [stdout] 
[INFO] [stdout] error[E0433]: failed to resolve: could not find `lazy` in `std`
[INFO] [stdout]   --> /opt/rustwide/cargo-home/registry/src/index.crates.io-6f17d22bba15001f/rustube-0.3.8/src/id.rs:28:32
[INFO] [stdout]    |
[INFO] [stdout] 28 | pub static ID_PATTERNS: [&std::lazy::SyncLazy<Regex>; 5] = [
[INFO] [stdout]    |                                ^^^^ could not find `lazy` in `std`
[INFO] [stdout] 
[INFO] [stdout] 
[INFO] [stdout] error[E0433]: failed to resolve: could not find `lazy` in `std`
[INFO] [stdout]   --> /opt/rustwide/cargo-home/registry/src/index.crates.io-6f17d22bba15001f/rustube-0.3.8/src/id.rs:38:36
[INFO] [stdout]    |
[INFO] [stdout] 38 | pub static WATCH_URL_PATTERN: std::lazy::SyncLazy<Regex> = std::lazy::SyncLazy::new(||
[INFO] [stdout]    |                                    ^^^^ could not find `lazy` in `std`
[INFO] [stdout] 
[INFO] [stdout] 
[INFO] [stdout] error[E0433]: failed to resolve: could not find `lazy` in `std`
[INFO] [stdout]   --> /opt/rustwide/cargo-home/registry/src/index.crates.io-6f17d22bba15001f/rustube-0.3.8/src/id.rs:38:65
[INFO] [stdout]    |
[INFO] [stdout] 38 | pub static WATCH_URL_PATTERN: std::lazy::SyncLazy<Regex> = std::lazy::SyncLazy::new(||
[INFO] [stdout]    |                                                                 ^^^^ could not find `lazy` in `std`
[INFO] [stdout] 
[INFO] [stdout] 
[INFO] [stdout] error[E0433]: failed to resolve: could not find `lazy` in `std`
[INFO] [stdout]   --> /opt/rustwide/cargo-home/registry/src/index.crates.io-6f17d22bba15001f/rustube-0.3.8/src/id.rs:45:37
[INFO] [stdout]    |
[INFO] [stdout] 45 | pub static SHORTS_URL_PATTERN: std::lazy::SyncLazy<Regex> = std::lazy::SyncLazy::new(||
[INFO] [stdout]    |                                     ^^^^ could not find `lazy` in `std`
[INFO] [stdout] 
[INFO] [stdout] 
[INFO] [stdout] error[E0433]: failed to resolve: could not find `lazy` in `std`
[INFO] [stdout]   --> /opt/rustwide/cargo-home/registry/src/index.crates.io-6f17d22bba15001f/rustube-0.3.8/src/id.rs:45:66
[INFO] [stdout]    |
[INFO] [stdout] 45 | pub static SHORTS_URL_PATTERN: std::lazy::SyncLazy<Regex> = std::lazy::SyncLazy::new(||
[INFO] [stdout]    |                                                                  ^^^^ could not find `lazy` in `std`
[INFO] [stdout] 
[INFO] [stdout] 
[INFO] [stdout] error[E0433]: failed to resolve: could not find `lazy` in `std`
[INFO] [stdout]   --> /opt/rustwide/cargo-home/registry/src/index.crates.io-6f17d22bba15001f/rustube-0.3.8/src/id.rs:51:36
[INFO] [stdout]    |
[INFO] [stdout] 51 | pub static EMBED_URL_PATTERN: std::lazy::SyncLazy<Regex> = std::lazy::SyncLazy::new(||
[INFO] [stdout]    |                                    ^^^^ could not find `lazy` in `std`
[INFO] [stdout] 
[INFO] [stdout] 
[INFO] [stdout] error[E0433]: failed to resolve: could not find `lazy` in `std`
[INFO] [stdout]   --> /opt/rustwide/cargo-home/registry/src/index.crates.io-6f17d22bba15001f/rustube-0.3.8/src/id.rs:51:65
[INFO] [stdout]    |
[INFO] [stdout] 51 | pub static EMBED_URL_PATTERN: std::lazy::SyncLazy<Regex> = std::lazy::SyncLazy::new(||
[INFO] [stdout]    |                                                                 ^^^^ could not find `lazy` in `std`
[INFO] [stdout] 
[INFO] [stdout] 
[INFO] [stdout] error[E0433]: failed to resolve: could not find `lazy` in `std`
[INFO] [stdout]   --> /opt/rustwide/cargo-home/registry/src/index.crates.io-6f17d22bba15001f/rustube-0.3.8/src/id.rs:58:36
[INFO] [stdout]    |
[INFO] [stdout] 58 | pub static SHARE_URL_PATTERN: std::lazy::SyncLazy<Regex> = std::lazy::SyncLazy::new(||
[INFO] [stdout]    |                                    ^^^^ could not find `lazy` in `std`
[INFO] [stdout] 
[INFO] [stdout] 
[INFO] [stdout] error[E0433]: failed to resolve: could not find `lazy` in `std`
[INFO] [stdout]   --> /opt/rustwide/cargo-home/registry/src/index.crates.io-6f17d22bba15001f/rustube-0.3.8/src/id.rs:58:65
[INFO] [stdout]    |
[INFO] [stdout] 58 | pub static SHARE_URL_PATTERN: std::lazy::SyncLazy<Regex> = std::lazy::SyncLazy::new(||
[INFO] [stdout]    |                                                                 ^^^^ could not find `lazy` in `std`
[INFO] [stdout] 
[INFO] [stdout] 
[INFO] [stdout] error[E0433]: failed to resolve: could not find `lazy` in `std`
[INFO] [stdout]   --> /opt/rustwide/cargo-home/registry/src/index.crates.io-6f17d22bba15001f/rustube-0.3.8/src/id.rs:65:29
[INFO] [stdout]    |
[INFO] [stdout] 65 | pub static ID_PATTERN: std::lazy::SyncLazy<Regex> = std::lazy::SyncLazy::new(||
[INFO] [stdout]    |                             ^^^^ could not find `lazy` in `std`
[INFO] [stdout] 
[INFO] [stdout] 
[INFO] [stdout] error[E0433]: failed to resolve: could not find `lazy` in `std`
[INFO] [stdout]   --> /opt/rustwide/cargo-home/registry/src/index.crates.io-6f17d22bba15001f/rustube-0.3.8/src/id.rs:65:58
[INFO] [stdout]    |
[INFO] [stdout] 65 | pub static ID_PATTERN: std::lazy::SyncLazy<Regex> = std::lazy::SyncLazy::new(||
[INFO] [stdout]    |                                                          ^^^^ could not find `lazy` in `std`
[INFO] [stdout] 
[INFO] [stdout] 
[INFO] [stdout] error[E0554]: `#![feature]` may not be used on the beta release channel
[INFO] [stdout]  --> /opt/rustwide/cargo-home/registry/src/index.crates.io-6f17d22bba15001f/rustube-0.3.8/src/lib.rs:1:1
[INFO] [stdout]   |
[INFO] [stdout] 1 | / #![feature(
[INFO] [stdout] 2 | | doc_cfg,
[INFO] [stdout] 3 | | async_closure, bool_to_option, cow_is_borrowed, once_cell, box_syntax,
[INFO] [stdout] 4 | | str_split_as_str, option_result_contains
[INFO] [stdout] 5 | | )]
[INFO] [stdout]   | |__^
[INFO] [stdout] 
[INFO] [stdout] 
[INFO] [stdout] error[E0635]: unknown feature `str_split_as_str`
[INFO] [stdout]  --> /opt/rustwide/cargo-home/registry/src/index.crates.io-6f17d22bba15001f/rustube-0.3.8/src/lib.rs:4:1
[INFO] [stdout]   |
[INFO] [stdout] 4 | str_split_as_str, option_result_contains
[INFO] [stdout]   | ^^^^^^^^^^^^^^^^
[INFO] [stdout] 
[INFO] [stdout] 
[INFO] [stdout] error[E0635]: unknown feature `option_result_contains`
[INFO] [stdout]  --> /opt/rustwide/cargo-home/registry/src/index.crates.io-6f17d22bba15001f/rustube-0.3.8/src/lib.rs:4:19
[INFO] [stdout]   |
[INFO] [stdout] 4 | str_split_as_str, option_result_contains
[INFO] [stdout]   |                   ^^^^^^^^^^^^^^^^^^^^^^
[INFO] [stdout] 
[INFO] [stdout] 
[INFO] [stdout] error[E0599]: no method named `contains` found for enum `std::option::Option` in the current scope
[INFO] [stdout]    --> /opt/rustwide/cargo-home/registry/src/index.crates.io-6f17d22bba15001f/rustube-0.3.8/src/stream/mod.rs:223:50
[INFO] [stdout]     |
[INFO] [stdout] 223 |             Err(Error::Request(e)) if e.status().contains(&reqwest::StatusCode::NOT_FOUND) => {
[INFO] [stdout]     |                                                  ^^^^^^^^ method not found in `Option<StatusCode>`
[INFO] [stdout] 
[INFO] [stdout] 
[INFO] [stdout] error[E0308]: mismatched types
[INFO] [stdout]    --> /opt/rustwide/cargo-home/registry/src/index.crates.io-6f17d22bba15001f/rustube-0.3.8/src/descrambler/cipher.rs:204:58
[INFO] [stdout]     |
[INFO] [stdout] 204 |         (Regex::new(r"\{\w\.splice\(0,\w\)}").unwrap(), (splice, "splice")),
[INFO] [stdout]     |                                                          ^^^^^^ expected fn item, found a different fn item
[INFO] [stdout]     |
[INFO] [stdout]     = note: expected fn item `for<'a> fn(&'a mut Vec<_>, std::option::Option<_>) {reverse}`
[INFO] [stdout]                found fn item `for<'a> fn(&'a mut Vec<_>, std::option::Option<_>) {splice}`
[INFO] [stdout] 
[INFO] [stdout] 
[INFO] [stdout] error[E0308]: mismatched types
[INFO] [stdout]    --> /opt/rustwide/cargo-home/registry/src/index.crates.io-6f17d22bba15001f/rustube-0.3.8/src/descrambler/cipher.rs:206:100
[INFO] [stdout]     |
[INFO] [stdout] 206 |         (Regex::new(r"\{var\s\w=\w\[0];\w\[0]=\w\[\w%\w.length];\w\[\w%\w.length]=\w}").unwrap(), (swap, "swap")),
[INFO] [stdout]     |                                                                                                    ^^^^ expected fn item, found a different fn item
[INFO] [stdout]     |
[INFO] [stdout]     = note: expected fn item `for<'a> fn(&'a mut Vec<_>, std::option::Option<_>) {reverse}`
[INFO] [stdout]                found fn item `for<'a> fn(&'a mut Vec<_>, std::option::Option<_>) {map_functions::swap}`
[INFO] [stdout] 
[INFO] [stdout] 
[INFO] [stdout] error[E0308]: mismatched types
[INFO] [stdout]    --> /opt/rustwide/cargo-home/registry/src/index.crates.io-6f17d22bba15001f/rustube-0.3.8/src/descrambler/cipher.rs:208:90
[INFO] [stdout]     |
[INFO] [stdout] 208 |         (Regex::new(r"\{var\s\w=\w\[0];\w\[0]=\w\[\w%\w.length];\w\[\w]=\w}").unwrap(), (swap, "swap")),
[INFO] [stdout]     |                                                                                          ^^^^ expected fn item, found a different fn item
[INFO] [stdout]     |
[INFO] [stdout]     = note: expected fn item `for<'a> fn(&'a mut Vec<_>, std::option::Option<_>) {reverse}`
[INFO] [stdout]                found fn item `for<'a> fn(&'a mut Vec<_>, std::option::Option<_>) {map_functions::swap}`
[INFO] [stdout] 
[INFO] [stdout] 
[INFO] [stdout] error[E0599]: no method named `contains` found for enum `std::option::Option` in the current scope
[INFO] [stdout]    --> /opt/rustwide/cargo-home/registry/src/index.crates.io-6f17d22bba15001f/rustube-0.3.8/src/stream/mod.rs:113:44
[INFO] [stdout]     |
[INFO] [stdout] 113 |             is_otf: raw_format.format_type.contains(&FormatType::Otf),
[INFO] [stdout]     |                                            ^^^^^^^^ method not found in `Option<FormatType>`
[INFO] [stdout] 
[INFO] [stdout] 
[INFO] [stdout] Some errors have detailed explanations: E0308, E0432, E0433, E0554, E0557, E0599, E0635.
[INFO] [stdout] 
[INFO] [stdout] For more information about an error, try `rustc --explain E0308`.
[INFO] [stdout] 
[INFO] [stderr] error: could not compile `rustube` (lib) due to 25 previous errors
[INFO] [stderr] warning: build failed, waiting for other jobs to finish...
[INFO] running `Command { std: "docker" "inspect" "617156fcf17f7ea5f37f99e1fb3a81996c73e773c736cd4837fcb75d2f75e469", kill_on_drop: false }`
[INFO] running `Command { std: "docker" "rm" "-f" "617156fcf17f7ea5f37f99e1fb3a81996c73e773c736cd4837fcb75d2f75e469", kill_on_drop: false }`
[INFO] [stdout] 617156fcf17f7ea5f37f99e1fb3a81996c73e773c736cd4837fcb75d2f75e469
