[INFO] cloning repository https://github.com/tamton-aquib/veldora
[INFO] running `Command { std: "git" "-c" "credential.helper=" "-c" "credential.helper=/workspace/cargo-home/bin/git-credential-null" "clone" "--bare" "https://github.com/tamton-aquib/veldora" "/workspace/cache/git-repos/https%3A%2F%2Fgithub.com%2Ftamton-aquib%2Fveldora", kill_on_drop: false }`
[INFO] [stderr] Cloning into bare repository '/workspace/cache/git-repos/https%3A%2F%2Fgithub.com%2Ftamton-aquib%2Fveldora'...
[INFO] running `Command { std: "git" "rev-parse" "HEAD", kill_on_drop: false }`
[INFO] [stdout] ba541b93e5f2f110f7b4cfdab48fbc65f6c202f6
[INFO] testing tamton-aquib/veldora against 1.83.0 for beta-1.84.0-4-retry
[INFO] running `Command { std: "git" "clone" "/workspace/cache/git-repos/https%3A%2F%2Fgithub.com%2Ftamton-aquib%2Fveldora" "/workspace/builds/worker-1-tc1/source", kill_on_drop: false }`
[INFO] [stderr] Cloning into '/workspace/builds/worker-1-tc1/source'...
[INFO] [stderr] done.
[INFO] validating manifest of git repo https://github.com/tamton-aquib/veldora on toolchain 1.83.0
[INFO] running `Command { std: CARGO_HOME="/workspace/cargo-home" RUSTUP_HOME="/workspace/rustup-home" "/workspace/cargo-home/bin/cargo" "+1.83.0" "metadata" "--manifest-path" "Cargo.toml" "--no-deps", kill_on_drop: false }`
[INFO] started tweaking git repo https://github.com/tamton-aquib/veldora
[INFO] finished tweaking git repo https://github.com/tamton-aquib/veldora
[INFO] tweaked toml for git repo https://github.com/tamton-aquib/veldora written to /workspace/builds/worker-1-tc1/source/Cargo.toml
[INFO] crate git repo https://github.com/tamton-aquib/veldora already has a lockfile, it will not be regenerated
[INFO] running `Command { std: CARGO_HOME="/workspace/cargo-home" RUSTUP_HOME="/workspace/rustup-home" "/workspace/cargo-home/bin/cargo" "+1.83.0" "fetch" "--manifest-path" "Cargo.toml", kill_on_drop: false }`
[INFO] [stderr]  Downloading crates ...
[INFO] [stderr]   Downloaded pdf_derive v0.1.22
[INFO] [stderr]   Downloaded tiger v0.2.1
[INFO] [stderr]   Downloaded fax v0.1.1
[INFO] [stderr]   Downloaded ordermap v0.4.2
[INFO] [stderr]   Downloaded pdf v0.7.2
[INFO] [stderr]   Downloaded chrono v0.4.20
[INFO] running `Command { std: "docker" "create" "-v" "/var/lib/crater-agent-workspace/builds/worker-1-tc1/target:/opt/rustwide/target:rw,Z" "-v" "/var/lib/crater-agent-workspace/builds/worker-1-tc1/source:/opt/rustwide/workdir:ro,Z" "-v" "/var/lib/crater-agent-workspace/cargo-home:/opt/rustwide/cargo-home:ro,Z" "-v" "/var/lib/crater-agent-workspace/rustup-home:/opt/rustwide/rustup-home:ro,Z" "-e" "SOURCE_DIR=/opt/rustwide/workdir" "-e" "CARGO_TARGET_DIR=/opt/rustwide/target" "-e" "CARGO_HOME=/opt/rustwide/cargo-home" "-e" "RUSTUP_HOME=/opt/rustwide/rustup-home" "-w" "/opt/rustwide/workdir" "-m" "1610612736" "--user" "0:0" "--network" "none" "ghcr.io/rust-lang/crates-build-env/linux@sha256:f3a9d4ad9d972b27faf3965f35b62e55ba32bbce8f20bc8fe909558a86702fde" "/opt/rustwide/cargo-home/bin/cargo" "+1.83.0" "metadata" "--no-deps" "--format-version=1", kill_on_drop: false }`
[INFO] [stdout] d00998e383db4ab2db87344ca6ef3df04758f8512e975e2284a8f097b2340112
[INFO] running `Command { std: "docker" "start" "-a" "d00998e383db4ab2db87344ca6ef3df04758f8512e975e2284a8f097b2340112", kill_on_drop: false }`
[INFO] running `Command { std: "docker" "inspect" "d00998e383db4ab2db87344ca6ef3df04758f8512e975e2284a8f097b2340112", kill_on_drop: false }`
[INFO] running `Command { std: "docker" "rm" "-f" "d00998e383db4ab2db87344ca6ef3df04758f8512e975e2284a8f097b2340112", kill_on_drop: false }`
[INFO] [stdout] d00998e383db4ab2db87344ca6ef3df04758f8512e975e2284a8f097b2340112
[INFO] running `Command { std: "docker" "create" "-v" "/var/lib/crater-agent-workspace/builds/worker-1-tc1/target:/opt/rustwide/target:rw,Z" "-v" "/var/lib/crater-agent-workspace/builds/worker-1-tc1/source:/opt/rustwide/workdir:ro,Z" "-v" "/var/lib/crater-agent-workspace/cargo-home:/opt/rustwide/cargo-home:ro,Z" "-v" "/var/lib/crater-agent-workspace/rustup-home:/opt/rustwide/rustup-home:ro,Z" "-e" "SOURCE_DIR=/opt/rustwide/workdir" "-e" "CARGO_TARGET_DIR=/opt/rustwide/target" "-e" "CARGO_INCREMENTAL=0" "-e" "RUST_BACKTRACE=full" "-e" "RUSTFLAGS=--cap-lints=warn" "-e" "RUSTDOCFLAGS=--cap-lints=warn" "-e" "CARGO_HOME=/opt/rustwide/cargo-home" "-e" "RUSTUP_HOME=/opt/rustwide/rustup-home" "-w" "/opt/rustwide/workdir" "-m" "1610612736" "--user" "0:0" "--network" "none" "ghcr.io/rust-lang/crates-build-env/linux@sha256:f3a9d4ad9d972b27faf3965f35b62e55ba32bbce8f20bc8fe909558a86702fde" "/opt/rustwide/cargo-home/bin/cargo" "+1.83.0" "build" "--frozen" "--message-format=json", kill_on_drop: false }`
[INFO] [stdout] a501fb38065f495d20c9069e7101a765530c978ede546342615babc6598224df
[INFO] running `Command { std: "docker" "start" "-a" "a501fb38065f495d20c9069e7101a765530c978ede546342615babc6598224df", kill_on_drop: false }`
[INFO] [stderr]    Compiling version_check v0.9.4
[INFO] [stderr]    Compiling libc v0.2.127
[INFO] [stderr]    Compiling typenum v1.15.0
[INFO] [stderr]    Compiling cfg-if v1.0.0
[INFO] [stderr]    Compiling proc-macro2 v1.0.43
[INFO] [stderr]    Compiling subtle v2.4.1
[INFO] [stderr]    Compiling quote v1.0.21
[INFO] [stderr]    Compiling unicode-ident v1.0.3
[INFO] [stderr]    Compiling autocfg v1.1.0
[INFO] [stderr]    Compiling cpufeatures v0.2.2
[INFO] [stderr]    Compiling syn v1.0.99
[INFO] [stderr]    Compiling opaque-debug v0.3.0
[INFO] [stderr]    Compiling crossbeam-utils v0.8.19
[INFO] [stderr]    Compiling pkg-config v0.3.25
[INFO] [stderr]    Compiling num-traits v0.2.15
[INFO] [stderr]    Compiling generic-array v0.14.6
[INFO] [stderr]    Compiling num-integer v0.1.45
[INFO] [stderr]    Compiling doc-comment v0.3.3
[INFO] [stderr]    Compiling crc32fast v1.3.2
[INFO] [stderr]    Compiling jobserver v0.1.24
[INFO] [stderr]    Compiling tinyvec_macros v0.1.0
[INFO] [stderr]    Compiling zstd-safe v4.1.6+zstd.1.5.2
[INFO] [stderr]    Compiling cc v1.0.73
[INFO] [stderr]    Compiling tinyvec v1.6.0
[INFO] [stderr]    Compiling crossbeam-epoch v0.9.18
[INFO] [stderr]    Compiling base64ct v1.0.1
[INFO] [stderr]    Compiling rayon-core v1.12.1
[INFO] [stderr]    Compiling adler v1.0.2
[INFO] [stderr]    Compiling either v1.7.0
[INFO] [stderr]    Compiling once_cell v1.13.0
[INFO] [stderr]    Compiling log v0.4.17
[INFO] [stderr]    Compiling adler32 v1.2.0
[INFO] [stderr]    Compiling crypto-common v0.1.6
[INFO] [stderr]    Compiling block-buffer v0.10.2
[INFO] [stderr]    Compiling cipher v0.2.5
[INFO] [stderr]    Compiling rand_core v0.6.3
[INFO] [stderr]    Compiling digest v0.10.3
[INFO] [stderr]    Compiling aes-soft v0.6.4
[INFO] [stderr]    Compiling block-buffer v0.9.0
[INFO] [stderr]    Compiling password-hash v0.3.2
[INFO] [stderr]    Compiling digest v0.9.0
[INFO] [stderr]    Compiling cipher v0.3.0
[INFO] [stderr]    Compiling sha2 v0.10.2
[INFO] [stderr]    Compiling hmac v0.12.1
[INFO] [stderr]    Compiling zstd-sys v1.6.3+zstd.1.5.2
[INFO] [stderr]    Compiling bzip2-sys v0.1.11+1.0.8
[INFO] [stderr]    Compiling miniz_oxide v0.5.3
[INFO] [stderr]    Compiling crossbeam-deque v0.8.5
[INFO] [stderr]    Compiling unicode-normalization v0.1.21
[INFO] [stderr]    Compiling terminal_size v0.1.17
[INFO] [stderr]    Compiling time v0.1.44
[INFO] [stderr]    Compiling time-macros v0.2.4
[INFO] [stderr]    Compiling unicode-bidi v0.3.8
[INFO] [stderr]    Compiling unicode-width v0.1.9
[INFO] [stderr]    Compiling itoa v1.0.3
[INFO] [stderr]    Compiling num_threads v0.1.6
[INFO] [stderr]    Compiling byteorder v1.4.3
[INFO] [stderr]    Compiling block-padding v0.2.1
[INFO] [stderr]    Compiling block-modes v0.7.0
[INFO] [stderr]    Compiling stringprep v0.1.2
[INFO] [stderr]    Compiling chrono v0.4.20
[INFO] [stderr]    Compiling flate2 v1.0.24
[INFO] [stderr]    Compiling console v0.15.1
[INFO] [stderr]    Compiling pbkdf2 v0.10.1
[INFO] [stderr]    Compiling aes v0.7.5
[INFO] [stderr] rustc-LLVM ERROR: IO failure on output stream: No space left on device
[INFO] [stderr] error: could not compile `stringprep` (lib)
[INFO] [stderr] 
[INFO] [stderr] Caused by:
[INFO] [stderr]   process didn't exit successfully: `/opt/rustwide/rustup-home/toolchains/1.83.0-x86_64-unknown-linux-gnu/bin/rustc --crate-name stringprep --edition=2015 /opt/rustwide/cargo-home/registry/src/index.crates.io-6f17d22bba15001f/stringprep-0.1.2/src/lib.rs --error-format=json --json=diagnostic-rendered-ansi,artifacts,future-incompat --crate-type lib --emit=dep-info,metadata,link -C embed-bitcode=no -C debuginfo=2 --check-cfg 'cfg(docsrs)' --check-cfg 'cfg(feature, values())' -C metadata=3600e8d063227282 -C extra-filename=-3600e8d063227282 --out-dir /opt/rustwide/target/debug/deps -L dependency=/opt/rustwide/target/debug/deps --extern unicode_bidi=/opt/rustwide/target/debug/deps/libunicode_bidi-e73cec4e4148a794.rmeta --extern unicode_normalization=/opt/rustwide/target/debug/deps/libunicode_normalization-4e9906910a45d121.rmeta --cap-lints allow --cap-lints=warn` (exit status: 101)
[INFO] [stderr] warning: build failed, waiting for other jobs to finish...
[INFO] [stderr] rustc-LLVM ERROR: IO failure on output stream: No space left on device
[INFO] [stderr] error: could not compile `time-macros` (lib)
[INFO] [stderr] 
[INFO] [stderr] Caused by:
[INFO] [stderr]   No space left on device (os error 28)
[INFO] [stderr] 
[INFO] [stderr] Caused by:
[INFO] [stderr]   failed to parse process output: `/opt/rustwide/rustup-home/toolchains/1.83.0-x86_64-unknown-linux-gnu/bin/rustc --crate-name time_macros --edition=2018 /opt/rustwide/cargo-home/registry/src/index.crates.io-6f17d22bba15001f/time-macros-0.2.4/src/lib.rs --error-format=json --json=diagnostic-rendered-ansi,artifacts,future-incompat --crate-type proc-macro --emit=dep-info,link -C prefer-dynamic -C embed-bitcode=no --check-cfg 'cfg(docsrs)' --check-cfg 'cfg(feature, values("large-dates"))' -C metadata=273bca3303817181 -C extra-filename=-273bca3303817181 --out-dir /opt/rustwide/target/debug/deps -L dependency=/opt/rustwide/target/debug/deps --extern proc_macro --cap-lints allow --cap-lints=warn` (exit status: 101)
[INFO] [stderr] rustc-LLVM ERROR: IO failure on output stream: No space left on device
[INFO] [stderr] The following warnings were emitted during compilation:
[INFO] [stderr] 
[INFO] [stderr] warning: bzip2-sys@0.1.11+1.0.8: bzip2-1.0.8/huffman.c:200:1: fatal error: error writing to /tmp/cc5eFIzl.s: No space left on device
[INFO] [stderr] warning: bzip2-sys@0.1.11+1.0.8:   200 | }
[INFO] [stderr] warning: bzip2-sys@0.1.11+1.0.8:       | ^
[INFO] [stderr] warning: bzip2-sys@0.1.11+1.0.8: compilation terminated.
[INFO] [stderr] warning: bzip2-sys@0.1.11+1.0.8: bzip2-1.0.8/crctable.c:99:1: fatal error: error writing to /tmp/cc9zfGFI.s: No space left on device
[INFO] [stderr] warning: bzip2-sys@0.1.11+1.0.8:    99 | };
[INFO] [stderr] warning: bzip2-sys@0.1.11+1.0.8:       | ^
[INFO] [stderr] warning: bzip2-sys@0.1.11+1.0.8: compilation terminated.
[INFO] [stderr] 
[INFO] [stderr] error: failed to run custom build command for `bzip2-sys v0.1.11+1.0.8`
[INFO] [stderr] note: To improve backtraces for build dependencies, set the CARGO_PROFILE_DEV_BUILD_OVERRIDE_DEBUG=true environment variable to enable debug information generation.
[INFO] [stderr] 
[INFO] [stderr] Caused by:
[INFO] [stderr]   process didn't exit successfully: `/opt/rustwide/target/debug/build/bzip2-sys-768e271e9ec308cb/build-script-build` (exit status: 1)
[INFO] [stderr]   --- stdout
[INFO] [stderr]   cargo:rerun-if-env-changed=BZIP2_NO_PKG_CONFIG
[INFO] [stderr]   cargo:rerun-if-env-changed=PKG_CONFIG_x86_64-unknown-linux-gnu
[INFO] [stderr]   cargo:rerun-if-env-changed=PKG_CONFIG_x86_64_unknown_linux_gnu
[INFO] [stderr]   cargo:rerun-if-env-changed=HOST_PKG_CONFIG
[INFO] [stderr]   cargo:rerun-if-env-changed=PKG_CONFIG
[INFO] [stderr]   cargo:rerun-if-env-changed=BZIP2_STATIC
[INFO] [stderr]   cargo:rerun-if-env-changed=BZIP2_DYNAMIC
[INFO] [stderr]   cargo:rerun-if-env-changed=PKG_CONFIG_ALL_STATIC
[INFO] [stderr]   cargo:rerun-if-env-changed=PKG_CONFIG_ALL_DYNAMIC
[INFO] [stderr]   cargo:rerun-if-env-changed=PKG_CONFIG_PATH_x86_64-unknown-linux-gnu
[INFO] [stderr]   cargo:rerun-if-env-changed=PKG_CONFIG_PATH_x86_64_unknown_linux_gnu
[INFO] [stderr]   cargo:rerun-if-env-changed=HOST_PKG_CONFIG_PATH
[INFO] [stderr]   cargo:rerun-if-env-changed=PKG_CONFIG_PATH
[INFO] [stderr]   cargo:rerun-if-env-changed=PKG_CONFIG_LIBDIR_x86_64-unknown-linux-gnu
[INFO] [stderr]   cargo:rerun-if-env-changed=PKG_CONFIG_LIBDIR_x86_64_unknown_linux_gnu
[INFO] [stderr]   cargo:rerun-if-env-changed=HOST_PKG_CONFIG_LIBDIR
[INFO] [stderr]   cargo:rerun-if-env-changed=PKG_CONFIG_LIBDIR
[INFO] [stderr]   cargo:rerun-if-env-changed=PKG_CONFIG_SYSROOT_DIR_x86_64-unknown-linux-gnu
[INFO] [stderr]   cargo:rerun-if-env-changed=PKG_CONFIG_SYSROOT_DIR_x86_64_unknown_linux_gnu
[INFO] [stderr]   cargo:rerun-if-env-changed=HOST_PKG_CONFIG_SYSROOT_DIR
[INFO] [stderr]   cargo:rerun-if-env-changed=PKG_CONFIG_SYSROOT_DIR
[INFO] [stderr]   TARGET = Some("x86_64-unknown-linux-gnu")
[INFO] [stderr]   OPT_LEVEL = Some("0")
[INFO] [stderr]   HOST = Some("x86_64-unknown-linux-gnu")
[INFO] [stderr]   CC_x86_64-unknown-linux-gnu = None
[INFO] [stderr]   CC_x86_64_unknown_linux_gnu = None
[INFO] [stderr]   HOST_CC = None
[INFO] [stderr]   CC = None
[INFO] [stderr]   CFLAGS_x86_64-unknown-linux-gnu = None
[INFO] [stderr]   CFLAGS_x86_64_unknown_linux_gnu = None
[INFO] [stderr]   HOST_CFLAGS = None
[INFO] [stderr]   CFLAGS = None
[INFO] [stderr]   CRATE_CC_NO_DEFAULTS = None
[INFO] [stderr]   DEBUG = Some("true")
[INFO] [stderr]   CARGO_CFG_TARGET_FEATURE = Some("fxsr,sse,sse2")
[INFO] [stderr]   running: "cc" "-O0" "-ffunction-sections" "-fdata-sections" "-fPIC" "-g" "-fno-omit-frame-pointer" "-m64" "-I" "bzip2-1.0.8" "-D_FILE_OFFSET_BITS=64" "-DBZ_NO_STDIO" "-o" "/opt/rustwide/target/debug/build/bzip2-sys-eb38db6ed76c0ce5/out/lib/bzip2-1.0.8/blocksort.o" "-c" "bzip2-1.0.8/blocksort.c"
[INFO] [stderr]   exit status: 0
[INFO] [stderr]   running: "cc" "-O0" "-ffunction-sections" "-fdata-sections" "-fPIC" "-g" "-fno-omit-frame-pointer" "-m64" "-I" "bzip2-1.0.8" "-D_FILE_OFFSET_BITS=64" "-DBZ_NO_STDIO" "-o" "/opt/rustwide/target/debug/build/bzip2-sys-eb38db6ed76c0ce5/out/lib/bzip2-1.0.8/huffman.o" "-c" "bzip2-1.0.8/huffman.c"
[INFO] [stderr]   cargo:warning=bzip2-1.0.8/huffman.c:200:1: fatal error: error writing to /tmp/cc5eFIzl.s: No space left on device
[INFO] [stderr]   cargo:warning=  200 | }
[INFO] [stderr]   cargo:warning=      | ^
[INFO] [stderr]   cargo:warning=compilation terminated.
[INFO] [stderr]   exit status: 1
[INFO] [stderr]   running: "cc" "-O0" "-ffunction-sections" "-fdata-sections" "-fPIC" "-g" "-fno-omit-frame-pointer" "-m64" "-I" "bzip2-1.0.8" "-D_FILE_OFFSET_BITS=64" "-DBZ_NO_STDIO" "-o" "/opt/rustwide/target/debug/build/bzip2-sys-eb38db6ed76c0ce5/out/lib/bzip2-1.0.8/crctable.o" "-c" "bzip2-1.0.8/crctable.c"
[INFO] [stderr]   cargo:warning=bzip2-1.0.8/crctable.c:99:1: fatal error: error writing to /tmp/cc9zfGFI.s: No space left on device
[INFO] [stderr]   cargo:warning=   99 | };
[INFO] [stderr]   cargo:warning=      | ^
[INFO] [stderr]   cargo:warning=compilation terminated.
[INFO] [stderr]   exit status: 1
[INFO] [stderr] 
[INFO] [stderr]   --- stderr
[INFO] [stderr] 
[INFO] [stderr] 
[INFO] [stderr]   error occurred: Command "cc" "-O0" "-ffunction-sections" "-fdata-sections" "-fPIC" "-g" "-fno-omit-frame-pointer" "-m64" "-I" "bzip2-1.0.8" "-D_FILE_OFFSET_BITS=64" "-DBZ_NO_STDIO" "-o" "/opt/rustwide/target/debug/build/bzip2-sys-eb38db6ed76c0ce5/out/lib/bzip2-1.0.8/huffman.o" "-c" "bzip2-1.0.8/huffman.c" with args "cc" did not execute successfully (status code exit status: 1).
[INFO] [stderr] 
[INFO] [stderr] 
[INFO] [stderr] error: could not compile `console` (lib)
[INFO] [stderr] 
[INFO] [stderr] Caused by:
[INFO] [stderr]   No space left on device (os error 28)
[INFO] [stderr] 
[INFO] [stderr] Caused by:
[INFO] [stderr]   failed to parse process output: `/opt/rustwide/rustup-home/toolchains/1.83.0-x86_64-unknown-linux-gnu/bin/rustc --crate-name console --edition=2018 /opt/rustwide/cargo-home/registry/src/index.crates.io-6f17d22bba15001f/console-0.15.1/src/lib.rs --error-format=json --json=diagnostic-rendered-ansi,artifacts,future-incompat --crate-type lib --emit=dep-info,metadata,link -C embed-bitcode=no -C debuginfo=2 --cfg 'feature="ansi-parsing"' --cfg 'feature="unicode-width"' --check-cfg 'cfg(docsrs)' --check-cfg 'cfg(feature, values("ansi-parsing", "default", "regex", "unicode-width", "winapi-util", "windows-console-colors"))' -C metadata=ace493f1e9951816 -C extra-filename=-ace493f1e9951816 --out-dir /opt/rustwide/target/debug/deps -L dependency=/opt/rustwide/target/debug/deps --extern libc=/opt/rustwide/target/debug/deps/liblibc-e91a8185bfb9af21.rmeta --extern once_cell=/opt/rustwide/target/debug/deps/libonce_cell-408cea169249c1c2.rmeta --extern terminal_size=/opt/rustwide/target/debug/deps/libterminal_size-4ddb604d46d4dc84.rmeta --extern unicode_width=/opt/rustwide/target/debug/deps/libunicode_width-534a3d0186835d1e.rmeta --cap-lints allow --cap-lints=warn` (exit status: 101)
[INFO] [stderr] The following warnings were emitted during compilation:
[INFO] [stderr] 
[INFO] [stderr] warning: zstd-sys@1.6.3+zstd.1.5.2: zstd/lib/common/threading.c:21:1: fatal error: error closing /tmp/ccgn7vkf.s: No space left on device
[INFO] [stderr] warning: zstd-sys@1.6.3+zstd.1.5.2:    21 | int g_ZSTD_threading_useless_symbol;
[INFO] [stderr] warning: zstd-sys@1.6.3+zstd.1.5.2:       | ^~~
[INFO] [stderr] warning: zstd-sys@1.6.3+zstd.1.5.2: compilation terminated.
[INFO] [stderr] warning: zstd-sys@1.6.3+zstd.1.5.2: zstd/lib/common/debug.c:24:1: fatal error: error closing /tmp/cckvWHkv.s: No space left on device
[INFO] [stderr] warning: zstd-sys@1.6.3+zstd.1.5.2:    24 | int g_debuglevel = DEBUGLEVEL;
[INFO] [stderr] warning: zstd-sys@1.6.3+zstd.1.5.2:       | ^~~
[INFO] [stderr] warning: zstd-sys@1.6.3+zstd.1.5.2: compilation terminated.
[INFO] [stderr] 
[INFO] [stderr] error: failed to run custom build command for `zstd-sys v1.6.3+zstd.1.5.2`
[INFO] [stderr] note: To improve backtraces for build dependencies, set the CARGO_PROFILE_DEV_BUILD_OVERRIDE_DEBUG=true environment variable to enable debug information generation.
[INFO] [stderr] 
[INFO] [stderr] Caused by:
[INFO] [stderr]   process didn't exit successfully: `/opt/rustwide/target/debug/build/zstd-sys-09a65b70a392fbbb/build-script-build` (exit status: 1)
[INFO] [stderr]   --- stdout
[INFO] [stderr]   TARGET = Some("x86_64-unknown-linux-gnu")
[INFO] [stderr]   HOST = Some("x86_64-unknown-linux-gnu")
[INFO] [stderr]   CC_x86_64-unknown-linux-gnu = None
[INFO] [stderr]   CC_x86_64_unknown_linux_gnu = None
[INFO] [stderr]   HOST_CC = None
[INFO] [stderr]   CC = None
[INFO] [stderr]   CFLAGS_x86_64-unknown-linux-gnu = None
[INFO] [stderr]   CFLAGS_x86_64_unknown_linux_gnu = None
[INFO] [stderr]   HOST_CFLAGS = None
[INFO] [stderr]   CFLAGS = None
[INFO] [stderr]   CRATE_CC_NO_DEFAULTS = None
[INFO] [stderr]   DEBUG = Some("true")
[INFO] [stderr]   CARGO_CFG_TARGET_FEATURE = Some("fxsr,sse,sse2")
[INFO] [stderr]   running: "cc" "-O3" "-ffunction-sections" "-fdata-sections" "-fPIC" "-g" "-fno-omit-frame-pointer" "-m64" "-I" "zstd/lib/" "-I" "zstd/lib/common" "-I" "zstd/lib/legacy" "-fvisibility=hidden" "-DZSTD_LIB_DEPRECATED=0" "-DXXH_PRIVATE_API=" "-DZSTDLIB_VISIBILITY=" "-DZDICTLIB_VISIBILITY=" "-DZSTDERRORLIB_VISIBILITY=" "-DZSTD_LEGACY_SUPPORT=1" "-o" "/opt/rustwide/target/debug/build/zstd-sys-4a0753fd2a747417/out/zstd/lib/common/entropy_common.o" "-c" "zstd/lib/common/entropy_common.c"
[INFO] [stderr]   exit status: 0
[INFO] [stderr]   running: "cc" "-O3" "-ffunction-sections" "-fdata-sections" "-fPIC" "-g" "-fno-omit-frame-pointer" "-m64" "-I" "zstd/lib/" "-I" "zstd/lib/common" "-I" "zstd/lib/legacy" "-fvisibility=hidden" "-DZSTD_LIB_DEPRECATED=0" "-DXXH_PRIVATE_API=" "-DZSTDLIB_VISIBILITY=" "-DZDICTLIB_VISIBILITY=" "-DZSTDERRORLIB_VISIBILITY=" "-DZSTD_LEGACY_SUPPORT=1" "-o" "/opt/rustwide/target/debug/build/zstd-sys-4a0753fd2a747417/out/zstd/lib/common/pool.o" "-c" "zstd/lib/common/pool.c"
[INFO] [stderr]   exit status: 0
[INFO] [stderr]   running: "cc" "-O3" "-ffunction-sections" "-fdata-sections" "-fPIC" "-g" "-fno-omit-frame-pointer" "-m64" "-I" "zstd/lib/" "-I" "zstd/lib/common" "-I" "zstd/lib/legacy" "-fvisibility=hidden" "-DZSTD_LIB_DEPRECATED=0" "-DXXH_PRIVATE_API=" "-DZSTDLIB_VISIBILITY=" "-DZDICTLIB_VISIBILITY=" "-DZSTDERRORLIB_VISIBILITY=" "-DZSTD_LEGACY_SUPPORT=1" "-o" "/opt/rustwide/target/debug/build/zstd-sys-4a0753fd2a747417/out/zstd/lib/common/threading.o" "-c" "zstd/lib/common/threading.c"
[INFO] [stderr]   cargo:warning=zstd/lib/common/threading.c:21:1: fatal error: error closing /tmp/ccgn7vkf.s: No space left on device
[INFO] [stderr]   cargo:warning=   21 | int g_ZSTD_threading_useless_symbol;
[INFO] [stderr]   cargo:warning=      | ^~~
[INFO] [stderr]   cargo:warning=compilation terminated.
[INFO] [stderr]   exit status: 1
[INFO] [stderr]   running: "cc" "-O3" "-ffunction-sections" "-fdata-sections" "-fPIC" "-g" "-fno-omit-frame-pointer" "-m64" "-I" "zstd/lib/" "-I" "zstd/lib/common" "-I" "zstd/lib/legacy" "-fvisibility=hidden" "-DZSTD_LIB_DEPRECATED=0" "-DXXH_PRIVATE_API=" "-DZSTDLIB_VISIBILITY=" "-DZDICTLIB_VISIBILITY=" "-DZSTDERRORLIB_VISIBILITY=" "-DZSTD_LEGACY_SUPPORT=1" "-o" "/opt/rustwide/target/debug/build/zstd-sys-4a0753fd2a747417/out/zstd/lib/common/debug.o" "-c" "zstd/lib/common/debug.c"
[INFO] [stderr]   cargo:warning=zstd/lib/common/debug.c:24:1: fatal error: error closing /tmp/cckvWHkv.s: No space left on device
[INFO] [stderr]   cargo:warning=   24 | int g_debuglevel = DEBUGLEVEL;
[INFO] [stderr]   cargo:warning=      | ^~~
[INFO] [stderr]   cargo:warning=compilation terminated.
[INFO] [stderr]   exit status: 1
[INFO] [stderr] 
[INFO] [stderr]   --- stderr
[INFO] [stderr] 
[INFO] [stderr] 
[INFO] [stderr]   error occurred: Command "cc" "-O3" "-ffunction-sections" "-fdata-sections" "-fPIC" "-g" "-fno-omit-frame-pointer" "-m64" "-I" "zstd/lib/" "-I" "zstd/lib/common" "-I" "zstd/lib/legacy" "-fvisibility=hidden" "-DZSTD_LIB_DEPRECATED=0" "-DXXH_PRIVATE_API=" "-DZSTDLIB_VISIBILITY=" "-DZDICTLIB_VISIBILITY=" "-DZSTDERRORLIB_VISIBILITY=" "-DZSTD_LEGACY_SUPPORT=1" "-o" "/opt/rustwide/target/debug/build/zstd-sys-4a0753fd2a747417/out/zstd/lib/common/threading.o" "-c" "zstd/lib/common/threading.c" with args "cc" did not execute successfully (status code exit status: 1).
[INFO] [stderr] 
[INFO] [stderr] 
[INFO] [stderr] rustc-LLVM ERROR: IO failure on output stream: No space left on device
[INFO] [stderr] error: could not compile `flate2` (lib)
[INFO] [stderr] 
[INFO] [stderr] Caused by:
[INFO] [stderr]   No space left on device (os error 28)
[INFO] [stderr] 
[INFO] [stderr] Caused by:
[INFO] [stderr]   failed to parse process output: `/opt/rustwide/rustup-home/toolchains/1.83.0-x86_64-unknown-linux-gnu/bin/rustc --crate-name flate2 --edition=2018 /opt/rustwide/cargo-home/registry/src/index.crates.io-6f17d22bba15001f/flate2-1.0.24/src/lib.rs --error-format=json --json=diagnostic-rendered-ansi,artifacts,future-incompat --crate-type lib --emit=dep-info,metadata,link -C embed-bitcode=no -C debuginfo=2 --cfg 'feature="miniz_oxide"' --cfg 'feature="rust_backend"' --check-cfg 'cfg(docsrs)' --check-cfg 'cfg(feature, values("any_zlib", "cloudflare-zlib-sys", "cloudflare_zlib", "default", "libz-ng-sys", "libz-sys", "miniz-sys", "miniz_oxide", "rust_backend", "zlib", "zlib-ng", "zlib-ng-compat"))' -C metadata=6c3485a6e8950ac8 -C extra-filename=-6c3485a6e8950ac8 --out-dir /opt/rustwide/target/debug/deps -L dependency=/opt/rustwide/target/debug/deps --extern crc32fast=/opt/rustwide/target/debug/deps/libcrc32fast-92426fe39f2c39c8.rmeta --extern miniz_oxide=/opt/rustwide/target/debug/deps/libminiz_oxide-1fb1ff16b4c5207c.rmeta --cap-lints allow --cap-lints=warn` (exit status: 101)
[INFO] [stdout] error: failed to write to `/opt/rustwide/target/debug/deps/rmetaAVfvrs/lib.rmeta`: No space left on device (os error 28)
[INFO] [stdout] 
[INFO] [stdout] 
[INFO] [stderr] error: could not compile `rayon-core` (lib) due to 1 previous error
[INFO] [stdout] error: failed to write to `/opt/rustwide/target/debug/deps/rmeta1ZaULi/lib.rmeta`: No space left on device (os error 28)
[INFO] [stdout] 
[INFO] [stdout] 
[INFO] [stderr] error: could not compile `aes` (lib) due to 1 previous error
[INFO] [stdout] error: couldn't create a temp dir: No space left on device (os error 28) at path "/opt/rustwide/target/debug/deps/rmetagOmsc3"
[INFO] [stdout] 
[INFO] [stdout] 
[INFO] [stderr] error: could not compile `syn` (lib) due to 1 previous error
[INFO] [stdout] error: failed to write to `/opt/rustwide/target/debug/deps/rmetaII5ZyT/lib.rmeta`: No space left on device (os error 28)
[INFO] [stdout] 
[INFO] [stdout] 
[INFO] [stderr] error: could not compile `chrono` (lib) due to 1 previous error
[INFO] running `Command { std: "docker" "inspect" "a501fb38065f495d20c9069e7101a765530c978ede546342615babc6598224df", kill_on_drop: false }`
[INFO] running `Command { std: "docker" "rm" "-f" "a501fb38065f495d20c9069e7101a765530c978ede546342615babc6598224df", kill_on_drop: false }`
[INFO] [stdout] a501fb38065f495d20c9069e7101a765530c978ede546342615babc6598224df
