[INFO] cloning repository https://github.com/storvik/nrf51-dongle-test
[INFO] running `Command { std: "git" "-c" "credential.helper=" "-c" "credential.helper=/workspace/cargo-home/bin/git-credential-null" "clone" "--bare" "https://github.com/storvik/nrf51-dongle-test" "/workspace/cache/git-repos/https%3A%2F%2Fgithub.com%2Fstorvik%2Fnrf51-dongle-test", kill_on_drop: false }`
[INFO] [stderr] Cloning into bare repository '/workspace/cache/git-repos/https%3A%2F%2Fgithub.com%2Fstorvik%2Fnrf51-dongle-test'...
[INFO] running `Command { std: "git" "rev-parse" "HEAD", kill_on_drop: false }`
[INFO] [stdout] 9fa1ce9c5181653920fabd974eb7f82e89a4e357
[INFO] testing storvik/nrf51-dongle-test against beta-2024-12-08 for beta-1.84.0-4-retry
[INFO] running `Command { std: "git" "clone" "/workspace/cache/git-repos/https%3A%2F%2Fgithub.com%2Fstorvik%2Fnrf51-dongle-test" "/workspace/builds/worker-0-tc2/source", kill_on_drop: false }`
[INFO] [stderr] Cloning into '/workspace/builds/worker-0-tc2/source'...
[INFO] [stderr] done.
[INFO] validating manifest of git repo https://github.com/storvik/nrf51-dongle-test on toolchain beta-2024-12-08
[INFO] running `Command { std: CARGO_HOME="/workspace/cargo-home" RUSTUP_HOME="/workspace/rustup-home" "/workspace/cargo-home/bin/cargo" "+beta-2024-12-08" "metadata" "--manifest-path" "Cargo.toml" "--no-deps", kill_on_drop: false }`
[INFO] removed /workspace/builds/worker-0-tc2/source/.cargo/config.toml
[INFO] removed /workspace/builds/worker-0-tc2/source/rust-toolchain.toml
[INFO] started tweaking git repo https://github.com/storvik/nrf51-dongle-test
[INFO] finished tweaking git repo https://github.com/storvik/nrf51-dongle-test
[INFO] tweaked toml for git repo https://github.com/storvik/nrf51-dongle-test written to /workspace/builds/worker-0-tc2/source/Cargo.toml
[INFO] crate git repo https://github.com/storvik/nrf51-dongle-test already has a lockfile, it will not be regenerated
[INFO] running `Command { std: CARGO_HOME="/workspace/cargo-home" RUSTUP_HOME="/workspace/rustup-home" "/workspace/cargo-home/bin/cargo" "+beta-2024-12-08" "fetch" "--manifest-path" "Cargo.toml", kill_on_drop: false }`
[INFO] [stderr]     Blocking waiting for file lock on package cache
[INFO] [stderr]     Updating crates.io index
[INFO] [stderr]     Blocking waiting for file lock on package cache
[ERROR] error running command: no output for 300 seconds
[INFO] testing storvik/nrf51-dongle-test against beta-2024-12-08 for beta-1.84.0-4-retry
[INFO] running `Command { std: "git" "clone" "/workspace/cache/git-repos/https%3A%2F%2Fgithub.com%2Fstorvik%2Fnrf51-dongle-test" "/workspace/builds/worker-0-tc2/source", kill_on_drop: false }`
[INFO] [stderr] Cloning into '/workspace/builds/worker-0-tc2/source'...
[INFO] [stderr] done.
[INFO] validating manifest of git repo https://github.com/storvik/nrf51-dongle-test on toolchain beta-2024-12-08
[INFO] running `Command { std: CARGO_HOME="/workspace/cargo-home" RUSTUP_HOME="/workspace/rustup-home" "/workspace/cargo-home/bin/cargo" "+beta-2024-12-08" "metadata" "--manifest-path" "Cargo.toml" "--no-deps", kill_on_drop: false }`
[INFO] removed /workspace/builds/worker-0-tc2/source/.cargo/config.toml
[INFO] removed /workspace/builds/worker-0-tc2/source/rust-toolchain.toml
[INFO] started tweaking git repo https://github.com/storvik/nrf51-dongle-test
[INFO] finished tweaking git repo https://github.com/storvik/nrf51-dongle-test
[INFO] tweaked toml for git repo https://github.com/storvik/nrf51-dongle-test written to /workspace/builds/worker-0-tc2/source/Cargo.toml
[INFO] crate git repo https://github.com/storvik/nrf51-dongle-test already has a lockfile, it will not be regenerated
[INFO] running `Command { std: CARGO_HOME="/workspace/cargo-home" RUSTUP_HOME="/workspace/rustup-home" "/workspace/cargo-home/bin/cargo" "+beta-2024-12-08" "fetch" "--manifest-path" "Cargo.toml", kill_on_drop: false }`
[INFO] [stderr]     Blocking waiting for file lock on package cache
[INFO] [stderr]     Blocking waiting for file lock on package cache
[INFO] [stderr]  Downloading crates ...
[INFO] [stderr]   Downloaded embassy-hal-internal v0.2.0
[INFO] [stderr]   Downloaded embassy-nrf v0.2.0
[INFO] [stderr]   Downloaded nrf51-pac v0.12.2
[INFO] [stderr]   Downloaded nrf9120-pac v0.12.2
[INFO] [stderr]   Downloaded embassy-usb-driver v0.1.0
[INFO] [stderr]   Downloaded fixed v1.28.0
[INFO] [stderr]   Downloaded nrf52805-pac v0.12.2
[INFO] [stderr]   Downloaded nrf9160-pac v0.12.2
[INFO] [stderr]   Downloaded nrf52810-pac v0.12.2
[INFO] [stderr]   Downloaded nrf5340-net-pac v0.12.2
[INFO] [stderr]   Downloaded nrf52811-pac v0.12.2
[INFO] [stderr]   Downloaded nrf52832-pac v0.12.2
[INFO] [stderr]   Downloaded nrf52820-pac v0.12.2
[INFO] [stderr]   Downloaded nrf52833-pac v0.12.2
[INFO] [stderr]   Downloaded nrf52840-pac v0.12.2
[INFO] [stderr]   Downloaded nrf5340-app-pac v0.12.2
[INFO] running `Command { std: "docker" "create" "-v" "/var/lib/crater-agent-workspace/builds/worker-0-tc2/target:/opt/rustwide/target:rw,Z" "-v" "/var/lib/crater-agent-workspace/builds/worker-0-tc2/source:/opt/rustwide/workdir:ro,Z" "-v" "/var/lib/crater-agent-workspace/cargo-home:/opt/rustwide/cargo-home:ro,Z" "-v" "/var/lib/crater-agent-workspace/rustup-home:/opt/rustwide/rustup-home:ro,Z" "-e" "SOURCE_DIR=/opt/rustwide/workdir" "-e" "CARGO_TARGET_DIR=/opt/rustwide/target" "-e" "CARGO_HOME=/opt/rustwide/cargo-home" "-e" "RUSTUP_HOME=/opt/rustwide/rustup-home" "-w" "/opt/rustwide/workdir" "-m" "1610612736" "--user" "0:0" "--network" "none" "ghcr.io/rust-lang/crates-build-env/linux@sha256:f3a9d4ad9d972b27faf3965f35b62e55ba32bbce8f20bc8fe909558a86702fde" "/opt/rustwide/cargo-home/bin/cargo" "+beta-2024-12-08" "metadata" "--no-deps" "--format-version=1", kill_on_drop: false }`
[INFO] [stdout] 500cc14d4d5010b72a1c6efea1d03eaf783b96a351ea602d14379a7b78291176
[INFO] running `Command { std: "docker" "start" "-a" "500cc14d4d5010b72a1c6efea1d03eaf783b96a351ea602d14379a7b78291176", kill_on_drop: false }`
[INFO] running `Command { std: "docker" "inspect" "500cc14d4d5010b72a1c6efea1d03eaf783b96a351ea602d14379a7b78291176", kill_on_drop: false }`
[INFO] running `Command { std: "docker" "rm" "-f" "500cc14d4d5010b72a1c6efea1d03eaf783b96a351ea602d14379a7b78291176", kill_on_drop: false }`
[INFO] [stdout] 500cc14d4d5010b72a1c6efea1d03eaf783b96a351ea602d14379a7b78291176
[INFO] running `Command { std: "docker" "create" "-v" "/var/lib/crater-agent-workspace/builds/worker-0-tc2/target:/opt/rustwide/target:rw,Z" "-v" "/var/lib/crater-agent-workspace/builds/worker-0-tc2/source:/opt/rustwide/workdir:ro,Z" "-v" "/var/lib/crater-agent-workspace/cargo-home:/opt/rustwide/cargo-home:ro,Z" "-v" "/var/lib/crater-agent-workspace/rustup-home:/opt/rustwide/rustup-home:ro,Z" "-e" "SOURCE_DIR=/opt/rustwide/workdir" "-e" "CARGO_TARGET_DIR=/opt/rustwide/target" "-e" "CARGO_INCREMENTAL=0" "-e" "RUST_BACKTRACE=full" "-e" "RUSTFLAGS=--cap-lints=warn" "-e" "RUSTDOCFLAGS=--cap-lints=warn" "-e" "CARGO_HOME=/opt/rustwide/cargo-home" "-e" "RUSTUP_HOME=/opt/rustwide/rustup-home" "-w" "/opt/rustwide/workdir" "-m" "1610612736" "--user" "0:0" "--network" "none" "ghcr.io/rust-lang/crates-build-env/linux@sha256:f3a9d4ad9d972b27faf3965f35b62e55ba32bbce8f20bc8fe909558a86702fde" "/opt/rustwide/cargo-home/bin/cargo" "+beta-2024-12-08" "build" "--frozen" "--message-format=json", kill_on_drop: false }`
[INFO] [stdout] f17f6e46b722339156d610b1e083b5d869e2fcd42be31531c9c0bf9e3fd4b764
[INFO] running `Command { std: "docker" "start" "-a" "f17f6e46b722339156d610b1e083b5d869e2fcd42be31531c9c0bf9e3fd4b764", kill_on_drop: false }`
[INFO] [stderr]    Compiling proc-macro2 v1.0.86
[INFO] [stderr]    Compiling unicode-ident v1.0.12
[INFO] [stderr]    Compiling version_check v0.9.5
[INFO] [stderr]    Compiling defmt v0.3.8
[INFO] [stderr]    Compiling syn v1.0.109
[INFO] [stderr]    Compiling thiserror v1.0.63
[INFO] [stderr]    Compiling cortex-m v0.7.7
[INFO] [stderr]    Compiling defmt-macros v0.3.9
[INFO] [stderr]    Compiling semver-parser v0.7.0
[INFO] [stderr]    Compiling nb v1.1.0
[INFO] [stderr]    Compiling critical-section v1.1.2
[INFO] [stderr]    Compiling void v1.0.2
[INFO] [stderr]    Compiling embassy-time-driver v0.1.0
[INFO] [stderr]    Compiling vcell v0.1.3
[INFO] [stderr]    Compiling embassy-time-queue-driver v0.1.0
[INFO] [stderr]    Compiling heapless v0.8.0
[INFO] [stderr]    Compiling nb v0.1.3
[INFO] [stderr]    Compiling volatile-register v0.2.2
[INFO] [stderr]    Compiling cortex-m-rt v0.7.3
[INFO] [stderr]    Compiling byteorder v1.5.0
[INFO] [stderr]    Compiling bitfield v0.13.2
[INFO] [stderr]    Compiling embedded-hal v0.2.7
[INFO] [stderr]    Compiling litrs v0.4.1
[INFO] [stderr]    Compiling semver v0.9.0
[INFO] [stderr]    Compiling ident_case v1.0.1
[INFO] [stderr]    Compiling hash32 v0.3.1
[INFO] [stderr]    Compiling stable_deref_trait v1.2.0
[INFO] [stderr]    Compiling embedded-hal-async v1.0.0
[INFO] [stderr]    Compiling pin-utils v0.1.0
[INFO] [stderr]    Compiling futures-core v0.3.30
[INFO] [stderr]    Compiling futures-task v0.3.30
[INFO] [stderr]    Compiling fnv v1.0.7
[INFO] [stderr]    Compiling strsim v0.11.1
[INFO] [stderr]    Compiling pin-project-lite v0.2.14
[INFO] [stderr]    Compiling autocfg v1.3.0
[INFO] [stderr]    Compiling embedded-io-async v0.6.1
[INFO] [stderr]    Compiling proc-macro-error-attr v1.0.4
[INFO] [stderr]    Compiling proc-macro-error v1.0.4
[INFO] [stderr]    Compiling az v1.2.1
[INFO] [stderr]    Compiling typenum v1.17.0
[INFO] [stderr]    Compiling futures-util v0.3.30
[INFO] [stderr]    Compiling rustc_version v0.2.3
[INFO] [stderr]    Compiling embedded-io v0.6.1
[INFO] [stderr]    Compiling embassy-sync v0.6.0
[INFO] [stderr]    Compiling embedded-hal v1.0.0
[INFO] [stderr]    Compiling embassy-hal-internal v0.2.0
[INFO] [stderr]    Compiling nrf51-pac v0.12.2
[INFO] [stderr]    Compiling embedded-storage v0.3.1
[INFO] [stderr]    Compiling bare-metal v0.2.5
[INFO] [stderr]    Compiling num-traits v0.2.19
[INFO] [stderr]    Compiling fixed v1.28.0
[INFO] [stderr]    Compiling half v2.4.1
[INFO] [stderr]    Compiling quote v1.0.36
[INFO] [stderr]    Compiling embedded-storage-async v0.4.1
[INFO] [stderr]    Compiling bytemuck v1.16.3
[INFO] [stderr]    Compiling embassy-futures v0.1.1
[INFO] [stderr]    Compiling panic-probe v0.3.2
[INFO] [stderr]    Compiling defmt-rtt v0.4.1
[INFO] [stderr]    Compiling document-features v0.2.10
[INFO] [stderr]    Compiling embassy-executor v0.6.0
[INFO] [stderr]    Compiling syn v2.0.74
[INFO] [stderr]    Compiling nrf51-dongle-test v0.1.0 (/opt/rustwide/workdir)
[INFO] [stderr]    Compiling rand_core v0.6.4
[INFO] [stderr]    Compiling bitflags v2.6.0
[INFO] [stdout] error[E0425]: cannot find function `__basepri_r` in module `crate::asm::inline`
[INFO] [stdout]  --> /opt/rustwide/cargo-home/registry/src/index.crates.io-6f17d22bba15001f/cortex-m-0.7.7/src/register/basepri.rs:6:15
[INFO] [stdout]   |
[INFO] [stdout] 6 |     call_asm!(__basepri_r() -> u8)
[INFO] [stdout]   |               ^^^^^^^^^^^ not found in `crate::asm::inline`
[INFO] [stdout] 
[INFO] [stdout] 
[INFO] [stdout] error[E0425]: cannot find function `__basepri_w` in module `crate::asm::inline`
[INFO] [stdout]   --> /opt/rustwide/cargo-home/registry/src/index.crates.io-6f17d22bba15001f/cortex-m-0.7.7/src/register/basepri.rs:22:19
[INFO] [stdout]    |
[INFO] [stdout] 22 |         call_asm!(__basepri_w(basepri: u8));
[INFO] [stdout]    |                   ^^^^^^^^^^^ not found in `crate::asm::inline`
[INFO] [stdout] 
[INFO] [stdout] 
[INFO] [stdout] error[E0425]: cannot find function `__basepri_max` in module `crate::asm::inline`
[INFO] [stdout]   --> /opt/rustwide/cargo-home/registry/src/index.crates.io-6f17d22bba15001f/cortex-m-0.7.7/src/register/basepri_max.rs:19:19
[INFO] [stdout]    |
[INFO] [stdout] 19 |         call_asm!(__basepri_max(basepri: u8));
[INFO] [stdout]    |                   ^^^^^^^^^^^^^ not found in `crate::asm::inline`
[INFO] [stdout] 
[INFO] [stdout] 
[INFO] [stdout] error[E0425]: cannot find function `__faultmask_r` in module `crate::asm::inline`
[INFO] [stdout]   --> /opt/rustwide/cargo-home/registry/src/index.crates.io-6f17d22bba15001f/cortex-m-0.7.7/src/register/faultmask.rs:29:28
[INFO] [stdout]    |
[INFO] [stdout] 29 |     let r: u32 = call_asm!(__faultmask_r() -> u32);
[INFO] [stdout]    |                            ^^^^^^^^^^^^^ not found in `crate::asm::inline`
[INFO] [stdout] 
[INFO] [stdout] 
[INFO] [stdout] error: invalid register `r0`: unknown register
[INFO] [stdout]    --> /opt/rustwide/cargo-home/registry/src/index.crates.io-6f17d22bba15001f/cortex-m-0.7.7/src/../asm/inline.rs:197:24
[INFO] [stdout]     |
[INFO] [stdout] 197 |     asm!("bkpt #0xab", inout("r0") nr, in("r1") arg, options(nomem, nostack, preserves_flags));
[INFO] [stdout]     |                        ^^^^^^^^^^^^^^
[INFO] [stdout] 
[INFO] [stdout] 
[INFO] [stdout] error: invalid register `r1`: unknown register
[INFO] [stdout]    --> /opt/rustwide/cargo-home/registry/src/index.crates.io-6f17d22bba15001f/cortex-m-0.7.7/src/../asm/inline.rs:197:40
[INFO] [stdout]     |
[INFO] [stdout] 197 |     asm!("bkpt #0xab", inout("r0") nr, in("r1") arg, options(nomem, nostack, preserves_flags));
[INFO] [stdout]     |                                        ^^^^^^^^^^^^
[INFO] [stdout] 
[INFO] [stdout] 
[INFO] [stdout] For more information about this error, try `rustc --explain E0425`.
[INFO] [stdout] 
[INFO] [stderr] error: could not compile `cortex-m` (lib) due to 6 previous errors
[INFO] [stderr] warning: build failed, waiting for other jobs to finish...
[INFO] running `Command { std: "docker" "inspect" "f17f6e46b722339156d610b1e083b5d869e2fcd42be31531c9c0bf9e3fd4b764", kill_on_drop: false }`
[INFO] running `Command { std: "docker" "rm" "-f" "f17f6e46b722339156d610b1e083b5d869e2fcd42be31531c9c0bf9e3fd4b764", kill_on_drop: false }`
[INFO] [stdout] f17f6e46b722339156d610b1e083b5d869e2fcd42be31531c9c0bf9e3fd4b764
