[INFO] cloning repository https://github.com/social-network/substrate
[INFO] running `Command { std: "git" "-c" "credential.helper=" "-c" "credential.helper=/workspace/cargo-home/bin/git-credential-null" "clone" "--bare" "https://github.com/social-network/substrate" "/workspace/cache/git-repos/https%3A%2F%2Fgithub.com%2Fsocial-network%2Fsubstrate", kill_on_drop: false }`
[INFO] [stderr] Cloning into bare repository '/workspace/cache/git-repos/https%3A%2F%2Fgithub.com%2Fsocial-network%2Fsubstrate'...
[INFO] running `Command { std: "git" "rev-parse" "HEAD", kill_on_drop: false }`
[INFO] [stdout] 3a12d4d38aeb559c55562374ab6662485c6db3bf
[INFO] testing social-network/substrate against 1.83.0 for beta-1.84.0-4-retry
[INFO] running `Command { std: "git" "clone" "/workspace/cache/git-repos/https%3A%2F%2Fgithub.com%2Fsocial-network%2Fsubstrate" "/workspace/builds/worker-2-tc1/source", kill_on_drop: false }`
[INFO] [stderr] Cloning into '/workspace/builds/worker-2-tc1/source'...
[INFO] [stderr] done.
[INFO] validating manifest of git repo https://github.com/social-network/substrate on toolchain 1.83.0
[INFO] running `Command { std: CARGO_HOME="/workspace/cargo-home" RUSTUP_HOME="/workspace/rustup-home" "/workspace/cargo-home/bin/cargo" "+1.83.0" "metadata" "--manifest-path" "Cargo.toml" "--no-deps", kill_on_drop: false }`
[INFO] started tweaking git repo https://github.com/social-network/substrate
[INFO] finished tweaking git repo https://github.com/social-network/substrate
[INFO] tweaked toml for git repo https://github.com/social-network/substrate written to /workspace/builds/worker-2-tc1/source/Cargo.toml
[INFO] crate git repo https://github.com/social-network/substrate already has a lockfile, it will not be regenerated
[INFO] running `Command { std: CARGO_HOME="/workspace/cargo-home" RUSTUP_HOME="/workspace/rustup-home" "/workspace/cargo-home/bin/cargo" "+1.83.0" "fetch" "--manifest-path" "Cargo.toml", kill_on_drop: false }`
[INFO] [stderr] warning: /workspace/builds/worker-2-tc1/source/frame/did/Cargo.toml: `default_features` is deprecated in favor of `default-features` and will not work in the 2024 edition
[INFO] [stderr] (in the `pallet-timestamp` dependency)
[INFO] [stderr]     Updating crates.io index
[INFO] [stderr]  Downloading crates ...
[INFO] [stderr]   Downloaded trie-bench v0.25.0
[INFO] [stderr]   Downloaded impl-rlp v0.2.1
[INFO] [stderr]   Downloaded ethereum-types v0.9.2
[INFO] [stderr]   Downloaded lru v0.5.3
[INFO] [stderr]   Downloaded rlp v0.4.5
[INFO] [stderr]   Downloaded evm-gasometer v0.17.0
[INFO] [stderr]   Downloaded wasm-bindgen-test-macro v0.3.12
[INFO] [stderr]   Downloaded evm-runtime v0.17.0
[INFO] [stderr]   Downloaded evm v0.17.0
[INFO] [stderr]   Downloaded wasm-bindgen-test v0.3.12
[INFO] [stderr]   Downloaded test-case v0.3.3
[INFO] [stderr]   Downloaded futures-lite v0.1.8
[INFO] [stderr]   Downloaded oorandom v11.1.2
[INFO] [stderr]   Downloaded ethereum v0.3.0
[INFO] [stderr]   Downloaded evm-core v0.17.0
[INFO] [stderr]   Downloaded lite-json v0.1.2
[INFO] [stderr]   Downloaded arbitrary v0.4.5
[INFO] [stderr]   Downloaded async-trait v0.1.37
[INFO] [stderr]   Downloaded event-listener v2.2.0
[INFO] [stderr]   Downloaded cargo_metadata v0.10.1
[INFO] [stderr]   Downloaded kvdb-web v0.7.0
[INFO] [stderr]   Downloaded trie-db v0.22.0
[INFO] [stderr]   Downloaded ethbloom v0.9.2
[INFO] [stderr]   Downloaded honggfuzz v0.5.49
[INFO] running `Command { std: "docker" "create" "-v" "/var/lib/crater-agent-workspace/builds/worker-2-tc1/target:/opt/rustwide/target:rw,Z" "-v" "/var/lib/crater-agent-workspace/builds/worker-2-tc1/source:/opt/rustwide/workdir:ro,Z" "-v" "/var/lib/crater-agent-workspace/cargo-home:/opt/rustwide/cargo-home:ro,Z" "-v" "/var/lib/crater-agent-workspace/rustup-home:/opt/rustwide/rustup-home:ro,Z" "-e" "SOURCE_DIR=/opt/rustwide/workdir" "-e" "CARGO_TARGET_DIR=/opt/rustwide/target" "-e" "CARGO_HOME=/opt/rustwide/cargo-home" "-e" "RUSTUP_HOME=/opt/rustwide/rustup-home" "-w" "/opt/rustwide/workdir" "-m" "1610612736" "--user" "0:0" "--network" "none" "ghcr.io/rust-lang/crates-build-env/linux@sha256:f3a9d4ad9d972b27faf3965f35b62e55ba32bbce8f20bc8fe909558a86702fde" "/opt/rustwide/cargo-home/bin/cargo" "+1.83.0" "metadata" "--no-deps" "--format-version=1", kill_on_drop: false }`
[INFO] [stdout] 6b34fa2ca40fc14c719e94818cbc33ac7133b0bec5e0bfac3940f319dd3e9484
[INFO] running `Command { std: "docker" "start" "-a" "6b34fa2ca40fc14c719e94818cbc33ac7133b0bec5e0bfac3940f319dd3e9484", kill_on_drop: false }`
[INFO] running `Command { std: "docker" "inspect" "6b34fa2ca40fc14c719e94818cbc33ac7133b0bec5e0bfac3940f319dd3e9484", kill_on_drop: false }`
[INFO] running `Command { std: "docker" "rm" "-f" "6b34fa2ca40fc14c719e94818cbc33ac7133b0bec5e0bfac3940f319dd3e9484", kill_on_drop: false }`
[INFO] [stdout] 6b34fa2ca40fc14c719e94818cbc33ac7133b0bec5e0bfac3940f319dd3e9484
[INFO] running `Command { std: "docker" "create" "-v" "/var/lib/crater-agent-workspace/builds/worker-2-tc1/target:/opt/rustwide/target:rw,Z" "-v" "/var/lib/crater-agent-workspace/builds/worker-2-tc1/source:/opt/rustwide/workdir:ro,Z" "-v" "/var/lib/crater-agent-workspace/cargo-home:/opt/rustwide/cargo-home:ro,Z" "-v" "/var/lib/crater-agent-workspace/rustup-home:/opt/rustwide/rustup-home:ro,Z" "-e" "SOURCE_DIR=/opt/rustwide/workdir" "-e" "CARGO_TARGET_DIR=/opt/rustwide/target" "-e" "CARGO_INCREMENTAL=0" "-e" "RUST_BACKTRACE=full" "-e" "RUSTFLAGS=--cap-lints=warn" "-e" "RUSTDOCFLAGS=--cap-lints=warn" "-e" "CARGO_HOME=/opt/rustwide/cargo-home" "-e" "RUSTUP_HOME=/opt/rustwide/rustup-home" "-w" "/opt/rustwide/workdir" "-m" "1610612736" "--user" "0:0" "--network" "none" "ghcr.io/rust-lang/crates-build-env/linux@sha256:f3a9d4ad9d972b27faf3965f35b62e55ba32bbce8f20bc8fe909558a86702fde" "/opt/rustwide/cargo-home/bin/cargo" "+1.83.0" "build" "--frozen" "--message-format=json", kill_on_drop: false }`
[INFO] [stdout] 540ab68ee4b27ae4f2991708d997bee74d37c286f8e78860363e61842212109c
[INFO] running `Command { std: "docker" "start" "-a" "540ab68ee4b27ae4f2991708d997bee74d37c286f8e78860363e61842212109c", kill_on_drop: false }`
[INFO] [stderr] warning: /opt/rustwide/workdir/frame/did/Cargo.toml: `default_features` is deprecated in favor of `default-features` and will not work in the 2024 edition
[INFO] [stderr] (in the `pallet-timestamp` dependency)
[INFO] [stderr]    Compiling libc v0.2.73
[INFO] [stderr]    Compiling proc-macro2 v1.0.19
[INFO] [stderr]    Compiling unicode-xid v0.2.1
[INFO] [stderr]    Compiling syn v1.0.35
[INFO] [stderr]    Compiling cfg-if v0.1.10
[INFO] [stderr]    Compiling serde_derive v1.0.114
[INFO] [stderr]    Compiling serde v1.0.114
[INFO] [stderr]    Compiling autocfg v1.0.0
[INFO] [stderr]    Compiling log v0.4.11
[INFO] [stderr]    Compiling either v1.6.0
[INFO] [stderr]    Compiling byteorder v1.3.4
[INFO] [stderr]    Compiling lazy_static v1.4.0
[INFO] [stderr]    Compiling scopeguard v1.1.0
[INFO] [stderr]    Compiling smallvec v1.4.1
[INFO] [stderr]    Compiling getrandom v0.1.14
[INFO] [stderr]    Compiling lock_api v0.3.4
[INFO] [stderr]    Compiling memchr v2.3.3
[INFO] [stderr]    Compiling ppv-lite86 v0.2.8
[INFO] [stderr]    Compiling typenum v1.12.0
[INFO] [stderr]    Compiling hashbrown v0.8.1
[INFO] [stderr]    Compiling ahash v0.3.8
[INFO] [stderr]    Compiling quote v1.0.7
[INFO] [stderr]    Compiling futures v0.1.29
[INFO] [stderr]    Compiling slab v0.4.2
[INFO] [stderr]    Compiling indexmap v1.5.0
[INFO] [stderr]    Compiling proc-macro-hack v0.5.16
[INFO] [stderr]    Compiling itoa v0.4.6
[INFO] [stderr]    Compiling num_cpus v1.13.0
[INFO] [stderr]    Compiling rand_core v0.5.1
[INFO] [stderr]    Compiling parking_lot_core v0.7.2
[INFO] [stderr]    Compiling futures-core v0.3.5
[INFO] [stderr]    Compiling rand_chacha v0.2.2
[INFO] [stderr]    Compiling rand_pcg v0.2.1
[INFO] [stderr]    Compiling parking_lot v0.10.2
[INFO] [stderr]    Compiling generic-array v0.12.3
[INFO] [stderr]    Compiling arrayvec v0.5.1
[INFO] [stderr]    Compiling rand v0.7.3
[INFO] [stderr]    Compiling once_cell v1.4.0
[INFO] [stderr]    Compiling ryu v1.0.5
[INFO] [stderr]    Compiling serde_json v1.0.56
[INFO] [stderr]    Compiling futures-sink v0.3.5
[INFO] [stderr]    Compiling maybe-uninit v2.0.0
[INFO] [stderr]    Compiling digest v0.8.1
[INFO] [stderr]    Compiling pin-project-internal v0.4.22
[INFO] [stderr]    Compiling pin-utils v0.1.0
[INFO] [stderr]    Compiling opaque-debug v0.2.3
[INFO] [stderr]    Compiling futures-channel v0.3.5
[INFO] [stderr]    Compiling futures-io v0.3.5
[INFO] [stderr]    Compiling proc-macro-nested v0.1.6
[INFO] [stderr]    Compiling byte-tools v0.3.1
[INFO] [stderr]    Compiling futures-task v0.3.5
[INFO] [stderr]    Compiling block-padding v0.1.5
[INFO] [stderr]    Compiling crunchy v0.2.2
[INFO] [stderr]    Compiling block-buffer v0.7.3
[INFO] [stderr]    Compiling static_assertions v1.1.0
[INFO] [stderr]    Compiling crossbeam-utils v0.7.2
[INFO] [stderr]    Compiling fake-simd v0.1.2
[INFO] [stderr]    Compiling subtle v2.2.3
[INFO] [stderr]    Compiling regex-syntax v0.6.18
[INFO] [stderr]    Compiling sha2 v0.8.2
[INFO] [stderr]    Compiling tinyvec v0.3.3
[INFO] [stderr]    Compiling keccak v0.1.0
[INFO] [stderr]    Compiling radium v0.3.0
[INFO] [stderr]    Compiling unicode-normalization v0.1.13
[INFO] [stderr]    Compiling bitvec v0.17.4
[INFO] [stderr]    Compiling aho-corasick v0.7.13
[INFO] [stderr]    Compiling thread_local v1.0.1
[INFO] [stderr]    Compiling byte-slice-cast v0.3.5
[INFO] [stderr]    Compiling rustc-hex v2.1.0
[INFO] [stderr]    Compiling subtle v1.0.0
[INFO] [stderr]    Compiling crypto-mac v0.7.0
[INFO] [stderr]    Compiling constant_time_eq v0.1.5
[INFO] [stderr]    Compiling arrayref v0.3.6
[INFO] [stderr]    Compiling memoffset v0.5.5
[INFO] [stderr]    Compiling hmac v0.7.1
[INFO] [stderr]    Compiling crossbeam-epoch v0.8.2
[INFO] [stderr]    Compiling autocfg v0.1.7
[INFO] [stderr]    Compiling libm v0.2.1
[INFO] [stderr]    Compiling num-traits v0.2.12
[INFO] [stderr]    Compiling crc32fast v1.2.0
[INFO] [stderr]    Compiling uint v0.8.3
[INFO] [stderr]    Compiling crossbeam-queue v0.2.3
[INFO] [stderr]    Compiling crossbeam-deque v0.7.3
[INFO] [stderr]    Compiling signature v1.1.0
[INFO] [stderr]    Compiling hmac-drbg v0.2.0
[INFO] [stderr]    Compiling ed25519 v1.0.1
[INFO] [stderr]    Compiling rlp v0.4.5
[INFO] [stderr]    Compiling libsecp256k1 v0.3.5
[INFO] [stderr]    Compiling fixed-hash v0.6.1
[INFO] [stderr]    Compiling adler v0.2.3
[INFO] [stderr]    Compiling num-integer v0.1.43
[INFO] [stderr]    Compiling regex v1.3.9
[INFO] [stderr]    Compiling impl-rlp v0.2.1
[INFO] [stderr]    Compiling miniz_oxide v0.4.0
[INFO] [stderr]    Compiling rustc-hash v1.1.0
[INFO] [stderr]    Compiling time v0.1.43
[INFO] [stderr]    Compiling synstructure v0.12.4
[INFO] [stderr]    Compiling wasmparser v0.57.0
[INFO] [stderr]    Compiling rayon-core v1.7.1
[INFO] [stderr]    Compiling rustc-demangle v0.1.16
[INFO] [stderr]    Compiling num-bigint v0.2.6
[INFO] [stderr]    Compiling rayon v1.3.1
[INFO] [stderr]    Compiling sp-std v2.0.0 (/opt/rustwide/workdir/primitives/std)
[INFO] [stderr]    Compiling gimli v0.22.0
[INFO] [stderr]    Compiling const-random-macro v0.1.8
[INFO] [stderr]    Compiling tracing-core v0.1.16
[INFO] [stderr]    Compiling tiny-keccak v2.0.2
[INFO] [stderr]    Compiling const-random v0.1.8
[INFO] [stderr]    Compiling regex-automata v0.1.9
[INFO] [stderr]    Compiling hashbrown v0.6.3
[INFO] [stderr]    Compiling addr2line v0.13.0
[INFO] [stderr]    Compiling ahash v0.2.18
[INFO] [stderr]    Compiling errno v0.2.6
[INFO] [stderr]    Compiling parity-util-mem v0.7.0
[INFO] [stderr]    Compiling failure_derive v0.1.8
[INFO] [stderr]    Compiling num-rational v0.2.4
[INFO] [stderr]    Compiling chrono v0.4.13
[INFO] [stderr]    Compiling ansi_term v0.12.1
[INFO] [stderr]    Compiling arrayvec v0.4.12
[INFO] [stderr]    Compiling futures-macro v0.3.5
[INFO] [stderr]    Compiling zeroize_derive v1.0.0
[INFO] [stderr]    Compiling sp-debug-derive v2.0.0 (/opt/rustwide/workdir/primitives/debug-derive)
[INFO] [stderr]    Compiling tracing-attributes v0.1.11
[INFO] [stderr]    Compiling zeroize v1.1.0
[INFO] [stderr]    Compiling curve25519-dalek v2.1.0
[INFO] [stderr]    Compiling impl-trait-for-tuples v0.1.3
[INFO] [stderr]    Compiling pin-project v0.4.22
[INFO] [stderr]    Compiling futures-util v0.3.5
[INFO] [stderr]    Compiling parity-util-mem-derive v0.1.0
[INFO] [stderr]    Compiling lru v0.5.3
[INFO] [stderr]    Compiling parity-wasm v0.41.0
[INFO] [stderr]    Compiling tracing v0.1.19
[INFO] [stderr]    Compiling ref-cast-impl v1.0.2
[INFO] [stderr]    Compiling matchers v0.0.1
[INFO] [stderr]    Compiling tracing-log v0.1.1
[INFO] [stderr]    Compiling sharded-slab v0.0.9
[INFO] [stderr]    Compiling nodrop v0.1.14
[INFO] [stderr]    Compiling wasmi-validation v0.3.0
[INFO] [stderr]    Compiling ref-cast v1.0.2
[INFO] [stderr]    Compiling pbkdf2 v0.3.0
[INFO] [stderr]    Compiling hash-db v0.15.2
[INFO] [stderr]    Compiling memory_units v0.3.0
[INFO] [stderr]    Compiling blake2-rfc v0.2.18
[INFO] [stderr]    Compiling merlin v2.0.0
[INFO] [stderr]    Compiling wasmi v0.6.2
[INFO] [stderr]    Compiling derive_more v0.99.9
[INFO] [stderr]    Compiling Inflector v0.11.4
[INFO] [stderr]    Compiling environmental v1.1.1
[INFO] [stderr]    Compiling schnorrkel v0.9.1
[INFO] [stderr]    Compiling dyn-clonable-impl v0.9.0
[INFO] [stderr]    Compiling dyn-clone v1.0.2
[INFO] [stderr]    Compiling secrecy v0.6.0
[INFO] [stderr]    Compiling futures-executor v0.3.5
[INFO] [stderr]    Compiling futures v0.3.5
[INFO] [stderr]    Compiling substrate-bip39 v0.4.2
[INFO] [stderr]    Compiling dyn-clonable v0.9.0
[INFO] [stderr]    Compiling hash256-std-hasher v0.15.2
[INFO] [stderr]    Compiling twox-hash v1.5.0
[INFO] [stderr]    Compiling base58 v0.1.0
[INFO] [stderr]    Compiling hex v0.4.2
[INFO] [stderr]    Compiling trie-root v0.16.0
[INFO] [stderr]    Compiling trie-db v0.22.0
[INFO] [stderr]    Compiling integer-sqrt v0.1.3
[INFO] [stderr]    Compiling paste-impl v0.1.18
[INFO] [stderr]    Compiling semver-parser v0.7.0
[INFO] [stderr]    Compiling jobserver v0.1.21
[INFO] [stderr]    Compiling bytes v0.5.6
[INFO] [stderr]    Compiling cc v1.0.58
[INFO] [stderr]    Compiling semver v0.9.0
[INFO] [stderr]    Compiling paste v0.1.18
[INFO] [stderr]    Compiling fnv v1.0.7
[INFO] [stderr]    Compiling anyhow v1.0.31
[INFO] [stderr]    Compiling rustc_version v0.2.3
[INFO] [stderr]    Compiling version_check v0.9.2
[INFO] [stderr]    Compiling smallvec v0.6.13
[INFO] [stderr]    Compiling parking_lot_core v0.6.2
[INFO] [stderr]    Compiling toml v0.5.6
[INFO] [stderr]    Compiling impl-serde v0.3.1
[INFO] [stderr]    Compiling ed25519-dalek v1.0.0-pre.4
[INFO] [stderr]    Compiling tracing-serde v0.1.1
[INFO] [stderr]    Compiling object v0.20.0
[INFO] [stderr]    Compiling which v3.1.1
[INFO] [stderr]    Compiling unicode-segmentation v1.6.0
[INFO] [stderr]    Compiling parking_lot v0.9.0
[INFO] [stderr]    Compiling heck v0.3.1
[INFO] [stderr]    Compiling itertools v0.8.2
[INFO] [stderr]    Compiling remove_dir_all v0.5.3
[INFO] [stderr]    Compiling tempfile v3.1.0
[INFO] [stderr]    Compiling prost-build v0.6.1
[INFO] [stderr]    Compiling proc-macro-crate v0.1.5
[INFO] [stderr]    Compiling tracing-subscriber v0.2.10
[INFO] [stderr]    Compiling thiserror-impl v1.0.20
[INFO] [stderr]    Compiling wasm-bindgen-shared v0.2.67
[INFO] [stderr]    Compiling prost-derive v0.6.1
[INFO] [stderr]    Compiling fixedbitset v0.2.0
[INFO] [stderr]    Compiling petgraph v0.5.1
[INFO] [stderr]    Compiling parity-scale-codec-derive v1.2.1
[INFO] [stderr]    Compiling sp-runtime-interface-proc-macro v2.0.0 (/opt/rustwide/workdir/primitives/runtime-interface/proc-macro)
[INFO] [stderr]    Compiling thiserror v1.0.20
[INFO] [stderr]    Compiling multimap v0.8.1
[INFO] [stderr]    Compiling bumpalo v3.4.0
[INFO] [stderr]    Compiling wasm-bindgen-backend v0.2.67
[INFO] [stderr]    Compiling sp-api-proc-macro v2.0.0 (/opt/rustwide/workdir/primitives/api/proc-macro)
[INFO] [stderr]    Compiling backtrace v0.3.50
[INFO] [stderr]    Compiling failure v0.1.8
[INFO] [stderr]    Compiling parity-scale-codec v1.3.4
[INFO] [stderr]    Compiling tiny-bip39 v0.7.3
[INFO] [stderr]    Compiling sp-panic-handler v2.0.0 (/opt/rustwide/workdir/primitives/panic-handler)
[INFO] [stdout] warning: use of deprecated type alias `std::panic::PanicInfo`: use `PanicHookInfo` instead
[INFO] [stdout]   --> primitives/panic-handler/src/lib.rs:30:24
[INFO] [stdout]    |
[INFO] [stdout] 30 | use std::panic::{self, PanicInfo};
[INFO] [stdout]    |                        ^^^^^^^^^
[INFO] [stdout]    |
[INFO] [stdout]    = note: `#[warn(deprecated)]` on by default
[INFO] [stdout] 
[INFO] [stdout] 
[INFO] [stdout] warning: use of deprecated type alias `std::panic::PanicInfo`: use `PanicHookInfo` instead
[INFO] [stdout]    --> primitives/panic-handler/src/lib.rs:134:22
[INFO] [stdout]     |
[INFO] [stdout] 134 | fn panic_hook(info: &PanicInfo, report_url: &str, version: &str) {
[INFO] [stdout]     |                      ^^^^^^^^^
[INFO] [stdout] 
[INFO] [stdout] 
[INFO] [stderr]    Compiling prost v0.6.1
[INFO] [stderr]    Compiling wasm-bindgen-macro-support v0.2.67
[INFO] [stderr]    Compiling prost-types v0.6.1
[INFO] [stderr]    Compiling wasm-bindgen v0.2.67
[INFO] [stderr]    Compiling ring v0.16.15
[INFO] [stderr]    Compiling iovec v0.1.4
[INFO] [stderr]    Compiling untrusted v0.7.1
[INFO] [stderr]    Compiling spin v0.5.2
[INFO] [stderr]    Compiling matches v0.1.8
[INFO] [stderr]    Compiling unicode-bidi v0.3.4
[INFO] [stderr]    Compiling wasm-bindgen-macro v0.2.67
[INFO] [stderr]    Compiling sha3 v0.8.2
[INFO] [stderr]    Compiling net2 v0.2.34
[INFO] [stderr]    Compiling generic-array v0.14.3
[INFO] [stderr]    Compiling sha-1 v0.8.2
[INFO] [stderr]    Compiling send_wrapper v0.4.0
[INFO] [stderr]    Compiling idna v0.2.0
[INFO] [stderr]    Compiling wasm-timer v0.2.4
[INFO] [stderr]    Compiling js-sys v0.3.39
[INFO] [stderr]    Compiling percent-encoding v2.1.0
[INFO] [stderr]    Compiling impl-codec v0.4.2
[INFO] [stderr]    Compiling primitive-types v0.7.2
[INFO] [stderr]    Compiling ethbloom v0.9.2
[INFO] [stderr]    Compiling sp-tracing v2.0.0 (/opt/rustwide/workdir/primitives/tracing)
[INFO] [stderr]    Compiling sp-storage v2.0.0 (/opt/rustwide/workdir/primitives/storage)
[INFO] [stderr]    Compiling sp-wasm-interface v2.0.0 (/opt/rustwide/workdir/primitives/wasm-interface)
[INFO] [stderr]    Compiling sp-arithmetic v2.0.0 (/opt/rustwide/workdir/primitives/arithmetic)
[INFO] [stderr]    Compiling sp-externalities v0.8.0 (/opt/rustwide/workdir/primitives/externalities)
[INFO] [stdout] warning: trait objects without an explicit `dyn` are deprecated
[INFO] [stdout]    --> primitives/externalities/src/lib.rs:287:57
[INFO] [stdout]     |
[INFO] [stdout] 287 |         self.extension_by_type_id(TypeId::of::<T>()).and_then(Any::downcast_mut)
[INFO] [stdout]     |                                                               ^^^
[INFO] [stdout]     |
[INFO] [stdout]     = warning: this is accepted in the current edition (Rust 2018) but is a hard error in Rust 2021!
[INFO] [stdout]     = note: for more information, see <https://doc.rust-lang.org/nightly/edition-guide/rust-2021/warnings-promoted-to-error.html>
[INFO] [stdout]     = note: `#[warn(bare_trait_objects)]` on by default
[INFO] [stdout] help: if this is a dyn-compatible trait, use `dyn`
[INFO] [stdout]     |
[INFO] [stdout] 287 |         self.extension_by_type_id(TypeId::of::<T>()).and_then(<dyn Any>::downcast_mut)
[INFO] [stdout]     |                                                               ++++    +
[INFO] [stdout] 
[INFO] [stdout] 
[INFO] [stderr]    Compiling url v2.1.1
[INFO] [stderr]    Compiling mio v0.6.22
[INFO] [stdout] error[E0283]: type annotations needed
[INFO] [stdout]     --> primitives/arithmetic/src/fixed_point.rs:541:32
[INFO] [stdout]      |
[INFO] [stdout] 541  |                   let accuracy = P::ACCURACY.saturated_into();
[INFO] [stdout]      |                                              ^^^^^^^^^^^^^^ cannot infer type
[INFO] [stdout] ...
[INFO] [stdout] 1595 | / implement_fixed!(
[INFO] [stdout] 1596 | |     FixedI64,
[INFO] [stdout] 1597 | |     test_fixed_i64,
[INFO] [stdout] 1598 | |     i64,
[INFO] [stdout] ...    |
[INFO] [stdout] 1601 | |     "_Fixed Point 64 bits signed, range = [-9223372036.854775808, 9223372036.854775807]_",
[INFO] [stdout] 1602 | | );
[INFO] [stdout]      | |_- in this macro invocation
[INFO] [stdout]      |
[INFO] [stdout]      = note: cannot satisfy `<P as PerThing>::Inner: UniqueSaturatedInto<_>`
[INFO] [stdout] note: required by a bound in `SaturatedConversion::saturated_into`
[INFO] [stdout]     --> primitives/arithmetic/src/traits.rs:183:46
[INFO] [stdout]      |
[INFO] [stdout] 183  |     fn saturated_into<T>(self) -> T where Self: UniqueSaturatedInto<T> {
[INFO] [stdout]      |                                                 ^^^^^^^^^^^^^^^^^^^^^^ required by this bound in `SaturatedConversion::saturated_into`
[INFO] [stdout]      = note: this error originates in the macro `implement_fixed` (in Nightly builds, run with -Z macro-backtrace for more info)
[INFO] [stdout] 
[INFO] [stdout] 
[INFO] [stdout] error[E0283]: type annotations needed
[INFO] [stdout]     --> primitives/arithmetic/src/fixed_point.rs:541:32
[INFO] [stdout]      |
[INFO] [stdout] 541  |                   let accuracy = P::ACCURACY.saturated_into();
[INFO] [stdout]      |                                              ^^^^^^^^^^^^^^ cannot infer type
[INFO] [stdout] ...
[INFO] [stdout] 1604 | / implement_fixed!(
[INFO] [stdout] 1605 | |     FixedI128,
[INFO] [stdout] 1606 | |     test_fixed_i128,
[INFO] [stdout] 1607 | |     i128,
[INFO] [stdout] ...    |
[INFO] [stdout] 1611 | |         [-170141183460469231731.687303715884105728, 170141183460469231731.687303715884105727]_",
[INFO] [stdout] 1612 | | );
[INFO] [stdout]      | |_- in this macro invocation
[INFO] [stdout]      |
[INFO] [stdout]      = note: cannot satisfy `<P as PerThing>::Inner: UniqueSaturatedInto<_>`
[INFO] [stdout] note: required by a bound in `SaturatedConversion::saturated_into`
[INFO] [stdout]     --> primitives/arithmetic/src/traits.rs:183:46
[INFO] [stdout]      |
[INFO] [stdout] 183  |     fn saturated_into<T>(self) -> T where Self: UniqueSaturatedInto<T> {
[INFO] [stdout]      |                                                 ^^^^^^^^^^^^^^^^^^^^^^ required by this bound in `SaturatedConversion::saturated_into`
[INFO] [stdout]      = note: this error originates in the macro `implement_fixed` (in Nightly builds, run with -Z macro-backtrace for more info)
[INFO] [stdout] 
[INFO] [stdout] 
[INFO] [stdout] error[E0283]: type annotations needed
[INFO] [stdout]     --> primitives/arithmetic/src/fixed_point.rs:541:32
[INFO] [stdout]      |
[INFO] [stdout] 541  |                   let accuracy = P::ACCURACY.saturated_into();
[INFO] [stdout]      |                                              ^^^^^^^^^^^^^^ cannot infer type
[INFO] [stdout] ...
[INFO] [stdout] 1614 | / implement_fixed!(
[INFO] [stdout] 1615 | |     FixedU128,
[INFO] [stdout] 1616 | |     test_fixed_u128,
[INFO] [stdout] 1617 | |     u128,
[INFO] [stdout] ...    |
[INFO] [stdout] 1621 | |         [0.000000000000000000, 340282366920938463463.374607431768211455]_",
[INFO] [stdout] 1622 | | );
[INFO] [stdout]      | |_- in this macro invocation
[INFO] [stdout]      |
[INFO] [stdout]      = note: cannot satisfy `<P as PerThing>::Inner: UniqueSaturatedInto<_>`
[INFO] [stdout] note: required by a bound in `SaturatedConversion::saturated_into`
[INFO] [stdout]     --> primitives/arithmetic/src/traits.rs:183:46
[INFO] [stdout]      |
[INFO] [stdout] 183  |     fn saturated_into<T>(self) -> T where Self: UniqueSaturatedInto<T> {
[INFO] [stdout]      |                                                 ^^^^^^^^^^^^^^^^^^^^^^ required by this bound in `SaturatedConversion::saturated_into`
[INFO] [stdout]      = note: this error originates in the macro `implement_fixed` (in Nightly builds, run with -Z macro-backtrace for more info)
[INFO] [stdout] 
[INFO] [stdout] 
[INFO] [stderr]    Compiling futures_codec v0.4.1
[INFO] [stdout] For more information about this error, try `rustc --explain E0283`.
[INFO] [stdout] 
[INFO] [stderr] error: could not compile `sp-arithmetic` (lib) due to 3 previous errors
[INFO] [stderr] warning: build failed, waiting for other jobs to finish...
[INFO] running `Command { std: "docker" "inspect" "540ab68ee4b27ae4f2991708d997bee74d37c286f8e78860363e61842212109c", kill_on_drop: false }`
[INFO] running `Command { std: "docker" "rm" "-f" "540ab68ee4b27ae4f2991708d997bee74d37c286f8e78860363e61842212109c", kill_on_drop: false }`
[INFO] [stdout] 540ab68ee4b27ae4f2991708d997bee74d37c286f8e78860363e61842212109c
