[INFO] cloning repository https://github.com/sdunifon/rusty-neural-net
[INFO] running `Command { std: "git" "-c" "credential.helper=" "-c" "credential.helper=/workspace/cargo-home/bin/git-credential-null" "clone" "--bare" "https://github.com/sdunifon/rusty-neural-net" "/workspace/cache/git-repos/https%3A%2F%2Fgithub.com%2Fsdunifon%2Frusty-neural-net", kill_on_drop: false }`
[INFO] [stderr] Cloning into bare repository '/workspace/cache/git-repos/https%3A%2F%2Fgithub.com%2Fsdunifon%2Frusty-neural-net'...
[INFO] running `Command { std: "git" "rev-parse" "HEAD", kill_on_drop: false }`
[INFO] [stdout] a5c536d27461bf8d2c819591d3661f70e4b1ff9d
[INFO] testing sdunifon/rusty-neural-net against beta-2024-12-08 for beta-1.84.0-4-retry
[INFO] running `Command { std: "git" "clone" "/workspace/cache/git-repos/https%3A%2F%2Fgithub.com%2Fsdunifon%2Frusty-neural-net" "/workspace/builds/worker-0-tc2/source", kill_on_drop: false }`
[INFO] [stderr] Cloning into '/workspace/builds/worker-0-tc2/source'...
[INFO] [stderr] done.
[INFO] validating manifest of git repo https://github.com/sdunifon/rusty-neural-net on toolchain beta-2024-12-08
[INFO] running `Command { std: CARGO_HOME="/workspace/cargo-home" RUSTUP_HOME="/workspace/rustup-home" "/workspace/cargo-home/bin/cargo" "+beta-2024-12-08" "metadata" "--manifest-path" "Cargo.toml" "--no-deps", kill_on_drop: false }`
[INFO] started tweaking git repo https://github.com/sdunifon/rusty-neural-net
[INFO] finished tweaking git repo https://github.com/sdunifon/rusty-neural-net
[INFO] tweaked toml for git repo https://github.com/sdunifon/rusty-neural-net written to /workspace/builds/worker-0-tc2/source/Cargo.toml
[INFO] crate git repo https://github.com/sdunifon/rusty-neural-net already has a lockfile, it will not be regenerated
[INFO] running `Command { std: CARGO_HOME="/workspace/cargo-home" RUSTUP_HOME="/workspace/rustup-home" "/workspace/cargo-home/bin/cargo" "+beta-2024-12-08" "fetch" "--manifest-path" "Cargo.toml", kill_on_drop: false }`
[INFO] [stderr] warning: the cargo feature `strip` has been stabilized in the 1.58 release and is no longer necessary to be listed in the manifest
[INFO] [stderr]   See https://doc.rust-lang.org/beta/cargo/reference/profiles.html#strip-option for more information about using this feature.
[INFO] [stderr]     Blocking waiting for file lock on package cache
[INFO] [stderr]     Blocking waiting for file lock on package cache
[ERROR] error running command: no output for 300 seconds
[INFO] testing sdunifon/rusty-neural-net against beta-2024-12-08 for beta-1.84.0-4-retry
[INFO] running `Command { std: "git" "clone" "/workspace/cache/git-repos/https%3A%2F%2Fgithub.com%2Fsdunifon%2Frusty-neural-net" "/workspace/builds/worker-0-tc2/source", kill_on_drop: false }`
[INFO] [stderr] Cloning into '/workspace/builds/worker-0-tc2/source'...
[INFO] [stderr] done.
[INFO] validating manifest of git repo https://github.com/sdunifon/rusty-neural-net on toolchain beta-2024-12-08
[INFO] running `Command { std: CARGO_HOME="/workspace/cargo-home" RUSTUP_HOME="/workspace/rustup-home" "/workspace/cargo-home/bin/cargo" "+beta-2024-12-08" "metadata" "--manifest-path" "Cargo.toml" "--no-deps", kill_on_drop: false }`
[INFO] started tweaking git repo https://github.com/sdunifon/rusty-neural-net
[INFO] finished tweaking git repo https://github.com/sdunifon/rusty-neural-net
[INFO] tweaked toml for git repo https://github.com/sdunifon/rusty-neural-net written to /workspace/builds/worker-0-tc2/source/Cargo.toml
[INFO] crate git repo https://github.com/sdunifon/rusty-neural-net already has a lockfile, it will not be regenerated
[INFO] running `Command { std: CARGO_HOME="/workspace/cargo-home" RUSTUP_HOME="/workspace/rustup-home" "/workspace/cargo-home/bin/cargo" "+beta-2024-12-08" "fetch" "--manifest-path" "Cargo.toml", kill_on_drop: false }`
[INFO] [stderr] warning: the cargo feature `strip` has been stabilized in the 1.58 release and is no longer necessary to be listed in the manifest
[INFO] [stderr]   See https://doc.rust-lang.org/beta/cargo/reference/profiles.html#strip-option for more information about using this feature.
[INFO] [stderr]     Blocking waiting for file lock on package cache
[INFO] [stderr]     Blocking waiting for file lock on package cache
[INFO] running `Command { std: "docker" "create" "-v" "/var/lib/crater-agent-workspace/builds/worker-0-tc2/target:/opt/rustwide/target:rw,Z" "-v" "/var/lib/crater-agent-workspace/builds/worker-0-tc2/source:/opt/rustwide/workdir:ro,Z" "-v" "/var/lib/crater-agent-workspace/cargo-home:/opt/rustwide/cargo-home:ro,Z" "-v" "/var/lib/crater-agent-workspace/rustup-home:/opt/rustwide/rustup-home:ro,Z" "-e" "SOURCE_DIR=/opt/rustwide/workdir" "-e" "CARGO_TARGET_DIR=/opt/rustwide/target" "-e" "CARGO_HOME=/opt/rustwide/cargo-home" "-e" "RUSTUP_HOME=/opt/rustwide/rustup-home" "-w" "/opt/rustwide/workdir" "-m" "1610612736" "--user" "0:0" "--network" "none" "ghcr.io/rust-lang/crates-build-env/linux@sha256:f3a9d4ad9d972b27faf3965f35b62e55ba32bbce8f20bc8fe909558a86702fde" "/opt/rustwide/cargo-home/bin/cargo" "+beta-2024-12-08" "metadata" "--no-deps" "--format-version=1", kill_on_drop: false }`
[INFO] [stdout] 2dd5c9770e5e38ee7f1362f00e8996573298bc2a86637de51f9a5d29049cdb71
[INFO] running `Command { std: "docker" "start" "-a" "2dd5c9770e5e38ee7f1362f00e8996573298bc2a86637de51f9a5d29049cdb71", kill_on_drop: false }`
[INFO] running `Command { std: "docker" "inspect" "2dd5c9770e5e38ee7f1362f00e8996573298bc2a86637de51f9a5d29049cdb71", kill_on_drop: false }`
[INFO] running `Command { std: "docker" "rm" "-f" "2dd5c9770e5e38ee7f1362f00e8996573298bc2a86637de51f9a5d29049cdb71", kill_on_drop: false }`
[INFO] [stdout] 2dd5c9770e5e38ee7f1362f00e8996573298bc2a86637de51f9a5d29049cdb71
[INFO] running `Command { std: "docker" "create" "-v" "/var/lib/crater-agent-workspace/builds/worker-0-tc2/target:/opt/rustwide/target:rw,Z" "-v" "/var/lib/crater-agent-workspace/builds/worker-0-tc2/source:/opt/rustwide/workdir:ro,Z" "-v" "/var/lib/crater-agent-workspace/cargo-home:/opt/rustwide/cargo-home:ro,Z" "-v" "/var/lib/crater-agent-workspace/rustup-home:/opt/rustwide/rustup-home:ro,Z" "-e" "SOURCE_DIR=/opt/rustwide/workdir" "-e" "CARGO_TARGET_DIR=/opt/rustwide/target" "-e" "CARGO_INCREMENTAL=0" "-e" "RUST_BACKTRACE=full" "-e" "RUSTFLAGS=--cap-lints=warn" "-e" "RUSTDOCFLAGS=--cap-lints=warn" "-e" "CARGO_HOME=/opt/rustwide/cargo-home" "-e" "RUSTUP_HOME=/opt/rustwide/rustup-home" "-w" "/opt/rustwide/workdir" "-m" "1610612736" "--user" "0:0" "--network" "none" "ghcr.io/rust-lang/crates-build-env/linux@sha256:f3a9d4ad9d972b27faf3965f35b62e55ba32bbce8f20bc8fe909558a86702fde" "/opt/rustwide/cargo-home/bin/cargo" "+beta-2024-12-08" "build" "--frozen" "--message-format=json", kill_on_drop: false }`
[INFO] [stdout] b87b5916301d3e65603f9c1172010e7c18af8cd319237212fc006f82104d51a6
[INFO] running `Command { std: "docker" "start" "-a" "b87b5916301d3e65603f9c1172010e7c18af8cd319237212fc006f82104d51a6", kill_on_drop: false }`
[INFO] [stderr] warning: the cargo feature `strip` has been stabilized in the 1.58 release and is no longer necessary to be listed in the manifest
[INFO] [stderr]   See https://doc.rust-lang.org/beta/cargo/reference/profiles.html#strip-option for more information about using this feature.
[INFO] [stderr]    Compiling autocfg v1.0.1
[INFO] [stderr]    Compiling cfg-if v1.0.0
[INFO] [stderr]    Compiling libc v0.2.100
[INFO] [stderr]    Compiling crossbeam-utils v0.8.5
[INFO] [stderr]    Compiling lazy_static v1.4.0
[INFO] [stderr]    Compiling crossbeam-epoch v0.9.5
[INFO] [stderr]    Compiling scopeguard v1.1.0
[INFO] [stderr]    Compiling rayon-core v1.9.1
[INFO] [stderr]    Compiling adler32 v1.2.0
[INFO] [stderr]    Compiling crc32fast v1.2.1
[INFO] [stderr]    Compiling either v1.6.1
[INFO] [stderr]    Compiling weezl v0.1.5
[INFO] [stderr]    Compiling byteorder v1.4.3
[INFO] [stderr]    Compiling adler v1.0.2
[INFO] [stderr]    Compiling bitflags v1.3.2
[INFO] [stderr]    Compiling ppv-lite86 v0.2.10
[INFO] [stderr]    Compiling color_quant v1.1.0
[INFO] [stderr]    Compiling bytemuck v1.7.2
[INFO] [stderr]    Compiling scoped_threadpool v0.1.9
[INFO] [stderr]    Compiling miniz_oxide v0.3.7
[INFO] [stderr]    Compiling gif v0.11.2
[INFO] [stderr]    Compiling deflate v0.8.6
[INFO] [stderr]    Compiling memoffset v0.6.4
[INFO] [stderr]    Compiling num-traits v0.2.14
[INFO] [stderr]    Compiling rayon v1.5.1
[INFO] [stderr]    Compiling num-integer v0.1.44
[INFO] [stderr]    Compiling miniz_oxide v0.4.4
[INFO] [stderr]    Compiling num-rational v0.3.2
[INFO] [stderr]    Compiling num-iter v0.1.42
[INFO] [stderr]    Compiling png v0.16.8
[INFO] [stderr]    Compiling crossbeam-channel v0.5.1
[INFO] [stderr]    Compiling num_cpus v1.13.0
[INFO] [stderr]    Compiling getrandom v0.2.3
[INFO] [stderr]    Compiling crossbeam-deque v0.8.1
[INFO] [stderr]    Compiling rand_core v0.6.3
[INFO] [stderr]    Compiling rand_chacha v0.3.1
[INFO] [stderr]    Compiling float-cmp v0.9.0
[INFO] [stderr]    Compiling rand v0.8.4
[INFO] [stderr]    Compiling jpeg-decoder v0.1.22
[INFO] [stderr]    Compiling tiff v0.6.1
[INFO] [stderr]    Compiling image v0.23.14
[INFO] [stderr]    Compiling rusty-neural-net v0.1.0 (/opt/rustwide/workdir)
[INFO] [stdout] error[E0554]: `#![feature]` may not be used on the beta release channel
[INFO] [stdout]  --> src/main.rs:1:1
[INFO] [stdout]   |
[INFO] [stdout] 1 | #![feature(test)]
[INFO] [stdout]   | ^^^^^^^^^^^^^^^^^
[INFO] [stdout] 
[INFO] [stdout] 
[INFO] [stdout] error[E0554]: `#![feature]` may not be used on the beta release channel
[INFO] [stdout]  --> src/main.rs:2:1
[INFO] [stdout]   |
[INFO] [stdout] 2 | #![feature(generic_const_exprs)]
[INFO] [stdout]   | ^^^^^^^^^^^^^^^^^^^^^^^^^^^^^^^^
[INFO] [stdout] 
[INFO] [stdout] 
[INFO] [stdout] error[E0554]: `#![feature]` may not be used on the beta release channel
[INFO] [stdout]  --> src/main.rs:3:1
[INFO] [stdout]   |
[INFO] [stdout] 3 | #![feature(associated_type_defaults)]
[INFO] [stdout]   | ^^^^^^^^^^^^^^^^^^^^^^^^^^^^^^^^^^^^^
[INFO] [stdout] 
[INFO] [stdout] 
[INFO] [stdout] error[E0554]: `#![feature]` may not be used on the beta release channel
[INFO] [stdout]  --> src/main.rs:4:1
[INFO] [stdout]   |
[INFO] [stdout] 4 | #![feature(generic_arg_infer)]
[INFO] [stdout]   | ^^^^^^^^^^^^^^^^^^^^^^^^^^^^^^
[INFO] [stdout] 
[INFO] [stdout] 
[INFO] [stdout] warning: the feature `generic_const_exprs` is incomplete and may not be safe to use and/or cause compiler crashes
[INFO] [stdout]  --> src/main.rs:2:12
[INFO] [stdout]   |
[INFO] [stdout] 2 | #![feature(generic_const_exprs)]
[INFO] [stdout]   |            ^^^^^^^^^^^^^^^^^^^
[INFO] [stdout]   |
[INFO] [stdout]   = note: see issue #76560 <https://github.com/rust-lang/rust/issues/76560> for more information
[INFO] [stdout]   = note: `#[warn(incomplete_features)]` on by default
[INFO] [stdout] 
[INFO] [stdout] 
[INFO] [stdout] warning: unused import: `super::Graph`
[INFO] [stdout]  --> src/graph/training.rs:1:5
[INFO] [stdout]   |
[INFO] [stdout] 1 | use super::Graph;
[INFO] [stdout]   |     ^^^^^^^^^^^^
[INFO] [stdout]   |
[INFO] [stdout]   = note: `#[warn(unused_imports)]` on by default
[INFO] [stdout] 
[INFO] [stdout] 
[INFO] [stdout] warning: unused import: `path::Path`
[INFO] [stdout]  --> src/input/input_image.rs:3:23
[INFO] [stdout]   |
[INFO] [stdout] 3 | use std::{ops::Index, path::Path};
[INFO] [stdout]   |                       ^^^^^^^^^^
[INFO] [stdout] 
[INFO] [stdout] 
[INFO] [stdout] warning: unused import: `super::InputFile`
[INFO] [stdout]  --> src/input/input_image.rs:5:5
[INFO] [stdout]   |
[INFO] [stdout] 5 | use super::InputFile;
[INFO] [stdout]   |     ^^^^^^^^^^^^^^^^
[INFO] [stdout] 
[INFO] [stdout] 
[INFO] [stdout] warning: unnecessary parentheses around index expression
[INFO] [stdout]   --> src/input/input_image.rs:40:31
[INFO] [stdout]    |
[INFO] [stdout] 40 |             image::Luma([self[(x as usize + (y as usize * W))]])
[INFO] [stdout]    |                               ^                             ^
[INFO] [stdout]    |
[INFO] [stdout]    = note: `#[warn(unused_parens)]` on by default
[INFO] [stdout] help: remove these parentheses
[INFO] [stdout]    |
[INFO] [stdout] 40 -             image::Luma([self[(x as usize + (y as usize * W))]])
[INFO] [stdout] 40 +             image::Luma([self[x as usize + (y as usize * W)]])
[INFO] [stdout]    |
[INFO] [stdout] 
[INFO] [stdout] 
[INFO] [stdout] warning: unused import: `GenericImageView`
[INFO] [stdout]  --> src/input/input_image.rs:1:13
[INFO] [stdout]   |
[INFO] [stdout] 1 | use image::{GenericImageView, ImageBuffer, Luma};
[INFO] [stdout]   |             ^^^^^^^^^^^^^^^^
[INFO] [stdout] 
[INFO] [stdout] 
[INFO] [stdout] error: lifetime may not live long enough
[INFO] [stdout]   --> src/graph.rs:26:21
[INFO] [stdout]    |
[INFO] [stdout] 15 | impl<'a, const LAYER_COUNT: usize, const LAYER_SIZE: usize> Graph<'a, LAYER_COUNT, LAYER_SIZE> {
[INFO] [stdout]    |      -- lifetime `'a` defined here
[INFO] [stdout] ...
[INFO] [stdout] 25 |     fn train(&mut self, training_input: &dyn WithTrainingData<LAYER_SIZE>) {
[INFO] [stdout]    |              - let's call the lifetime of this reference `'1`
[INFO] [stdout] 26 |         let layer = self.input_layer();
[INFO] [stdout]    |                     ^^^^^^^^^^^^^^^^^^ argument requires that `'1` must outlive `'a`
[INFO] [stdout] 
[INFO] [stdout] 
[INFO] [stdout] For more information about this error, try `rustc --explain E0554`.
[INFO] [stdout] 
[INFO] [stderr] error: could not compile `rusty-neural-net` (bin "rusty-neural-net") due to 5 previous errors; 6 warnings emitted
[INFO] running `Command { std: "docker" "inspect" "b87b5916301d3e65603f9c1172010e7c18af8cd319237212fc006f82104d51a6", kill_on_drop: false }`
[INFO] running `Command { std: "docker" "rm" "-f" "b87b5916301d3e65603f9c1172010e7c18af8cd319237212fc006f82104d51a6", kill_on_drop: false }`
[INFO] [stdout] b87b5916301d3e65603f9c1172010e7c18af8cd319237212fc006f82104d51a6
