[INFO] cloning repository https://github.com/ronvoluted/darktide-local-server
[INFO] running `Command { std: "git" "-c" "credential.helper=" "-c" "credential.helper=/workspace/cargo-home/bin/git-credential-null" "clone" "--bare" "https://github.com/ronvoluted/darktide-local-server" "/workspace/cache/git-repos/https%3A%2F%2Fgithub.com%2Fronvoluted%2Fdarktide-local-server", kill_on_drop: false }`
[INFO] [stderr] Cloning into bare repository '/workspace/cache/git-repos/https%3A%2F%2Fgithub.com%2Fronvoluted%2Fdarktide-local-server'...
[INFO] running `Command { std: "git" "rev-parse" "HEAD", kill_on_drop: false }`
[INFO] [stdout] c96a044c58c225ae5b9e8be27234773c8b34c05d
[INFO] testing ronvoluted/darktide-local-server against beta-2024-12-08 for beta-1.84.0-4-retry
[INFO] running `Command { std: "git" "clone" "/workspace/cache/git-repos/https%3A%2F%2Fgithub.com%2Fronvoluted%2Fdarktide-local-server" "/workspace/builds/worker-6-tc2/source", kill_on_drop: false }`
[INFO] [stderr] Cloning into '/workspace/builds/worker-6-tc2/source'...
[INFO] [stderr] done.
[INFO] validating manifest of git repo https://github.com/ronvoluted/darktide-local-server on toolchain beta-2024-12-08
[INFO] running `Command { std: CARGO_HOME="/workspace/cargo-home" RUSTUP_HOME="/workspace/rustup-home" "/workspace/cargo-home/bin/cargo" "+beta-2024-12-08" "metadata" "--manifest-path" "Cargo.toml" "--no-deps", kill_on_drop: false }`
[INFO] removed /workspace/builds/worker-6-tc2/source/.cargo/config
[INFO] started tweaking git repo https://github.com/ronvoluted/darktide-local-server
[INFO] finished tweaking git repo https://github.com/ronvoluted/darktide-local-server
[INFO] tweaked toml for git repo https://github.com/ronvoluted/darktide-local-server written to /workspace/builds/worker-6-tc2/source/Cargo.toml
[INFO] crate git repo https://github.com/ronvoluted/darktide-local-server already has a lockfile, it will not be regenerated
[INFO] running `Command { std: CARGO_HOME="/workspace/cargo-home" RUSTUP_HOME="/workspace/rustup-home" "/workspace/cargo-home/bin/cargo" "+beta-2024-12-08" "fetch" "--manifest-path" "Cargo.toml", kill_on_drop: false }`
[INFO] [stderr]     Blocking waiting for file lock on package cache
[INFO] [stderr]     Updating crates.io index
[INFO] [stderr]     Blocking waiting for file lock on package cache
[INFO] [stderr]  Downloading crates ...
[INFO] [stderr]   Downloaded ogg_pager v0.5.0
[INFO] [stderr]   Downloaded lofty_attr v0.9.0
[INFO] [stderr]   Downloaded ispc_rt v2.0.0
[INFO] [stderr]   Downloaded tiny_http v0.12.0
[INFO] [stderr]   Downloaded embed-resource v2.3.0
[INFO] [stderr]   Downloaded image_dds v0.1.1
[INFO] [stderr]   Downloaded ddsfile v0.5.1
[INFO] [stderr]   Downloaded ascii v1.1.0
[INFO] [stderr]   Downloaded winreg v0.51.0
[INFO] [stderr]   Downloaded bcndecode-sys v0.1.0
[INFO] [stderr]   Downloaded winnow v0.5.16
[INFO] [stderr]   Downloaded bindgen v0.53.3
[INFO] [stderr]   Downloaded lofty v0.16.1
[INFO] [stderr]   Downloaded exr v1.6.4
[INFO] [stderr]   Downloaded intel_tex_2 v0.2.2
[INFO] [stderr]   Downloaded semver v1.0.19
[INFO] running `Command { std: "docker" "create" "-v" "/var/lib/crater-agent-workspace/builds/worker-6-tc2/target:/opt/rustwide/target:rw,Z" "-v" "/var/lib/crater-agent-workspace/builds/worker-6-tc2/source:/opt/rustwide/workdir:ro,Z" "-v" "/var/lib/crater-agent-workspace/cargo-home:/opt/rustwide/cargo-home:ro,Z" "-v" "/var/lib/crater-agent-workspace/rustup-home:/opt/rustwide/rustup-home:ro,Z" "-e" "SOURCE_DIR=/opt/rustwide/workdir" "-e" "CARGO_TARGET_DIR=/opt/rustwide/target" "-e" "CARGO_HOME=/opt/rustwide/cargo-home" "-e" "RUSTUP_HOME=/opt/rustwide/rustup-home" "-w" "/opt/rustwide/workdir" "-m" "1610612736" "--user" "0:0" "--network" "none" "ghcr.io/rust-lang/crates-build-env/linux@sha256:f3a9d4ad9d972b27faf3965f35b62e55ba32bbce8f20bc8fe909558a86702fde" "/opt/rustwide/cargo-home/bin/cargo" "+beta-2024-12-08" "metadata" "--no-deps" "--format-version=1", kill_on_drop: false }`
[INFO] [stdout] 52937b18f7ed4445fbdbb21382e36e9e84e53fc1b7cfacb990bbe3316d6eba84
[INFO] running `Command { std: "docker" "start" "-a" "52937b18f7ed4445fbdbb21382e36e9e84e53fc1b7cfacb990bbe3316d6eba84", kill_on_drop: false }`
[INFO] running `Command { std: "docker" "inspect" "52937b18f7ed4445fbdbb21382e36e9e84e53fc1b7cfacb990bbe3316d6eba84", kill_on_drop: false }`
[INFO] running `Command { std: "docker" "rm" "-f" "52937b18f7ed4445fbdbb21382e36e9e84e53fc1b7cfacb990bbe3316d6eba84", kill_on_drop: false }`
[INFO] [stdout] 52937b18f7ed4445fbdbb21382e36e9e84e53fc1b7cfacb990bbe3316d6eba84
[INFO] running `Command { std: "docker" "create" "-v" "/var/lib/crater-agent-workspace/builds/worker-6-tc2/target:/opt/rustwide/target:rw,Z" "-v" "/var/lib/crater-agent-workspace/builds/worker-6-tc2/source:/opt/rustwide/workdir:ro,Z" "-v" "/var/lib/crater-agent-workspace/cargo-home:/opt/rustwide/cargo-home:ro,Z" "-v" "/var/lib/crater-agent-workspace/rustup-home:/opt/rustwide/rustup-home:ro,Z" "-e" "SOURCE_DIR=/opt/rustwide/workdir" "-e" "CARGO_TARGET_DIR=/opt/rustwide/target" "-e" "CARGO_INCREMENTAL=0" "-e" "RUST_BACKTRACE=full" "-e" "RUSTFLAGS=--cap-lints=warn" "-e" "RUSTDOCFLAGS=--cap-lints=warn" "-e" "CARGO_HOME=/opt/rustwide/cargo-home" "-e" "RUSTUP_HOME=/opt/rustwide/rustup-home" "-w" "/opt/rustwide/workdir" "-m" "1610612736" "--user" "0:0" "--network" "none" "ghcr.io/rust-lang/crates-build-env/linux@sha256:f3a9d4ad9d972b27faf3965f35b62e55ba32bbce8f20bc8fe909558a86702fde" "/opt/rustwide/cargo-home/bin/cargo" "+beta-2024-12-08" "build" "--frozen" "--message-format=json", kill_on_drop: false }`
[INFO] [stdout] 359c532c10485c130bd713092313c1fa235dd7e0b21148a4a9a4145a2c996d58
[INFO] running `Command { std: "docker" "start" "-a" "359c532c10485c130bd713092313c1fa235dd7e0b21148a4a9a4145a2c996d58", kill_on_drop: false }`
[INFO] [stderr]    Compiling libc v0.2.149
[INFO] [stderr]    Compiling proc-macro2 v1.0.67
[INFO] [stderr]    Compiling crossbeam-utils v0.8.16
[INFO] [stderr]    Compiling memoffset v0.9.0
[INFO] [stderr]    Compiling crossbeam-epoch v0.9.15
[INFO] [stderr]    Compiling memchr v2.6.3
[INFO] [stderr]    Compiling simd-adler32 v0.3.7
[INFO] [stderr]    Compiling regex-syntax v0.7.5
[INFO] [stderr]    Compiling num-traits v0.2.17
[INFO] [stderr]    Compiling rayon-core v1.12.0
[INFO] [stderr]    Compiling serde v1.0.188
[INFO] [stderr]    Compiling nom v5.1.3
[INFO] [stderr]    Compiling adler v1.0.2
[INFO] [stderr]    Compiling crc32fast v1.3.2
[INFO] [stderr]    Compiling lock_api v0.4.11
[INFO] [stderr]    Compiling clang-sys v0.29.3
[INFO] [stderr]    Compiling unicode-width v0.1.11
[INFO] [stderr]    Compiling miniz_oxide v0.7.1
[INFO] [stderr]    Compiling quick-error v1.2.3
[INFO] [stderr]    Compiling textwrap v0.11.0
[INFO] [stderr]    Compiling log v0.4.20
[INFO] [stderr]    Compiling humantime v1.3.0
[INFO] [stderr]    Compiling ansi_term v0.12.1
[INFO] [stderr]    Compiling futures-core v0.3.28
[INFO] [stderr]    Compiling termcolor v1.3.0
[INFO] [stderr]    Compiling semver v1.0.19
[INFO] [stderr]    Compiling vec_map v0.8.2
[INFO] [stderr]    Compiling aho-corasick v1.1.1
[INFO] [stderr]    Compiling strsim v0.8.0
[INFO] [stderr]    Compiling hashbrown v0.14.1
[INFO] [stderr]    Compiling either v1.9.0
[INFO] [stderr]    Compiling quote v1.0.33
[INFO] [stderr]    Compiling bindgen v0.53.3
[INFO] [stderr]    Compiling flate2 v1.0.28
[INFO] [stderr]    Compiling unicase v2.7.0
[INFO] [stderr]    Compiling syn v2.0.37
[INFO] [stderr]    Compiling crossbeam-deque v0.8.3
[INFO] [stderr]    Compiling num-integer v0.1.45
[INFO] [stderr]    Compiling cfg-if v0.1.10
[INFO] [stderr]    Compiling winnow v0.5.16
[INFO] [stderr]    Compiling rustversion v1.0.14
[INFO] [stderr]    Compiling shlex v0.1.1
[INFO] [stderr]    Compiling syn v1.0.109
[INFO] [stderr]    Compiling cc v1.0.83
[INFO] [stderr]    Compiling atty v0.2.14
[INFO] [stderr]    Compiling num_cpus v1.16.0
[INFO] [stderr]    Compiling clap v2.34.0
[INFO] [stderr]    Compiling which v3.1.1
[INFO] [stderr]    Compiling indexmap v2.0.2
[INFO] [stderr]    Compiling getrandom v0.2.10
[INFO] [stderr]    Compiling spin v0.9.8
[INFO] [stderr]    Compiling nanorand v0.7.0
[INFO] [stderr]    Compiling ispc_rt v2.0.0
[INFO] [stderr]    Compiling num-rational v0.4.1
[INFO] [stderr]    Compiling rayon v1.8.0
[INFO] [stderr]    Compiling weezl v0.1.7
[INFO] [stderr]    Compiling cexpr v0.4.0
[INFO] [stderr]    Compiling futures-sink v0.3.28
[INFO] [stderr]    Compiling num-traits v0.1.43
[INFO] [stderr]    Compiling rustc_version v0.4.0
[INFO] [stderr]    Compiling regex-automata v0.3.8
[INFO] [stderr]    Compiling zune-inflate v0.2.54
[INFO] [stderr]    Compiling fdeflate v0.3.0
[INFO] [stderr]    Compiling intel_tex_2 v0.2.2
[INFO] [stderr]    Compiling lebe v0.5.2
[INFO] [stderr]    Compiling libloading v0.5.2
[INFO] [stderr]    Compiling bit_field v0.10.2
[INFO] [stderr]    Compiling color_quant v1.1.0
[INFO] [stderr]    Compiling smallvec v1.11.1
[INFO] [stderr]    Compiling crossbeam-queue v0.3.8
[INFO] [stderr]    Compiling thiserror v1.0.49
[INFO] [stderr]    Compiling paste v1.0.14
[INFO] [stderr]    Compiling gif v0.12.0
[INFO] [stderr]    Compiling png v0.17.10
[INFO] [stderr]    Compiling mime_guess v2.0.4
[INFO] [stderr]    Compiling enum_primitive v0.1.1
[INFO] [stderr]    Compiling unicode-normalization v0.1.22
[INFO] [stderr]    Compiling winapi v0.3.9
[INFO] [stderr]    Compiling serde_spanned v0.6.3
[INFO] [stderr]    Compiling toml_datetime v0.6.3
[INFO] [stderr]    Compiling serde_json v1.0.107
[INFO] [stderr]    Compiling percent-encoding v2.3.0
[INFO] [stderr]    Compiling unicode-bidi v0.3.13
[INFO] [stderr]    Compiling toml_edit v0.19.15
[INFO] [stderr]    Compiling once_cell v1.18.0
[INFO] [stderr]    Compiling form_urlencoded v1.2.0
[INFO] [stderr]    Compiling ddsfile v0.5.1
[INFO] [stderr]    Compiling jpeg-decoder v0.3.0
[INFO] [stderr]    Compiling idna v0.4.0
[INFO] [stderr]    Compiling ogg_pager v0.5.0
[INFO] [stderr]    Compiling crossbeam-channel v0.5.8
[INFO] [stderr]    Compiling ascii v1.1.0
[INFO] [stderr]    Compiling base64 v0.21.4
[INFO] [stderr]    Compiling tiff v0.9.0
[INFO] [stderr]    Compiling ryu v1.0.15
[INFO] [stderr]    Compiling itoa v1.0.9
[INFO] [stderr]    Compiling chunked_transfer v1.4.1
[INFO] [stderr]    Compiling tiny_http v0.12.0
[INFO] [stderr]    Compiling url v2.4.1
[INFO] [stderr]    Compiling crossbeam v0.8.2
[INFO] [stderr]    Compiling sysinfo v0.29.10
[INFO] [stderr]    Compiling bytemuck_derive v1.5.0
[INFO] [stderr]    Compiling pin-project-internal v1.1.3
[INFO] [stderr]    Compiling serde_derive v1.0.188
[INFO] [stderr]    Compiling regex v1.9.5
[INFO] [stderr]    Compiling strum_macros v0.24.3
[INFO] [stderr]    Compiling thiserror-impl v1.0.49
[INFO] [stderr]    Compiling lofty_attr v0.9.0
[INFO] [stderr]    Compiling env_logger v0.7.1
[INFO] [stderr]    Compiling bytemuck v1.14.0
[INFO] [stderr]    Compiling toml v0.7.8
[INFO] [stderr]    Compiling half v2.3.1
[INFO] [stderr]    Compiling qoi v0.4.1
[INFO] [stderr]    Compiling embed-resource v2.3.0
[INFO] [stderr]    Compiling pin-project v1.1.3
[INFO] [stderr]    Compiling flume v0.10.14
[INFO] [stderr]    Compiling lofty v0.16.1
[INFO] [stderr]    Compiling darktide-local-server v1.4.4 (/opt/rustwide/workdir)
[INFO] [stderr]    Compiling exr v1.6.4
[INFO] [stderr]    Compiling strum v0.24.1
[INFO] [stderr]    Compiling image v0.24.7
[INFO] [stderr]    Compiling bcndecode-sys v0.1.0
[INFO] [stderr]    Compiling image_dds v0.1.1
[INFO] [stdout] error[E0433]: failed to resolve: could not find `windows` in `os`
[INFO] [stdout]   --> src/main.rs:10:9
[INFO] [stdout]    |
[INFO] [stdout] 10 |     os::windows::ffi::OsStrExt, ptr, sync::Mutex, thread, time::Duration,
[INFO] [stdout]    |         ^^^^^^^ could not find `windows` in `os`
[INFO] [stdout]    |
[INFO] [stdout] note: found an item that was configured out
[INFO] [stdout]   --> /rustc/202008a1b8de96d2e5b6bc02d379db03a877d34d/library/std/src/os/mod.rs:63:9
[INFO] [stdout] note: the item is gated here
[INFO] [stdout]   --> /rustc/202008a1b8de96d2e5b6bc02d379db03a877d34d/library/std/src/os/mod.rs:55:1
[INFO] [stdout] note: found an item that was configured out
[INFO] [stdout]   --> /rustc/202008a1b8de96d2e5b6bc02d379db03a877d34d/library/std/src/os/mod.rs:121:9
[INFO] [stdout] note: the item is gated here
[INFO] [stdout]   --> /rustc/202008a1b8de96d2e5b6bc02d379db03a877d34d/library/std/src/os/mod.rs:120:1
[INFO] [stdout] 
[INFO] [stdout] 
[INFO] [stdout] error[E0433]: failed to resolve: could not find `shared` in `winapi`
[INFO] [stdout]   --> src/main.rs:14:5
[INFO] [stdout]    |
[INFO] [stdout] 14 |     shared::winerror::ERROR_ALREADY_EXISTS, um::errhandlingapi::GetLastError,
[INFO] [stdout]    |     ^^^^^^ could not find `shared` in `winapi`
[INFO] [stdout] 
[INFO] [stdout] 
[INFO] [stdout] error[E0433]: failed to resolve: could not find `um` in `winapi`
[INFO] [stdout]   --> src/main.rs:14:45
[INFO] [stdout]    |
[INFO] [stdout] 14 |     shared::winerror::ERROR_ALREADY_EXISTS, um::errhandlingapi::GetLastError,
[INFO] [stdout]    |                                             ^^ could not find `um` in `winapi`
[INFO] [stdout] 
[INFO] [stdout] 
[INFO] [stdout] error[E0433]: failed to resolve: could not find `um` in `winapi`
[INFO] [stdout]   --> src/main.rs:15:5
[INFO] [stdout]    |
[INFO] [stdout] 15 |     um::synchapi::CreateMutexW,
[INFO] [stdout]    |     ^^ could not find `um` in `winapi`
[INFO] [stdout] 
[INFO] [stdout] 
[INFO] [stdout] error[E0433]: failed to resolve: could not find `um` in `winapi`
[INFO] [stdout]  --> src/processes.rs:3:13
[INFO] [stdout]   |
[INFO] [stdout] 3 | use winapi::um::{
[INFO] [stdout]   |             ^^ could not find `um` in `winapi`
[INFO] [stdout] 
[INFO] [stdout] 
[INFO] [stdout] error[E0433]: failed to resolve: could not find `windows` in `os`
[INFO] [stdout]  --> src/handlers/run.rs:4:9
[INFO] [stdout]   |
[INFO] [stdout] 4 |     os::windows::process::CommandExt,
[INFO] [stdout]   |         ^^^^^^^ could not find `windows` in `os`
[INFO] [stdout]   |
[INFO] [stdout] note: found an item that was configured out
[INFO] [stdout]  --> /rustc/202008a1b8de96d2e5b6bc02d379db03a877d34d/library/std/src/os/mod.rs:63:9
[INFO] [stdout] note: the item is gated here
[INFO] [stdout]  --> /rustc/202008a1b8de96d2e5b6bc02d379db03a877d34d/library/std/src/os/mod.rs:55:1
[INFO] [stdout] note: found an item that was configured out
[INFO] [stdout]  --> /rustc/202008a1b8de96d2e5b6bc02d379db03a877d34d/library/std/src/os/mod.rs:121:9
[INFO] [stdout] note: the item is gated here
[INFO] [stdout]  --> /rustc/202008a1b8de96d2e5b6bc02d379db03a877d34d/library/std/src/os/mod.rs:120:1
[INFO] [stdout] 
[INFO] [stdout] 
[INFO] [stdout] error[E0433]: failed to resolve: could not find `um` in `winapi`
[INFO] [stdout]  --> src/handlers/run.rs:9:13
[INFO] [stdout]   |
[INFO] [stdout] 9 | use winapi::um::winbase::CREATE_NO_WINDOW;
[INFO] [stdout]   |             ^^ could not find `um` in `winapi`
[INFO] [stdout] 
[INFO] [stdout] 
[INFO] [stdout] error[E0599]: no method named `creation_flags` found for mutable reference `&mut Command` in the current scope
[INFO] [stdout]   --> src/handlers/run.rs:58:10
[INFO] [stdout]    |
[INFO] [stdout] 54 |       match Command::new(executable)
[INFO] [stdout]    |  ___________-
[INFO] [stdout] 55 | |         .args(args)
[INFO] [stdout] 56 | |         .stdout(Stdio::piped())
[INFO] [stdout] 57 | |         .stderr(Stdio::piped())
[INFO] [stdout] 58 | |         .creation_flags(CREATE_NO_WINDOW)
[INFO] [stdout]    | |         -^^^^^^^^^^^^^^ method not found in `&mut Command`
[INFO] [stdout]    | |_________|
[INFO] [stdout]    |
[INFO] [stdout] 
[INFO] [stdout] 
[INFO] [stdout] error[E0599]: no method named `encode_wide` found for reference `&OsStr` in the current scope
[INFO] [stdout]   --> src/main.rs:53:10
[INFO] [stdout]    |
[INFO] [stdout] 52 |       let mutex_name: Vec<u16> = OsStr::new(MUTEX_NAME)
[INFO] [stdout]    |  ________________________________-
[INFO] [stdout] 53 | |         .encode_wide()
[INFO] [stdout]    | |         -^^^^^^^^^^^ method not found in `&OsStr`
[INFO] [stdout]    | |_________|
[INFO] [stdout]    |
[INFO] [stdout] 
[INFO] [stdout] 
[INFO] [stdout] Some errors have detailed explanations: E0433, E0599.
[INFO] [stdout] 
[INFO] [stdout] For more information about an error, try `rustc --explain E0433`.
[INFO] [stdout] 
[INFO] [stderr] error: could not compile `darktide-local-server` (bin "DarktideLocalServer") due to 9 previous errors
[INFO] running `Command { std: "docker" "inspect" "359c532c10485c130bd713092313c1fa235dd7e0b21148a4a9a4145a2c996d58", kill_on_drop: false }`
[INFO] running `Command { std: "docker" "rm" "-f" "359c532c10485c130bd713092313c1fa235dd7e0b21148a4a9a4145a2c996d58", kill_on_drop: false }`
[INFO] [stdout] 359c532c10485c130bd713092313c1fa235dd7e0b21148a4a9a4145a2c996d58
