[INFO] cloning repository https://github.com/robgev/rust-http-server
[INFO] running `Command { std: "git" "-c" "credential.helper=" "-c" "credential.helper=/workspace/cargo-home/bin/git-credential-null" "clone" "--bare" "https://github.com/robgev/rust-http-server" "/workspace/cache/git-repos/https%3A%2F%2Fgithub.com%2Frobgev%2Frust-http-server", kill_on_drop: false }`
[INFO] [stderr] Cloning into bare repository '/workspace/cache/git-repos/https%3A%2F%2Fgithub.com%2Frobgev%2Frust-http-server'...
[INFO] running `Command { std: "git" "rev-parse" "HEAD", kill_on_drop: false }`
[INFO] [stdout] ef7149caa38cb737c8e18790a490ef9f97f103f0
[INFO] testing robgev/rust-http-server against beta-2024-12-08 for beta-1.84.0-4-retry
[INFO] running `Command { std: "git" "clone" "/workspace/cache/git-repos/https%3A%2F%2Fgithub.com%2Frobgev%2Frust-http-server" "/workspace/builds/worker-7-tc2/source", kill_on_drop: false }`
[INFO] [stderr] Cloning into '/workspace/builds/worker-7-tc2/source'...
[INFO] [stderr] done.
[INFO] validating manifest of git repo https://github.com/robgev/rust-http-server on toolchain beta-2024-12-08
[INFO] running `Command { std: CARGO_HOME="/workspace/cargo-home" RUSTUP_HOME="/workspace/rustup-home" "/workspace/cargo-home/bin/cargo" "+beta-2024-12-08" "metadata" "--manifest-path" "Cargo.toml" "--no-deps", kill_on_drop: false }`
[INFO] started tweaking git repo https://github.com/robgev/rust-http-server
[INFO] finished tweaking git repo https://github.com/robgev/rust-http-server
[INFO] tweaked toml for git repo https://github.com/robgev/rust-http-server written to /workspace/builds/worker-7-tc2/source/Cargo.toml
[INFO] crate git repo https://github.com/robgev/rust-http-server already has a lockfile, it will not be regenerated
[INFO] running `Command { std: CARGO_HOME="/workspace/cargo-home" RUSTUP_HOME="/workspace/rustup-home" "/workspace/cargo-home/bin/cargo" "+beta-2024-12-08" "fetch" "--manifest-path" "Cargo.toml", kill_on_drop: false }`
[INFO] [stderr]     Blocking waiting for file lock on package cache
[INFO] [stderr]     Blocking waiting for file lock on package cache
[ERROR] error running command: no output for 300 seconds
[INFO] testing robgev/rust-http-server against beta-2024-12-08 for beta-1.84.0-4-retry
[INFO] running `Command { std: "git" "clone" "/workspace/cache/git-repos/https%3A%2F%2Fgithub.com%2Frobgev%2Frust-http-server" "/workspace/builds/worker-7-tc2/source", kill_on_drop: false }`
[INFO] [stderr] Cloning into '/workspace/builds/worker-7-tc2/source'...
[INFO] [stderr] done.
[INFO] validating manifest of git repo https://github.com/robgev/rust-http-server on toolchain beta-2024-12-08
[INFO] running `Command { std: CARGO_HOME="/workspace/cargo-home" RUSTUP_HOME="/workspace/rustup-home" "/workspace/cargo-home/bin/cargo" "+beta-2024-12-08" "metadata" "--manifest-path" "Cargo.toml" "--no-deps", kill_on_drop: false }`
[INFO] started tweaking git repo https://github.com/robgev/rust-http-server
[INFO] finished tweaking git repo https://github.com/robgev/rust-http-server
[INFO] tweaked toml for git repo https://github.com/robgev/rust-http-server written to /workspace/builds/worker-7-tc2/source/Cargo.toml
[INFO] crate git repo https://github.com/robgev/rust-http-server already has a lockfile, it will not be regenerated
[INFO] running `Command { std: CARGO_HOME="/workspace/cargo-home" RUSTUP_HOME="/workspace/rustup-home" "/workspace/cargo-home/bin/cargo" "+beta-2024-12-08" "fetch" "--manifest-path" "Cargo.toml", kill_on_drop: false }`
[INFO] [stderr]     Blocking waiting for file lock on package cache
[INFO] [stderr]     Blocking waiting for file lock on package cache
[ERROR] error running command: no output for 300 seconds
[INFO] testing robgev/rust-http-server against beta-2024-12-08 for beta-1.84.0-4-retry
[INFO] running `Command { std: "git" "clone" "/workspace/cache/git-repos/https%3A%2F%2Fgithub.com%2Frobgev%2Frust-http-server" "/workspace/builds/worker-7-tc2/source", kill_on_drop: false }`
[INFO] [stderr] Cloning into '/workspace/builds/worker-7-tc2/source'...
[INFO] [stderr] done.
[INFO] validating manifest of git repo https://github.com/robgev/rust-http-server on toolchain beta-2024-12-08
[INFO] running `Command { std: CARGO_HOME="/workspace/cargo-home" RUSTUP_HOME="/workspace/rustup-home" "/workspace/cargo-home/bin/cargo" "+beta-2024-12-08" "metadata" "--manifest-path" "Cargo.toml" "--no-deps", kill_on_drop: false }`
[INFO] started tweaking git repo https://github.com/robgev/rust-http-server
[INFO] finished tweaking git repo https://github.com/robgev/rust-http-server
[INFO] tweaked toml for git repo https://github.com/robgev/rust-http-server written to /workspace/builds/worker-7-tc2/source/Cargo.toml
[INFO] crate git repo https://github.com/robgev/rust-http-server already has a lockfile, it will not be regenerated
[INFO] running `Command { std: CARGO_HOME="/workspace/cargo-home" RUSTUP_HOME="/workspace/rustup-home" "/workspace/cargo-home/bin/cargo" "+beta-2024-12-08" "fetch" "--manifest-path" "Cargo.toml", kill_on_drop: false }`
[INFO] [stderr]     Blocking waiting for file lock on package cache
[INFO] [stderr]     Blocking waiting for file lock on package cache
[ERROR] error running command: no output for 300 seconds
[INFO] testing robgev/rust-http-server against beta-2024-12-08 for beta-1.84.0-4-retry
[INFO] running `Command { std: "git" "clone" "/workspace/cache/git-repos/https%3A%2F%2Fgithub.com%2Frobgev%2Frust-http-server" "/workspace/builds/worker-7-tc2/source", kill_on_drop: false }`
[INFO] [stderr] Cloning into '/workspace/builds/worker-7-tc2/source'...
[INFO] [stderr] done.
[INFO] validating manifest of git repo https://github.com/robgev/rust-http-server on toolchain beta-2024-12-08
[INFO] running `Command { std: CARGO_HOME="/workspace/cargo-home" RUSTUP_HOME="/workspace/rustup-home" "/workspace/cargo-home/bin/cargo" "+beta-2024-12-08" "metadata" "--manifest-path" "Cargo.toml" "--no-deps", kill_on_drop: false }`
[INFO] started tweaking git repo https://github.com/robgev/rust-http-server
[INFO] finished tweaking git repo https://github.com/robgev/rust-http-server
[INFO] tweaked toml for git repo https://github.com/robgev/rust-http-server written to /workspace/builds/worker-7-tc2/source/Cargo.toml
[INFO] crate git repo https://github.com/robgev/rust-http-server already has a lockfile, it will not be regenerated
[INFO] running `Command { std: CARGO_HOME="/workspace/cargo-home" RUSTUP_HOME="/workspace/rustup-home" "/workspace/cargo-home/bin/cargo" "+beta-2024-12-08" "fetch" "--manifest-path" "Cargo.toml", kill_on_drop: false }`
[INFO] [stderr]     Blocking waiting for file lock on package cache
[INFO] [stderr]     Blocking waiting for file lock on package cache
[INFO] running `Command { std: "docker" "create" "-v" "/var/lib/crater-agent-workspace/builds/worker-7-tc2/target:/opt/rustwide/target:rw,Z" "-v" "/var/lib/crater-agent-workspace/builds/worker-7-tc2/source:/opt/rustwide/workdir:ro,Z" "-v" "/var/lib/crater-agent-workspace/cargo-home:/opt/rustwide/cargo-home:ro,Z" "-v" "/var/lib/crater-agent-workspace/rustup-home:/opt/rustwide/rustup-home:ro,Z" "-e" "SOURCE_DIR=/opt/rustwide/workdir" "-e" "CARGO_TARGET_DIR=/opt/rustwide/target" "-e" "CARGO_HOME=/opt/rustwide/cargo-home" "-e" "RUSTUP_HOME=/opt/rustwide/rustup-home" "-w" "/opt/rustwide/workdir" "-m" "1610612736" "--user" "0:0" "--network" "none" "ghcr.io/rust-lang/crates-build-env/linux@sha256:f3a9d4ad9d972b27faf3965f35b62e55ba32bbce8f20bc8fe909558a86702fde" "/opt/rustwide/cargo-home/bin/cargo" "+beta-2024-12-08" "metadata" "--no-deps" "--format-version=1", kill_on_drop: false }`
[INFO] [stdout] 867cc7f8b2641f8a037013e92f60f78c3ad77f1e03ecedd4ca3e07be3e93bee5
[INFO] running `Command { std: "docker" "start" "-a" "867cc7f8b2641f8a037013e92f60f78c3ad77f1e03ecedd4ca3e07be3e93bee5", kill_on_drop: false }`
[INFO] running `Command { std: "docker" "inspect" "867cc7f8b2641f8a037013e92f60f78c3ad77f1e03ecedd4ca3e07be3e93bee5", kill_on_drop: false }`
[INFO] running `Command { std: "docker" "rm" "-f" "867cc7f8b2641f8a037013e92f60f78c3ad77f1e03ecedd4ca3e07be3e93bee5", kill_on_drop: false }`
[INFO] [stdout] 867cc7f8b2641f8a037013e92f60f78c3ad77f1e03ecedd4ca3e07be3e93bee5
[INFO] running `Command { std: "docker" "create" "-v" "/var/lib/crater-agent-workspace/builds/worker-7-tc2/target:/opt/rustwide/target:rw,Z" "-v" "/var/lib/crater-agent-workspace/builds/worker-7-tc2/source:/opt/rustwide/workdir:ro,Z" "-v" "/var/lib/crater-agent-workspace/cargo-home:/opt/rustwide/cargo-home:ro,Z" "-v" "/var/lib/crater-agent-workspace/rustup-home:/opt/rustwide/rustup-home:ro,Z" "-e" "SOURCE_DIR=/opt/rustwide/workdir" "-e" "CARGO_TARGET_DIR=/opt/rustwide/target" "-e" "CARGO_INCREMENTAL=0" "-e" "RUST_BACKTRACE=full" "-e" "RUSTFLAGS=--cap-lints=warn" "-e" "RUSTDOCFLAGS=--cap-lints=warn" "-e" "CARGO_HOME=/opt/rustwide/cargo-home" "-e" "RUSTUP_HOME=/opt/rustwide/rustup-home" "-w" "/opt/rustwide/workdir" "-m" "1610612736" "--user" "0:0" "--network" "none" "ghcr.io/rust-lang/crates-build-env/linux@sha256:f3a9d4ad9d972b27faf3965f35b62e55ba32bbce8f20bc8fe909558a86702fde" "/opt/rustwide/cargo-home/bin/cargo" "+beta-2024-12-08" "build" "--frozen" "--message-format=json", kill_on_drop: false }`
[INFO] [stdout] b83c7486984359b116ede4adc839daac7acb45c60ca2f7dabffa07b0f04db574
[INFO] running `Command { std: "docker" "start" "-a" "b83c7486984359b116ede4adc839daac7acb45c60ca2f7dabffa07b0f04db574", kill_on_drop: false }`
[INFO] [stderr]    Compiling proc-macro2 v1.0.86
[INFO] [stderr]    Compiling unicode-ident v1.0.12
[INFO] [stderr]    Compiling thiserror v1.0.63
[INFO] [stderr]    Compiling anyhow v1.0.86
[INFO] [stderr]    Compiling bytes v1.7.1
[INFO] [stderr]    Compiling quote v1.0.36
[INFO] [stderr]    Compiling syn v2.0.75
[INFO] [stderr]    Compiling thiserror-impl v1.0.63
[INFO] [stderr]    Compiling codecrafters-http-server v0.1.0 (/opt/rustwide/workdir)
[INFO] [stdout] warning: field `path` is never read
[INFO] [stdout]   --> src/main.rs:25:5
[INFO] [stdout]    |
[INFO] [stdout] 24 | struct Route {
[INFO] [stdout]    |        ----- field in this struct
[INFO] [stdout] 25 |     path: String,
[INFO] [stdout]    |     ^^^^
[INFO] [stdout]    |
[INFO] [stdout]    = note: `#[warn(dead_code)]` on by default
[INFO] [stdout] 
[INFO] [stdout] 
[INFO] [stdout] warning: struct `Router` is never constructed
[INFO] [stdout]   --> src/main.rs:31:8
[INFO] [stdout]    |
[INFO] [stdout] 31 | struct Router {
[INFO] [stdout]    |        ^^^^^^
[INFO] [stdout] 
[INFO] [stdout] 
[INFO] [stdout] warning: method `create_route` is never used
[INFO] [stdout]   --> src/main.rs:36:12
[INFO] [stdout]    |
[INFO] [stdout] 35 | impl Router {
[INFO] [stdout]    | ----------- method in this implementation
[INFO] [stdout] 36 |     pub fn create_route(&mut self, path: String, matcher: String, method: String, handler: RequestHandler) {
[INFO] [stdout]    |            ^^^^^^^^^^^^
[INFO] [stdout] 
[INFO] [stdout] 
[INFO] [stderr]     Finished `dev` profile [unoptimized + debuginfo] target(s) in 3.07s
[INFO] running `Command { std: "docker" "inspect" "b83c7486984359b116ede4adc839daac7acb45c60ca2f7dabffa07b0f04db574", kill_on_drop: false }`
[INFO] running `Command { std: "docker" "rm" "-f" "b83c7486984359b116ede4adc839daac7acb45c60ca2f7dabffa07b0f04db574", kill_on_drop: false }`
[INFO] [stdout] b83c7486984359b116ede4adc839daac7acb45c60ca2f7dabffa07b0f04db574
[INFO] running `Command { std: "docker" "create" "-v" "/var/lib/crater-agent-workspace/builds/worker-7-tc2/target:/opt/rustwide/target:rw,Z" "-v" "/var/lib/crater-agent-workspace/builds/worker-7-tc2/source:/opt/rustwide/workdir:ro,Z" "-v" "/var/lib/crater-agent-workspace/cargo-home:/opt/rustwide/cargo-home:ro,Z" "-v" "/var/lib/crater-agent-workspace/rustup-home:/opt/rustwide/rustup-home:ro,Z" "-e" "SOURCE_DIR=/opt/rustwide/workdir" "-e" "CARGO_TARGET_DIR=/opt/rustwide/target" "-e" "CARGO_INCREMENTAL=0" "-e" "RUST_BACKTRACE=full" "-e" "RUSTFLAGS=--cap-lints=warn" "-e" "RUSTDOCFLAGS=--cap-lints=warn" "-e" "CARGO_HOME=/opt/rustwide/cargo-home" "-e" "RUSTUP_HOME=/opt/rustwide/rustup-home" "-w" "/opt/rustwide/workdir" "-m" "1610612736" "--user" "0:0" "--network" "none" "ghcr.io/rust-lang/crates-build-env/linux@sha256:f3a9d4ad9d972b27faf3965f35b62e55ba32bbce8f20bc8fe909558a86702fde" "/opt/rustwide/cargo-home/bin/cargo" "+beta-2024-12-08" "test" "--frozen" "--no-run" "--message-format=json", kill_on_drop: false }`
[INFO] [stdout] 42a07d38a42e2295cefd1976684a1e93d9303e9dded95209996bc31c69acccdb
[INFO] running `Command { std: "docker" "start" "-a" "42a07d38a42e2295cefd1976684a1e93d9303e9dded95209996bc31c69acccdb", kill_on_drop: false }`
[INFO] [stderr]    Compiling codecrafters-http-server v0.1.0 (/opt/rustwide/workdir)
[INFO] [stdout] warning: field `path` is never read
[INFO] [stdout]   --> src/main.rs:25:5
[INFO] [stdout]    |
[INFO] [stdout] 24 | struct Route {
[INFO] [stdout]    |        ----- field in this struct
[INFO] [stdout] 25 |     path: String,
[INFO] [stdout]    |     ^^^^
[INFO] [stdout]    |
[INFO] [stdout]    = note: `#[warn(dead_code)]` on by default
[INFO] [stdout] 
[INFO] [stdout] 
[INFO] [stdout] warning: struct `Router` is never constructed
[INFO] [stdout]   --> src/main.rs:31:8
[INFO] [stdout]    |
[INFO] [stdout] 31 | struct Router {
[INFO] [stdout]    |        ^^^^^^
[INFO] [stdout] 
[INFO] [stdout] 
[INFO] [stdout] warning: method `create_route` is never used
[INFO] [stdout]   --> src/main.rs:36:12
[INFO] [stdout]    |
[INFO] [stdout] 35 | impl Router {
[INFO] [stdout]    | ----------- method in this implementation
[INFO] [stdout] 36 |     pub fn create_route(&mut self, path: String, matcher: String, method: String, handler: RequestHandler) {
[INFO] [stdout]    |            ^^^^^^^^^^^^
[INFO] [stdout] 
[INFO] [stdout] 
[INFO] [stderr]     Finished `test` profile [unoptimized + debuginfo] target(s) in 0.22s
[INFO] running `Command { std: "docker" "inspect" "42a07d38a42e2295cefd1976684a1e93d9303e9dded95209996bc31c69acccdb", kill_on_drop: false }`
[INFO] running `Command { std: "docker" "rm" "-f" "42a07d38a42e2295cefd1976684a1e93d9303e9dded95209996bc31c69acccdb", kill_on_drop: false }`
[INFO] [stdout] 42a07d38a42e2295cefd1976684a1e93d9303e9dded95209996bc31c69acccdb
[INFO] running `Command { std: "docker" "create" "-v" "/var/lib/crater-agent-workspace/builds/worker-7-tc2/target:/opt/rustwide/target:rw,Z" "-v" "/var/lib/crater-agent-workspace/builds/worker-7-tc2/source:/opt/rustwide/workdir:ro,Z" "-v" "/var/lib/crater-agent-workspace/cargo-home:/opt/rustwide/cargo-home:ro,Z" "-v" "/var/lib/crater-agent-workspace/rustup-home:/opt/rustwide/rustup-home:ro,Z" "-e" "SOURCE_DIR=/opt/rustwide/workdir" "-e" "CARGO_TARGET_DIR=/opt/rustwide/target" "-e" "CARGO_INCREMENTAL=0" "-e" "RUST_BACKTRACE=full" "-e" "RUSTFLAGS=--cap-lints=warn" "-e" "RUSTDOCFLAGS=--cap-lints=warn" "-e" "CARGO_HOME=/opt/rustwide/cargo-home" "-e" "RUSTUP_HOME=/opt/rustwide/rustup-home" "-w" "/opt/rustwide/workdir" "-m" "1610612736" "--user" "0:0" "--network" "none" "ghcr.io/rust-lang/crates-build-env/linux@sha256:f3a9d4ad9d972b27faf3965f35b62e55ba32bbce8f20bc8fe909558a86702fde" "/opt/rustwide/cargo-home/bin/cargo" "+beta-2024-12-08" "test" "--frozen", kill_on_drop: false }`
[INFO] [stdout] 2f74ca435dad691792bbf9af7691f67504eff2193731ac589652a21b12d91d93
[INFO] running `Command { std: "docker" "start" "-a" "2f74ca435dad691792bbf9af7691f67504eff2193731ac589652a21b12d91d93", kill_on_drop: false }`
[INFO] [stderr] warning: field `path` is never read
[INFO] [stderr]   --> src/main.rs:25:5
[INFO] [stderr]    |
[INFO] [stderr] 24 | struct Route {
[INFO] [stderr]    |        ----- field in this struct
[INFO] [stderr] 25 |     path: String,
[INFO] [stderr]    |     ^^^^
[INFO] [stderr]    |
[INFO] [stderr]    = note: `#[warn(dead_code)]` on by default
[INFO] [stderr] 
[INFO] [stderr] warning: struct `Router` is never constructed
[INFO] [stderr]   --> src/main.rs:31:8
[INFO] [stderr]    |
[INFO] [stderr] 31 | struct Router {
[INFO] [stderr]    |        ^^^^^^
[INFO] [stderr] 
[INFO] [stderr] warning: method `create_route` is never used
[INFO] [stderr]   --> src/main.rs:36:12
[INFO] [stderr]    |
[INFO] [stderr] 35 | impl Router {
[INFO] [stderr]    | ----------- method in this implementation
[INFO] [stderr] 36 |     pub fn create_route(&mut self, path: String, matcher: String, method: String, handler: RequestHandler) {
[INFO] [stderr]    |            ^^^^^^^^^^^^
[INFO] [stderr] 
[INFO] [stderr] warning: `codecrafters-http-server` (bin "codecrafters-http-server" test) generated 3 warnings
[INFO] [stderr]     Finished `test` profile [unoptimized + debuginfo] target(s) in 0.01s
[INFO] [stderr]      Running unittests src/main.rs (/opt/rustwide/target/debug/deps/codecrafters_http_server-30645922b5217704)
[INFO] [stdout] 
[INFO] [stdout] running 0 tests
[INFO] [stdout] 
[INFO] [stdout] test result: ok. 0 passed; 0 failed; 0 ignored; 0 measured; 0 filtered out; finished in 0.00s
[INFO] [stdout] 
[INFO] running `Command { std: "docker" "inspect" "2f74ca435dad691792bbf9af7691f67504eff2193731ac589652a21b12d91d93", kill_on_drop: false }`
[INFO] running `Command { std: "docker" "rm" "-f" "2f74ca435dad691792bbf9af7691f67504eff2193731ac589652a21b12d91d93", kill_on_drop: false }`
[INFO] [stdout] 2f74ca435dad691792bbf9af7691f67504eff2193731ac589652a21b12d91d93
