[INFO] cloning repository https://github.com/rj-jones/spaceship-game
[INFO] running `Command { std: "git" "-c" "credential.helper=" "-c" "credential.helper=/workspace/cargo-home/bin/git-credential-null" "clone" "--bare" "https://github.com/rj-jones/spaceship-game" "/workspace/cache/git-repos/https%3A%2F%2Fgithub.com%2Frj-jones%2Fspaceship-game", kill_on_drop: false }`
[INFO] [stderr] Cloning into bare repository '/workspace/cache/git-repos/https%3A%2F%2Fgithub.com%2Frj-jones%2Fspaceship-game'...
[INFO] [stderr] /workspace/cache/git-repos/https%3A%2F%2Fgithub.com%2Frj-jones%2Fspaceship-game: No space left on device
[WARN] Retrying crate fetch in 3 seconds (attempt 1)
[INFO] cloning repository https://github.com/rj-jones/spaceship-game
[INFO] running `Command { std: "git" "-c" "credential.helper=" "-c" "credential.helper=/workspace/cargo-home/bin/git-credential-null" "clone" "--bare" "https://github.com/rj-jones/spaceship-game" "/workspace/cache/git-repos/https%3A%2F%2Fgithub.com%2Frj-jones%2Fspaceship-game", kill_on_drop: false }`
[INFO] [stderr] Cloning into bare repository '/workspace/cache/git-repos/https%3A%2F%2Fgithub.com%2Frj-jones%2Fspaceship-game'...
[INFO] [stderr] /workspace/cache/git-repos/https%3A%2F%2Fgithub.com%2Frj-jones%2Fspaceship-game: No space left on device
[WARN] Retrying crate fetch in 3 seconds (attempt 2)
[INFO] cloning repository https://github.com/rj-jones/spaceship-game
[INFO] running `Command { std: "git" "-c" "credential.helper=" "-c" "credential.helper=/workspace/cargo-home/bin/git-credential-null" "clone" "--bare" "https://github.com/rj-jones/spaceship-game" "/workspace/cache/git-repos/https%3A%2F%2Fgithub.com%2Frj-jones%2Fspaceship-game", kill_on_drop: false }`
[INFO] [stderr] Cloning into bare repository '/workspace/cache/git-repos/https%3A%2F%2Fgithub.com%2Frj-jones%2Fspaceship-game'...
[INFO] [stderr] /workspace/cache/git-repos/https%3A%2F%2Fgithub.com%2Frj-jones%2Fspaceship-game: No space left on device
[WARN] Retrying crate fetch in 3 seconds (attempt 3)
[INFO] cloning repository https://github.com/rj-jones/spaceship-game
[INFO] running `Command { std: "git" "-c" "credential.helper=" "-c" "credential.helper=/workspace/cargo-home/bin/git-credential-null" "clone" "--bare" "https://github.com/rj-jones/spaceship-game" "/workspace/cache/git-repos/https%3A%2F%2Fgithub.com%2Frj-jones%2Fspaceship-game", kill_on_drop: false }`
[INFO] [stderr] Cloning into bare repository '/workspace/cache/git-repos/https%3A%2F%2Fgithub.com%2Frj-jones%2Fspaceship-game'...
[INFO] [stderr] /workspace/cache/git-repos/https%3A%2F%2Fgithub.com%2Frj-jones%2Fspaceship-game: No space left on device
[WARN] Retrying crate fetch in 3 seconds (attempt 4)
[INFO] cloning repository https://github.com/rj-jones/spaceship-game
[INFO] running `Command { std: "git" "-c" "credential.helper=" "-c" "credential.helper=/workspace/cargo-home/bin/git-credential-null" "clone" "--bare" "https://github.com/rj-jones/spaceship-game" "/workspace/cache/git-repos/https%3A%2F%2Fgithub.com%2Frj-jones%2Fspaceship-game", kill_on_drop: false }`
[INFO] [stderr] Cloning into bare repository '/workspace/cache/git-repos/https%3A%2F%2Fgithub.com%2Frj-jones%2Fspaceship-game'...
[INFO] [stderr] /workspace/cache/git-repos/https%3A%2F%2Fgithub.com%2Frj-jones%2Fspaceship-game: No space left on device
[WARN] Retrying crate fetch in 3 seconds (attempt 5)
[INFO] cloning repository https://github.com/rj-jones/spaceship-game
[INFO] running `Command { std: "git" "-c" "credential.helper=" "-c" "credential.helper=/workspace/cargo-home/bin/git-credential-null" "clone" "--bare" "https://github.com/rj-jones/spaceship-game" "/workspace/cache/git-repos/https%3A%2F%2Fgithub.com%2Frj-jones%2Fspaceship-game", kill_on_drop: false }`
[INFO] [stderr] Cloning into bare repository '/workspace/cache/git-repos/https%3A%2F%2Fgithub.com%2Frj-jones%2Fspaceship-game'...
[INFO] [stderr] /workspace/cache/git-repos/https%3A%2F%2Fgithub.com%2Frj-jones%2Fspaceship-game: No space left on device
[WARN] Retrying crate fetch in 3 seconds (attempt 6)
[INFO] cloning repository https://github.com/rj-jones/spaceship-game
[INFO] running `Command { std: "git" "-c" "credential.helper=" "-c" "credential.helper=/workspace/cargo-home/bin/git-credential-null" "clone" "--bare" "https://github.com/rj-jones/spaceship-game" "/workspace/cache/git-repos/https%3A%2F%2Fgithub.com%2Frj-jones%2Fspaceship-game", kill_on_drop: false }`
[INFO] [stderr] Cloning into bare repository '/workspace/cache/git-repos/https%3A%2F%2Fgithub.com%2Frj-jones%2Fspaceship-game'...
[INFO] [stderr] /workspace/cache/git-repos/https%3A%2F%2Fgithub.com%2Frj-jones%2Fspaceship-game: No space left on device
[WARN] Retrying crate fetch in 3 seconds (attempt 7)
[INFO] cloning repository https://github.com/rj-jones/spaceship-game
[INFO] running `Command { std: "git" "-c" "credential.helper=" "-c" "credential.helper=/workspace/cargo-home/bin/git-credential-null" "clone" "--bare" "https://github.com/rj-jones/spaceship-game" "/workspace/cache/git-repos/https%3A%2F%2Fgithub.com%2Frj-jones%2Fspaceship-game", kill_on_drop: false }`
[INFO] [stderr] Cloning into bare repository '/workspace/cache/git-repos/https%3A%2F%2Fgithub.com%2Frj-jones%2Fspaceship-game'...
[INFO] [stderr] /workspace/cache/git-repos/https%3A%2F%2Fgithub.com%2Frj-jones%2Fspaceship-game: No space left on device
[WARN] Retrying crate fetch in 3 seconds (attempt 8)
[INFO] cloning repository https://github.com/rj-jones/spaceship-game
[INFO] running `Command { std: "git" "-c" "credential.helper=" "-c" "credential.helper=/workspace/cargo-home/bin/git-credential-null" "clone" "--bare" "https://github.com/rj-jones/spaceship-game" "/workspace/cache/git-repos/https%3A%2F%2Fgithub.com%2Frj-jones%2Fspaceship-game", kill_on_drop: false }`
[INFO] [stderr] Cloning into bare repository '/workspace/cache/git-repos/https%3A%2F%2Fgithub.com%2Frj-jones%2Fspaceship-game'...
[INFO] [stderr] /workspace/cache/git-repos/https%3A%2F%2Fgithub.com%2Frj-jones%2Fspaceship-game: No space left on device
[WARN] Retrying crate fetch in 3 seconds (attempt 9)
[INFO] cloning repository https://github.com/rj-jones/spaceship-game
[INFO] running `Command { std: "git" "-c" "credential.helper=" "-c" "credential.helper=/workspace/cargo-home/bin/git-credential-null" "clone" "--bare" "https://github.com/rj-jones/spaceship-game" "/workspace/cache/git-repos/https%3A%2F%2Fgithub.com%2Frj-jones%2Fspaceship-game", kill_on_drop: false }`
[INFO] [stderr] Cloning into bare repository '/workspace/cache/git-repos/https%3A%2F%2Fgithub.com%2Frj-jones%2Fspaceship-game'...
[INFO] [stderr] /workspace/cache/git-repos/https%3A%2F%2Fgithub.com%2Frj-jones%2Fspaceship-game: No space left on device
[WARN] Retrying crate fetch in 3 seconds (attempt 10)
[INFO] cloning repository https://github.com/rj-jones/spaceship-game
[INFO] running `Command { std: "git" "-c" "credential.helper=" "-c" "credential.helper=/workspace/cargo-home/bin/git-credential-null" "clone" "--bare" "https://github.com/rj-jones/spaceship-game" "/workspace/cache/git-repos/https%3A%2F%2Fgithub.com%2Frj-jones%2Fspaceship-game", kill_on_drop: false }`
[INFO] [stderr] Cloning into bare repository '/workspace/cache/git-repos/https%3A%2F%2Fgithub.com%2Frj-jones%2Fspaceship-game'...
[INFO] [stderr] /workspace/cache/git-repos/https%3A%2F%2Fgithub.com%2Frj-jones%2Fspaceship-game: No space left on device
[WARN] Retrying crate fetch in 3 seconds (attempt 11)
[INFO] cloning repository https://github.com/rj-jones/spaceship-game
[INFO] running `Command { std: "git" "-c" "credential.helper=" "-c" "credential.helper=/workspace/cargo-home/bin/git-credential-null" "clone" "--bare" "https://github.com/rj-jones/spaceship-game" "/workspace/cache/git-repos/https%3A%2F%2Fgithub.com%2Frj-jones%2Fspaceship-game", kill_on_drop: false }`
[INFO] [stderr] Cloning into bare repository '/workspace/cache/git-repos/https%3A%2F%2Fgithub.com%2Frj-jones%2Fspaceship-game'...
[INFO] [stderr] /workspace/cache/git-repos/https%3A%2F%2Fgithub.com%2Frj-jones%2Fspaceship-game: No space left on device
[WARN] Retrying crate fetch in 3 seconds (attempt 12)
[INFO] cloning repository https://github.com/rj-jones/spaceship-game
[INFO] running `Command { std: "git" "-c" "credential.helper=" "-c" "credential.helper=/workspace/cargo-home/bin/git-credential-null" "clone" "--bare" "https://github.com/rj-jones/spaceship-game" "/workspace/cache/git-repos/https%3A%2F%2Fgithub.com%2Frj-jones%2Fspaceship-game", kill_on_drop: false }`
[INFO] [stderr] Cloning into bare repository '/workspace/cache/git-repos/https%3A%2F%2Fgithub.com%2Frj-jones%2Fspaceship-game'...
[INFO] [stderr] /workspace/cache/git-repos/https%3A%2F%2Fgithub.com%2Frj-jones%2Fspaceship-game: No space left on device
[WARN] Retrying crate fetch in 3 seconds (attempt 13)
[INFO] cloning repository https://github.com/rj-jones/spaceship-game
[INFO] running `Command { std: "git" "-c" "credential.helper=" "-c" "credential.helper=/workspace/cargo-home/bin/git-credential-null" "clone" "--bare" "https://github.com/rj-jones/spaceship-game" "/workspace/cache/git-repos/https%3A%2F%2Fgithub.com%2Frj-jones%2Fspaceship-game", kill_on_drop: false }`
[INFO] [stderr] Cloning into bare repository '/workspace/cache/git-repos/https%3A%2F%2Fgithub.com%2Frj-jones%2Fspaceship-game'...
[INFO] [stderr] /workspace/cache/git-repos/https%3A%2F%2Fgithub.com%2Frj-jones%2Fspaceship-game: No space left on device
[WARN] Retrying crate fetch in 3 seconds (attempt 14)
[INFO] cloning repository https://github.com/rj-jones/spaceship-game
[INFO] running `Command { std: "git" "-c" "credential.helper=" "-c" "credential.helper=/workspace/cargo-home/bin/git-credential-null" "clone" "--bare" "https://github.com/rj-jones/spaceship-game" "/workspace/cache/git-repos/https%3A%2F%2Fgithub.com%2Frj-jones%2Fspaceship-game", kill_on_drop: false }`
[INFO] [stderr] Cloning into bare repository '/workspace/cache/git-repos/https%3A%2F%2Fgithub.com%2Frj-jones%2Fspaceship-game'...
[INFO] running `Command { std: "git" "rev-parse" "HEAD", kill_on_drop: false }`
[INFO] [stdout] 0e22fc464893af957d85316a09f79b9fd420e691
[INFO] testing rj-jones/spaceship-game against beta-2024-12-08 for beta-1.84.0-4-retry
[INFO] running `Command { std: "git" "clone" "/workspace/cache/git-repos/https%3A%2F%2Fgithub.com%2Frj-jones%2Fspaceship-game" "/workspace/builds/worker-0-tc2/source", kill_on_drop: false }`
[INFO] [stderr] Cloning into '/workspace/builds/worker-0-tc2/source'...
[INFO] [stderr] done.
[INFO] [stderr] error: Unable to create '/workspace/builds/worker-0-tc2/source/.git/refs/remotes/origin/HEAD.lock': No such file or directory
[INFO] [stderr] fatal: unable to update refs/remotes/origin/HEAD
[INFO] testing rj-jones/spaceship-game against beta-2024-12-08 for beta-1.84.0-4-retry
[INFO] running `Command { std: "git" "clone" "/workspace/cache/git-repos/https%3A%2F%2Fgithub.com%2Frj-jones%2Fspaceship-game" "/workspace/builds/worker-0-tc2/source", kill_on_drop: false }`
[INFO] [stderr] Cloning into '/workspace/builds/worker-0-tc2/source'...
[INFO] [stderr] done.
[INFO] [stderr] error: Unable to create '/workspace/builds/worker-0-tc2/source/.git/refs/remotes/origin/HEAD.lock': No such file or directory
[INFO] [stderr] fatal: unable to update refs/remotes/origin/HEAD
[INFO] testing rj-jones/spaceship-game against beta-2024-12-08 for beta-1.84.0-4-retry
[INFO] running `Command { std: "git" "clone" "/workspace/cache/git-repos/https%3A%2F%2Fgithub.com%2Frj-jones%2Fspaceship-game" "/workspace/builds/worker-0-tc2/source", kill_on_drop: false }`
[INFO] [stderr] Cloning into '/workspace/builds/worker-0-tc2/source'...
[INFO] [stderr] done.
[INFO] [stderr] error: unable to write file assets/Astronaut-0D54W8yfrA.glb
[INFO] [stderr] error: unable to write file assets/Astronaut-OgeSH89Nmx.glb
[INFO] [stderr] error: unable to write file assets/Astronaut.glb
[INFO] [stderr] error: unable to write file assets/Base Large.glb
[INFO] [stderr] error: unable to write file assets/Building L.glb
[INFO] [stderr] error: unable to write file assets/Bullets Pickup.glb
[INFO] [stderr] error: unable to write file assets/Bush-RfUP3gXj69.glb
[INFO] [stderr] error: unable to write file assets/Bush-tX1aT9IB1P.glb
[INFO] [stderr] error: unable to write file assets/Bush.glb
[INFO] [stderr] error: unable to write file assets/Connector.glb
[INFO] [stderr] error: unable to write file assets/Enemy Flying.glb
[INFO] [stderr] error: unable to write file assets/Enemy Large.glb
[INFO] [stderr] error: unable to write file assets/Enemy Small.glb
[INFO] [stderr] error: unable to write file assets/Geodesic Dome.glb
[INFO] [stderr] error: unable to write file assets/Grass-Db4UVcNWnF.glb
[INFO] [stderr] error: unable to write file assets/Grass-iw6l7gqcdQ.glb
[INFO] [stderr] error: unable to write file assets/Grass.glb
[INFO] [stderr] error: unable to write file assets/House Cylinder.glb
[INFO] [stderr] error: unable to write file assets/House Long.glb
[INFO] [stderr] error: unable to write file assets/House Open.glb
[INFO] [stderr] error: unable to write file assets/House Pod.glb
[INFO] [stderr] error: unable to write file assets/House Single Support.glb
[INFO] [stderr] error: unable to write file assets/House Single.glb
[INFO] [stderr] error: unable to write file assets/Mech-4UvIHxnoSR.glb
[INFO] [stderr] error: unable to write file assets/Mech-D5wW2jDO42.glb
[INFO] [stderr] error: unable to write file assets/Mech-o3Ps8z8ByP.glb
[INFO] [stderr] error: unable to write file assets/Mech.glb
[INFO] [stderr] error: unable to write file assets/Metal Support.glb
[INFO] [stderr] error: unable to write file assets/Pickup Crate.glb
[INFO] [stderr] error: unable to write file assets/Pickup Health.glb
[INFO] [stderr] error: unable to write file assets/Pickup Jar.glb
[INFO] [stderr] error: unable to write file assets/Pickup Key Card.glb
[INFO] [stderr] error: unable to write file assets/Pickup Sphere.glb
[INFO] [stderr] error: unable to write file assets/Pickup Thunder.glb
[INFO] [stderr] error: unable to write file assets/Planet-18Uxrb2dIc.glb
[INFO] [stderr] error: unable to write file assets/Planet-5zzi8WUMXj.glb
[INFO] [stderr] error: unable to write file assets/Planet-9g1aIbfR9Y.glb
[INFO] [stderr] error: unable to write file assets/Planet-B7xd3SZq0z.glb
[INFO] [stderr] error: unable to write file assets/Planet-EC1Lk2IamI.glb
[INFO] [stderr] error: unable to write file assets/Planet-IVnmauIgWX.glb
[INFO] [stderr] error: unable to write file assets/Planet-hKZtOOMadH.glb
[INFO] [stderr] error: unable to write file assets/Planet-pHZz4EMvVM.glb
[INFO] [stderr] error: unable to write file assets/Planet-rYguWNNPvA.glb
[INFO] [stderr] error: unable to write file assets/Planet.glb
[INFO] [stderr] error: unable to write file assets/Plant-VwXvoIpCHP.glb
[INFO] [stderr] error: unable to write file assets/Plant-s0joFFrQoy.glb
[INFO] [stderr] error: unable to write file assets/Plant.glb
[INFO] [stderr] error: unable to write file assets/Ramp.glb
[INFO] [stderr] error: unable to write file assets/Rock Large-d2VWOdthtR.glb
[INFO] [stderr] error: unable to write file assets/Rock Large-li0YBlBEMz.glb
[INFO] [stderr] error: unable to write file assets/Rock Large.glb
[INFO] [stderr] error: unable to write file assets/Rock-34W5ymEePk.glb
[INFO] [stderr] error: unable to write file assets/Rock-R2UjZAX3By.glb
[INFO] [stderr] error: unable to write file assets/Rock-b7gRkv0cEa.glb
[INFO] [stderr] error: unable to write file assets/Rock.glb
[INFO] [stderr] error: unable to write file assets/Roof Antenna.glb
[INFO] [stderr] error: unable to write file assets/Roof Radar.glb
[INFO] [stderr] error: unable to write file assets/Round Rover.glb
[INFO] [stderr] error: unable to write file assets/Rover-WRd1piJOfh.glb
[INFO] [stderr] error: unable to write file assets/Rover.glb
[INFO] [stderr] error: unable to write file assets/Solar Panel Ground.glb
[INFO] [stderr] error: unable to write file assets/Solar Panel Structure.glb
[INFO] [stderr] error: unable to write file assets/Solar Panel.glb
[INFO] [stderr] error: unable to write file assets/Spaceship-Jqfed124pQ.glb
[INFO] [stderr] error: unable to write file assets/Spaceship-VSxUAFhzbA.glb
[INFO] [stderr] error: unable to write file assets/Spaceship-u105mYHLHU.glb
[INFO] [stderr] error: unable to write file assets/Spaceship.glb
[INFO] [stderr] error: unable to write file assets/Stairs.glb
[INFO] [stderr] error: unable to write file assets/Tree Blob-QHYRrAnKzW.glb
[INFO] [stderr] error: unable to write file assets/Tree Blob-j0byyoIGOv.glb
[INFO] [stderr] error: unable to write file assets/Tree Blob.glb
[INFO] [stderr] error: unable to write file assets/Tree Floating-sdtjU7iczl.glb
[INFO] [stderr] error: unable to write file assets/Tree Floating-tj2fePl8Eu.glb
[INFO] [stderr] error: unable to write file assets/Tree Floating.glb
[INFO] [stderr] error: unable to write file assets/Tree Lava-9gRfmVKx9W.glb
[INFO] [stderr] error: unable to write file assets/Tree Lava-sTYjmQObr1.glb
[INFO] [stderr] error: unable to write file assets/Tree Lava.glb
[INFO] [stderr] error: unable to write file assets/Tree Light-om4BJAL82T.glb
[INFO] [stderr] error: unable to write file assets/Tree Light.glb
[INFO] [stderr] error: unable to write file assets/Tree Spikes-a6Vo1seJw9.glb
[INFO] [stderr] error: unable to write file assets/Tree Spikes.glb
[INFO] [stderr] error: unable to write file assets/Tree Spiral-gI3kqnqg80.glb
[INFO] [stderr] error: unable to write file assets/Tree Spiral-kBomlgZ5xu.glb
[INFO] [stderr] error: unable to write file assets/Tree Spiral.glb
[INFO] [stderr] error: unable to write file assets/Tree Swirl-iLxXSXIx2t.glb
[INFO] [stderr] error: unable to write file assets/Tree Swirl.glb
[INFO] [stderr] fatal: cannot create directory at 'src': No space left on device
[INFO] [stderr] warning: Clone succeeded, but checkout failed.
[INFO] [stderr] You can inspect what was checked out with 'git status'
[INFO] [stderr] and retry with 'git restore --source=HEAD :/'
[INFO] [stderr] 
[INFO] testing rj-jones/spaceship-game against beta-2024-12-08 for beta-1.84.0-4-retry
[INFO] running `Command { std: "git" "clone" "/workspace/cache/git-repos/https%3A%2F%2Fgithub.com%2Frj-jones%2Fspaceship-game" "/workspace/builds/worker-0-tc2/source", kill_on_drop: false }`
[INFO] [stderr] Cloning into '/workspace/builds/worker-0-tc2/source'...
[INFO] [stderr] done.
[INFO] [stderr] error: unable to write file assets/Astronaut-0D54W8yfrA.glb
[INFO] [stderr] error: unable to write file assets/Astronaut-OgeSH89Nmx.glb
[INFO] [stderr] error: unable to write file assets/Astronaut.glb
[INFO] [stderr] error: unable to write file assets/Base Large.glb
[INFO] [stderr] error: unable to write file assets/Bush-RfUP3gXj69.glb
[INFO] [stderr] fatal: unable to checkout working tree
[INFO] [stderr] warning: Clone succeeded, but checkout failed.
[INFO] [stderr] You can inspect what was checked out with 'git status'
[INFO] [stderr] and retry with 'git restore --source=HEAD :/'
[INFO] [stderr] 
[INFO] testing rj-jones/spaceship-game against beta-2024-12-08 for beta-1.84.0-4-retry
[INFO] running `Command { std: "git" "clone" "/workspace/cache/git-repos/https%3A%2F%2Fgithub.com%2Frj-jones%2Fspaceship-game" "/workspace/builds/worker-0-tc2/source", kill_on_drop: false }`
[INFO] [stderr] Cloning into '/workspace/builds/worker-0-tc2/source'...
[INFO] [stderr] done.
[INFO] validating manifest of git repo https://github.com/rj-jones/spaceship-game on toolchain beta-2024-12-08
[INFO] running `Command { std: CARGO_HOME="/workspace/cargo-home" RUSTUP_HOME="/workspace/rustup-home" "/workspace/cargo-home/bin/cargo" "+beta-2024-12-08" "metadata" "--manifest-path" "Cargo.toml" "--no-deps", kill_on_drop: false }`
[INFO] started tweaking git repo https://github.com/rj-jones/spaceship-game
[INFO] finished tweaking git repo https://github.com/rj-jones/spaceship-game
[INFO] tweaked toml for git repo https://github.com/rj-jones/spaceship-game written to /workspace/builds/worker-0-tc2/source/Cargo.toml
[INFO] crate git repo https://github.com/rj-jones/spaceship-game already has a lockfile, it will not be regenerated
[INFO] running `Command { std: CARGO_HOME="/workspace/cargo-home" RUSTUP_HOME="/workspace/rustup-home" "/workspace/cargo-home/bin/cargo" "+beta-2024-12-08" "fetch" "--manifest-path" "Cargo.toml", kill_on_drop: false }`
[INFO] running `Command { std: "docker" "create" "-v" "/var/lib/crater-agent-workspace/builds/worker-0-tc2/target:/opt/rustwide/target:rw,Z" "-v" "/var/lib/crater-agent-workspace/builds/worker-0-tc2/source:/opt/rustwide/workdir:ro,Z" "-v" "/var/lib/crater-agent-workspace/cargo-home:/opt/rustwide/cargo-home:ro,Z" "-v" "/var/lib/crater-agent-workspace/rustup-home:/opt/rustwide/rustup-home:ro,Z" "-e" "SOURCE_DIR=/opt/rustwide/workdir" "-e" "CARGO_TARGET_DIR=/opt/rustwide/target" "-e" "CARGO_HOME=/opt/rustwide/cargo-home" "-e" "RUSTUP_HOME=/opt/rustwide/rustup-home" "-w" "/opt/rustwide/workdir" "-m" "1610612736" "--user" "0:0" "--network" "none" "ghcr.io/rust-lang/crates-build-env/linux@sha256:f3a9d4ad9d972b27faf3965f35b62e55ba32bbce8f20bc8fe909558a86702fde" "/opt/rustwide/cargo-home/bin/cargo" "+beta-2024-12-08" "metadata" "--no-deps" "--format-version=1", kill_on_drop: false }`
[INFO] [stdout] cb6c82f102bc6eb0839b18b8ef122a22551d09eff3896a2709fdf6690ff5486d
[INFO] running `Command { std: "docker" "start" "-a" "cb6c82f102bc6eb0839b18b8ef122a22551d09eff3896a2709fdf6690ff5486d", kill_on_drop: false }`
[INFO] running `Command { std: "docker" "inspect" "cb6c82f102bc6eb0839b18b8ef122a22551d09eff3896a2709fdf6690ff5486d", kill_on_drop: false }`
[INFO] running `Command { std: "docker" "rm" "-f" "cb6c82f102bc6eb0839b18b8ef122a22551d09eff3896a2709fdf6690ff5486d", kill_on_drop: false }`
[INFO] [stdout] cb6c82f102bc6eb0839b18b8ef122a22551d09eff3896a2709fdf6690ff5486d
[INFO] running `Command { std: "docker" "create" "-v" "/var/lib/crater-agent-workspace/builds/worker-0-tc2/target:/opt/rustwide/target:rw,Z" "-v" "/var/lib/crater-agent-workspace/builds/worker-0-tc2/source:/opt/rustwide/workdir:ro,Z" "-v" "/var/lib/crater-agent-workspace/cargo-home:/opt/rustwide/cargo-home:ro,Z" "-v" "/var/lib/crater-agent-workspace/rustup-home:/opt/rustwide/rustup-home:ro,Z" "-e" "SOURCE_DIR=/opt/rustwide/workdir" "-e" "CARGO_TARGET_DIR=/opt/rustwide/target" "-e" "CARGO_INCREMENTAL=0" "-e" "RUST_BACKTRACE=full" "-e" "RUSTFLAGS=--cap-lints=warn" "-e" "RUSTDOCFLAGS=--cap-lints=warn" "-e" "CARGO_HOME=/opt/rustwide/cargo-home" "-e" "RUSTUP_HOME=/opt/rustwide/rustup-home" "-w" "/opt/rustwide/workdir" "-m" "1610612736" "--user" "0:0" "--network" "none" "ghcr.io/rust-lang/crates-build-env/linux@sha256:f3a9d4ad9d972b27faf3965f35b62e55ba32bbce8f20bc8fe909558a86702fde" "/opt/rustwide/cargo-home/bin/cargo" "+beta-2024-12-08" "build" "--frozen" "--message-format=json", kill_on_drop: false }`
[INFO] [stdout] 80c47055af0af916c411390809571fecaf3c323de7a441c269fd90c75f6bfb47
[INFO] running `Command { std: "docker" "start" "-a" "80c47055af0af916c411390809571fecaf3c323de7a441c269fd90c75f6bfb47", kill_on_drop: false }`
[INFO] [stderr]    Compiling proc-macro2 v1.0.78
[INFO] [stderr]    Compiling unicode-ident v1.0.12
[INFO] [stderr]    Compiling cfg-if v1.0.0
[INFO] [stderr]    Compiling serde v1.0.196
[INFO] [stderr]    Compiling libc v0.2.153
[INFO] [stderr]    Compiling autocfg v1.1.0
[INFO] [stderr]    Compiling once_cell v1.19.0
[INFO] [stderr]    Compiling pin-project-lite v0.2.13
[INFO] [stderr]    Compiling version_check v0.9.4
[INFO] [stderr]    Compiling crossbeam-utils v0.8.19
[INFO] [stderr]    Compiling equivalent v1.0.1
[INFO] [stderr]    Compiling rustc-hash v1.1.0
[INFO] [stderr]    Compiling parking v2.2.0
[INFO] [stderr]    Compiling thiserror v1.0.57
[INFO] [stderr]    Compiling zerocopy v0.7.32
[INFO] [stderr]    Compiling hashbrown v0.14.3
[INFO] [stderr]    Compiling toml_datetime v0.6.5
[INFO] [stderr]    Compiling allocator-api2 v0.2.16
[INFO] [stderr]    Compiling winnow v0.5.40
[INFO] [stderr]    Compiling tracing-core v0.1.32
[INFO] [stderr]    Compiling futures-core v0.3.30
[INFO] [stderr]    Compiling memchr v2.7.1
[INFO] [stderr]    Compiling bitflags v1.3.2
[INFO] [stderr]    Compiling log v0.4.20
[INFO] [stderr]    Compiling futures-io v0.3.30
[INFO] [stderr]    Compiling fastrand v2.0.1
[INFO] [stdout] error: couldn't create a temp dir: No space left on device (os error 28) at path "/tmp/rustcDfZ873"
[INFO] [stdout] 
[INFO] [stdout] 
[INFO] [stdout] error: linking with `cc` failed: exit status: 1
[INFO] [stdout]   |
[INFO] [stdout]   = note: LC_ALL="C" PATH="/opt/rustwide/rustup-home/toolchains/beta-2024-12-08-x86_64-unknown-linux-gnu/lib/rustlib/x86_64-unknown-linux-gnu/bin:/opt/rustwide/cargo-home/bin:/usr/local/sbin:/usr/local/bin:/usr/sbin:/usr/bin:/sbin:/bin" VSLANG="1033" "cc" "-m64" "/tmp/rustcb00VXS/symbols.o" "/opt/rustwide/target/debug/build/thiserror-d542519d5ad5bee2/build_script_build-d542519d5ad5bee2.build_script_build.c41785692c91b59e-cgu.0.rcgu.o" "/opt/rustwide/target/debug/build/thiserror-d542519d5ad5bee2/build_script_build-d542519d5ad5bee2.build_script_build.c41785692c91b59e-cgu.1.rcgu.o" "/opt/rustwide/target/debug/build/thiserror-d542519d5ad5bee2/build_script_build-d542519d5ad5bee2.3nzqlg6v2y4vkq8c2rplj363u.rcgu.o" "-Wl,--as-needed" "-Wl,-Bstatic" "/opt/rustwide/rustup-home/toolchains/beta-2024-12-08-x86_64-unknown-linux-gnu/lib/rustlib/x86_64-unknown-linux-gnu/lib/libstd-02dc84f49135b6b8.rlib" "/opt/rustwide/rustup-home/toolchains/beta-2024-12-08-x86_64-unknown-linux-gnu/lib/rustlib/x86_64-unknown-linux-gnu/lib/libpanic_unwind-a8f45b397fae3f81.rlib" "/opt/rustwide/rustup-home/toolchains/beta-2024-12-08-x86_64-unknown-linux-gnu/lib/rustlib/x86_64-unknown-linux-gnu/lib/libobject-089607133c180609.rlib" "/opt/rustwide/rustup-home/toolchains/beta-2024-12-08-x86_64-unknown-linux-gnu/lib/rustlib/x86_64-unknown-linux-gnu/lib/libmemchr-fc89f091bcd86cbb.rlib" "/opt/rustwide/rustup-home/toolchains/beta-2024-12-08-x86_64-unknown-linux-gnu/lib/rustlib/x86_64-unknown-linux-gnu/lib/libaddr2line-5a60949f01c7340c.rlib" "/opt/rustwide/rustup-home/toolchains/beta-2024-12-08-x86_64-unknown-linux-gnu/lib/rustlib/x86_64-unknown-linux-gnu/lib/libgimli-d29e6a55ca253c8c.rlib" "/opt/rustwide/rustup-home/toolchains/beta-2024-12-08-x86_64-unknown-linux-gnu/lib/rustlib/x86_64-unknown-linux-gnu/lib/librustc_demangle-273c078d5f65de7a.rlib" "/opt/rustwide/rustup-home/toolchains/beta-2024-12-08-x86_64-unknown-linux-gnu/lib/rustlib/x86_64-unknown-linux-gnu/lib/libstd_detect-413c950ffbdd4454.rlib" "/opt/rustwide/rustup-home/toolchains/beta-2024-12-08-x86_64-unknown-linux-gnu/lib/rustlib/x86_64-unknown-linux-gnu/lib/libhashbrown-1853c0976a1d88a6.rlib" "/opt/rustwide/rustup-home/toolchains/beta-2024-12-08-x86_64-unknown-linux-gnu/lib/rustlib/x86_64-unknown-linux-gnu/lib/librustc_std_workspace_alloc-ccb3384ddacb0f9e.rlib" "/opt/rustwide/rustup-home/toolchains/beta-2024-12-08-x86_64-unknown-linux-gnu/lib/rustlib/x86_64-unknown-linux-gnu/lib/libminiz_oxide-0b901dfb0ca849e0.rlib" "/opt/rustwide/rustup-home/toolchains/beta-2024-12-08-x86_64-unknown-linux-gnu/lib/rustlib/x86_64-unknown-linux-gnu/lib/libadler-eebeb8d7c64543ad.rlib" "/opt/rustwide/rustup-home/toolchains/beta-2024-12-08-x86_64-unknown-linux-gnu/lib/rustlib/x86_64-unknown-linux-gnu/lib/libunwind-4723ef81d6079867.rlib" "/opt/rustwide/rustup-home/toolchains/beta-2024-12-08-x86_64-unknown-linux-gnu/lib/rustlib/x86_64-unknown-linux-gnu/lib/libcfg_if-54442f8b422f5a54.rlib" "/opt/rustwide/rustup-home/toolchains/beta-2024-12-08-x86_64-unknown-linux-gnu/lib/rustlib/x86_64-unknown-linux-gnu/lib/liblibc-e0bbe034b5282553.rlib" "/opt/rustwide/rustup-home/toolchains/beta-2024-12-08-x86_64-unknown-linux-gnu/lib/rustlib/x86_64-unknown-linux-gnu/lib/liballoc-d0febb68c1c37b90.rlib" "/opt/rustwide/rustup-home/toolchains/beta-2024-12-08-x86_64-unknown-linux-gnu/lib/rustlib/x86_64-unknown-linux-gnu/lib/librustc_std_workspace_core-4cf833632aafa84c.rlib" "/opt/rustwide/rustup-home/toolchains/beta-2024-12-08-x86_64-unknown-linux-gnu/lib/rustlib/x86_64-unknown-linux-gnu/lib/libcore-65c2c6d2d6ae570b.rlib" "/opt/rustwide/rustup-home/toolchains/beta-2024-12-08-x86_64-unknown-linux-gnu/lib/rustlib/x86_64-unknown-linux-gnu/lib/libcompiler_builtins-97929cee0dcfe424.rlib" "-Wl,-Bdynamic" "-lgcc_s" "-lutil" "-lrt" "-lpthread" "-lm" "-ldl" "-lc" "-Wl,--eh-frame-hdr" "-Wl,-z,noexecstack" "-L" "/opt/rustwide/rustup-home/toolchains/beta-2024-12-08-x86_64-unknown-linux-gnu/lib/rustlib/x86_64-unknown-linux-gnu/lib" "-o" "/opt/rustwide/target/debug/build/thiserror-d542519d5ad5bee2/build_script_build-d542519d5ad5bee2" "-Wl,--gc-sections" "-pie" "-Wl,-z,relro,-z,now" "-Wl,-O1" "-nodefaultlibs"
[INFO] [stdout]   = note: /usr/bin/ld: final link failed: No space left on device
[INFO] [stdout]           collect2: error: ld returned 1 exit status
[INFO] [stdout]           
[INFO] [stdout] 
[INFO] [stdout] 
[INFO] [stdout] error: failed to write to `/opt/rustwide/target/debug/deps/rmetaUVm6Ub/lib.rmeta`: No space left on device (os error 28)
[INFO] [stdout] 
[INFO] [stdout] 
[INFO] [stderr] error: could not compile `tracing-core` (lib) due to 1 previous error
[INFO] [stderr] warning: build failed, waiting for other jobs to finish...
[INFO] [stderr] error: could not compile `serde` (build script) due to 1 previous error
[INFO] [stderr] error: could not compile `thiserror` (build script) due to 1 previous error
[INFO] [stdout] error: linking with `cc` failed: exit status: 1
[INFO] [stdout]   |
[INFO] [stdout]   = note: LC_ALL="C" PATH="/opt/rustwide/rustup-home/toolchains/beta-2024-12-08-x86_64-unknown-linux-gnu/lib/rustlib/x86_64-unknown-linux-gnu/bin:/opt/rustwide/cargo-home/bin:/usr/local/sbin:/usr/local/bin:/usr/sbin:/usr/bin:/sbin:/bin" VSLANG="1033" "cc" "-m64" "/tmp/rustchap1Qf/symbols.o" "/opt/rustwide/target/debug/build/proc-macro2-4fff515525a72236/build_script_build-4fff515525a72236.build_script_build.12328b884324e053-cgu.0.rcgu.o" "/opt/rustwide/target/debug/build/proc-macro2-4fff515525a72236/build_script_build-4fff515525a72236.build_script_build.12328b884324e053-cgu.1.rcgu.o" "/opt/rustwide/target/debug/build/proc-macro2-4fff515525a72236/build_script_build-4fff515525a72236.3dnj5zya7wb43aqt3kv0n01ba.rcgu.o" "-Wl,--as-needed" "-Wl,-Bstatic" "/opt/rustwide/rustup-home/toolchains/beta-2024-12-08-x86_64-unknown-linux-gnu/lib/rustlib/x86_64-unknown-linux-gnu/lib/libstd-02dc84f49135b6b8.rlib" "/opt/rustwide/rustup-home/toolchains/beta-2024-12-08-x86_64-unknown-linux-gnu/lib/rustlib/x86_64-unknown-linux-gnu/lib/libpanic_unwind-a8f45b397fae3f81.rlib" "/opt/rustwide/rustup-home/toolchains/beta-2024-12-08-x86_64-unknown-linux-gnu/lib/rustlib/x86_64-unknown-linux-gnu/lib/libobject-089607133c180609.rlib" "/opt/rustwide/rustup-home/toolchains/beta-2024-12-08-x86_64-unknown-linux-gnu/lib/rustlib/x86_64-unknown-linux-gnu/lib/libmemchr-fc89f091bcd86cbb.rlib" "/opt/rustwide/rustup-home/toolchains/beta-2024-12-08-x86_64-unknown-linux-gnu/lib/rustlib/x86_64-unknown-linux-gnu/lib/libaddr2line-5a60949f01c7340c.rlib" "/opt/rustwide/rustup-home/toolchains/beta-2024-12-08-x86_64-unknown-linux-gnu/lib/rustlib/x86_64-unknown-linux-gnu/lib/libgimli-d29e6a55ca253c8c.rlib" "/opt/rustwide/rustup-home/toolchains/beta-2024-12-08-x86_64-unknown-linux-gnu/lib/rustlib/x86_64-unknown-linux-gnu/lib/librustc_demangle-273c078d5f65de7a.rlib" "/opt/rustwide/rustup-home/toolchains/beta-2024-12-08-x86_64-unknown-linux-gnu/lib/rustlib/x86_64-unknown-linux-gnu/lib/libstd_detect-413c950ffbdd4454.rlib" "/opt/rustwide/rustup-home/toolchains/beta-2024-12-08-x86_64-unknown-linux-gnu/lib/rustlib/x86_64-unknown-linux-gnu/lib/libhashbrown-1853c0976a1d88a6.rlib" "/opt/rustwide/rustup-home/toolchains/beta-2024-12-08-x86_64-unknown-linux-gnu/lib/rustlib/x86_64-unknown-linux-gnu/lib/librustc_std_workspace_alloc-ccb3384ddacb0f9e.rlib" "/opt/rustwide/rustup-home/toolchains/beta-2024-12-08-x86_64-unknown-linux-gnu/lib/rustlib/x86_64-unknown-linux-gnu/lib/libminiz_oxide-0b901dfb0ca849e0.rlib" "/opt/rustwide/rustup-home/toolchains/beta-2024-12-08-x86_64-unknown-linux-gnu/lib/rustlib/x86_64-unknown-linux-gnu/lib/libadler-eebeb8d7c64543ad.rlib" "/opt/rustwide/rustup-home/toolchains/beta-2024-12-08-x86_64-unknown-linux-gnu/lib/rustlib/x86_64-unknown-linux-gnu/lib/libunwind-4723ef81d6079867.rlib" "/opt/rustwide/rustup-home/toolchains/beta-2024-12-08-x86_64-unknown-linux-gnu/lib/rustlib/x86_64-unknown-linux-gnu/lib/libcfg_if-54442f8b422f5a54.rlib" "/opt/rustwide/rustup-home/toolchains/beta-2024-12-08-x86_64-unknown-linux-gnu/lib/rustlib/x86_64-unknown-linux-gnu/lib/liblibc-e0bbe034b5282553.rlib" "/opt/rustwide/rustup-home/toolchains/beta-2024-12-08-x86_64-unknown-linux-gnu/lib/rustlib/x86_64-unknown-linux-gnu/lib/liballoc-d0febb68c1c37b90.rlib" "/opt/rustwide/rustup-home/toolchains/beta-2024-12-08-x86_64-unknown-linux-gnu/lib/rustlib/x86_64-unknown-linux-gnu/lib/librustc_std_workspace_core-4cf833632aafa84c.rlib" "/opt/rustwide/rustup-home/toolchains/beta-2024-12-08-x86_64-unknown-linux-gnu/lib/rustlib/x86_64-unknown-linux-gnu/lib/libcore-65c2c6d2d6ae570b.rlib" "/opt/rustwide/rustup-home/toolchains/beta-2024-12-08-x86_64-unknown-linux-gnu/lib/rustlib/x86_64-unknown-linux-gnu/lib/libcompiler_builtins-97929cee0dcfe424.rlib" "-Wl,-Bdynamic" "-lgcc_s" "-lutil" "-lrt" "-lpthread" "-lm" "-ldl" "-lc" "-Wl,--eh-frame-hdr" "-Wl,-z,noexecstack" "-L" "/opt/rustwide/rustup-home/toolchains/beta-2024-12-08-x86_64-unknown-linux-gnu/lib/rustlib/x86_64-unknown-linux-gnu/lib" "-o" "/opt/rustwide/target/debug/build/proc-macro2-4fff515525a72236/build_script_build-4fff515525a72236" "-Wl,--gc-sections" "-pie" "-Wl,-z,relro,-z,now" "-Wl,-O1" "-nodefaultlibs"
[INFO] [stdout]   = note: /usr/bin/ld: final link failed: No space left on device
[INFO] [stdout]           collect2: error: ld returned 1 exit status
[INFO] [stdout]           
[INFO] [stdout] 
[INFO] [stdout] 
[INFO] [stderr] rustc-LLVM ERROR: IO failure on output stream: No space left on device
[INFO] [stderr] error: could not compile `proc-macro2` (build script) due to 1 previous error
[INFO] [stderr] rustc-LLVM ERROR: IO failure on output stream: No space left on device
[INFO] [stderr] error: could not compile `crossbeam-utils` (build script)
[INFO] [stderr] 
[INFO] [stderr] Caused by:
[INFO] [stderr]   process didn't exit successfully: `/opt/rustwide/rustup-home/toolchains/beta-2024-12-08-x86_64-unknown-linux-gnu/bin/rustc --crate-name build_script_build --edition=2021 /opt/rustwide/cargo-home/registry/src/index.crates.io-6f17d22bba15001f/crossbeam-utils-0.8.19/build.rs --error-format=json --json=diagnostic-rendered-ansi,artifacts,future-incompat --crate-type bin --emit=dep-info,link -C opt-level=3 -C embed-bitcode=no -C debug-assertions=on --cfg 'feature="std"' --check-cfg 'cfg(docsrs)' --check-cfg 'cfg(feature, values("default", "loom", "nightly", "std"))' -C metadata=7a0fab2d2ed5e6e4 -C extra-filename=-7a0fab2d2ed5e6e4 --out-dir /opt/rustwide/target/debug/build/crossbeam-utils-7a0fab2d2ed5e6e4 -L dependency=/opt/rustwide/target/debug/deps --cap-lints allow --cap-lints=warn` (exit status: 101)
[INFO] [stderr] error: could not compile `autocfg` (lib)
[INFO] [stderr] 
[INFO] [stderr] Caused by:
[INFO] [stderr]   process didn't exit successfully: `/opt/rustwide/rustup-home/toolchains/beta-2024-12-08-x86_64-unknown-linux-gnu/bin/rustc --crate-name autocfg --edition=2015 /opt/rustwide/cargo-home/registry/src/index.crates.io-6f17d22bba15001f/autocfg-1.1.0/src/lib.rs --error-format=json --json=diagnostic-rendered-ansi,artifacts,future-incompat --crate-type lib --emit=dep-info,metadata,link -C opt-level=3 -C embed-bitcode=no -C debug-assertions=on --check-cfg 'cfg(docsrs)' --check-cfg 'cfg(feature, values())' -C metadata=ea495f845f213218 -C extra-filename=-ea495f845f213218 --out-dir /opt/rustwide/target/debug/deps -L dependency=/opt/rustwide/target/debug/deps --cap-lints allow --cap-lints=warn` (exit status: 101)
[INFO] [stdout] error: failed to write to `/opt/rustwide/target/debug/deps/rmeta9DP7zw/lib.rmeta`: No space left on device (os error 28)
[INFO] [stdout] 
[INFO] [stdout] 
[INFO] [stdout] error: failed to write to `/opt/rustwide/target/debug/deps/rmetaMR2oO5/lib.rmeta`: No space left on device (os error 28)
[INFO] [stdout] 
[INFO] [stdout] 
[INFO] [stderr] error: could not parse/generate dep info at: /opt/rustwide/target/debug/deps/futures_io-a6e29ffe48f7fc20.d
[INFO] [stderr] 
[INFO] [stderr] Caused by:
[INFO] [stderr]   failed to write `/opt/rustwide/target/debug/.fingerprint/futures-io-a6e29ffe48f7fc20/dep-lib-futures_io`
[INFO] [stderr] 
[INFO] [stderr] Caused by:
[INFO] [stderr]   No space left on device (os error 28)
[INFO] [stderr] error: could not compile `hashbrown` (lib) due to 1 previous error
[INFO] [stderr] error: could not compile `log` (lib) due to 1 previous error
[INFO] [stderr] rustc-LLVM ERROR: IO failure on output stream: No space left on device
[INFO] [stderr] error: could not compile `libc` (build script)
[INFO] [stderr] 
[INFO] [stderr] Caused by:
[INFO] [stderr]   process didn't exit successfully: `/opt/rustwide/rustup-home/toolchains/beta-2024-12-08-x86_64-unknown-linux-gnu/bin/rustc --crate-name build_script_build --edition=2015 /opt/rustwide/cargo-home/registry/src/index.crates.io-6f17d22bba15001f/libc-0.2.153/build.rs --error-format=json --json=diagnostic-rendered-ansi,artifacts,future-incompat --crate-type bin --emit=dep-info,link -C opt-level=3 -C embed-bitcode=no -C debug-assertions=on --check-cfg 'cfg(docsrs)' --check-cfg 'cfg(feature, values("align", "const-extern-fn", "default", "extra_traits", "rustc-dep-of-std", "rustc-std-workspace-core", "std", "use_std"))' -C metadata=96235f022f6b632b -C extra-filename=-96235f022f6b632b --out-dir /opt/rustwide/target/debug/build/libc-96235f022f6b632b -L dependency=/opt/rustwide/target/debug/deps --cap-lints allow --cap-lints=warn` (exit status: 101)
[INFO] [stdout] error: failed to write to `/opt/rustwide/target/debug/deps/rmeta14fGSZ/lib.rmeta`: No space left on device (os error 28)
[INFO] [stdout] 
[INFO] [stdout] 
[INFO] [stderr] error: could not compile `fastrand` (lib) due to 1 previous error
[INFO] [stdout] error: failed to write to `/opt/rustwide/target/debug/deps/rmetaIgKcj9/lib.rmeta`: No space left on device (os error 28)
[INFO] [stdout] 
[INFO] [stdout] 
[INFO] [stderr] error: could not compile `allocator-api2` (lib) due to 1 previous error
[INFO] [stderr] rustc-LLVM ERROR: IO failure on output stream: No space left on device
[INFO] [stdout] error: failed to write to `/opt/rustwide/target/debug/deps/rmetaEum9SH/lib.rmeta`: No space left on device (os error 28)
[INFO] [stdout] 
[INFO] [stdout] 
[INFO] [stderr] error: could not compile `version_check` (lib)
[INFO] [stderr] 
[INFO] [stderr] Caused by:
[INFO] [stderr]   No space left on device (os error 28)
[INFO] [stderr] 
[INFO] [stderr] Caused by:
[INFO] [stderr]   failed to parse process output: `/opt/rustwide/rustup-home/toolchains/beta-2024-12-08-x86_64-unknown-linux-gnu/bin/rustc --crate-name version_check --edition=2015 /opt/rustwide/cargo-home/registry/src/index.crates.io-6f17d22bba15001f/version_check-0.9.4/src/lib.rs --error-format=json --json=diagnostic-rendered-ansi,artifacts,future-incompat --crate-type lib --emit=dep-info,metadata,link -C opt-level=3 -C embed-bitcode=no -C debug-assertions=on --check-cfg 'cfg(docsrs)' --check-cfg 'cfg(feature, values())' -C metadata=1159b8fab1ad21f1 -C extra-filename=-1159b8fab1ad21f1 --out-dir /opt/rustwide/target/debug/deps -L dependency=/opt/rustwide/target/debug/deps --cap-lints allow --cap-lints=warn` (exit status: 101)
[INFO] [stderr] error: could not compile `memchr` (lib) due to 1 previous error
[INFO] [stdout] error: linking with `cc` failed: exit status: 1
[INFO] [stdout]   |
[INFO] [stdout]   = note: LC_ALL="C" PATH="/opt/rustwide/rustup-home/toolchains/beta-2024-12-08-x86_64-unknown-linux-gnu/lib/rustlib/x86_64-unknown-linux-gnu/bin:/opt/rustwide/cargo-home/bin:/usr/local/sbin:/usr/local/bin:/usr/sbin:/usr/bin:/sbin:/bin" VSLANG="1033" "cc" "-m64" "/tmp/rustcA7Wv9Q/symbols.o" "/opt/rustwide/target/debug/build/libc-9dd6330d8d95b358/build_script_build-9dd6330d8d95b358.build_script_build.abe61dc20df87e4d-cgu.0.rcgu.o" "/opt/rustwide/target/debug/build/libc-9dd6330d8d95b358/build_script_build-9dd6330d8d95b358.build_script_build.abe61dc20df87e4d-cgu.1.rcgu.o" "/opt/rustwide/target/debug/build/libc-9dd6330d8d95b358/build_script_build-9dd6330d8d95b358.build_script_build.abe61dc20df87e4d-cgu.2.rcgu.o" "/opt/rustwide/target/debug/build/libc-9dd6330d8d95b358/build_script_build-9dd6330d8d95b358.build_script_build.abe61dc20df87e4d-cgu.3.rcgu.o" "/opt/rustwide/target/debug/build/libc-9dd6330d8d95b358/build_script_build-9dd6330d8d95b358.2i9b4yh4rydt3mm55uc038xnd.rcgu.o" "-Wl,--as-needed" "-Wl,-Bstatic" "/opt/rustwide/rustup-home/toolchains/beta-2024-12-08-x86_64-unknown-linux-gnu/lib/rustlib/x86_64-unknown-linux-gnu/lib/libstd-02dc84f49135b6b8.rlib" "/opt/rustwide/rustup-home/toolchains/beta-2024-12-08-x86_64-unknown-linux-gnu/lib/rustlib/x86_64-unknown-linux-gnu/lib/libpanic_unwind-a8f45b397fae3f81.rlib" "/opt/rustwide/rustup-home/toolchains/beta-2024-12-08-x86_64-unknown-linux-gnu/lib/rustlib/x86_64-unknown-linux-gnu/lib/libobject-089607133c180609.rlib" "/opt/rustwide/rustup-home/toolchains/beta-2024-12-08-x86_64-unknown-linux-gnu/lib/rustlib/x86_64-unknown-linux-gnu/lib/libmemchr-fc89f091bcd86cbb.rlib" "/opt/rustwide/rustup-home/toolchains/beta-2024-12-08-x86_64-unknown-linux-gnu/lib/rustlib/x86_64-unknown-linux-gnu/lib/libaddr2line-5a60949f01c7340c.rlib" "/opt/rustwide/rustup-home/toolchains/beta-2024-12-08-x86_64-unknown-linux-gnu/lib/rustlib/x86_64-unknown-linux-gnu/lib/libgimli-d29e6a55ca253c8c.rlib" "/opt/rustwide/rustup-home/toolchains/beta-2024-12-08-x86_64-unknown-linux-gnu/lib/rustlib/x86_64-unknown-linux-gnu/lib/librustc_demangle-273c078d5f65de7a.rlib" "/opt/rustwide/rustup-home/toolchains/beta-2024-12-08-x86_64-unknown-linux-gnu/lib/rustlib/x86_64-unknown-linux-gnu/lib/libstd_detect-413c950ffbdd4454.rlib" "/opt/rustwide/rustup-home/toolchains/beta-2024-12-08-x86_64-unknown-linux-gnu/lib/rustlib/x86_64-unknown-linux-gnu/lib/libhashbrown-1853c0976a1d88a6.rlib" "/opt/rustwide/rustup-home/toolchains/beta-2024-12-08-x86_64-unknown-linux-gnu/lib/rustlib/x86_64-unknown-linux-gnu/lib/librustc_std_workspace_alloc-ccb3384ddacb0f9e.rlib" "/opt/rustwide/rustup-home/toolchains/beta-2024-12-08-x86_64-unknown-linux-gnu/lib/rustlib/x86_64-unknown-linux-gnu/lib/libminiz_oxide-0b901dfb0ca849e0.rlib" "/opt/rustwide/rustup-home/toolchains/beta-2024-12-08-x86_64-unknown-linux-gnu/lib/rustlib/x86_64-unknown-linux-gnu/lib/libadler-eebeb8d7c64543ad.rlib" "/opt/rustwide/rustup-home/toolchains/beta-2024-12-08-x86_64-unknown-linux-gnu/lib/rustlib/x86_64-unknown-linux-gnu/lib/libunwind-4723ef81d6079867.rlib" "/opt/rustwide/rustup-home/toolchains/beta-2024-12-08-x86_64-unknown-linux-gnu/lib/rustlib/x86_64-unknown-linux-gnu/lib/libcfg_if-54442f8b422f5a54.rlib" "/opt/rustwide/rustup-home/toolchains/beta-2024-12-08-x86_64-unknown-linux-gnu/lib/rustlib/x86_64-unknown-linux-gnu/lib/liblibc-e0bbe034b5282553.rlib" "/opt/rustwide/rustup-home/toolchains/beta-2024-12-08-x86_64-unknown-linux-gnu/lib/rustlib/x86_64-unknown-linux-gnu/lib/liballoc-d0febb68c1c37b90.rlib" "/opt/rustwide/rustup-home/toolchains/beta-2024-12-08-x86_64-unknown-linux-gnu/lib/rustlib/x86_64-unknown-linux-gnu/lib/librustc_std_workspace_core-4cf833632aafa84c.rlib" "/opt/rustwide/rustup-home/toolchains/beta-2024-12-08-x86_64-unknown-linux-gnu/lib/rustlib/x86_64-unknown-linux-gnu/lib/libcore-65c2c6d2d6ae570b.rlib" "/opt/rustwide/rustup-home/toolchains/beta-2024-12-08-x86_64-unknown-linux-gnu/lib/rustlib/x86_64-unknown-linux-gnu/lib/libcompiler_builtins-97929cee0dcfe424.rlib" "-Wl,-Bdynamic" "-lgcc_s" "-lutil" "-lrt" "-lpthread" "-lm" "-ldl" "-lc" "-Wl,--eh-frame-hdr" "-Wl,-z,noexecstack" "-L" "/opt/rustwide/rustup-home/toolchains/beta-2024-12-08-x86_64-unknown-linux-gnu/lib/rustlib/x86_64-unknown-linux-gnu/lib" "-o" "/opt/rustwide/target/debug/build/libc-9dd6330d8d95b358/build_script_build-9dd6330d8d95b358" "-Wl,--gc-sections" "-pie" "-Wl,-z,relro,-z,now" "-Wl,-O1" "-nodefaultlibs"
[INFO] [stdout]   = note: /usr/bin/ld: final link failed: No space left on device
[INFO] [stdout]           collect2: error: ld returned 1 exit status
[INFO] [stdout]           
[INFO] [stdout] 
[INFO] [stdout] 
[INFO] [stderr] error: could not compile `libc` (build script) due to 1 previous error
[INFO] [stdout] error: failed to write to `/opt/rustwide/target/debug/deps/rmetalwZy5V/lib.rmeta`: No space left on device (os error 28)
[INFO] [stdout] 
[INFO] [stdout] 
[INFO] [stderr] error: could not compile `winnow` (lib) due to 1 previous error
[INFO] running `Command { std: "docker" "inspect" "80c47055af0af916c411390809571fecaf3c323de7a441c269fd90c75f6bfb47", kill_on_drop: false }`
[INFO] running `Command { std: "docker" "rm" "-f" "80c47055af0af916c411390809571fecaf3c323de7a441c269fd90c75f6bfb47", kill_on_drop: false }`
[INFO] [stdout] 80c47055af0af916c411390809571fecaf3c323de7a441c269fd90c75f6bfb47
