[INFO] cloning repository https://github.com/rikkaka/trading-gpt
[INFO] running `Command { std: "git" "-c" "credential.helper=" "-c" "credential.helper=/workspace/cargo-home/bin/git-credential-null" "clone" "--bare" "https://github.com/rikkaka/trading-gpt" "/workspace/cache/git-repos/https%3A%2F%2Fgithub.com%2Frikkaka%2Ftrading-gpt", kill_on_drop: false }`
[INFO] [stderr] Cloning into bare repository '/workspace/cache/git-repos/https%3A%2F%2Fgithub.com%2Frikkaka%2Ftrading-gpt'...
[INFO] running `Command { std: "git" "rev-parse" "HEAD", kill_on_drop: false }`
[INFO] [stdout] c7918a8f0c7d57ca8c8eeb78e3110e3c0f953abe
[INFO] testing rikkaka/trading-gpt/c7918a8f0c7d57ca8c8eeb78e3110e3c0f953abe against 1.83.0 for beta-1.84.0-4-retry
[INFO] running `Command { std: "git" "clone" "/workspace/cache/git-repos/https%3A%2F%2Fgithub.com%2Frikkaka%2Ftrading-gpt" "/workspace/builds/worker-2-tc1/source", kill_on_drop: false }`
[INFO] [stderr] Cloning into '/workspace/builds/worker-2-tc1/source'...
[INFO] [stderr] done.
[INFO] validating manifest of git repo https://github.com/rikkaka/trading-gpt on toolchain 1.83.0
[INFO] running `Command { std: CARGO_HOME="/workspace/cargo-home" RUSTUP_HOME="/workspace/rustup-home" "/workspace/cargo-home/bin/cargo" "+1.83.0" "metadata" "--manifest-path" "Cargo.toml" "--no-deps", kill_on_drop: false }`
[INFO] started tweaking git repo https://github.com/rikkaka/trading-gpt
[INFO] finished tweaking git repo https://github.com/rikkaka/trading-gpt
[INFO] tweaked toml for git repo https://github.com/rikkaka/trading-gpt written to /workspace/builds/worker-2-tc1/source/Cargo.toml
[INFO] crate git repo https://github.com/rikkaka/trading-gpt already has a lockfile, it will not be regenerated
[INFO] running `Command { std: CARGO_HOME="/workspace/cargo-home" RUSTUP_HOME="/workspace/rustup-home" "/workspace/cargo-home/bin/cargo" "+1.83.0" "fetch" "--manifest-path" "Cargo.toml", kill_on_drop: false }`
[INFO] [stderr]     Updating crates.io index
[INFO] [stderr]  Downloading crates ...
[INFO] [stderr]   Downloaded execute-command-macro-impl v0.1.9
[INFO] [stderr]   Downloaded indoc v2.0.3
[INFO] [stderr]   Downloaded async-openai v0.12.1
[INFO] [stderr]   Downloaded dioxus-liveview v0.3.0
[INFO] [stderr]   Downloaded internment v0.7.1
[INFO] running `Command { std: "docker" "create" "-v" "/var/lib/crater-agent-workspace/builds/worker-2-tc1/target:/opt/rustwide/target:rw,Z" "-v" "/var/lib/crater-agent-workspace/builds/worker-2-tc1/source:/opt/rustwide/workdir:ro,Z" "-v" "/var/lib/crater-agent-workspace/cargo-home:/opt/rustwide/cargo-home:ro,Z" "-v" "/var/lib/crater-agent-workspace/rustup-home:/opt/rustwide/rustup-home:ro,Z" "-e" "SOURCE_DIR=/opt/rustwide/workdir" "-e" "CARGO_TARGET_DIR=/opt/rustwide/target" "-e" "CARGO_HOME=/opt/rustwide/cargo-home" "-e" "RUSTUP_HOME=/opt/rustwide/rustup-home" "-w" "/opt/rustwide/workdir" "-m" "1610612736" "--user" "0:0" "--network" "none" "ghcr.io/rust-lang/crates-build-env/linux@sha256:f3a9d4ad9d972b27faf3965f35b62e55ba32bbce8f20bc8fe909558a86702fde" "/opt/rustwide/cargo-home/bin/cargo" "+1.83.0" "metadata" "--no-deps" "--format-version=1", kill_on_drop: false }`
[INFO] [stdout] 716b234826482c956c6a3070f8d02fb7fca5965c09a69fc6b12a516df469073b
[INFO] running `Command { std: "docker" "start" "-a" "716b234826482c956c6a3070f8d02fb7fca5965c09a69fc6b12a516df469073b", kill_on_drop: false }`
[INFO] running `Command { std: "docker" "inspect" "716b234826482c956c6a3070f8d02fb7fca5965c09a69fc6b12a516df469073b", kill_on_drop: false }`
[INFO] running `Command { std: "docker" "rm" "-f" "716b234826482c956c6a3070f8d02fb7fca5965c09a69fc6b12a516df469073b", kill_on_drop: false }`
[INFO] [stdout] 716b234826482c956c6a3070f8d02fb7fca5965c09a69fc6b12a516df469073b
[INFO] running `Command { std: "docker" "create" "-v" "/var/lib/crater-agent-workspace/builds/worker-2-tc1/target:/opt/rustwide/target:rw,Z" "-v" "/var/lib/crater-agent-workspace/builds/worker-2-tc1/source:/opt/rustwide/workdir:ro,Z" "-v" "/var/lib/crater-agent-workspace/cargo-home:/opt/rustwide/cargo-home:ro,Z" "-v" "/var/lib/crater-agent-workspace/rustup-home:/opt/rustwide/rustup-home:ro,Z" "-e" "SOURCE_DIR=/opt/rustwide/workdir" "-e" "CARGO_TARGET_DIR=/opt/rustwide/target" "-e" "CARGO_INCREMENTAL=0" "-e" "RUST_BACKTRACE=full" "-e" "RUSTFLAGS=--cap-lints=warn" "-e" "RUSTDOCFLAGS=--cap-lints=warn" "-e" "CARGO_HOME=/opt/rustwide/cargo-home" "-e" "RUSTUP_HOME=/opt/rustwide/rustup-home" "-w" "/opt/rustwide/workdir" "-m" "1610612736" "--user" "0:0" "--network" "none" "ghcr.io/rust-lang/crates-build-env/linux@sha256:f3a9d4ad9d972b27faf3965f35b62e55ba32bbce8f20bc8fe909558a86702fde" "/opt/rustwide/cargo-home/bin/cargo" "+1.83.0" "build" "--frozen" "--message-format=json", kill_on_drop: false }`
[INFO] [stdout] dbacd35d36c2b6fdb5ad7d12df59e144db54d16b647571628a9dc99f13786ac6
[INFO] running `Command { std: "docker" "start" "-a" "dbacd35d36c2b6fdb5ad7d12df59e144db54d16b647571628a9dc99f13786ac6", kill_on_drop: false }`
[INFO] [stderr]    Compiling proc-macro2 v1.0.64
[INFO] [stderr]    Compiling quote v1.0.29
[INFO] [stderr]    Compiling unicode-ident v1.0.10
[INFO] [stderr]    Compiling cfg-if v1.0.0
[INFO] [stderr]    Compiling autocfg v1.1.0
[INFO] [stderr]    Compiling libc v0.2.147
[INFO] [stderr]    Compiling version_check v0.9.4
[INFO] [stderr]    Compiling memchr v2.5.0
[INFO] [stderr]    Compiling log v0.4.19
[INFO] [stderr]    Compiling pin-project-lite v0.2.10
[INFO] [stderr]    Compiling once_cell v1.18.0
[INFO] [stderr]    Compiling futures-core v0.3.28
[INFO] [stderr]    Compiling smallvec v1.11.0
[INFO] [stderr]    Compiling scopeguard v1.1.0
[INFO] [stderr]    Compiling lock_api v0.4.10
[INFO] [stderr]    Compiling parking_lot_core v0.9.8
[INFO] [stderr]    Compiling fnv v1.0.7
[INFO] [stderr]    Compiling ahash v0.7.6
[INFO] [stderr]    Compiling slab v0.4.8
[INFO] [stderr]    Compiling pin-utils v0.1.0
[INFO] [stderr]    Compiling futures-io v0.3.28
[INFO] [stderr]    Compiling futures-task v0.3.28
[INFO] [stderr]    Compiling futures-channel v0.3.28
[INFO] [stderr]    Compiling futures-util v0.3.28
[INFO] [stderr]    Compiling futures-sink v0.3.28
[INFO] [stderr]    Compiling serde v1.0.171
[INFO] [stderr]    Compiling bytes v1.4.0
[INFO] [stderr]    Compiling itoa v1.0.8
[INFO] [stderr]    Compiling tokio v1.29.1
[INFO] [stderr]    Compiling indexmap v1.9.3
[INFO] [stderr]    Compiling ident_case v1.0.1
[INFO] [stderr]    Compiling syn v1.0.109
[INFO] [stderr]    Compiling syn v2.0.25
[INFO] [stderr]    Compiling typenum v1.16.0
[INFO] [stderr]    Compiling generic-array v0.14.7
[INFO] [stderr]    Compiling tracing-core v0.1.31
[INFO] [stderr]    Compiling http v0.2.9
[INFO] [stderr]    Compiling aho-corasick v1.0.2
[INFO] [stderr]    Compiling getrandom v0.2.10
[INFO] [stderr]    Compiling mio v0.8.8
[INFO] [stderr]    Compiling parking_lot v0.12.1
[INFO] [stderr]    Compiling signal-hook-registry v1.4.1
[INFO] [stderr]    Compiling hashbrown v0.12.3
[INFO] [stderr]    Compiling num_cpus v1.16.0
[INFO] [stderr]    Compiling socket2 v0.4.9
[INFO] [stderr]    Compiling regex-syntax v0.7.4
[INFO] [stderr]    Compiling cc v1.0.79
[INFO] [stderr]    Compiling httparse v1.8.0
[INFO] [stderr]    Compiling bumpalo v3.13.0
[INFO] [stderr]    Compiling thiserror v1.0.43
[INFO] [stderr]    Compiling ring v0.16.20
[INFO] [stderr]    Compiling tinyvec_macros v0.1.1
[INFO] [stderr]    Compiling tinyvec v1.6.0
[INFO] [stderr]    Compiling bumpslab v0.2.0
[INFO] [stderr]    Compiling num-traits v0.2.15
[INFO] [stderr]    Compiling smallbox v0.8.1
[INFO] [stderr]    Compiling rustc-hash v1.1.0
[INFO] [stderr]    Compiling longest-increasing-subsequence v0.1.0
[INFO] [stderr]    Compiling crossbeam-utils v0.8.16
[INFO] [stderr]    Compiling percent-encoding v2.3.0
[INFO] [stderr]    Compiling form_urlencoded v1.2.0
[INFO] [stderr]    Compiling rustversion v1.0.14
[INFO] [stderr]    Compiling unicode-normalization v0.1.22
[INFO] [stderr]    Compiling unicode-bidi v0.3.13
[INFO] [stderr]    Compiling spin v0.5.2
[INFO] [stderr]    Compiling ryu v1.0.15
[INFO] [stderr]    Compiling regex-automata v0.3.3
[INFO] [stderr]    Compiling tower-service v0.3.2
[INFO] [stderr]    Compiling serde_json v1.0.103
[INFO] [stderr]    Compiling untrusted v0.7.1
[INFO] [stderr]    Compiling idna v0.4.0
[INFO] [stderr]    Compiling darling_core v0.20.3
[INFO] [stderr]    Compiling http-body v0.4.5
[INFO] [stderr]    Compiling rand_core v0.6.4
[INFO] [stderr]    Compiling unicase v2.6.0
[INFO] [stderr]    Compiling semver v1.0.18
[INFO] [stderr]    Compiling async-trait v0.1.71
[INFO] [stderr]    Compiling bitflags v1.3.2
[INFO] [stderr]    Compiling try-lock v0.2.4
[INFO] [stderr]    Compiling serde_derive v1.0.171
[INFO] [stderr]    Compiling futures-macro v0.3.28
[INFO] [stderr]    Compiling tokio-macros v2.1.0
[INFO] [stderr]    Compiling tracing-attributes v0.1.26
[INFO] [stderr]    Compiling regex v1.9.1
[INFO] [stderr]    Compiling thiserror-impl v1.0.43
[INFO] [stderr]    Compiling ppv-lite86 v0.2.17
[INFO] [stderr]    Compiling tracing v0.1.37
[INFO] [stderr]    Compiling rand_chacha v0.3.1
[INFO] [stderr]    Compiling darling_macro v0.20.3
[INFO] [stderr]    Compiling want v0.3.1
[INFO] [stderr]    Compiling url v2.4.0
[INFO] [stderr]    Compiling rustls v0.21.5
[INFO] [stderr]    Compiling mime v0.3.17
[INFO] [stderr]    Compiling httpdate v1.0.2
[INFO] [stderr]    Compiling base64 v0.21.2
[INFO] [stderr]    Compiling strsim v0.10.0
[INFO] [stderr]    Compiling darling v0.20.3
[INFO] [stderr]    Compiling darling_core v0.14.4
[INFO] [stderr]    Compiling rand v0.8.5
[INFO] [stderr]    Compiling rustls-webpki v0.101.1
[INFO] [stderr]    Compiling sct v0.7.0
[INFO] [stderr]    Compiling block-buffer v0.10.4
[INFO] [stderr]    Compiling crypto-common v0.1.6
[INFO] [stderr]    Compiling lazy_static v1.4.0
[INFO] [stderr]    Compiling event-listener v2.5.3
[INFO] [stderr]    Compiling digest v0.10.7
[INFO] [stderr]    Compiling rustc_version v0.4.0
[INFO] [stderr]    Compiling mime_guess v2.0.4
[INFO] [stderr]    Compiling enumset_derive v0.8.1
[INFO] [stderr]    Compiling concurrent-queue v2.2.0
[INFO] [stderr]    Compiling ordered-float v2.10.0
[INFO] [stderr]    Compiling internment v0.7.1
[INFO] [stderr]    Compiling termcolor v1.2.0
[INFO] [stderr]    Compiling execute-command-tokens v0.1.6
[INFO] [stderr]    Compiling rustix v0.38.4
[INFO] [stderr]    Compiling same-file v1.0.6
[INFO] [stderr]    Compiling parking v2.1.0
[INFO] [stderr]    Compiling tokio-util v0.7.8
[INFO] [stderr]    Compiling waker-fn v1.1.0
[INFO] [stderr]    Compiling cpufeatures v0.2.9
[INFO] [stderr]    Compiling darling_macro v0.14.4
[INFO] [stderr]    Compiling unicode-segmentation v1.10.1
[INFO] [stderr]    Compiling fastrand v1.9.0
[INFO] [stderr]    Compiling enumset v1.1.2
[INFO] [stderr]    Compiling sha1 v0.10.5
[INFO] [stderr]    Compiling futures-lite v1.13.0
[INFO] [stderr]    Compiling walkdir v2.3.3
[INFO] [stderr]    Compiling execute-command-macro-impl v0.1.9
[INFO] [stderr]    Compiling h2 v0.3.20
[INFO] [stderr]    Compiling darling v0.14.4
[INFO] [stderr]    Compiling async-channel v1.9.0
[INFO] [stderr]    Compiling interprocess v1.2.1
[INFO] [stderr]    Compiling tokio-rustls v0.24.1
[INFO] [stderr]    Compiling async-lock v2.7.0
[INFO] [stderr]    Compiling rustls-pemfile v1.0.3
[INFO] [stderr]    Compiling axum-core v0.3.4
[INFO] [stderr]    Compiling serde_repr v0.1.14
[INFO] [stderr]    Compiling pin-project-internal v1.1.2
[INFO] [stderr]    Compiling inotify-sys v0.1.5
[INFO] [stderr]    Compiling bstr v1.6.0
[INFO] [stderr]    Compiling dioxus-core v0.3.3
[INFO] [stderr]    Compiling serde_urlencoded v0.7.1
[INFO] [stderr]    Compiling euclid v0.22.9
[INFO] [stderr]    Compiling keyboard-types v0.6.2
[INFO] [stderr]    Compiling dioxus-rsx v0.0.3
[INFO] [stderr]    Compiling serde-value v0.7.0
[INFO] [stderr]    Compiling thread_local v1.1.7
[INFO] [stderr]    Compiling linux-raw-sys v0.4.3
[INFO] [stderr]    Compiling utf-8 v0.7.6
[INFO] [stderr]    Compiling base64 v0.13.1
[INFO] [stderr]    Compiling byteorder v1.4.3
[INFO] [stderr]    Compiling async-task v4.4.0
[INFO] [stderr]    Compiling pkg-config v0.3.27
[INFO] [stderr]    Compiling bitflags v2.3.3
[INFO] [stderr]    Compiling quick-error v1.2.3
[INFO] [stderr]    Compiling minimal-lexical v0.2.1
[INFO] [stderr]    Compiling openssl-probe v0.1.5
[INFO] [stderr]    Compiling tower-layer v0.3.2
[INFO] [stderr]    Compiling atomic-waker v1.1.1
[INFO] [stderr]    Compiling vcpkg v0.2.15
[INFO] [stderr]    Compiling blocking v1.3.1
[INFO] [stderr]    Compiling nom v7.1.3
[INFO] [stderr]    Compiling dioxus-html v0.3.1
[INFO] [stderr]    Compiling rustls-native-certs v0.6.3
[INFO] [stderr]    Compiling hyper v0.14.27
[INFO] [stderr]    Compiling humantime v1.3.0
[INFO] [stderr]    Compiling tungstenite v0.18.0
[INFO] [stderr]    Compiling libsqlite3-sys v0.26.0
[INFO] [stderr]    Compiling pin-project v1.1.2
[INFO] [stderr]    Compiling globset v0.4.11
[INFO] [stderr]    Compiling inotify v0.9.6
[INFO] [stderr]    Compiling execute-command-macro v0.1.8
[INFO] [stderr]    Compiling derive_builder_core v0.12.0
[INFO] [stderr]    Compiling axum v0.6.18
[INFO] [stderr]    Compiling crossbeam-channel v0.5.8
[INFO] [stderr]    Compiling filetime v0.2.21
[INFO] [stderr]    Compiling time v0.1.45
[INFO] [stderr]    Compiling atty v0.2.14
[INFO] [stderr]    Compiling spinning v0.1.0
[INFO] [stderr]    Compiling encoding_rs v0.8.32
[INFO] [stderr]    Compiling iana-time-zone v0.1.57
[INFO] [stderr]    Compiling ipnet v2.8.0
[INFO] [stderr]    Compiling regex-syntax v0.6.29
[INFO] [stderr]    Compiling intmap v0.7.1
[INFO] [stderr]    Compiling to_method v1.1.0
[INFO] [stderr]    Compiling anyhow v1.0.71
[INFO] [stderr]    Compiling derive_builder_macro v0.12.0
[INFO] [stderr]    Compiling notify v5.2.0
[INFO] [stderr]    Compiling chrono v0.4.26
[INFO] [stderr]    Compiling env_logger v0.7.1
[INFO] [stderr]    Compiling eventsource-stream v0.2.3
[INFO] [stderr]    Compiling execute v0.2.12
[INFO] [stderr]    Compiling regex-automata v0.1.10
[INFO] [stderr]    Compiling hyper-rustls v0.24.1
[INFO] [stderr]    Compiling dioxus-rsx v0.0.2
[INFO] [stderr]    Compiling tokio-tungstenite v0.18.0
[INFO] [stderr]    Compiling reqwest v0.11.18
[INFO] [stderr]    Compiling ignore v0.4.20
[INFO] [stderr]    Compiling tower v0.4.13
[INFO] [stderr]    Compiling is-terminal v0.4.9
[INFO] [stderr]    Compiling serde_path_to_error v0.1.14
[INFO] [stderr]    Compiling tokio-stream v0.1.14
[INFO] [stderr]    Compiling futures-executor v0.3.28
[INFO] [stderr]    Compiling diesel_table_macro_syntax v0.1.0
[INFO] [stderr]    Compiling scheduled-thread-pool v0.2.7
[INFO] [stderr]    Compiling instant v0.1.12
[INFO] [stderr]    Compiling sync_wrapper v0.1.2
[INFO] [stderr]    Compiling matchit v0.7.0
[INFO] [stderr]    Compiling futures-timer v3.0.2
[INFO] [stderr]    Compiling humantime v2.1.0
[INFO] [stderr]    Compiling overload v0.1.1
[INFO] [stderr]    Compiling nu-ansi-term v0.46.0
[INFO] [stderr]    Compiling r2d2 v0.8.10
[INFO] [stderr]    Compiling env_logger v0.10.0
[INFO] [stderr]    Compiling reqwest-eventsource v0.4.0
[INFO] [stderr]    Compiling backoff v0.4.0
[INFO] [stderr]    Compiling diesel_derives v2.1.0
[INFO] [stderr]    Compiling futures v0.3.28
[INFO] [stderr]    Compiling dioxus-core-macro v0.3.0
[INFO] [stderr]    Compiling dioxus-hot-reload v0.1.1
[INFO] [stderr]    Compiling matchers v0.1.0
[INFO] [stderr]    Compiling pretty_env_logger v0.4.0
[INFO] [stderr]    Compiling derive_builder v0.12.0
[INFO] [stderr]    Compiling dioxus-hooks v0.3.1
[INFO] [stderr]    Compiling tracing-log v0.1.3
[INFO] [stderr]    Compiling sharded-slab v0.1.4
[INFO] [stderr]    Compiling uuid v1.4.0
[INFO] [stderr]    Compiling dioxus-interpreter-js v0.3.3
[INFO] [stderr]    Compiling async-openai v0.12.1
[INFO] [stderr]    Compiling pretty_env_logger v0.5.0
[INFO] [stderr]    Compiling indoc v2.0.3
[INFO] [stderr]    Compiling tracing-subscriber v0.3.17
[INFO] [stderr]    Compiling dotenvy v0.15.7
[INFO] [stderr]    Compiling dioxus v0.3.2
[INFO] [stderr]    Compiling diesel v2.1.0
[INFO] [stderr]    Compiling dioxus-liveview v0.3.0
[INFO] [stderr]    Compiling trading-gpt v0.1.0 (/opt/rustwide/workdir)
[INFO] [stdout] warning: method `login_still_valid` is never used
[INFO] [stdout]   --> src/trading_core/behaviors.rs:35:8
[INFO] [stdout]    |
[INFO] [stdout] 6  | impl User {
[INFO] [stdout]    | --------- method in this implementation
[INFO] [stdout] ...
[INFO] [stdout] 35 |     fn login_still_valid(&self) -> Result<()> {
[INFO] [stdout]    |        ^^^^^^^^^^^^^^^^^
[INFO] [stdout]    |
[INFO] [stdout]    = note: `#[warn(dead_code)]` on by default
[INFO] [stdout] 
[INFO] [stdout] 
[INFO] [stderr]     Finished `dev` profile [unoptimized + debuginfo] target(s) in 3m 42s
[INFO] running `Command { std: "docker" "inspect" "dbacd35d36c2b6fdb5ad7d12df59e144db54d16b647571628a9dc99f13786ac6", kill_on_drop: false }`
[INFO] running `Command { std: "docker" "rm" "-f" "dbacd35d36c2b6fdb5ad7d12df59e144db54d16b647571628a9dc99f13786ac6", kill_on_drop: false }`
[INFO] [stdout] dbacd35d36c2b6fdb5ad7d12df59e144db54d16b647571628a9dc99f13786ac6
[INFO] running `Command { std: "docker" "create" "-v" "/var/lib/crater-agent-workspace/builds/worker-2-tc1/target:/opt/rustwide/target:rw,Z" "-v" "/var/lib/crater-agent-workspace/builds/worker-2-tc1/source:/opt/rustwide/workdir:ro,Z" "-v" "/var/lib/crater-agent-workspace/cargo-home:/opt/rustwide/cargo-home:ro,Z" "-v" "/var/lib/crater-agent-workspace/rustup-home:/opt/rustwide/rustup-home:ro,Z" "-e" "SOURCE_DIR=/opt/rustwide/workdir" "-e" "CARGO_TARGET_DIR=/opt/rustwide/target" "-e" "CARGO_INCREMENTAL=0" "-e" "RUST_BACKTRACE=full" "-e" "RUSTFLAGS=--cap-lints=warn" "-e" "RUSTDOCFLAGS=--cap-lints=warn" "-e" "CARGO_HOME=/opt/rustwide/cargo-home" "-e" "RUSTUP_HOME=/opt/rustwide/rustup-home" "-w" "/opt/rustwide/workdir" "-m" "1610612736" "--user" "0:0" "--network" "none" "ghcr.io/rust-lang/crates-build-env/linux@sha256:f3a9d4ad9d972b27faf3965f35b62e55ba32bbce8f20bc8fe909558a86702fde" "/opt/rustwide/cargo-home/bin/cargo" "+1.83.0" "test" "--frozen" "--no-run" "--message-format=json", kill_on_drop: false }`
[INFO] [stdout] 649e47bdc4e21cd82a649bfb58381125eb4c9e214e7173a6da19a2f0517b9d01
[INFO] running `Command { std: "docker" "start" "-a" "649e47bdc4e21cd82a649bfb58381125eb4c9e214e7173a6da19a2f0517b9d01", kill_on_drop: false }`
[INFO] [stdout] warning: method `login_still_valid` is never used
[INFO] [stdout]   --> src/trading_core/behaviors.rs:35:8
[INFO] [stdout]    |
[INFO] [stdout] 6  | impl User {
[INFO] [stdout]    | --------- method in this implementation
[INFO] [stdout] ...
[INFO] [stdout] 35 |     fn login_still_valid(&self) -> Result<()> {
[INFO] [stdout]    |        ^^^^^^^^^^^^^^^^^
[INFO] [stdout]    |
[INFO] [stdout]    = note: `#[warn(dead_code)]` on by default
[INFO] [stdout] 
[INFO] [stdout] 
[INFO] [stderr]    Compiling trading-gpt v0.1.0 (/opt/rustwide/workdir)
[INFO] [stdout] warning: method `login_still_valid` is never used
[INFO] [stdout]   --> src/trading_core/behaviors.rs:35:8
[INFO] [stdout]    |
[INFO] [stdout] 6  | impl User {
[INFO] [stdout]    | --------- method in this implementation
[INFO] [stdout] ...
[INFO] [stdout] 35 |     fn login_still_valid(&self) -> Result<()> {
[INFO] [stdout]    |        ^^^^^^^^^^^^^^^^^
[INFO] [stdout]    |
[INFO] [stdout]    = note: `#[warn(dead_code)]` on by default
[INFO] [stdout] 
[INFO] [stdout] 
[INFO] [stderr]     Finished `test` profile [unoptimized + debuginfo] target(s) in 7.63s
[INFO] running `Command { std: "docker" "inspect" "649e47bdc4e21cd82a649bfb58381125eb4c9e214e7173a6da19a2f0517b9d01", kill_on_drop: false }`
[INFO] running `Command { std: "docker" "rm" "-f" "649e47bdc4e21cd82a649bfb58381125eb4c9e214e7173a6da19a2f0517b9d01", kill_on_drop: false }`
[INFO] [stdout] 649e47bdc4e21cd82a649bfb58381125eb4c9e214e7173a6da19a2f0517b9d01
[INFO] running `Command { std: "docker" "create" "-v" "/var/lib/crater-agent-workspace/builds/worker-2-tc1/target:/opt/rustwide/target:rw,Z" "-v" "/var/lib/crater-agent-workspace/builds/worker-2-tc1/source:/opt/rustwide/workdir:ro,Z" "-v" "/var/lib/crater-agent-workspace/cargo-home:/opt/rustwide/cargo-home:ro,Z" "-v" "/var/lib/crater-agent-workspace/rustup-home:/opt/rustwide/rustup-home:ro,Z" "-e" "SOURCE_DIR=/opt/rustwide/workdir" "-e" "CARGO_TARGET_DIR=/opt/rustwide/target" "-e" "CARGO_INCREMENTAL=0" "-e" "RUST_BACKTRACE=full" "-e" "RUSTFLAGS=--cap-lints=warn" "-e" "RUSTDOCFLAGS=--cap-lints=warn" "-e" "CARGO_HOME=/opt/rustwide/cargo-home" "-e" "RUSTUP_HOME=/opt/rustwide/rustup-home" "-w" "/opt/rustwide/workdir" "-m" "1610612736" "--user" "0:0" "--network" "none" "ghcr.io/rust-lang/crates-build-env/linux@sha256:f3a9d4ad9d972b27faf3965f35b62e55ba32bbce8f20bc8fe909558a86702fde" "/opt/rustwide/cargo-home/bin/cargo" "+1.83.0" "test" "--frozen", kill_on_drop: false }`
[INFO] [stdout] b22b61b68d3fb11b0d10d4615396a3d4504cb54602cd7e3af7360897bd5064c8
[INFO] running `Command { std: "docker" "start" "-a" "b22b61b68d3fb11b0d10d4615396a3d4504cb54602cd7e3af7360897bd5064c8", kill_on_drop: false }`
[INFO] [stderr] warning: method `login_still_valid` is never used
[INFO] [stderr]   --> src/trading_core/behaviors.rs:35:8
[INFO] [stderr]    |
[INFO] [stderr] 6  | impl User {
[INFO] [stderr]    | --------- method in this implementation
[INFO] [stderr] ...
[INFO] [stderr] 35 |     fn login_still_valid(&self) -> Result<()> {
[INFO] [stderr]    |        ^^^^^^^^^^^^^^^^^
[INFO] [stderr]    |
[INFO] [stderr]    = note: `#[warn(dead_code)]` on by default
[INFO] [stderr] 
[INFO] [stderr] warning: `trading-gpt` (lib) generated 1 warning
[INFO] [stderr] warning: `trading-gpt` (lib test) generated 1 warning (1 duplicate)
[INFO] [stderr]     Finished `test` profile [unoptimized + debuginfo] target(s) in 0.32s
[INFO] [stderr]      Running unittests src/lib.rs (/opt/rustwide/target/debug/deps/trading_gpt-0101335f61b60a84)
[INFO] [stdout] 
[INFO] [stdout] running 2 tests
[INFO] [stdout] test trading_core::sql::tests::test_pool ... FAILED
[INFO] [stdout] test trading_core::sql::tests::test_crud ... FAILED
[INFO] [stdout] 
[INFO] [stdout] failures:
[INFO] [stdout] 
[INFO] [stdout] ---- trading_core::sql::tests::test_pool stdout ----
[INFO] [stdout] thread 'trading_core::sql::tests::test_pool' panicked at src/trading_core/sql.rs:15:58:
[INFO] [stdout] DATABASE_URL hasn't been set: NotPresent
[INFO] [stdout] stack backtrace:
[INFO] [stdout]    0:     0x575e542162aa - std::backtrace_rs::backtrace::libunwind::trace::h5a5b8284f2d0c266
[INFO] [stdout]                                at /rustc/90b35a6239c3d8bdabc530a6a0816f7ff89a0aaf/library/std/src/../../backtrace/src/backtrace/libunwind.rs:116:5
[INFO] [stdout]    1:     0x575e542162aa - std::backtrace_rs::backtrace::trace_unsynchronized::h76d4f1c9b0b875e3
[INFO] [stdout]                                at /rustc/90b35a6239c3d8bdabc530a6a0816f7ff89a0aaf/library/std/src/../../backtrace/src/backtrace/mod.rs:66:5
[INFO] [stdout]    2:     0x575e542162aa - std::sys::backtrace::_print_fmt::hc4546b8364a537c6
[INFO] [stdout]                                at /rustc/90b35a6239c3d8bdabc530a6a0816f7ff89a0aaf/library/std/src/sys/backtrace.rs:66:9
[INFO] [stdout]    3:     0x575e542162aa - <std::sys::backtrace::BacktraceLock::print::DisplayBacktrace as core::fmt::Display>::fmt::h5b6bd5631a6d1f6b
[INFO] [stdout]                                at /rustc/90b35a6239c3d8bdabc530a6a0816f7ff89a0aaf/library/std/src/sys/backtrace.rs:39:26
[INFO] [stdout]    4:     0x575e5423bbd3 - core::fmt::rt::Argument::fmt::h270f6602a2b96f62
[INFO] [stdout]                                at /rustc/90b35a6239c3d8bdabc530a6a0816f7ff89a0aaf/library/core/src/fmt/rt.rs:177:76
[INFO] [stdout]    5:     0x575e5423bbd3 - core::fmt::write::h7550c97b06c86515
[INFO] [stdout]                                at /rustc/90b35a6239c3d8bdabc530a6a0816f7ff89a0aaf/library/core/src/fmt/mod.rs:1186:21
[INFO] [stdout]    6:     0x575e54213253 - std::io::Write::write_fmt::h509ff860e5956e5e
[INFO] [stdout]                                at /rustc/90b35a6239c3d8bdabc530a6a0816f7ff89a0aaf/library/std/src/io/mod.rs:1839:15
[INFO] [stdout]    7:     0x575e542160f2 - std::sys::backtrace::BacktraceLock::print::h2395ccd2c84ba3aa
[INFO] [stdout]                                at /rustc/90b35a6239c3d8bdabc530a6a0816f7ff89a0aaf/library/std/src/sys/backtrace.rs:42:9
[INFO] [stdout]    8:     0x575e5421770a - std::panicking::default_hook::{{closure}}::he19d4c7230e07961
[INFO] [stdout]                                at /rustc/90b35a6239c3d8bdabc530a6a0816f7ff89a0aaf/library/std/src/panicking.rs:268:22
[INFO] [stdout]    9:     0x575e54217514 - std::panicking::default_hook::hf614597d3c67bbdb
[INFO] [stdout]                                at /rustc/90b35a6239c3d8bdabc530a6a0816f7ff89a0aaf/library/std/src/panicking.rs:292:9
[INFO] [stdout]   10:     0x575e5417fe79 - <alloc::boxed::Box<F,A> as core::ops::function::Fn<Args>>::call::h39b51ce4599c23d1
[INFO] [stdout]                                at /rustc/90b35a6239c3d8bdabc530a6a0816f7ff89a0aaf/library/alloc/src/boxed.rs:2468:9
[INFO] [stdout]   11:     0x575e5417fe79 - test::test_main::{{closure}}::he977ae839a582784
[INFO] [stdout]                                at /rustc/90b35a6239c3d8bdabc530a6a0816f7ff89a0aaf/library/test/src/lib.rs:133:21
[INFO] [stdout]   12:     0x575e54217da8 - <alloc::boxed::Box<F,A> as core::ops::function::Fn<Args>>::call::h9455091b6b06f9fb
[INFO] [stdout]                                at /rustc/90b35a6239c3d8bdabc530a6a0816f7ff89a0aaf/library/alloc/src/boxed.rs:2468:9
[INFO] [stdout]   13:     0x575e54217da8 - std::panicking::rust_panic_with_hook::h8942133a8b252070
[INFO] [stdout]                                at /rustc/90b35a6239c3d8bdabc530a6a0816f7ff89a0aaf/library/std/src/panicking.rs:809:13
[INFO] [stdout]   14:     0x575e54217b6a - std::panicking::begin_panic_handler::{{closure}}::hb5f5963570096b29
[INFO] [stdout]                                at /rustc/90b35a6239c3d8bdabc530a6a0816f7ff89a0aaf/library/std/src/panicking.rs:674:13
[INFO] [stdout]   15:     0x575e54216789 - std::sys::backtrace::__rust_end_short_backtrace::h6208cedc1922feda
[INFO] [stdout]                                at /rustc/90b35a6239c3d8bdabc530a6a0816f7ff89a0aaf/library/std/src/sys/backtrace.rs:170:18
[INFO] [stdout]   16:     0x575e542177fc - rust_begin_unwind
[INFO] [stdout]                                at /rustc/90b35a6239c3d8bdabc530a6a0816f7ff89a0aaf/library/std/src/panicking.rs:665:5
[INFO] [stdout]   17:     0x575e5411fb70 - core::panicking::panic_fmt::h0c3082644d1bf418
[INFO] [stdout]                                at /rustc/90b35a6239c3d8bdabc530a6a0816f7ff89a0aaf/library/core/src/panicking.rs:74:14
[INFO] [stdout]   18:     0x575e5411ffb6 - core::result::unwrap_failed::hd20b4aa073bda1e2
[INFO] [stdout]                                at /rustc/90b35a6239c3d8bdabc530a6a0816f7ff89a0aaf/library/core/src/result.rs:1700:5
[INFO] [stdout]   19:     0x575e5413b056 - core::result::Result<T,E>::expect::h0c702e7a9a393ad6
[INFO] [stdout]                                at /rustc/90b35a6239c3d8bdabc530a6a0816f7ff89a0aaf/library/core/src/result.rs:1061:23
[INFO] [stdout]   20:     0x575e54141da1 - <trading_gpt::trading_core::sql::POOL as core::ops::deref::Deref>::deref::__static_ref_initialize::h853b6ae135df42d5
[INFO] [stdout]                                at /opt/rustwide/workdir/src/trading_core/sql.rs:15:28
[INFO] [stdout]   21:     0x575e54141da1 - core::ops::function::FnOnce::call_once::h852bf8fc2dda3b4b
[INFO] [stdout]                                at /rustc/90b35a6239c3d8bdabc530a6a0816f7ff89a0aaf/library/core/src/ops/function.rs:250:5
[INFO] [stdout]   22:     0x575e541306fa - lazy_static::lazy::Lazy<T>::get::{{closure}}::hae2284922a2eaf93
[INFO] [stdout]                                at /opt/rustwide/cargo-home/registry/src/index.crates.io-6f17d22bba15001f/lazy_static-1.4.0/src/inline_lazy.rs:31:29
[INFO] [stdout]   23:     0x575e5413a928 - std::sync::once::Once::call_once::{{closure}}::hdf159d8cd86e470b
[INFO] [stdout]                                at /rustc/90b35a6239c3d8bdabc530a6a0816f7ff89a0aaf/library/std/src/sync/once.rs:158:41
[INFO] [stdout]   24:     0x575e5411f383 - std::sys::sync::once::futex::Once::call::hddfcaeb766e3f5ce
[INFO] [stdout]                                at /rustc/90b35a6239c3d8bdabc530a6a0816f7ff89a0aaf/library/std/src/sys/sync/once/futex.rs:177:21
[INFO] [stdout]   25:     0x575e5413a894 - std::sync::once::Once::call_once::h66fa35bca11c581c
[INFO] [stdout]                                at /rustc/90b35a6239c3d8bdabc530a6a0816f7ff89a0aaf/library/std/src/sync/once.rs:158:9
[INFO] [stdout]   26:     0x575e5413010f - lazy_static::lazy::Lazy<T>::get::h5bdd88438f0a66ba
[INFO] [stdout]                                at /opt/rustwide/cargo-home/registry/src/index.crates.io-6f17d22bba15001f/lazy_static-1.4.0/src/inline_lazy.rs:30:9
[INFO] [stdout]   27:     0x575e5413010f - <trading_gpt::trading_core::sql::POOL as core::ops::deref::Deref>::deref::__stability::hb22dca17ff95d345
[INFO] [stdout]                                at /opt/rustwide/cargo-home/registry/src/index.crates.io-6f17d22bba15001f/lazy_static-1.4.0/src/lib.rs:142:21
[INFO] [stdout]   28:     0x575e5413010f - <trading_gpt::trading_core::sql::POOL as core::ops::deref::Deref>::deref::hc3053e41a4618f4f
[INFO] [stdout]                                at /opt/rustwide/cargo-home/registry/src/index.crates.io-6f17d22bba15001f/lazy_static-1.4.0/src/lib.rs:144:17
[INFO] [stdout]   29:     0x575e54146ea3 - trading_gpt::trading_core::sql::tests::test_pool::hf468eabca79b55b1
[INFO] [stdout]                                at /opt/rustwide/workdir/src/trading_core/sql.rs:125:9
[INFO] [stdout]   30:     0x575e54146e77 - trading_gpt::trading_core::sql::tests::test_pool::{{closure}}::h68b230fef8becb20
[INFO] [stdout]                                at /opt/rustwide/workdir/src/trading_core/sql.rs:124:19
[INFO] [stdout]   31:     0x575e54141b36 - core::ops::function::FnOnce::call_once::h0025bf86a25e93ba
[INFO] [stdout]                                at /rustc/90b35a6239c3d8bdabc530a6a0816f7ff89a0aaf/library/core/src/ops/function.rs:250:5
[INFO] [stdout]   32:     0x575e5418483b - core::ops::function::FnOnce::call_once::h109cf8051a59b34e
[INFO] [stdout]                                at /rustc/90b35a6239c3d8bdabc530a6a0816f7ff89a0aaf/library/core/src/ops/function.rs:250:5
[INFO] [stdout]   33:     0x575e5418483b - test::__rust_begin_short_backtrace::hf4fff89d377446ba
[INFO] [stdout]                                at /rustc/90b35a6239c3d8bdabc530a6a0816f7ff89a0aaf/library/test/src/lib.rs:621:18
[INFO] [stdout]   34:     0x575e54184077 - test::run_test_in_process::{{closure}}::h0e39181dd7ee5a43
[INFO] [stdout]                                at /rustc/90b35a6239c3d8bdabc530a6a0816f7ff89a0aaf/library/test/src/lib.rs:644:60
[INFO] [stdout]   35:     0x575e54184077 - <core::panic::unwind_safe::AssertUnwindSafe<F> as core::ops::function::FnOnce<()>>::call_once::hc5a66a30f0bdfd1f
[INFO] [stdout]                                at /rustc/90b35a6239c3d8bdabc530a6a0816f7ff89a0aaf/library/core/src/panic/unwind_safe.rs:272:9
[INFO] [stdout]   36:     0x575e54184077 - std::panicking::try::do_call::h873b7cf639554a5e
[INFO] [stdout]                                at /rustc/90b35a6239c3d8bdabc530a6a0816f7ff89a0aaf/library/std/src/panicking.rs:557:40
[INFO] [stdout]   37:     0x575e54184077 - std::panicking::try::hdb19862fad9c8bd1
[INFO] [stdout]                                at /rustc/90b35a6239c3d8bdabc530a6a0816f7ff89a0aaf/library/std/src/panicking.rs:520:19
[INFO] [stdout]   38:     0x575e54184077 - std::panic::catch_unwind::h281fe732d236d260
[INFO] [stdout]                                at /rustc/90b35a6239c3d8bdabc530a6a0816f7ff89a0aaf/library/std/src/panic.rs:358:14
[INFO] [stdout]   39:     0x575e54184077 - test::run_test_in_process::h949b6df8457ed338
[INFO] [stdout]                                at /rustc/90b35a6239c3d8bdabc530a6a0816f7ff89a0aaf/library/test/src/lib.rs:644:27
[INFO] [stdout]   40:     0x575e54184077 - test::run_test::{{closure}}::h52c556a6d4740e10
[INFO] [stdout]                                at /rustc/90b35a6239c3d8bdabc530a6a0816f7ff89a0aaf/library/test/src/lib.rs:565:43
[INFO] [stdout]   41:     0x575e54149354 - test::run_test::{{closure}}::h4237f6381c45ccb9
[INFO] [stdout]                                at /rustc/90b35a6239c3d8bdabc530a6a0816f7ff89a0aaf/library/test/src/lib.rs:595:41
[INFO] [stdout]   42:     0x575e54149354 - std::sys::backtrace::__rust_begin_short_backtrace::h505c97a579eca628
[INFO] [stdout]                                at /rustc/90b35a6239c3d8bdabc530a6a0816f7ff89a0aaf/library/std/src/sys/backtrace.rs:154:18
[INFO] [stdout]   43:     0x575e5414ca1e - std::thread::Builder::spawn_unchecked_::{{closure}}::{{closure}}::h9e86b2e2bc107ea3
[INFO] [stdout]                                at /rustc/90b35a6239c3d8bdabc530a6a0816f7ff89a0aaf/library/std/src/thread/mod.rs:538:17
[INFO] [stdout]   44:     0x575e5414ca1e - <core::panic::unwind_safe::AssertUnwindSafe<F> as core::ops::function::FnOnce<()>>::call_once::h8b06ddb275ff4a25
[INFO] [stdout]                                at /rustc/90b35a6239c3d8bdabc530a6a0816f7ff89a0aaf/library/core/src/panic/unwind_safe.rs:272:9
[INFO] [stdout]   45:     0x575e5414ca1e - std::panicking::try::do_call::hb26ecd7cd9a9355d
[INFO] [stdout]                                at /rustc/90b35a6239c3d8bdabc530a6a0816f7ff89a0aaf/library/std/src/panicking.rs:557:40
[INFO] [stdout]   46:     0x575e5414ca1e - std::panicking::try::h8ddeca9d705f9069
[INFO] [stdout]                                at /rustc/90b35a6239c3d8bdabc530a6a0816f7ff89a0aaf/library/std/src/panicking.rs:520:19
[INFO] [stdout]   47:     0x575e5414ca1e - std::panic::catch_unwind::h49e1c33078844c46
[INFO] [stdout]                                at /rustc/90b35a6239c3d8bdabc530a6a0816f7ff89a0aaf/library/std/src/panic.rs:358:14
[INFO] [stdout]   48:     0x575e5414ca1e - std::thread::Builder::spawn_unchecked_::{{closure}}::h6073db6ff56ad35d
[INFO] [stdout]                                at /rustc/90b35a6239c3d8bdabc530a6a0816f7ff89a0aaf/library/std/src/thread/mod.rs:537:30
[INFO] [stdout]   49:     0x575e5414ca1e - core::ops::function::FnOnce::call_once{{vtable.shim}}::h2c5a5f3779c774f1
[INFO] [stdout]                                at /rustc/90b35a6239c3d8bdabc530a6a0816f7ff89a0aaf/library/core/src/ops/function.rs:250:5
[INFO] [stdout]   50:     0x575e5421bdeb - <alloc::boxed::Box<F,A> as core::ops::function::FnOnce<Args>>::call_once::hf75717d9f28faebf
[INFO] [stdout]                                at /rustc/90b35a6239c3d8bdabc530a6a0816f7ff89a0aaf/library/alloc/src/boxed.rs:2454:9
[INFO] [stdout]   51:     0x575e5421bdeb - <alloc::boxed::Box<F,A> as core::ops::function::FnOnce<Args>>::call_once::h7bd883a5f3c5f3c1
[INFO] [stdout]                                at /rustc/90b35a6239c3d8bdabc530a6a0816f7ff89a0aaf/library/alloc/src/boxed.rs:2454:9
[INFO] [stdout]   52:     0x575e5421bdeb - std::sys::pal::unix::thread::Thread::new::thread_start::hcc78f3943333fa94
[INFO] [stdout]                                at /rustc/90b35a6239c3d8bdabc530a6a0816f7ff89a0aaf/library/std/src/sys/pal/unix/thread.rs:105:17
[INFO] [stdout]   53:     0x7a6be4ac1ac3 - <unknown>
[INFO] [stdout]   54:     0x7a6be4b52a04 - clone
[INFO] [stdout]   55:                0x0 - <unknown>
[INFO] [stdout] 
[INFO] [stdout] ---- trading_core::sql::tests::test_crud stdout ----
[INFO] [stdout] thread 'trading_core::sql::tests::test_crud' panicked at /opt/rustwide/cargo-home/registry/src/index.crates.io-6f17d22bba15001f/lazy_static-1.4.0/src/inline_lazy.rs:30:16:
[INFO] [stdout] Once instance has previously been poisoned
[INFO] [stdout] stack backtrace:
[INFO] [stdout]    0:     0x575e542162aa - std::backtrace_rs::backtrace::libunwind::trace::h5a5b8284f2d0c266
[INFO] [stdout]                                at /rustc/90b35a6239c3d8bdabc530a6a0816f7ff89a0aaf/library/std/src/../../backtrace/src/backtrace/libunwind.rs:116:5
[INFO] [stdout]    1:     0x575e542162aa - std::backtrace_rs::backtrace::trace_unsynchronized::h76d4f1c9b0b875e3
[INFO] [stdout]                                at /rustc/90b35a6239c3d8bdabc530a6a0816f7ff89a0aaf/library/std/src/../../backtrace/src/backtrace/mod.rs:66:5
[INFO] [stdout]    2:     0x575e542162aa - std::sys::backtrace::_print_fmt::hc4546b8364a537c6
[INFO] [stdout]                                at /rustc/90b35a6239c3d8bdabc530a6a0816f7ff89a0aaf/library/std/src/sys/backtrace.rs:66:9
[INFO] [stdout]    3:     0x575e542162aa - <std::sys::backtrace::BacktraceLock::print::DisplayBacktrace as core::fmt::Display>::fmt::h5b6bd5631a6d1f6b
[INFO] [stdout]                                at /rustc/90b35a6239c3d8bdabc530a6a0816f7ff89a0aaf/library/std/src/sys/backtrace.rs:39:26
[INFO] [stdout]    4:     0x575e5423bbd3 - core::fmt::rt::Argument::fmt::h270f6602a2b96f62
[INFO] [stdout]                                at /rustc/90b35a6239c3d8bdabc530a6a0816f7ff89a0aaf/library/core/src/fmt/rt.rs:177:76
[INFO] [stdout]    5:     0x575e5423bbd3 - core::fmt::write::h7550c97b06c86515
[INFO] [stdout]                                at /rustc/90b35a6239c3d8bdabc530a6a0816f7ff89a0aaf/library/core/src/fmt/mod.rs:1186:21
[INFO] [stdout]    6:     0x575e54213253 - std::io::Write::write_fmt::h509ff860e5956e5e
[INFO] [stdout]                                at /rustc/90b35a6239c3d8bdabc530a6a0816f7ff89a0aaf/library/std/src/io/mod.rs:1839:15
[INFO] [stdout]    7:     0x575e542160f2 - std::sys::backtrace::BacktraceLock::print::h2395ccd2c84ba3aa
[INFO] [stdout]                                at /rustc/90b35a6239c3d8bdabc530a6a0816f7ff89a0aaf/library/std/src/sys/backtrace.rs:42:9
[INFO] [stdout]    8:     0x575e5421770a - std::panicking::default_hook::{{closure}}::he19d4c7230e07961
[INFO] [stdout]                                at /rustc/90b35a6239c3d8bdabc530a6a0816f7ff89a0aaf/library/std/src/panicking.rs:268:22
[INFO] [stdout]    9:     0x575e54217514 - std::panicking::default_hook::hf614597d3c67bbdb
[INFO] [stdout]                                at /rustc/90b35a6239c3d8bdabc530a6a0816f7ff89a0aaf/library/std/src/panicking.rs:292:9
[INFO] [stdout]   10:     0x575e5417fe79 - <alloc::boxed::Box<F,A> as core::ops::function::Fn<Args>>::call::h39b51ce4599c23d1
[INFO] [stdout]                                at /rustc/90b35a6239c3d8bdabc530a6a0816f7ff89a0aaf/library/alloc/src/boxed.rs:2468:9
[INFO] [stdout]   11:     0x575e5417fe79 - test::test_main::{{closure}}::he977ae839a582784
[INFO] [stdout]                                at /rustc/90b35a6239c3d8bdabc530a6a0816f7ff89a0aaf/library/test/src/lib.rs:133:21
[INFO] [stdout]   12:     0x575e54217da8 - <alloc::boxed::Box<F,A> as core::ops::function::Fn<Args>>::call::h9455091b6b06f9fb
[INFO] [stdout]                                at /rustc/90b35a6239c3d8bdabc530a6a0816f7ff89a0aaf/library/alloc/src/boxed.rs:2468:9
[INFO] [stdout]   13:     0x575e54217da8 - std::panicking::rust_panic_with_hook::h8942133a8b252070
[INFO] [stdout]                                at /rustc/90b35a6239c3d8bdabc530a6a0816f7ff89a0aaf/library/std/src/panicking.rs:809:13
[INFO] [stdout]   14:     0x575e54217b36 - std::panicking::begin_panic_handler::{{closure}}::hb5f5963570096b29
[INFO] [stdout]                                at /rustc/90b35a6239c3d8bdabc530a6a0816f7ff89a0aaf/library/std/src/panicking.rs:667:13
[INFO] [stdout]   15:     0x575e54216789 - std::sys::backtrace::__rust_end_short_backtrace::h6208cedc1922feda
[INFO] [stdout]                                at /rustc/90b35a6239c3d8bdabc530a6a0816f7ff89a0aaf/library/std/src/sys/backtrace.rs:170:18
[INFO] [stdout]   16:     0x575e542177fc - rust_begin_unwind
[INFO] [stdout]                                at /rustc/90b35a6239c3d8bdabc530a6a0816f7ff89a0aaf/library/std/src/panicking.rs:665:5
[INFO] [stdout]   17:     0x575e5411fb70 - core::panicking::panic_fmt::h0c3082644d1bf418
[INFO] [stdout]                                at /rustc/90b35a6239c3d8bdabc530a6a0816f7ff89a0aaf/library/core/src/panicking.rs:74:14
[INFO] [stdout]   18:     0x575e5411f360 - std::sys::sync::once::futex::Once::call::hddfcaeb766e3f5ce
[INFO] [stdout]                                at /rustc/90b35a6239c3d8bdabc530a6a0816f7ff89a0aaf/library/std/src/sys/sync/once/futex.rs:149:21
[INFO] [stdout]   19:     0x575e5413a894 - std::sync::once::Once::call_once::h66fa35bca11c581c
[INFO] [stdout]                                at /rustc/90b35a6239c3d8bdabc530a6a0816f7ff89a0aaf/library/std/src/sync/once.rs:158:9
[INFO] [stdout]   20:     0x575e5413010f - lazy_static::lazy::Lazy<T>::get::h5bdd88438f0a66ba
[INFO] [stdout]                                at /opt/rustwide/cargo-home/registry/src/index.crates.io-6f17d22bba15001f/lazy_static-1.4.0/src/inline_lazy.rs:30:9
[INFO] [stdout]   21:     0x575e5413010f - <trading_gpt::trading_core::sql::POOL as core::ops::deref::Deref>::deref::__stability::hb22dca17ff95d345
[INFO] [stdout]                                at /opt/rustwide/cargo-home/registry/src/index.crates.io-6f17d22bba15001f/lazy_static-1.4.0/src/lib.rs:142:21
[INFO] [stdout]   22:     0x575e5413010f - <trading_gpt::trading_core::sql::POOL as core::ops::deref::Deref>::deref::hc3053e41a4618f4f
[INFO] [stdout]                                at /opt/rustwide/cargo-home/registry/src/index.crates.io-6f17d22bba15001f/lazy_static-1.4.0/src/lib.rs:144:17
[INFO] [stdout]   23:     0x575e54146fd3 - trading_gpt::trading_core::sql::tests::test_crud::hc8aa4539430d5727
[INFO] [stdout]                                at /opt/rustwide/workdir/src/trading_core/sql.rs:130:24
[INFO] [stdout]   24:     0x575e54146f97 - trading_gpt::trading_core::sql::tests::test_crud::{{closure}}::hc4a8fd424f3a653d
[INFO] [stdout]                                at /opt/rustwide/workdir/src/trading_core/sql.rs:129:19
[INFO] [stdout]   25:     0x575e54141f06 - core::ops::function::FnOnce::call_once::hdd73b1a1aaa44e77
[INFO] [stdout]                                at /rustc/90b35a6239c3d8bdabc530a6a0816f7ff89a0aaf/library/core/src/ops/function.rs:250:5
[INFO] [stdout]   26:     0x575e5418483b - core::ops::function::FnOnce::call_once::h109cf8051a59b34e
[INFO] [stdout]                                at /rustc/90b35a6239c3d8bdabc530a6a0816f7ff89a0aaf/library/core/src/ops/function.rs:250:5
[INFO] [stdout]   27:     0x575e5418483b - test::__rust_begin_short_backtrace::hf4fff89d377446ba
[INFO] [stdout]                                at /rustc/90b35a6239c3d8bdabc530a6a0816f7ff89a0aaf/library/test/src/lib.rs:621:18
[INFO] [stdout]   28:     0x575e54184077 - test::run_test_in_process::{{closure}}::h0e39181dd7ee5a43
[INFO] [stdout]                                at /rustc/90b35a6239c3d8bdabc530a6a0816f7ff89a0aaf/library/test/src/lib.rs:644:60
[INFO] [stdout]   29:     0x575e54184077 - <core::panic::unwind_safe::AssertUnwindSafe<F> as core::ops::function::FnOnce<()>>::call_once::hc5a66a30f0bdfd1f
[INFO] [stdout]                                at /rustc/90b35a6239c3d8bdabc530a6a0816f7ff89a0aaf/library/core/src/panic/unwind_safe.rs:272:9
[INFO] [stdout]   30:     0x575e54184077 - std::panicking::try::do_call::h873b7cf639554a5e
[INFO] [stdout]                                at /rustc/90b35a6239c3d8bdabc530a6a0816f7ff89a0aaf/library/std/src/panicking.rs:557:40
[INFO] [stdout]   31:     0x575e54184077 - std::panicking::try::hdb19862fad9c8bd1
[INFO] [stdout]                                at /rustc/90b35a6239c3d8bdabc530a6a0816f7ff89a0aaf/library/std/src/panicking.rs:520:19
[INFO] [stdout]   32:     0x575e54184077 - std::panic::catch_unwind::h281fe732d236d260
[INFO] [stdout]                                at /rustc/90b35a6239c3d8bdabc530a6a0816f7ff89a0aaf/library/std/src/panic.rs:358:14
[INFO] [stdout]   33:     0x575e54184077 - test::run_test_in_process::h949b6df8457ed338
[INFO] [stdout]                                at /rustc/90b35a6239c3d8bdabc530a6a0816f7ff89a0aaf/library/test/src/lib.rs:644:27
[INFO] [stdout]   34:     0x575e54184077 - test::run_test::{{closure}}::h52c556a6d4740e10
[INFO] [stdout]                                at /rustc/90b35a6239c3d8bdabc530a6a0816f7ff89a0aaf/library/test/src/lib.rs:565:43
[INFO] [stdout]   35:     0x575e54149354 - test::run_test::{{closure}}::h4237f6381c45ccb9
[INFO] [stdout]                                at /rustc/90b35a6239c3d8bdabc530a6a0816f7ff89a0aaf/library/test/src/lib.rs:595:41
[INFO] [stdout]   36:     0x575e54149354 - std::sys::backtrace::__rust_begin_short_backtrace::h505c97a579eca628
[INFO] [stdout]                                at /rustc/90b35a6239c3d8bdabc530a6a0816f7ff89a0aaf/library/std/src/sys/backtrace.rs:154:18
[INFO] [stdout]   37:     0x575e5414ca1e - std::thread::Builder::spawn_unchecked_::{{closure}}::{{closure}}::h9e86b2e2bc107ea3
[INFO] [stdout]                                at /rustc/90b35a6239c3d8bdabc530a6a0816f7ff89a0aaf/library/std/src/thread/mod.rs:538:17
[INFO] [stdout]   38:     0x575e5414ca1e - <core::panic::unwind_safe::AssertUnwindSafe<F> as core::ops::function::FnOnce<()>>::call_once::h8b06ddb275ff4a25
[INFO] [stdout]                                at /rustc/90b35a6239c3d8bdabc530a6a0816f7ff89a0aaf/library/core/src/panic/unwind_safe.rs:272:9
[INFO] [stdout]   39:     0x575e5414ca1e - std::panicking::try::do_call::hb26ecd7cd9a9355d
[INFO] [stdout]                                at /rustc/90b35a6239c3d8bdabc530a6a0816f7ff89a0aaf/library/std/src/panicking.rs:557:40
[INFO] [stdout]   40:     0x575e5414ca1e - std::panicking::try::h8ddeca9d705f9069
[INFO] [stdout]                                at /rustc/90b35a6239c3d8bdabc530a6a0816f7ff89a0aaf/library/std/src/panicking.rs:520:19
[INFO] [stdout]   41:     0x575e5414ca1e - std::panic::catch_unwind::h49e1c33078844c46
[INFO] [stdout]                                at /rustc/90b35a6239c3d8bdabc530a6a0816f7ff89a0aaf/library/std/src/panic.rs:358:14
[INFO] [stdout]   42:     0x575e5414ca1e - std::thread::Builder::spawn_unchecked_::{{closure}}::h6073db6ff56ad35d
[INFO] [stdout]                                at /rustc/90b35a6239c3d8bdabc530a6a0816f7ff89a0aaf/library/std/src/thread/mod.rs:537:30
[INFO] [stdout]   43:     0x575e5414ca1e - core::ops::function::FnOnce::call_once{{vtable.shim}}::h2c5a5f3779c774f1
[INFO] [stdout]                                at /rustc/90b35a6239c3d8bdabc530a6a0816f7ff89a0aaf/library/core/src/ops/function.rs:250:5
[INFO] [stdout]   44:     0x575e5421bdeb - <alloc::boxed::Box<F,A> as core::ops::function::FnOnce<Args>>::call_once::hf75717d9f28faebf
[INFO] [stdout]                                at /rustc/90b35a6239c3d8bdabc530a6a0816f7ff89a0aaf/library/alloc/src/boxed.rs:2454:9
[INFO] [stdout]   45:     0x575e5421bdeb - <alloc::boxed::Box<F,A> as core::ops::function::FnOnce<Args>>::call_once::h7bd883a5f3c5f3c1
[INFO] [stdout]                                at /rustc/90b35a6239c3d8bdabc530a6a0816f7ff89a0aaf/library/alloc/src/boxed.rs:2454:9
[INFO] [stdout]   46:     0x575e5421bdeb - std::sys::pal::unix::thread::Thread::new::thread_start::hcc78f3943333fa94
[INFO] [stdout]                                at /rustc/90b35a6239c3d8bdabc530a6a0816f7ff89a0aaf/library/std/src/sys/pal/unix/thread.rs:105:17
[INFO] [stdout]   47:     0x7a6be4ac1ac3 - <unknown>
[INFO] [stdout]   48:     0x7a6be4b52a04 - clone
[INFO] [stdout]   49:                0x0 - <unknown>
[INFO] [stdout] 
[INFO] [stdout] 
[INFO] [stdout] failures:
[INFO] [stdout]     trading_core::sql::tests::test_crud
[INFO] [stdout]     trading_core::sql::tests::test_pool
[INFO] [stdout] 
[INFO] [stdout] test result: FAILED. 0 passed; 2 failed; 0 ignored; 0 measured; 0 filtered out; finished in 0.21s
[INFO] [stdout] 
[INFO] [stderr] error: test failed, to rerun pass `--lib`
[INFO] running `Command { std: "docker" "inspect" "b22b61b68d3fb11b0d10d4615396a3d4504cb54602cd7e3af7360897bd5064c8", kill_on_drop: false }`
[INFO] running `Command { std: "docker" "rm" "-f" "b22b61b68d3fb11b0d10d4615396a3d4504cb54602cd7e3af7360897bd5064c8", kill_on_drop: false }`
[INFO] [stdout] b22b61b68d3fb11b0d10d4615396a3d4504cb54602cd7e3af7360897bd5064c8
