[INFO] cloning repository https://github.com/rasmusgo/rainbow-calibration
[INFO] running `Command { std: "git" "-c" "credential.helper=" "-c" "credential.helper=/workspace/cargo-home/bin/git-credential-null" "clone" "--bare" "https://github.com/rasmusgo/rainbow-calibration" "/workspace/cache/git-repos/https%3A%2F%2Fgithub.com%2Frasmusgo%2Frainbow-calibration", kill_on_drop: false }`
[INFO] [stderr] Cloning into bare repository '/workspace/cache/git-repos/https%3A%2F%2Fgithub.com%2Frasmusgo%2Frainbow-calibration'...
[INFO] running `Command { std: "git" "rev-parse" "HEAD", kill_on_drop: false }`
[INFO] [stdout] 6957d1f85ecaa5165ee990018d356b0e864ed855
[INFO] testing rasmusgo/rainbow-calibration against 1.83.0 for beta-1.84.0-4-retry
[INFO] running `Command { std: "git" "clone" "/workspace/cache/git-repos/https%3A%2F%2Fgithub.com%2Frasmusgo%2Frainbow-calibration" "/workspace/builds/worker-3-tc1/source", kill_on_drop: false }`
[INFO] [stderr] Cloning into '/workspace/builds/worker-3-tc1/source'...
[INFO] [stderr] done.
[INFO] validating manifest of git repo https://github.com/rasmusgo/rainbow-calibration on toolchain 1.83.0
[INFO] running `Command { std: CARGO_HOME="/workspace/cargo-home" RUSTUP_HOME="/workspace/rustup-home" "/workspace/cargo-home/bin/cargo" "+1.83.0" "metadata" "--manifest-path" "Cargo.toml" "--no-deps", kill_on_drop: false }`
[INFO] started tweaking git repo https://github.com/rasmusgo/rainbow-calibration
[INFO] finished tweaking git repo https://github.com/rasmusgo/rainbow-calibration
[INFO] tweaked toml for git repo https://github.com/rasmusgo/rainbow-calibration written to /workspace/builds/worker-3-tc1/source/Cargo.toml
[INFO] crate git repo https://github.com/rasmusgo/rainbow-calibration already has a lockfile, it will not be regenerated
[INFO] running `Command { std: CARGO_HOME="/workspace/cargo-home" RUSTUP_HOME="/workspace/rustup-home" "/workspace/cargo-home/bin/cargo" "+1.83.0" "fetch" "--manifest-path" "Cargo.toml", kill_on_drop: false }`
[INFO] [stderr]     Blocking waiting for file lock on package cache
[INFO] [stderr]     Updating crates.io index
[INFO] [stderr]     Blocking waiting for file lock on package cache
[INFO] [stderr]  Downloading crates ...
[INFO] [stderr]   Downloaded nokhwa-bindings-windows v0.4.0
[INFO] [stderr]   Downloaded zune-inflate v0.2.42
[INFO] [stderr]   Downloaded core-media-sys v0.1.2
[INFO] [stderr]   Downloaded v4l2-sys-mit v0.2.0
[INFO] [stderr]   Downloaded nokhwa-bindings-macos v0.2.0
[INFO] [stderr]   Downloaded mozjpeg v0.9.4
[INFO] [stderr]   Downloaded nasm-rs v0.2.4
[INFO] [stderr]   Downloaded nokhwa-core v0.1.0
[INFO] [stderr]   Downloaded nokhwa-bindings-linux v0.1.0
[INFO] [stderr]   Downloaded v4l v0.13.1
[INFO] [stderr]   Downloaded nokhwa v0.10.3
[INFO] [stderr]   Downloaded mozjpeg-sys v1.0.6
[INFO] running `Command { std: "docker" "create" "-v" "/var/lib/crater-agent-workspace/builds/worker-3-tc1/target:/opt/rustwide/target:rw,Z" "-v" "/var/lib/crater-agent-workspace/builds/worker-3-tc1/source:/opt/rustwide/workdir:ro,Z" "-v" "/var/lib/crater-agent-workspace/cargo-home:/opt/rustwide/cargo-home:ro,Z" "-v" "/var/lib/crater-agent-workspace/rustup-home:/opt/rustwide/rustup-home:ro,Z" "-e" "SOURCE_DIR=/opt/rustwide/workdir" "-e" "CARGO_TARGET_DIR=/opt/rustwide/target" "-e" "CARGO_HOME=/opt/rustwide/cargo-home" "-e" "RUSTUP_HOME=/opt/rustwide/rustup-home" "-w" "/opt/rustwide/workdir" "-m" "1610612736" "--user" "0:0" "--network" "none" "ghcr.io/rust-lang/crates-build-env/linux@sha256:f3a9d4ad9d972b27faf3965f35b62e55ba32bbce8f20bc8fe909558a86702fde" "/opt/rustwide/cargo-home/bin/cargo" "+1.83.0" "metadata" "--no-deps" "--format-version=1", kill_on_drop: false }`
[INFO] [stdout] 775eeb33eb13f5790b48661c6eec619044be9957eec43794d0dd8e5a134463ce
[INFO] running `Command { std: "docker" "start" "-a" "775eeb33eb13f5790b48661c6eec619044be9957eec43794d0dd8e5a134463ce", kill_on_drop: false }`
[INFO] running `Command { std: "docker" "inspect" "775eeb33eb13f5790b48661c6eec619044be9957eec43794d0dd8e5a134463ce", kill_on_drop: false }`
[INFO] running `Command { std: "docker" "rm" "-f" "775eeb33eb13f5790b48661c6eec619044be9957eec43794d0dd8e5a134463ce", kill_on_drop: false }`
[INFO] [stdout] 775eeb33eb13f5790b48661c6eec619044be9957eec43794d0dd8e5a134463ce
[INFO] running `Command { std: "docker" "create" "-v" "/var/lib/crater-agent-workspace/builds/worker-3-tc1/target:/opt/rustwide/target:rw,Z" "-v" "/var/lib/crater-agent-workspace/builds/worker-3-tc1/source:/opt/rustwide/workdir:ro,Z" "-v" "/var/lib/crater-agent-workspace/cargo-home:/opt/rustwide/cargo-home:ro,Z" "-v" "/var/lib/crater-agent-workspace/rustup-home:/opt/rustwide/rustup-home:ro,Z" "-e" "SOURCE_DIR=/opt/rustwide/workdir" "-e" "CARGO_TARGET_DIR=/opt/rustwide/target" "-e" "CARGO_INCREMENTAL=0" "-e" "RUST_BACKTRACE=full" "-e" "RUSTFLAGS=--cap-lints=warn" "-e" "RUSTDOCFLAGS=--cap-lints=warn" "-e" "CARGO_HOME=/opt/rustwide/cargo-home" "-e" "RUSTUP_HOME=/opt/rustwide/rustup-home" "-w" "/opt/rustwide/workdir" "-m" "1610612736" "--user" "0:0" "--network" "none" "ghcr.io/rust-lang/crates-build-env/linux@sha256:f3a9d4ad9d972b27faf3965f35b62e55ba32bbce8f20bc8fe909558a86702fde" "/opt/rustwide/cargo-home/bin/cargo" "+1.83.0" "build" "--frozen" "--message-format=json", kill_on_drop: false }`
[INFO] [stdout] a531874167e4c2c936fc5622bf6c5011e8335c98e82de228661c6c11c5ecc516
[INFO] running `Command { std: "docker" "start" "-a" "a531874167e4c2c936fc5622bf6c5011e8335c98e82de228661c6c11c5ecc516", kill_on_drop: false }`
[INFO] [stderr]    Compiling cfg-if v1.0.0
[INFO] [stderr]    Compiling libc v0.2.139
[INFO] [stderr]    Compiling autocfg v1.1.0
[INFO] [stderr]    Compiling proc-macro2 v1.0.51
[INFO] [stderr]    Compiling unicode-ident v1.0.6
[INFO] [stderr]    Compiling quote v1.0.23
[INFO] [stderr]    Compiling syn v1.0.107
[INFO] [stderr]    Compiling bitflags v1.3.2
[INFO] [stderr]    Compiling version_check v0.9.4
[INFO] [stderr]    Compiling pkg-config v0.3.26
[INFO] [stderr]    Compiling once_cell v1.17.0
[INFO] [stderr]    Compiling log v0.4.17
[INFO] [stderr]    Compiling libloading v0.7.4
[INFO] [stderr]    Compiling jobserver v0.1.25
[INFO] [stderr]    Compiling smallvec v1.10.0
[INFO] [stderr]    Compiling scopeguard v1.1.0
[INFO] [stderr]    Compiling cc v1.0.79
[INFO] [stderr]    Compiling lazy_static v1.4.0
[INFO] [stderr]    Compiling thiserror v1.0.38
[INFO] [stderr]    Compiling lock_api v0.4.9
[INFO] [stderr]    Compiling memoffset v0.6.5
[INFO] [stderr]    Compiling unicode-width v0.1.10
[INFO] [stderr]    Compiling termcolor v1.2.0
[INFO] [stderr]    Compiling parking_lot_core v0.9.7
[INFO] [stderr]    Compiling num-traits v0.2.15
[INFO] [stderr]    Compiling getrandom v0.2.8
[INFO] [stderr]    Compiling crc32fast v1.3.2
[INFO] [stderr]    Compiling adler v1.0.2
[INFO] [stderr]    Compiling rustc-hash v1.1.0
[INFO] [stderr]    Compiling miniz_oxide v0.6.2
[INFO] [stderr]    Compiling cmake v0.1.49
[INFO] [stderr]    Compiling ahash v0.7.6
[INFO] [stderr]    Compiling vec_map v0.8.2
[INFO] [stderr]    Compiling parking_lot v0.12.1
[INFO] [stderr]    Compiling xml-rs v0.8.4
[INFO] [stderr]    Compiling crossbeam-utils v0.8.14
[INFO] [stderr]    Compiling wayland-scanner v0.29.5
[INFO] [stderr]    Compiling flate2 v1.0.25
[INFO] [stderr]    Compiling nix v0.24.3
[INFO] [stderr]    Compiling memoffset v0.7.1
[INFO] [stderr]    Compiling memchr v2.5.0
[INFO] [stderr]    Compiling cty v0.2.2
[INFO] [stderr]    Compiling hashbrown v0.12.3
[INFO] [stderr]    Compiling wayland-sys v0.29.5
[INFO] [stderr]    Compiling indexmap v1.9.2
[INFO] [stderr]    Compiling crossbeam-epoch v0.9.13
[INFO] [stderr]    Compiling png v0.17.7
[INFO] [stderr]    Compiling raw-window-handle v0.5.0
[INFO] [stderr]    Compiling num_cpus v1.15.0
[INFO] [stderr]    Compiling dlib v0.5.0
[INFO] [stderr]    Compiling khronos-egl v4.1.0
[INFO] [stderr]    Compiling serde_derive v1.0.152
[INFO] [stderr]    Compiling freetype-sys v0.13.1
[INFO] [stderr]    Compiling ash v0.37.2+1.3.238
[INFO] [stderr]    Compiling byteorder v1.4.3
[INFO] [stderr]    Compiling bit-vec v0.6.3
[INFO] [stderr]    Compiling bit-set v0.5.3
[INFO] [stderr]    Compiling expat-sys v2.1.6
[INFO] [stderr]    Compiling wayland-client v0.29.5
[INFO] [stderr]    Compiling spirv v0.2.0+1.5.4
[INFO] [stderr]    Compiling codespan-reporting v0.11.1
[INFO] [stderr]    Compiling gpu-alloc-types v0.2.0
[INFO] [stderr]    Compiling gpu-descriptor-types v0.1.1
[INFO] [stderr]    Compiling rayon-core v1.10.2
[INFO] [stderr]    Compiling hexf-parse v0.2.1
[INFO] [stderr]    Compiling cfg_aliases v0.1.1
[INFO] [stderr]    Compiling arrayvec v0.7.2
[INFO] [stderr]    Compiling unicode-xid v0.2.4
[INFO] [stderr]    Compiling serde v1.0.152
[INFO] [stderr]    Compiling glob v0.3.1
[INFO] [stderr]    Compiling wgpu-core v0.14.2
[INFO] [stderr]    Compiling wayland-commons v0.29.5
[INFO] [stderr]    Compiling gpu-descriptor v0.2.3
[INFO] [stderr]    Compiling gpu-alloc v0.5.3
[INFO] [stderr]    Compiling crossbeam-deque v0.8.2
[INFO] [stderr]    Compiling clang-sys v1.4.0
[INFO] [stderr]    Compiling fxhash v0.2.1
[INFO] [stderr]    Compiling crossbeam-channel v0.5.6
[INFO] [stderr]    Compiling nom v5.1.2
[INFO] [stderr]    Compiling slotmap v1.0.6
[INFO] [stderr]    Compiling wgpu-types v0.14.1
[INFO] [stderr]    Compiling futures-core v0.3.26
[INFO] [stderr]    Compiling profiling v1.0.7
[INFO] [stderr]    Compiling scoped-tls v1.0.1
[INFO] [stderr]    Compiling glow v0.11.2
[INFO] [stderr]    Compiling downcast-rs v1.2.0
[INFO] [stderr]    Compiling minimal-lexical v0.2.1
[INFO] [stderr]    Compiling renderdoc-sys v0.7.1
[INFO] [stderr]    Compiling nom v7.1.3
[INFO] [stderr]    Compiling wayland-protocols v0.29.5
[INFO] [stderr]    Compiling aho-corasick v0.7.20
[INFO] [stderr]    Compiling servo-fontconfig-sys v5.1.0
[INFO] [stderr]    Compiling num-integer v0.1.45
[INFO] [stderr]    Compiling atty v0.2.14
[INFO] [stderr]    Compiling dunce v1.0.3
[INFO] [stderr]    Compiling nasm-rs v0.2.4
[INFO] [stderr]    Compiling regex-syntax v0.6.28
[INFO] [stderr]    Compiling either v1.8.1
[INFO] [stderr]    Compiling rayon v1.6.1
[INFO] [stderr]    Compiling mozjpeg-sys v1.0.6
[INFO] [stderr]    Compiling xcursor v0.3.4
[INFO] [stderr]    Compiling regex v1.7.1
[INFO] [stderr]    Compiling nanorand v0.7.0
[INFO] [stderr]    Compiling nix v0.25.1
[INFO] [stderr]    Compiling spin v0.9.5
[INFO] [stderr]    Compiling textwrap v0.11.0
[INFO] [stderr]    Compiling smithay-client-toolkit v0.16.0
[INFO] [stderr]    Compiling num-rational v0.4.1
[INFO] [stderr]    Compiling ansi_term v0.12.1
[INFO] [stderr]    Compiling static_assertions v1.1.0
[INFO] [stderr]    Compiling simd-adler32 v0.3.4
[INFO] [stderr]    Compiling futures-sink v0.3.26
[INFO] [stderr]    Compiling bindgen v0.56.0
[INFO] [stderr]    Compiling weezl v0.1.7
[INFO] [stderr]    Compiling strsim v0.8.0
[INFO] [stderr]    Compiling humantime v2.1.0
[INFO] [stderr]    Compiling clap v2.34.0
[INFO] [stderr]    Compiling zune-inflate v0.2.42
[INFO] [stderr]    Compiling env_logger v0.8.4
[INFO] [stderr]    Compiling cexpr v0.4.0
[INFO] [stderr]    Compiling jpeg-decoder v0.3.0
[INFO] [stderr]    Compiling wayland-cursor v0.29.5
[INFO] [stderr]    Compiling threadpool v1.8.1
[INFO] [stderr]    Compiling bytemuck_derive v1.4.0
[INFO] [stderr]    Compiling thiserror-impl v1.0.38
[INFO] [stderr]    Compiling pin-project-internal v1.0.12
[INFO] [stderr]    Compiling foreign-types-macros v0.2.2
[INFO] [stderr]    Compiling bytemuck v1.13.0
[INFO] [stderr]    Compiling memmap2 v0.5.8
[INFO] [stderr]    Compiling crossfont v0.5.1
[INFO] [stderr]    Compiling ahash v0.8.3
[INFO] [stderr]    Compiling which v3.1.1
[INFO] [stderr]    Compiling tracing-core v0.1.30
[INFO] [stderr]    Compiling foreign-types-shared v0.3.1
[INFO] [stderr]    Compiling ttf-parser v0.18.1
[INFO] [stderr]    Compiling arrayref v0.3.6
[INFO] [stderr]    Compiling lazycell v1.3.0
[INFO] [stderr]    Compiling lebe v0.5.2
[INFO] [stderr]    Compiling bit_field v0.10.1
[INFO] [stderr]    Compiling shlex v0.1.1
[INFO] [stderr]    Compiling color_quant v1.1.0
[INFO] [stderr]    Compiling percent-encoding v2.2.0
[INFO] [stderr]    Compiling tinyvec_macros v0.1.1
[INFO] [stderr]    Compiling peeking_take_while v0.1.2
[INFO] [stderr]    Compiling half v2.2.1
[INFO] [stderr]    Compiling naga v0.10.0
[INFO] [stderr]    Compiling calloop v0.10.5
[INFO] [stderr]    Compiling owned_ttf_parser v0.18.1
[INFO] [stderr]    Compiling tinyvec v1.6.0
[INFO] [stderr]    Compiling gif v0.11.4
[INFO] [stderr]    Compiling tiny-skia-path v0.7.0
[INFO] [stderr]    Compiling wgpu-hal v0.14.1
[INFO] [stderr]    Compiling pin-project v1.0.12
[INFO] [stderr]    Compiling flume v0.10.14
[INFO] [stderr]    Compiling foreign-types v0.5.0
[INFO] [stderr]    Compiling safe_arch v0.5.2
[INFO] [stderr]    Compiling exr v1.5.3
[INFO] [stderr]    Compiling rgb v0.8.35
[INFO] [stderr]    Compiling tiff v0.8.1
[INFO] [stderr]    Compiling servo-fontconfig v0.5.1
[INFO] [stderr]    Compiling freetype-rs v0.26.0
[INFO] [stderr]    Compiling x11-dl v2.21.0
[INFO] [stderr]    Compiling arrayvec v0.5.2
[INFO] [stderr]    Compiling scoped_threadpool v0.1.9
[INFO] [stderr]    Compiling wgpu v0.14.2
[INFO] [stderr]    Compiling ab_glyph_rasterizer v0.1.8
[INFO] [stderr]    Compiling ab_glyph v0.2.20
[INFO] [stderr]    Compiling ecolor v0.20.0
[INFO] [stderr]    Compiling emath v0.20.0
[INFO] [stderr]    Compiling image v0.24.5
[INFO] [stderr]    Compiling tiny-skia v0.7.0
[INFO] [stderr] error: could not compile `naga` (lib)
[INFO] [stderr] 
[INFO] [stderr] Caused by:
[INFO] [stderr]   process didn't exit successfully: `/opt/rustwide/rustup-home/toolchains/1.83.0-x86_64-unknown-linux-gnu/bin/rustc --crate-name naga --edition=2018 /opt/rustwide/cargo-home/registry/src/index.crates.io-6f17d22bba15001f/naga-0.10.0/src/lib.rs --error-format=json --json=diagnostic-rendered-ansi,artifacts,future-incompat --crate-type lib --emit=dep-info,metadata,link -C opt-level=2 -C embed-bitcode=no -C debuginfo=2 -C debug-assertions=on --cfg 'feature="clone"' --cfg 'feature="codespan-reporting"' --cfg 'feature="default"' --cfg 'feature="glsl-out"' --cfg 'feature="hexf-parse"' --cfg 'feature="span"' --cfg 'feature="spirv"' --cfg 'feature="spv-out"' --cfg 'feature="termcolor"' --cfg 'feature="unicode-xid"' --cfg 'feature="validate"' --cfg 'feature="wgsl-in"' --check-cfg 'cfg(docsrs)' --check-cfg 'cfg(feature, values("arbitrary", "clone", "codespan-reporting", "default", "deserialize", "dot-out", "glsl-in", "glsl-out", "hexf-parse", "hlsl-out", "msl-out", "petgraph", "pp-rs", "serde", "serialize", "span", "spirv", "spv-in", "spv-out", "termcolor", "unicode-xid", "validate", "wgsl-in", "wgsl-out"))' -C metadata=2a8db8385073954f -C extra-filename=-2a8db8385073954f --out-dir /opt/rustwide/target/debug/deps -L dependency=/opt/rustwide/target/debug/deps --extern bit_set=/opt/rustwide/target/debug/deps/libbit_set-e38058d7a3c41ad9.rmeta --extern bitflags=/opt/rustwide/target/debug/deps/libbitflags-341020f9d5b9a75d.rmeta --extern codespan_reporting=/opt/rustwide/target/debug/deps/libcodespan_reporting-1c998c3c950c48f5.rmeta --extern hexf_parse=/opt/rustwide/target/debug/deps/libhexf_parse-abf035cb68612035.rmeta --extern indexmap=/opt/rustwide/target/debug/deps/libindexmap-0b745e4f2b976f61.rmeta --extern log=/opt/rustwide/target/debug/deps/liblog-3aa0668917922fe0.rmeta --extern num_traits=/opt/rustwide/target/debug/deps/libnum_traits-d60d1aff2e4e59b5.rmeta --extern rustc_hash=/opt/rustwide/target/debug/deps/librustc_hash-fecbae33d7639965.rmeta --extern spirv=/opt/rustwide/target/debug/deps/libspirv-f373a464cf35236a.rmeta --extern termcolor=/opt/rustwide/target/debug/deps/libtermcolor-53e6db9189921481.rmeta --extern thiserror=/opt/rustwide/target/debug/deps/libthiserror-6356b8c23500ef25.rmeta --extern unicode_xid=/opt/rustwide/target/debug/deps/libunicode_xid-dc4bf03bdbc38e59.rmeta --cap-lints allow --cap-lints=warn` (signal: 9, SIGKILL: kill)
[INFO] [stderr] warning: build failed, waiting for other jobs to finish...
[INFO] [stderr] rustc-LLVM ERROR: IO failure on output stream: No space left on device
[INFO] [stderr] error: could not compile `wgpu-hal` (lib)
[INFO] [stderr] 
[INFO] [stderr] Caused by:
[INFO] [stderr]   process didn't exit successfully: `/opt/rustwide/rustup-home/toolchains/1.83.0-x86_64-unknown-linux-gnu/bin/rustc --crate-name wgpu_hal --edition=2021 /opt/rustwide/cargo-home/registry/src/index.crates.io-6f17d22bba15001f/wgpu-hal-0.14.1/src/lib.rs --error-format=json --json=diagnostic-rendered-ansi,artifacts,future-incompat --crate-type lib --emit=dep-info,metadata,link -C opt-level=2 -C embed-bitcode=no -C debuginfo=2 -C debug-assertions=on --cfg 'feature="ash"' --cfg 'feature="default"' --cfg 'feature="egl"' --cfg 'feature="gles"' --cfg 'feature="glow"' --cfg 'feature="gpu-alloc"' --cfg 'feature="gpu-descriptor"' --cfg 'feature="libloading"' --cfg 'feature="renderdoc"' --cfg 'feature="renderdoc-sys"' --cfg 'feature="smallvec"' --cfg 'feature="vulkan"' --check-cfg 'cfg(docsrs)' --check-cfg 'cfg(feature, values("ash", "bit-set", "block", "default", "dx11", "dx12", "egl", "emscripten", "foreign-types", "gles", "glow", "gpu-alloc", "gpu-descriptor", "libloading", "metal", "native", "range-alloc", "renderdoc", "renderdoc-sys", "smallvec", "vulkan"))' -C metadata=0da09ccbe82faa1a -C extra-filename=-0da09ccbe82faa1a --out-dir /opt/rustwide/target/debug/deps -L dependency=/opt/rustwide/target/debug/deps --extern arrayvec=/opt/rustwide/target/debug/deps/libarrayvec-3357454b35de3361.rmeta --extern ash=/opt/rustwide/target/debug/deps/libash-c20a51b1098688de.rmeta --extern bitflags=/opt/rustwide/target/debug/deps/libbitflags-341020f9d5b9a75d.rmeta --extern fxhash=/opt/rustwide/target/debug/deps/libfxhash-d21a17d75d50df6d.rmeta --extern glow=/opt/rustwide/target/debug/deps/libglow-d8b9ba0159921567.rmeta --extern gpu_alloc=/opt/rustwide/target/debug/deps/libgpu_alloc-92bcef1799b218d4.rmeta --extern gpu_descriptor=/opt/rustwide/target/debug/deps/libgpu_descriptor-dcd41fc7bcf32ed7.rmeta --extern egl=/opt/rustwide/target/debug/deps/libkhronos_egl-dcb0d475d242f622.rmeta --extern libloading=/opt/rustwide/target/debug/deps/liblibloading-1e54df4d582c2846.rmeta --extern log=/opt/rustwide/target/debug/deps/liblog-3aa0668917922fe0.rmeta --extern naga=/opt/rustwide/target/debug/deps/libnaga-2a8db8385073954f.rmeta --extern parking_lot=/opt/rustwide/target/debug/deps/libparking_lot-93431168a49b085b.rmeta --extern profiling=/opt/rustwide/target/debug/deps/libprofiling-0ca4825fac038e3c.rmeta --extern raw_window_handle=/opt/rustwide/target/debug/deps/libraw_window_handle-a8801b924c197b15.rmeta --extern renderdoc_sys=/opt/rustwide/target/debug/deps/librenderdoc_sys-4f64d755dab1ddd9.rmeta --extern smallvec=/opt/rustwide/target/debug/deps/libsmallvec-a180a12200c2b91f.rmeta --extern thiserror=/opt/rustwide/target/debug/deps/libthiserror-6356b8c23500ef25.rmeta --extern wgt=/opt/rustwide/target/debug/deps/libwgpu_types-a989edf7ee875aef.rmeta --cap-lints allow --cap-lints=warn` (exit status: 101)
[INFO] [stderr] rustc-LLVM ERROR: IO failure on output stream: No space left on device
[INFO] [stderr] error: could not compile `wgpu-core` (lib)
[INFO] [stderr] 
[INFO] [stderr] Caused by:
[INFO] [stderr]   No space left on device (os error 28)
[INFO] [stderr] 
[INFO] [stderr] Caused by:
[INFO] [stderr]   failed to parse process output: `/opt/rustwide/rustup-home/toolchains/1.83.0-x86_64-unknown-linux-gnu/bin/rustc --crate-name wgpu_core --edition=2021 /opt/rustwide/cargo-home/registry/src/index.crates.io-6f17d22bba15001f/wgpu-core-0.14.2/src/lib.rs --error-format=json --json=diagnostic-rendered-ansi,artifacts,future-incompat --crate-type lib --emit=dep-info,metadata,link -C opt-level=2 -C embed-bitcode=no -C debuginfo=2 -C debug-assertions=on --cfg 'feature="default"' --cfg 'feature="raw-window-handle"' --check-cfg 'cfg(docsrs)' --check-cfg 'cfg(feature, values("angle", "default", "id32", "raw-window-handle", "replay", "ron", "serde", "serial-pass", "strict_asserts", "trace", "vulkan-portability"))' -C metadata=8876a023528ea4bf -C extra-filename=-8876a023528ea4bf --out-dir /opt/rustwide/target/debug/deps -L dependency=/opt/rustwide/target/debug/deps --extern arrayvec=/opt/rustwide/target/debug/deps/libarrayvec-3357454b35de3361.rmeta --extern bit_vec=/opt/rustwide/target/debug/deps/libbit_vec-af946823b83e2ad8.rmeta --extern bitflags=/opt/rustwide/target/debug/deps/libbitflags-341020f9d5b9a75d.rmeta --extern codespan_reporting=/opt/rustwide/target/debug/deps/libcodespan_reporting-1c998c3c950c48f5.rmeta --extern fxhash=/opt/rustwide/target/debug/deps/libfxhash-d21a17d75d50df6d.rmeta --extern log=/opt/rustwide/target/debug/deps/liblog-3aa0668917922fe0.rmeta --extern naga=/opt/rustwide/target/debug/deps/libnaga-2a8db8385073954f.rmeta --extern parking_lot=/opt/rustwide/target/debug/deps/libparking_lot-93431168a49b085b.rmeta --extern profiling=/opt/rustwide/target/debug/deps/libprofiling-0ca4825fac038e3c.rmeta --extern raw_window_handle=/opt/rustwide/target/debug/deps/libraw_window_handle-a8801b924c197b15.rmeta --extern smallvec=/opt/rustwide/target/debug/deps/libsmallvec-a180a12200c2b91f.rmeta --extern thiserror=/opt/rustwide/target/debug/deps/libthiserror-6356b8c23500ef25.rmeta --extern hal=/opt/rustwide/target/debug/deps/libwgpu_hal-0da09ccbe82faa1a.rmeta --extern wgt=/opt/rustwide/target/debug/deps/libwgpu_types-a989edf7ee875aef.rmeta --cap-lints allow --cap-lints=warn --cfg unix_wo_apple --cfg vulkan --cfg gl` (exit status: 101)
[INFO] [stdout] error: failed to write to `/opt/rustwide/target/debug/deps/rmetaLn4l9Q/lib.rmeta`: No space left on device (os error 28)
[INFO] [stdout] 
[INFO] [stdout] 
[INFO] [stderr] error: could not compile `tiny-skia` (lib) due to 1 previous error
[INFO] [stderr] The following warnings were emitted during compilation:
[INFO] [stderr] 
[INFO] [stderr] warning: mozjpeg-sys@1.0.6: vendor/jccoefct.c:609:1: fatal error: error writing to /tmp/ccuFACkA.s: No space left on device
[INFO] [stderr] warning: mozjpeg-sys@1.0.6:   609 | }
[INFO] [stderr] warning: mozjpeg-sys@1.0.6:       | ^
[INFO] [stderr] warning: mozjpeg-sys@1.0.6: compilation terminated.
[INFO] [stderr] warning: mozjpeg-sys@1.0.6: vendor/jccolor.c:721:1: fatal error: error writing to /tmp/ccLK4v17.s: No space left on device
[INFO] [stderr] warning: mozjpeg-sys@1.0.6:   721 | }
[INFO] [stderr] warning: mozjpeg-sys@1.0.6:       | ^
[INFO] [stderr] warning: mozjpeg-sys@1.0.6: compilation terminated.
[INFO] [stderr] 
[INFO] [stderr] error: failed to run custom build command for `mozjpeg-sys v1.0.6`
[INFO] [stderr] note: To improve backtraces for build dependencies, set the CARGO_PROFILE_DEV_BUILD_OVERRIDE_DEBUG=true environment variable to enable debug information generation.
[INFO] [stderr] 
[INFO] [stderr] Caused by:
[INFO] [stderr]   process didn't exit successfully: `/opt/rustwide/target/debug/build/mozjpeg-sys-1345fe0713e8c031/build-script-build` (exit status: 1)
[INFO] [stderr]   --- stdout
[INFO] [stderr]   cargo:include=/opt/rustwide/target/debug/build/mozjpeg-sys-4c97582117ce555a/out/include:/opt/rustwide/cargo-home/registry/src/index.crates.io-6f17d22bba15001f/mozjpeg-sys-1.0.6/vendor
[INFO] [stderr]   cargo:lib_version=62
[INFO] [stderr]   running: "nasm" "-felf64" "-gdwarf" "-DPIC" "-DELF" "-D__x86_64__" "-I/opt/rustwide/cargo-home/registry/src/index.crates.io-6f17d22bba15001f/mozjpeg-sys-1.0.6/vendor/simd/x86_64/" "-I/opt/rustwide/cargo-home/registry/src/index.crates.io-6f17d22bba15001f/mozjpeg-sys-1.0.6/vendor/simd/nasm/" "-I/opt/rustwide/cargo-home/registry/src/index.crates.io-6f17d22bba15001f/mozjpeg-sys-1.0.6/vendor/win/" "/opt/rustwide/cargo-home/registry/src/index.crates.io-6f17d22bba15001f/mozjpeg-sys-1.0.6/vendor/simd/x86_64/jfdctfst-sse2.asm" "-o" "/opt/rustwide/target/debug/build/mozjpeg-sys-4c97582117ce555a/out/vendor/simd/x86_64/jfdctfst-sse2.o"
[INFO] [stderr]   running: "nasm" "-felf64" "-gdwarf" "-DPIC" "-DELF" "-D__x86_64__" "-I/opt/rustwide/cargo-home/registry/src/index.crates.io-6f17d22bba15001f/mozjpeg-sys-1.0.6/vendor/simd/x86_64/" "-I/opt/rustwide/cargo-home/registry/src/index.crates.io-6f17d22bba15001f/mozjpeg-sys-1.0.6/vendor/simd/nasm/" "-I/opt/rustwide/cargo-home/registry/src/index.crates.io-6f17d22bba15001f/mozjpeg-sys-1.0.6/vendor/win/" "/opt/rustwide/cargo-home/registry/src/index.crates.io-6f17d22bba15001f/mozjpeg-sys-1.0.6/vendor/simd/x86_64/jquanti-sse2.asm" "-o" "/opt/rustwide/target/debug/build/mozjpeg-sys-4c97582117ce555a/out/vendor/simd/x86_64/jquanti-sse2.o"
[INFO] [stderr]   running: "nasm" "-felf64" "-gdwarf" "-DPIC" "-DELF" "-D__x86_64__" "-I/opt/rustwide/cargo-home/registry/src/index.crates.io-6f17d22bba15001f/mozjpeg-sys-1.0.6/vendor/simd/x86_64/" "-I/opt/rustwide/cargo-home/registry/src/index.crates.io-6f17d22bba15001f/mozjpeg-sys-1.0.6/vendor/simd/nasm/" "-I/opt/rustwide/cargo-home/registry/src/index.crates.io-6f17d22bba15001f/mozjpeg-sys-1.0.6/vendor/win/" "/opt/rustwide/cargo-home/registry/src/index.crates.io-6f17d22bba15001f/mozjpeg-sys-1.0.6/vendor/simd/x86_64/jchuff-sse2.asm" "-o" "/opt/rustwide/target/debug/build/mozjpeg-sys-4c97582117ce555a/out/vendor/simd/x86_64/jchuff-sse2.o"
[INFO] [stderr]   running: "nasm" "-felf64" "-gdwarf" "-DPIC" "-DELF" "-D__x86_64__" "-I/opt/rustwide/cargo-home/registry/src/index.crates.io-6f17d22bba15001f/mozjpeg-sys-1.0.6/vendor/simd/x86_64/" "-I/opt/rustwide/cargo-home/registry/src/index.crates.io-6f17d22bba15001f/mozjpeg-sys-1.0.6/vendor/simd/nasm/" "-I/opt/rustwide/cargo-home/registry/src/index.crates.io-6f17d22bba15001f/mozjpeg-sys-1.0.6/vendor/win/" "/opt/rustwide/cargo-home/registry/src/index.crates.io-6f17d22bba15001f/mozjpeg-sys-1.0.6/vendor/simd/x86_64/jfdctint-avx2.asm" "-o" "/opt/rustwide/target/debug/build/mozjpeg-sys-4c97582117ce555a/out/vendor/simd/x86_64/jfdctint-avx2.o"
[INFO] [stderr]   running: "nasm" "-felf64" "-gdwarf" "-DPIC" "-DELF" "-D__x86_64__" "-I/opt/rustwide/cargo-home/registry/src/index.crates.io-6f17d22bba15001f/mozjpeg-sys-1.0.6/vendor/simd/x86_64/" "-I/opt/rustwide/cargo-home/registry/src/index.crates.io-6f17d22bba15001f/mozjpeg-sys-1.0.6/vendor/simd/nasm/" "-I/opt/rustwide/cargo-home/registry/src/index.crates.io-6f17d22bba15001f/mozjpeg-sys-1.0.6/vendor/win/" "/opt/rustwide/cargo-home/registry/src/index.crates.io-6f17d22bba15001f/mozjpeg-sys-1.0.6/vendor/simd/x86_64/jdsample-avx2.asm" "-o" "/opt/rustwide/target/debug/build/mozjpeg-sys-4c97582117ce555a/out/vendor/simd/x86_64/jdsample-avx2.o"
[INFO] [stderr]   running: "nasm" "-felf64" "-gdwarf" "-DPIC" "-DELF" "-D__x86_64__" "-I/opt/rustwide/cargo-home/registry/src/index.crates.io-6f17d22bba15001f/mozjpeg-sys-1.0.6/vendor/simd/x86_64/" "-I/opt/rustwide/cargo-home/registry/src/index.crates.io-6f17d22bba15001f/mozjpeg-sys-1.0.6/vendor/simd/nasm/" "-I/opt/rustwide/cargo-home/registry/src/index.crates.io-6f17d22bba15001f/mozjpeg-sys-1.0.6/vendor/win/" "/opt/rustwide/cargo-home/registry/src/index.crates.io-6f17d22bba15001f/mozjpeg-sys-1.0.6/vendor/simd/x86_64/jccolor-sse2.asm" "-o" "/opt/rustwide/target/debug/build/mozjpeg-sys-4c97582117ce555a/out/vendor/simd/x86_64/jccolor-sse2.o"
[INFO] [stderr]   running: "nasm" "-felf64" "-gdwarf" "-DPIC" "-DELF" "-D__x86_64__" "-I/opt/rustwide/cargo-home/registry/src/index.crates.io-6f17d22bba15001f/mozjpeg-sys-1.0.6/vendor/simd/x86_64/" "-I/opt/rustwide/cargo-home/registry/src/index.crates.io-6f17d22bba15001f/mozjpeg-sys-1.0.6/vendor/simd/nasm/" "-I/opt/rustwide/cargo-home/registry/src/index.crates.io-6f17d22bba15001f/mozjpeg-sys-1.0.6/vendor/win/" "/opt/rustwide/cargo-home/registry/src/index.crates.io-6f17d22bba15001f/mozjpeg-sys-1.0.6/vendor/simd/x86_64/jdcolor-avx2.asm" "-o" "/opt/rustwide/target/debug/build/mozjpeg-sys-4c97582117ce555a/out/vendor/simd/x86_64/jdcolor-avx2.o"
[INFO] [stderr]   running: "nasm" "-felf64" "-gdwarf" "-DPIC" "-DELF" "-D__x86_64__" "-I/opt/rustwide/cargo-home/registry/src/index.crates.io-6f17d22bba15001f/mozjpeg-sys-1.0.6/vendor/simd/x86_64/" "-I/opt/rustwide/cargo-home/registry/src/index.crates.io-6f17d22bba15001f/mozjpeg-sys-1.0.6/vendor/simd/nasm/" "-I/opt/rustwide/cargo-home/registry/src/index.crates.io-6f17d22bba15001f/mozjpeg-sys-1.0.6/vendor/win/" "/opt/rustwide/cargo-home/registry/src/index.crates.io-6f17d22bba15001f/mozjpeg-sys-1.0.6/vendor/simd/x86_64/jfdctint-sse2.asm" "-o" "/opt/rustwide/target/debug/build/mozjpeg-sys-4c97582117ce555a/out/vendor/simd/x86_64/jfdctint-sse2.o"
[INFO] [stderr]   running: "nasm" "-felf64" "-gdwarf" "-DPIC" "-DELF" "-D__x86_64__" "-I/opt/rustwide/cargo-home/registry/src/index.crates.io-6f17d22bba15001f/mozjpeg-sys-1.0.6/vendor/simd/x86_64/" "-I/opt/rustwide/cargo-home/registry/src/index.crates.io-6f17d22bba15001f/mozjpeg-sys-1.0.6/vendor/simd/nasm/" "-I/opt/rustwide/cargo-home/registry/src/index.crates.io-6f17d22bba15001f/mozjpeg-sys-1.0.6/vendor/win/" "/opt/rustwide/cargo-home/registry/src/index.crates.io-6f17d22bba15001f/mozjpeg-sys-1.0.6/vendor/simd/x86_64/jidctint-avx2.asm" "-o" "/opt/rustwide/target/debug/build/mozjpeg-sys-4c97582117ce555a/out/vendor/simd/x86_64/jidctint-avx2.o"
[INFO] [stderr]   running: "nasm" "-felf64" "-gdwarf" "-DPIC" "-DELF" "-D__x86_64__" "-I/opt/rustwide/cargo-home/registry/src/index.crates.io-6f17d22bba15001f/mozjpeg-sys-1.0.6/vendor/simd/x86_64/" "-I/opt/rustwide/cargo-home/registry/src/index.crates.io-6f17d22bba15001f/mozjpeg-sys-1.0.6/vendor/simd/nasm/" "-I/opt/rustwide/cargo-home/registry/src/index.crates.io-6f17d22bba15001f/mozjpeg-sys-1.0.6/vendor/win/" "/opt/rustwide/cargo-home/registry/src/index.crates.io-6f17d22bba15001f/mozjpeg-sys-1.0.6/vendor/simd/x86_64/jcgray-sse2.asm" "-o" "/opt/rustwide/target/debug/build/mozjpeg-sys-4c97582117ce555a/out/vendor/simd/x86_64/jcgray-sse2.o"
[INFO] [stderr]   running: "nasm" "-felf64" "-gdwarf" "-DPIC" "-DELF" "-D__x86_64__" "-I/opt/rustwide/cargo-home/registry/src/index.crates.io-6f17d22bba15001f/mozjpeg-sys-1.0.6/vendor/simd/x86_64/" "-I/opt/rustwide/cargo-home/registry/src/index.crates.io-6f17d22bba15001f/mozjpeg-sys-1.0.6/vendor/simd/nasm/" "-I/opt/rustwide/cargo-home/registry/src/index.crates.io-6f17d22bba15001f/mozjpeg-sys-1.0.6/vendor/win/" "/opt/rustwide/cargo-home/registry/src/index.crates.io-6f17d22bba15001f/mozjpeg-sys-1.0.6/vendor/simd/x86_64/jcsample-sse2.asm" "-o" "/opt/rustwide/target/debug/build/mozjpeg-sys-4c97582117ce555a/out/vendor/simd/x86_64/jcsample-sse2.o"
[INFO] [stderr]   running: "nasm" "-felf64" "-gdwarf" "-DPIC" "-DELF" "-D__x86_64__" "-I/opt/rustwide/cargo-home/registry/src/index.crates.io-6f17d22bba15001f/mozjpeg-sys-1.0.6/vendor/simd/x86_64/" "-I/opt/rustwide/cargo-home/registry/src/index.crates.io-6f17d22bba15001f/mozjpeg-sys-1.0.6/vendor/simd/nasm/" "-I/opt/rustwide/cargo-home/registry/src/index.crates.io-6f17d22bba15001f/mozjpeg-sys-1.0.6/vendor/win/" "/opt/rustwide/cargo-home/registry/src/index.crates.io-6f17d22bba15001f/mozjpeg-sys-1.0.6/vendor/simd/x86_64/jcsample-avx2.asm" "-o" "/opt/rustwide/target/debug/build/mozjpeg-sys-4c97582117ce555a/out/vendor/simd/x86_64/jcsample-avx2.o"
[INFO] [stderr]   running: "nasm" "-felf64" "-gdwarf" "-DPIC" "-DELF" "-D__x86_64__" "-I/opt/rustwide/cargo-home/registry/src/index.crates.io-6f17d22bba15001f/mozjpeg-sys-1.0.6/vendor/simd/x86_64/" "-I/opt/rustwide/cargo-home/registry/src/index.crates.io-6f17d22bba15001f/mozjpeg-sys-1.0.6/vendor/simd/nasm/" "-I/opt/rustwide/cargo-home/registry/src/index.crates.io-6f17d22bba15001f/mozjpeg-sys-1.0.6/vendor/win/" "/opt/rustwide/cargo-home/registry/src/index.crates.io-6f17d22bba15001f/mozjpeg-sys-1.0.6/vendor/simd/x86_64/jquanti-avx2.asm" "-o" "/opt/rustwide/target/debug/build/mozjpeg-sys-4c97582117ce555a/out/vendor/simd/x86_64/jquanti-avx2.o"
[INFO] [stderr]   running: "nasm" "-felf64" "-gdwarf" "-DPIC" "-DELF" "-D__x86_64__" "-I/opt/rustwide/cargo-home/registry/src/index.crates.io-6f17d22bba15001f/mozjpeg-sys-1.0.6/vendor/simd/x86_64/" "-I/opt/rustwide/cargo-home/registry/src/index.crates.io-6f17d22bba15001f/mozjpeg-sys-1.0.6/vendor/simd/nasm/" "-I/opt/rustwide/cargo-home/registry/src/index.crates.io-6f17d22bba15001f/mozjpeg-sys-1.0.6/vendor/win/" "/opt/rustwide/cargo-home/registry/src/index.crates.io-6f17d22bba15001f/mozjpeg-sys-1.0.6/vendor/simd/x86_64/jccolor-avx2.asm" "-o" "/opt/rustwide/target/debug/build/mozjpeg-sys-4c97582117ce555a/out/vendor/simd/x86_64/jccolor-avx2.o"
[INFO] [stderr]   running: "nasm" "-felf64" "-gdwarf" "-DPIC" "-DELF" "-D__x86_64__" "-I/opt/rustwide/cargo-home/registry/src/index.crates.io-6f17d22bba15001f/mozjpeg-sys-1.0.6/vendor/simd/x86_64/" "-I/opt/rustwide/cargo-home/registry/src/index.crates.io-6f17d22bba15001f/mozjpeg-sys-1.0.6/vendor/simd/nasm/" "-I/opt/rustwide/cargo-home/registry/src/index.crates.io-6f17d22bba15001f/mozjpeg-sys-1.0.6/vendor/win/" "/opt/rustwide/cargo-home/registry/src/index.crates.io-6f17d22bba15001f/mozjpeg-sys-1.0.6/vendor/simd/x86_64/jdcolor-sse2.asm" "-o" "/opt/rustwide/target/debug/build/mozjpeg-sys-4c97582117ce555a/out/vendor/simd/x86_64/jdcolor-sse2.o"
[INFO] [stderr]   running: "nasm" "-felf64" "-gdwarf" "-DPIC" "-DELF" "-D__x86_64__" "-I/opt/rustwide/cargo-home/registry/src/index.crates.io-6f17d22bba15001f/mozjpeg-sys-1.0.6/vendor/simd/x86_64/" "-I/opt/rustwide/cargo-home/registry/src/index.crates.io-6f17d22bba15001f/mozjpeg-sys-1.0.6/vendor/simd/nasm/" "-I/opt/rustwide/cargo-home/registry/src/index.crates.io-6f17d22bba15001f/mozjpeg-sys-1.0.6/vendor/win/" "/opt/rustwide/cargo-home/registry/src/index.crates.io-6f17d22bba15001f/mozjpeg-sys-1.0.6/vendor/simd/x86_64/jdsample-sse2.asm" "-o" "/opt/rustwide/target/debug/build/mozjpeg-sys-4c97582117ce555a/out/vendor/simd/x86_64/jdsample-sse2.o"
[INFO] [stderr]   running: "nasm" "-felf64" "-gdwarf" "-DPIC" "-DELF" "-D__x86_64__" "-I/opt/rustwide/cargo-home/registry/src/index.crates.io-6f17d22bba15001f/mozjpeg-sys-1.0.6/vendor/simd/x86_64/" "-I/opt/rustwide/cargo-home/registry/src/index.crates.io-6f17d22bba15001f/mozjpeg-sys-1.0.6/vendor/simd/nasm/" "-I/opt/rustwide/cargo-home/registry/src/index.crates.io-6f17d22bba15001f/mozjpeg-sys-1.0.6/vendor/win/" "/opt/rustwide/cargo-home/registry/src/index.crates.io-6f17d22bba15001f/mozjpeg-sys-1.0.6/vendor/simd/x86_64/jidctred-sse2.asm" "-o" "/opt/rustwide/target/debug/build/mozjpeg-sys-4c97582117ce555a/out/vendor/simd/x86_64/jidctred-sse2.o"
[INFO] [stderr]   running: "nasm" "-felf64" "-gdwarf" "-DPIC" "-DELF" "-D__x86_64__" "-I/opt/rustwide/cargo-home/registry/src/index.crates.io-6f17d22bba15001f/mozjpeg-sys-1.0.6/vendor/simd/x86_64/" "-I/opt/rustwide/cargo-home/registry/src/index.crates.io-6f17d22bba15001f/mozjpeg-sys-1.0.6/vendor/simd/nasm/" "-I/opt/rustwide/cargo-home/registry/src/index.crates.io-6f17d22bba15001f/mozjpeg-sys-1.0.6/vendor/win/" "/opt/rustwide/cargo-home/registry/src/index.crates.io-6f17d22bba15001f/mozjpeg-sys-1.0.6/vendor/simd/x86_64/jidctfst-sse2.asm" "-o" "/opt/rustwide/target/debug/build/mozjpeg-sys-4c97582117ce555a/out/vendor/simd/x86_64/jidctfst-sse2.o"
[INFO] [stderr]   running: "nasm" "-felf64" "-gdwarf" "-DPIC" "-DELF" "-D__x86_64__" "-I/opt/rustwide/cargo-home/registry/src/index.crates.io-6f17d22bba15001f/mozjpeg-sys-1.0.6/vendor/simd/x86_64/" "-I/opt/rustwide/cargo-home/registry/src/index.crates.io-6f17d22bba15001f/mozjpeg-sys-1.0.6/vendor/simd/nasm/" "-I/opt/rustwide/cargo-home/registry/src/index.crates.io-6f17d22bba15001f/mozjpeg-sys-1.0.6/vendor/win/" "/opt/rustwide/cargo-home/registry/src/index.crates.io-6f17d22bba15001f/mozjpeg-sys-1.0.6/vendor/simd/x86_64/jfdctflt-sse.asm" "-o" "/opt/rustwide/target/debug/build/mozjpeg-sys-4c97582117ce555a/out/vendor/simd/x86_64/jfdctflt-sse.o"
[INFO] [stderr]   running: "nasm" "-felf64" "-gdwarf" "-DPIC" "-DELF" "-D__x86_64__" "-I/opt/rustwide/cargo-home/registry/src/index.crates.io-6f17d22bba15001f/mozjpeg-sys-1.0.6/vendor/simd/x86_64/" "-I/opt/rustwide/cargo-home/registry/src/index.crates.io-6f17d22bba15001f/mozjpeg-sys-1.0.6/vendor/simd/nasm/" "-I/opt/rustwide/cargo-home/registry/src/index.crates.io-6f17d22bba15001f/mozjpeg-sys-1.0.6/vendor/win/" "/opt/rustwide/cargo-home/registry/src/index.crates.io-6f17d22bba15001f/mozjpeg-sys-1.0.6/vendor/simd/x86_64/jsimdcpu.asm" "-o" "/opt/rustwide/target/debug/build/mozjpeg-sys-4c97582117ce555a/out/vendor/simd/x86_64/jsimdcpu.o"
[INFO] [stderr]   running: "nasm" "-felf64" "-gdwarf" "-DPIC" "-DELF" "-D__x86_64__" "-I/opt/rustwide/cargo-home/registry/src/index.crates.io-6f17d22bba15001f/mozjpeg-sys-1.0.6/vendor/simd/x86_64/" "-I/opt/rustwide/cargo-home/registry/src/index.crates.io-6f17d22bba15001f/mozjpeg-sys-1.0.6/vendor/simd/nasm/" "-I/opt/rustwide/cargo-home/registry/src/index.crates.io-6f17d22bba15001f/mozjpeg-sys-1.0.6/vendor/win/" "/opt/rustwide/cargo-home/registry/src/index.crates.io-6f17d22bba15001f/mozjpeg-sys-1.0.6/vendor/simd/x86_64/jidctint-sse2.asm" "-o" "/opt/rustwide/target/debug/build/mozjpeg-sys-4c97582117ce555a/out/vendor/simd/x86_64/jidctint-sse2.o"
[INFO] [stderr]   running: "nasm" "-felf64" "-gdwarf" "-DPIC" "-DELF" "-D__x86_64__" "-I/opt/rustwide/cargo-home/registry/src/index.crates.io-6f17d22bba15001f/mozjpeg-sys-1.0.6/vendor/simd/x86_64/" "-I/opt/rustwide/cargo-home/registry/src/index.crates.io-6f17d22bba15001f/mozjpeg-sys-1.0.6/vendor/simd/nasm/" "-I/opt/rustwide/cargo-home/registry/src/index.crates.io-6f17d22bba15001f/mozjpeg-sys-1.0.6/vendor/win/" "/opt/rustwide/cargo-home/registry/src/index.crates.io-6f17d22bba15001f/mozjpeg-sys-1.0.6/vendor/simd/x86_64/jdmerge-avx2.asm" "-o" "/opt/rustwide/target/debug/build/mozjpeg-sys-4c97582117ce555a/out/vendor/simd/x86_64/jdmerge-avx2.o"
[INFO] [stderr]   running: "nasm" "-felf64" "-gdwarf" "-DPIC" "-DELF" "-D__x86_64__" "-I/opt/rustwide/cargo-home/registry/src/index.crates.io-6f17d22bba15001f/mozjpeg-sys-1.0.6/vendor/simd/x86_64/" "-I/opt/rustwide/cargo-home/registry/src/index.crates.io-6f17d22bba15001f/mozjpeg-sys-1.0.6/vendor/simd/nasm/" "-I/opt/rustwide/cargo-home/registry/src/index.crates.io-6f17d22bba15001f/mozjpeg-sys-1.0.6/vendor/win/" "/opt/rustwide/cargo-home/registry/src/index.crates.io-6f17d22bba15001f/mozjpeg-sys-1.0.6/vendor/simd/x86_64/jdmerge-sse2.asm" "-o" "/opt/rustwide/target/debug/build/mozjpeg-sys-4c97582117ce555a/out/vendor/simd/x86_64/jdmerge-sse2.o"
[INFO] [stderr]   running: "nasm" "-felf64" "-gdwarf" "-DPIC" "-DELF" "-D__x86_64__" "-I/opt/rustwide/cargo-home/registry/src/index.crates.io-6f17d22bba15001f/mozjpeg-sys-1.0.6/vendor/simd/x86_64/" "-I/opt/rustwide/cargo-home/registry/src/index.crates.io-6f17d22bba15001f/mozjpeg-sys-1.0.6/vendor/simd/nasm/" "-I/opt/rustwide/cargo-home/registry/src/index.crates.io-6f17d22bba15001f/mozjpeg-sys-1.0.6/vendor/win/" "/opt/rustwide/cargo-home/registry/src/index.crates.io-6f17d22bba15001f/mozjpeg-sys-1.0.6/vendor/simd/x86_64/jidctflt-sse2.asm" "-o" "/opt/rustwide/target/debug/build/mozjpeg-sys-4c97582117ce555a/out/vendor/simd/x86_64/jidctflt-sse2.o"
[INFO] [stderr]   running: "nasm" "-felf64" "-gdwarf" "-DPIC" "-DELF" "-D__x86_64__" "-I/opt/rustwide/cargo-home/registry/src/index.crates.io-6f17d22bba15001f/mozjpeg-sys-1.0.6/vendor/simd/x86_64/" "-I/opt/rustwide/cargo-home/registry/src/index.crates.io-6f17d22bba15001f/mozjpeg-sys-1.0.6/vendor/simd/nasm/" "-I/opt/rustwide/cargo-home/registry/src/index.crates.io-6f17d22bba15001f/mozjpeg-sys-1.0.6/vendor/win/" "/opt/rustwide/cargo-home/registry/src/index.crates.io-6f17d22bba15001f/mozjpeg-sys-1.0.6/vendor/simd/x86_64/jcgray-avx2.asm" "-o" "/opt/rustwide/target/debug/build/mozjpeg-sys-4c97582117ce555a/out/vendor/simd/x86_64/jcgray-avx2.o"
[INFO] [stderr]   running: "nasm" "-felf64" "-gdwarf" "-DPIC" "-DELF" "-D__x86_64__" "-I/opt/rustwide/cargo-home/registry/src/index.crates.io-6f17d22bba15001f/mozjpeg-sys-1.0.6/vendor/simd/x86_64/" "-I/opt/rustwide/cargo-home/registry/src/index.crates.io-6f17d22bba15001f/mozjpeg-sys-1.0.6/vendor/simd/nasm/" "-I/opt/rustwide/cargo-home/registry/src/index.crates.io-6f17d22bba15001f/mozjpeg-sys-1.0.6/vendor/win/" "/opt/rustwide/cargo-home/registry/src/index.crates.io-6f17d22bba15001f/mozjpeg-sys-1.0.6/vendor/simd/x86_64/jcphuff-sse2.asm" "-o" "/opt/rustwide/target/debug/build/mozjpeg-sys-4c97582117ce555a/out/vendor/simd/x86_64/jcphuff-sse2.o"
[INFO] [stderr]   running: "nasm" "-felf64" "-gdwarf" "-DPIC" "-DELF" "-D__x86_64__" "-I/opt/rustwide/cargo-home/registry/src/index.crates.io-6f17d22bba15001f/mozjpeg-sys-1.0.6/vendor/simd/x86_64/" "-I/opt/rustwide/cargo-home/registry/src/index.crates.io-6f17d22bba15001f/mozjpeg-sys-1.0.6/vendor/simd/nasm/" "-I/opt/rustwide/cargo-home/registry/src/index.crates.io-6f17d22bba15001f/mozjpeg-sys-1.0.6/vendor/win/" "/opt/rustwide/cargo-home/registry/src/index.crates.io-6f17d22bba15001f/mozjpeg-sys-1.0.6/vendor/simd/x86_64/jquantf-sse2.asm" "-o" "/opt/rustwide/target/debug/build/mozjpeg-sys-4c97582117ce555a/out/vendor/simd/x86_64/jquantf-sse2.o"
[INFO] [stderr]   TARGET = Some("x86_64-unknown-linux-gnu")
[INFO] [stderr]   OPT_LEVEL = Some("2")
[INFO] [stderr]   HOST = Some("x86_64-unknown-linux-gnu")
[INFO] [stderr]   cargo:rerun-if-env-changed=CC_x86_64-unknown-linux-gnu
[INFO] [stderr]   CC_x86_64-unknown-linux-gnu = None
[INFO] [stderr]   cargo:rerun-if-env-changed=CC_x86_64_unknown_linux_gnu
[INFO] [stderr]   CC_x86_64_unknown_linux_gnu = None
[INFO] [stderr]   cargo:rerun-if-env-changed=HOST_CC
[INFO] [stderr]   HOST_CC = None
[INFO] [stderr]   cargo:rerun-if-env-changed=CC
[INFO] [stderr]   CC = None
[INFO] [stderr]   cargo:rerun-if-env-changed=CFLAGS_x86_64-unknown-linux-gnu
[INFO] [stderr]   CFLAGS_x86_64-unknown-linux-gnu = None
[INFO] [stderr]   cargo:rerun-if-env-changed=CFLAGS_x86_64_unknown_linux_gnu
[INFO] [stderr]   CFLAGS_x86_64_unknown_linux_gnu = None
[INFO] [stderr]   cargo:rerun-if-env-changed=HOST_CFLAGS
[INFO] [stderr]   HOST_CFLAGS = None
[INFO] [stderr]   cargo:rerun-if-env-changed=CFLAGS
[INFO] [stderr]   CFLAGS = None
[INFO] [stderr]   cargo:rerun-if-env-changed=CRATE_CC_NO_DEFAULTS
[INFO] [stderr]   CRATE_CC_NO_DEFAULTS = None
[INFO] [stderr]   DEBUG = Some("true")
[INFO] [stderr]   CARGO_CFG_TARGET_FEATURE = Some("fxsr,sse,sse2")
[INFO] [stderr]   cargo:rerun-if-env-changed=CC_x86_64-unknown-linux-gnu
[INFO] [stderr]   CC_x86_64-unknown-linux-gnu = None
[INFO] [stderr]   cargo:rerun-if-env-changed=CC_x86_64_unknown_linux_gnu
[INFO] [stderr]   CC_x86_64_unknown_linux_gnu = None
[INFO] [stderr]   cargo:rerun-if-env-changed=HOST_CC
[INFO] [stderr]   HOST_CC = None
[INFO] [stderr]   cargo:rerun-if-env-changed=CC
[INFO] [stderr]   CC = None
[INFO] [stderr]   cargo:rerun-if-env-changed=CFLAGS_x86_64-unknown-linux-gnu
[INFO] [stderr]   CFLAGS_x86_64-unknown-linux-gnu = None
[INFO] [stderr]   cargo:rerun-if-env-changed=CFLAGS_x86_64_unknown_linux_gnu
[INFO] [stderr]   CFLAGS_x86_64_unknown_linux_gnu = None
[INFO] [stderr]   cargo:rerun-if-env-changed=HOST_CFLAGS
[INFO] [stderr]   HOST_CFLAGS = None
[INFO] [stderr]   cargo:rerun-if-env-changed=CFLAGS
[INFO] [stderr]   CFLAGS = None
[INFO] [stderr]   cargo:rerun-if-env-changed=CRATE_CC_NO_DEFAULTS
[INFO] [stderr]   CRATE_CC_NO_DEFAULTS = None
[INFO] [stderr]   CARGO_CFG_TARGET_FEATURE = Some("fxsr,sse,sse2")
[INFO] [stderr]   cargo:rerun-if-env-changed=CC_x86_64-unknown-linux-gnu
[INFO] [stderr]   CC_x86_64-unknown-linux-gnu = None
[INFO] [stderr]   cargo:rerun-if-env-changed=CC_x86_64_unknown_linux_gnu
[INFO] [stderr]   CC_x86_64_unknown_linux_gnu = None
[INFO] [stderr]   cargo:rerun-if-env-changed=HOST_CC
[INFO] [stderr]   HOST_CC = None
[INFO] [stderr]   cargo:rerun-if-env-changed=CC
[INFO] [stderr]   CC = None
[INFO] [stderr]   cargo:rerun-if-env-changed=CFLAGS_x86_64-unknown-linux-gnu
[INFO] [stderr]   CFLAGS_x86_64-unknown-linux-gnu = None
[INFO] [stderr]   cargo:rerun-if-env-changed=CFLAGS_x86_64_unknown_linux_gnu
[INFO] [stderr]   CFLAGS_x86_64_unknown_linux_gnu = None
[INFO] [stderr]   cargo:rerun-if-env-changed=HOST_CFLAGS
[INFO] [stderr]   HOST_CFLAGS = None
[INFO] [stderr]   cargo:rerun-if-env-changed=CFLAGS
[INFO] [stderr]   CFLAGS = None
[INFO] [stderr]   cargo:rerun-if-env-changed=CRATE_CC_NO_DEFAULTS
[INFO] [stderr]   CRATE_CC_NO_DEFAULTS = None
[INFO] [stderr]   CARGO_CFG_TARGET_FEATURE = Some("fxsr,sse,sse2")
[INFO] [stderr]   running: "cc" "-O2" "-ffunction-sections" "-fdata-sections" "-fPIC" "-gdwarf-4" "-fno-omit-frame-pointer" "-m64" "-I" "/opt/rustwide/target/debug/build/mozjpeg-sys-4c97582117ce555a/out/include" "-I" "/opt/rustwide/cargo-home/registry/src/index.crates.io-6f17d22bba15001f/mozjpeg-sys-1.0.6/vendor" "-I" "/opt/rustwide/cargo-home/registry/src/index.crates.io-6f17d22bba15001f/mozjpeg-sys-1.0.6/vendor/simd" "-fexceptions" "-msse" "-DNO_PROC_FOPEN=1" "-o" "/opt/rustwide/target/debug/build/mozjpeg-sys-4c97582117ce555a/out/vendor/jcapimin.o" "-c" "vendor/jcapimin.c"
[INFO] [stderr]   exit status: 0
[INFO] [stderr]   running: "cc" "-O2" "-ffunction-sections" "-fdata-sections" "-fPIC" "-gdwarf-4" "-fno-omit-frame-pointer" "-m64" "-I" "/opt/rustwide/target/debug/build/mozjpeg-sys-4c97582117ce555a/out/include" "-I" "/opt/rustwide/cargo-home/registry/src/index.crates.io-6f17d22bba15001f/mozjpeg-sys-1.0.6/vendor" "-I" "/opt/rustwide/cargo-home/registry/src/index.crates.io-6f17d22bba15001f/mozjpeg-sys-1.0.6/vendor/simd" "-fexceptions" "-msse" "-DNO_PROC_FOPEN=1" "-o" "/opt/rustwide/target/debug/build/mozjpeg-sys-4c97582117ce555a/out/vendor/jcapistd.o" "-c" "vendor/jcapistd.c"
[INFO] [stderr]   exit status: 0
[INFO] [stderr]   running: "cc" "-O2" "-ffunction-sections" "-fdata-sections" "-fPIC" "-gdwarf-4" "-fno-omit-frame-pointer" "-m64" "-I" "/opt/rustwide/target/debug/build/mozjpeg-sys-4c97582117ce555a/out/include" "-I" "/opt/rustwide/cargo-home/registry/src/index.crates.io-6f17d22bba15001f/mozjpeg-sys-1.0.6/vendor" "-I" "/opt/rustwide/cargo-home/registry/src/index.crates.io-6f17d22bba15001f/mozjpeg-sys-1.0.6/vendor/simd" "-fexceptions" "-msse" "-DNO_PROC_FOPEN=1" "-o" "/opt/rustwide/target/debug/build/mozjpeg-sys-4c97582117ce555a/out/vendor/jccoefct.o" "-c" "vendor/jccoefct.c"
[INFO] [stderr]   cargo:warning=vendor/jccoefct.c:609:1: fatal error: error writing to /tmp/ccuFACkA.s: No space left on device
[INFO] [stderr]   cargo:warning=  609 | }
[INFO] [stderr]   cargo:warning=      | ^
[INFO] [stderr]   cargo:warning=compilation terminated.
[INFO] [stderr]   exit status: 1
[INFO] [stderr]   running: "cc" "-O2" "-ffunction-sections" "-fdata-sections" "-fPIC" "-gdwarf-4" "-fno-omit-frame-pointer" "-m64" "-I" "/opt/rustwide/target/debug/build/mozjpeg-sys-4c97582117ce555a/out/include" "-I" "/opt/rustwide/cargo-home/registry/src/index.crates.io-6f17d22bba15001f/mozjpeg-sys-1.0.6/vendor" "-I" "/opt/rustwide/cargo-home/registry/src/index.crates.io-6f17d22bba15001f/mozjpeg-sys-1.0.6/vendor/simd" "-fexceptions" "-msse" "-DNO_PROC_FOPEN=1" "-o" "/opt/rustwide/target/debug/build/mozjpeg-sys-4c97582117ce555a/out/vendor/jccolor.o" "-c" "vendor/jccolor.c"
[INFO] [stderr]   cargo:warning=vendor/jccolor.c:721:1: fatal error: error writing to /tmp/ccLK4v17.s: No space left on device
[INFO] [stderr]   cargo:warning=  721 | }
[INFO] [stderr]   cargo:warning=      | ^
[INFO] [stderr]   cargo:warning=compilation terminated.
[INFO] [stderr]   exit status: 1
[INFO] [stderr] 
[INFO] [stderr]   --- stderr
[INFO] [stderr] 
[INFO] [stderr] 
[INFO] [stderr]   error occurred: Command "cc" "-O2" "-ffunction-sections" "-fdata-sections" "-fPIC" "-gdwarf-4" "-fno-omit-frame-pointer" "-m64" "-I" "/opt/rustwide/target/debug/build/mozjpeg-sys-4c97582117ce555a/out/include" "-I" "/opt/rustwide/cargo-home/registry/src/index.crates.io-6f17d22bba15001f/mozjpeg-sys-1.0.6/vendor" "-I" "/opt/rustwide/cargo-home/registry/src/index.crates.io-6f17d22bba15001f/mozjpeg-sys-1.0.6/vendor/simd" "-fexceptions" "-msse" "-DNO_PROC_FOPEN=1" "-o" "/opt/rustwide/target/debug/build/mozjpeg-sys-4c97582117ce555a/out/vendor/jccoefct.o" "-c" "vendor/jccoefct.c" with args "cc" did not execute successfully (status code exit status: 1).
[INFO] [stderr] 
[INFO] [stderr] 
[INFO] [stderr] rustc-LLVM ERROR: IO failure on output stream: No space left on device
[INFO] [stderr] error: could not compile `image` (lib)
[INFO] [stderr] 
[INFO] [stderr] Caused by:
[INFO] [stderr]   No space left on device (os error 28)
[INFO] [stderr] 
[INFO] [stderr] Caused by:
[INFO] [stderr]   failed to parse process output: `/opt/rustwide/rustup-home/toolchains/1.83.0-x86_64-unknown-linux-gnu/bin/rustc --crate-name image --edition=2018 /opt/rustwide/cargo-home/registry/src/index.crates.io-6f17d22bba15001f/image-0.24.5/./src/lib.rs --error-format=json --json=diagnostic-rendered-ansi,artifacts,future-incompat --crate-type lib --emit=dep-info,metadata,link -C opt-level=2 -C embed-bitcode=no -C debuginfo=2 -C debug-assertions=on --cfg 'feature="bmp"' --cfg 'feature="dds"' --cfg 'feature="default"' --cfg 'feature="dxt"' --cfg 'feature="exr"' --cfg 'feature="farbfeld"' --cfg 'feature="gif"' --cfg 'feature="hdr"' --cfg 'feature="ico"' --cfg 'feature="jpeg"' --cfg 'feature="jpeg_rayon"' --cfg 'feature="openexr"' --cfg 'feature="png"' --cfg 'feature="pnm"' --cfg 'feature="scoped_threadpool"' --cfg 'feature="tga"' --cfg 'feature="tiff"' --cfg 'feature="webp"' --check-cfg 'cfg(docsrs)' --check-cfg 'cfg(feature, values("avif", "avif-decoder", "avif-encoder", "benchmarks", "bmp", "dav1d", "dcv-color-primitives", "dds", "default", "dxt", "exr", "farbfeld", "gif", "hdr", "ico", "jpeg", "jpeg_rayon", "libwebp", "mp4parse", "openexr", "png", "pnm", "ravif", "rgb", "scoped_threadpool", "tga", "tiff", "webp", "webp-encoder"))' -C metadata=1336664190698b6f -C extra-filename=-1336664190698b6f --out-dir /opt/rustwide/target/debug/deps -L dependency=/opt/rustwide/target/debug/deps --extern bytemuck=/opt/rustwide/target/debug/deps/libbytemuck-12ae47bfe1d2465b.rmeta --extern byteorder=/opt/rustwide/target/debug/deps/libbyteorder-3791d1c6f3c4f444.rmeta --extern color_quant=/opt/rustwide/target/debug/deps/libcolor_quant-47a99b1f9cdece78.rmeta --extern exr=/opt/rustwide/target/debug/deps/libexr-ad88b6a59593d203.rmeta --extern gif=/opt/rustwide/target/debug/deps/libgif-f41d0555a9e97a23.rmeta --extern jpeg=/opt/rustwide/target/debug/deps/libjpeg_decoder-c1847a25ba9caa4a.rmeta --extern num_rational=/opt/rustwide/target/debug/deps/libnum_rational-ea65240c9c3fdbd5.rmeta --extern num_traits=/opt/rustwide/target/debug/deps/libnum_traits-d60d1aff2e4e59b5.rmeta --extern png=/opt/rustwide/target/debug/deps/libpng-f9a7b1149235a2df.rmeta --extern scoped_threadpool=/opt/rustwide/target/debug/deps/libscoped_threadpool-386df68c99b0f122.rmeta --extern tiff=/opt/rustwide/target/debug/deps/libtiff-ce9ce9659bd2ca31.rmeta --cap-lints allow --cap-lints=warn` (exit status: 101)
[INFO] running `Command { std: "docker" "inspect" "a531874167e4c2c936fc5622bf6c5011e8335c98e82de228661c6c11c5ecc516", kill_on_drop: false }`
[INFO] running `Command { std: "docker" "rm" "-f" "a531874167e4c2c936fc5622bf6c5011e8335c98e82de228661c6c11c5ecc516", kill_on_drop: false }`
[INFO] [stdout] a531874167e4c2c936fc5622bf6c5011e8335c98e82de228661c6c11c5ecc516
