[INFO] cloning repository https://github.com/prxgr4mm3r/psp22_ink
[INFO] running `Command { std: "git" "-c" "credential.helper=" "-c" "credential.helper=/workspace/cargo-home/bin/git-credential-null" "clone" "--bare" "https://github.com/prxgr4mm3r/psp22_ink" "/workspace/cache/git-repos/https%3A%2F%2Fgithub.com%2Fprxgr4mm3r%2Fpsp22_ink", kill_on_drop: false }`
[INFO] [stderr] Cloning into bare repository '/workspace/cache/git-repos/https%3A%2F%2Fgithub.com%2Fprxgr4mm3r%2Fpsp22_ink'...
[INFO] running `Command { std: "git" "rev-parse" "HEAD", kill_on_drop: false }`
[INFO] [stdout] c0a2b7ad12f181a44758273cf3160f6f3d4f3807
[INFO] testing prxgr4mm3r/psp22_ink against beta-2024-12-08 for beta-1.84.0-4-retry
[INFO] running `Command { std: "git" "clone" "/workspace/cache/git-repos/https%3A%2F%2Fgithub.com%2Fprxgr4mm3r%2Fpsp22_ink" "/workspace/builds/worker-5-tc2/source", kill_on_drop: false }`
[INFO] [stderr] Cloning into '/workspace/builds/worker-5-tc2/source'...
[INFO] [stderr] done.
[INFO] [stderr] Updating files:  51% (1515/2922)
Updating files:  52% (1520/2922)
Updating files:  53% (1549/2922)
Updating files:  54% (1578/2922)
Updating files:  55% (1608/2922)
Updating files:  56% (1637/2922)
Updating files:  57% (1666/2922)
Updating files:  58% (1695/2922)
Updating files:  59% (1724/2922)
Updating files:  59% (1746/2922)
Updating files:  60% (1754/2922)
Updating files:  61% (1783/2922)
Updating files:  62% (1812/2922)
Updating files:  63% (1841/2922)
Updating files:  64% (1871/2922)
Updating files:  65% (1900/2922)
Updating files:  66% (1929/2922)
Updating files:  67% (1958/2922)
Updating files:  67% (1976/2922)
Updating files:  68% (1987/2922)
Updating files:  68% (1995/2922)
Updating files:  69% (2017/2922)
Updating files:  70% (2046/2922)
Updating files:  71% (2075/2922)
Updating files:  72% (2104/2922)
Updating files:  72% (2123/2922)
Updating files:  73% (2134/2922)
Updating files:  74% (2163/2922)
Updating files:  75% (2192/2922)
Updating files:  75% (2203/2922)
Updating files:  76% (2221/2922)
Updating files:  77% (2250/2922)
Updating files:  77% (2260/2922)
Updating files:  78% (2280/2922)
Updating files:  78% (2283/2922)
Updating files:  79% (2309/2922)
Updating files:  79% (2319/2922)
Updating files:  79% (2325/2922)
Updating files:  80% (2338/2922)
Updating files:  80% (2357/2922)
Updating files:  81% (2367/2922)
Updating files:  81% (2368/2922)
error: unable to write file target/ink/release/deps/libtoml_edit-9b1dc6d41b8f04ae.rlib
[INFO] [stderr] error: unable to write file target/ink/release/deps/libtoml_edit-9b1dc6d41b8f04ae.rmeta
[INFO] [stderr] Updating files:  81% (2374/2922)
error: unable to write file target/ink/release/deps/libtypenum-5a4585003d73c1d9.rmeta
[INFO] [stderr] error: unable to write file target/ink/release/deps/libtypenum-a5b1b920e8ae9d67.rlib
[INFO] [stderr] error: unable to write file target/ink/release/deps/libtypenum-a5b1b920e8ae9d67.rmeta
[INFO] [stderr] error: unable to write file target/ink/release/deps/libtypenum-cff59539642d7494.rlib
[INFO] [stderr] error: unable to write file target/ink/release/deps/libtypenum-cff59539642d7494.rmeta
[INFO] [stderr] error: unable to write file target/ink/release/deps/libunicode_ident-7cd918405fd856b4.rlib
[INFO] [stderr] error: unable to write file target/ink/release/deps/libunicode_ident-7cd918405fd856b4.rmeta
[INFO] [stderr] error: unable to write file target/ink/release/deps/libunicode_ident-e28796cb2ac7b8d5.rlib
[INFO] [stderr] error: unable to write file target/ink/release/deps/libunicode_ident-e28796cb2ac7b8d5.rmeta
[INFO] [stderr] error: unable to write file target/ink/release/deps/libunicode_ident-fa95c50ec5e94d06.rlib
[INFO] [stderr] error: unable to write file target/ink/release/deps/libunicode_ident-fa95c50ec5e94d06.rmeta
[INFO] [stderr] error: unable to write file target/ink/release/deps/libunicode_xid-5abf6a7e8f9006f2.rlib
[INFO] [stderr] error: unable to write file target/ink/release/deps/libunicode_xid-5abf6a7e8f9006f2.rmeta
[INFO] [stderr] error: unable to write file target/ink/release/deps/libunicode_xid-81a538a1a4611e9a.rlib
[INFO] [stderr] error: unable to write file target/ink/release/deps/libunicode_xid-81a538a1a4611e9a.rmeta
[INFO] [stderr] error: unable to write file target/ink/release/deps/libunicode_xid-d10336a0ec77b0ee.rlib
[INFO] [stderr] error: unable to write file target/ink/release/deps/libunicode_xid-d10336a0ec77b0ee.rmeta
[INFO] [stderr] error: unable to write file target/ink/release/deps/libversion_check-79aa50b27a134c2c.rlib
[INFO] [stderr] error: unable to write file target/ink/release/deps/libversion_check-79aa50b27a134c2c.rmeta
[INFO] [stderr] error: unable to write file target/ink/release/deps/libversion_check-a738c4049c682246.rlib
[INFO] [stderr] error: unable to write file target/ink/release/deps/libversion_check-a738c4049c682246.rmeta
[INFO] [stderr] error: unable to write file target/ink/release/deps/libversion_check-ab1322372b58337f.rlib
[INFO] [stderr] error: unable to write file target/ink/release/deps/libversion_check-ab1322372b58337f.rmeta
[INFO] [stderr] Updating files:  82% (2397/2922)
error: unable to write file target/ink/release/deps/libwinnow-e53ad321da8757d0.rlib
[INFO] [stderr] error: unable to write file target/ink/release/deps/libwinnow-e53ad321da8757d0.rmeta
[INFO] [stderr] error: unable to write file target/ink/release/deps/libwinnow-f2160a35a740040e.rlib
[INFO] [stderr] error: unable to write file target/ink/release/deps/libwinnow-f2160a35a740040e.rmeta
[INFO] [stderr] error: unable to write file target/ink/release/deps/libwinnow-f9250890ef014a3e.rlib
[INFO] [stderr] error: unable to write file target/ink/release/deps/libwinnow-f9250890ef014a3e.rmeta
[INFO] [stderr] error: unable to write file target/ink/release/deps/libwyz-2c5eed140a292a38.rlib
[INFO] [stderr] error: unable to write file target/ink/release/deps/libwyz-2c5eed140a292a38.rmeta
[INFO] [stderr] error: unable to write file target/ink/release/deps/libwyz-47ead22665a54fdc.rlib
[INFO] [stderr] error: unable to write file target/ink/release/deps/libwyz-47ead22665a54fdc.rmeta
[INFO] [stderr] error: unable to write file target/ink/release/deps/libwyz-bd2e5d60703d5b0e.rlib
[INFO] [stderr] error: unable to write file target/ink/release/deps/libwyz-bd2e5d60703d5b0e.rmeta
[INFO] [stderr] error: unable to write file target/ink/release/deps/libwyz-f070b7ad67bd84a4.rlib
[INFO] [stderr] error: unable to write file target/ink/release/deps/libwyz-f070b7ad67bd84a4.rmeta
[INFO] [stderr] error: unable to write file target/ink/release/deps/libxxhash_rust-794d06990a856481.rlib
[INFO] [stderr] error: unable to write file target/ink/release/deps/libxxhash_rust-794d06990a856481.rmeta
[INFO] [stderr] error: unable to write file target/ink/release/deps/libxxhash_rust-a7b3ffce8dd96213.rlib
[INFO] [stderr] error: unable to write file target/ink/release/deps/libxxhash_rust-a7b3ffce8dd96213.rmeta
[INFO] [stderr] error: unable to write file target/ink/release/deps/libxxhash_rust-ce98017430026e40.rlib
[INFO] [stderr] error: unable to write file target/ink/release/deps/libxxhash_rust-ce98017430026e40.rmeta
[INFO] [stderr] error: unable to write file target/ink/release/deps/libxxhash_rust-d2bcaff4217b15b7.rlib
[INFO] [stderr] error: unable to write file target/ink/release/deps/libxxhash_rust-d2bcaff4217b15b7.rmeta
[INFO] [stderr] error: unable to write file target/ink/release/deps/linux_raw_sys-2311d0eec6aca8e6.d
[INFO] [stderr] error: unable to write file target/ink/release/deps/linux_raw_sys-74407fdf028412cc.d
[INFO] [stderr] error: unable to write file target/ink/release/deps/linux_raw_sys-8fc3a995701fba13.d
[INFO] [stderr] error: unable to write file target/ink/release/deps/log-3b997520c2855013.d
[INFO] [stderr] error: unable to write file target/ink/release/deps/log-6742aed528c9dcf3.d
[INFO] [stderr] error: unable to write file target/ink/release/deps/log-75d10cbe66cd4ff6.d
[INFO] [stderr] error: unable to write file target/ink/release/deps/memchr-4955aa9f9a0d2abb.d
[INFO] [stderr] Updating files:  83% (2426/2922)
error: unable to write file target/ink/release/deps/memchr-4ce7d9613e7da9ff.d
[INFO] [stderr] error: unable to write file target/ink/release/deps/memchr-803cd3e17f0f826b.d
[INFO] [stderr] error: unable to write file target/ink/release/deps/metadata_gen-9f86f051a057aa33
[INFO] [stderr] error: unable to write file target/ink/release/deps/metadata_gen-9f86f051a057aa33.d
[INFO] [stderr] error: unable to write file target/ink/release/deps/num_traits-b61a19d25ecd4960.d
[INFO] [stderr] error: unable to write file target/ink/release/deps/once_cell-20340024fd5e3639.d
[INFO] [stderr] error: unable to write file target/ink/release/deps/once_cell-8f4040a52719a0a2.d
[INFO] [stderr] error: unable to write file target/ink/release/deps/once_cell-f4521234341d7ba0.d
[INFO] [stderr] error: unable to write file target/ink/release/deps/parity_scale_codec-1aab3394f101ca5f.d
[INFO] [stderr] error: unable to write file target/ink/release/deps/parity_scale_codec-265bedb13b616e0f.d
[INFO] [stderr] error: unable to write file target/ink/release/deps/parity_scale_codec-ba13d5d4ea37ac26.d
[INFO] [stderr] error: unable to write file target/ink/release/deps/parity_scale_codec-c900b725f15a20af.d
[INFO] [stderr] error: unable to write file target/ink/release/deps/parity_scale_codec_derive-41a510f283150c9e.d
[INFO] [stderr] error: unable to create file target/ink/release/deps/parity_scale_codec_derive-439586bef8ba76c8.d: No space left on device
[INFO] [stderr] error: unable to write file target/ink/release/deps/parity_scale_codec_derive-e3619f5de0022f56.d
[INFO] [stderr] error: unable to write file target/ink/release/deps/paste-9ed7c452fced554e.d
[INFO] [stderr] error: unable to write file target/ink/release/deps/paste-bd3fcb0ba9ea8555.d
[INFO] [stderr] error: unable to write file target/ink/release/deps/paste-d2dca8637f330373.d
[INFO] [stderr] error: unable to write file target/ink/release/deps/proc_macro2-27e8f55bb4ab67fa.d
[INFO] [stderr] error: unable to write file target/ink/release/deps/proc_macro2-df34a70a8a6d4302.d
[INFO] [stderr] error: unable to create file target/ink/release/deps/proc_macro2-e9fdc1ced63948ae.d: No space left on device
[INFO] [stderr] error: unable to write file target/ink/release/deps/proc_macro_crate-5c24237e930fbd39.d
[INFO] [stderr] error: unable to write file target/ink/release/deps/proc_macro_crate-9f7c1c9b1c34a717.d
[INFO] [stderr] error: unable to write file target/ink/release/deps/proc_macro_crate-dec6af3e91c09198.d
[INFO] [stderr] error: unable to write file target/ink/release/deps/psp22_ink-f69bd34ed3a82f67.d
[INFO] [stderr] error: unable to write file target/ink/release/deps/quote-34862c82a40f8783.d
[INFO] [stderr] error: unable to write file target/ink/release/deps/quote-7c37b86a0bce51ef.d
[INFO] [stderr] error: unable to write file target/ink/release/deps/quote-7cd9c8780b44bad7.d
[INFO] [stderr] error: unable to write file target/ink/release/deps/radium-2224298dfcdb1f13.d
[INFO] [stderr] Updating files:  84% (2455/2922)
error: unable to write file target/ink/release/deps/radium-34002226eaf1a543.d
[INFO] [stderr] error: unable to write file target/ink/release/deps/radium-d462a0df55862a5f.d
[INFO] [stderr] error: unable to write file target/ink/release/deps/radium-f3fe6f330e502045.d
[INFO] [stderr] error: unable to write file target/ink/release/deps/regex-3f6e3f6d8f33a7e0.d
[INFO] [stderr] error: unable to write file target/ink/release/deps/regex-5d3c11ebdd65bcc2.d
[INFO] [stderr] error: unable to write file target/ink/release/deps/regex-852bb97960ecc188.d
[INFO] [stderr] error: unable to write file target/ink/release/deps/regex_syntax-311c3e876a6135a1.d
[INFO] [stderr] error: unable to write file target/ink/release/deps/regex_syntax-780d61d4b5ae2764.d
[INFO] [stderr] error: unable to write file target/ink/release/deps/regex_syntax-ed34693642e9e15c.d
[INFO] [stderr] error: unable to create file target/ink/release/deps/rustix-020b3404064ee473.d: No space left on device
[INFO] [stderr] error: unable to write file target/ink/release/deps/rustix-0af56050a01765f2.d
[INFO] [stderr] error: unable to create file target/ink/release/deps/rustix-ec5002a3755207ea.d: No space left on device
[INFO] [stderr] error: unable to write file target/ink/release/deps/ryu-012f72ba7a4f8835.d
[INFO] [stderr] error: unable to write file target/ink/release/deps/ryu-2d065f7477ba89b1.d
[INFO] [stderr] error: unable to write file target/ink/release/deps/ryu-51661aae1760bf71.d
[INFO] [stderr] error: unable to write file target/ink/release/deps/ryu-f06e945a6b9d2a71.d
[INFO] [stderr] error: unable to write file target/ink/release/deps/scale_bits-1290fcb022adf33b.d
[INFO] [stderr] error: unable to write file target/ink/release/deps/scale_bits-8db80f72d6adc090.d
[INFO] [stderr] error: unable to write file target/ink/release/deps/scale_bits-ca6a24bfa3e9fd6c.d
[INFO] [stderr] error: unable to write file target/ink/release/deps/scale_bits-ee0cdd7e721b287b.d
[INFO] [stderr] error: unable to write file target/ink/release/deps/scale_decode-193c0cace8b35b02.d
[INFO] [stderr] error: unable to write file target/ink/release/deps/scale_decode-6a3d7a796eff1d93.d
[INFO] [stderr] error: unable to write file target/ink/release/deps/scale_decode-a4a4b3f14cfd9a35.d
[INFO] [stderr] error: unable to write file target/ink/release/deps/scale_decode-f2f8781efd59ddff.d
[INFO] [stderr] error: unable to write file target/ink/release/deps/scale_decode_derive-05a48a9ecd869042.d
[INFO] [stderr] error: unable to write file target/ink/release/deps/scale_decode_derive-ce8c8d8c051409ac.d
[INFO] [stderr] error: unable to write file target/ink/release/deps/scale_decode_derive-cf2ae8e884927af4.d
[INFO] [stderr] error: unable to create file target/ink/release/deps/scale_encode-09ef867f293c9a02.d: No space left on device
[INFO] [stderr] error: unable to create file target/ink/release/deps/scale_encode-4fa7bed613c9fac5.d: No space left on device
[INFO] [stderr] Updating files:  85% (2484/2922)
error: unable to write file target/ink/release/deps/scale_encode-e20fdacbb633c0bb.d
[INFO] [stderr] error: unable to write file target/ink/release/deps/scale_encode-fba87f59bfe424f1.d
[INFO] [stderr] error: unable to write file target/ink/release/deps/scale_encode_derive-25c6dc287c33545b.d
[INFO] [stderr] error: unable to create file target/ink/release/deps/scale_encode_derive-d6894a2e8d1449f3.d: No space left on device
[INFO] [stderr] error: unable to write file target/ink/release/deps/scale_encode_derive-e4d9b5385d828a79.d
[INFO] [stderr] error: unable to write file target/ink/release/deps/scale_info-2e97db30afad6901.d
[INFO] [stderr] error: unable to create file target/ink/release/deps/scale_info-793884871563266c.d: No space left on device
[INFO] [stderr] error: unable to create file target/ink/release/deps/scale_info-81e3831d16935567.d: No space left on device
[INFO] [stderr] error: unable to write file target/ink/release/deps/scale_info-fcc3b199a842394c.d
[INFO] [stderr] error: unable to write file target/ink/release/deps/scale_info_derive-5aa211df6c83a773.d
[INFO] [stderr] error: unable to create file target/ink/release/deps/scale_info_derive-6afc858c4ce5b74a.d: No space left on device
[INFO] [stderr] error: unable to create file target/ink/release/deps/scale_info_derive-9c80f12da1c4056c.d: No space left on device
[INFO] [stderr] error: unable to create file target/ink/release/deps/secp256k1-f5bdc15bc5d78135.d: No space left on device
[INFO] [stderr] error: unable to create file target/ink/release/deps/secp256k1_sys-7da8a6da6aa94d01.d: No space left on device
[INFO] [stderr] error: unable to write file target/ink/release/deps/serde-0b8ed0b901f21830.d
[INFO] [stderr] error: unable to write file target/ink/release/deps/serde-94773ca08a19b760.d
[INFO] [stderr] error: unable to write file target/ink/release/deps/serde-c869c39e2c980ff0.d
[INFO] [stderr] error: unable to write file target/ink/release/deps/serde-e2eefff1516a2d19.d
[INFO] [stderr] error: unable to write file target/ink/release/deps/serde_derive-10752afd91cb772f.d
[INFO] [stderr] error: unable to write file target/ink/release/deps/serde_derive-14ec02813204d6be.d
[INFO] [stderr] error: unable to create file target/ink/release/deps/serde_derive-323e16c85fe39692.d: No space left on device
[INFO] [stderr] error: unable to create file target/ink/release/deps/serde_json-0a5e4b93f2e2d7f2.d: No space left on device
[INFO] [stderr] error: unable to create file target/ink/release/deps/serde_json-c1d219aa1929621a.d: No space left on device
[INFO] [stderr] error: unable to write file target/ink/release/deps/serde_json-fce02be6e1a52269.d
[INFO] [stderr] error: unable to create file target/ink/release/deps/serde_json-fd18148145184d14.d: No space left on device
[INFO] [stderr] error: unable to create file target/ink/release/deps/sha2-76772622fc947240.d: No space left on device
[INFO] [stderr] error: unable to create file target/ink/release/deps/sha3-8aaaa91878b4e381.d: No space left on device
[INFO] [stderr] error: unable to create file target/ink/release/deps/static_assertions-275061b172bd28e5.d: No space left on device
[INFO] [stderr] error: unable to write file target/ink/release/deps/strsim-048d476cdbb58d1d.d
[INFO] [stderr] Updating files:  86% (2513/2922)
error: unable to write file target/ink/release/deps/strsim-5a667d2fe34c279d.d
[INFO] [stderr] error: unable to write file target/ink/release/deps/strsim-a1e73c92d63d49d2.d
[INFO] [stderr] error: unable to create file target/ink/release/deps/subtle-7384625a6ef48e0f.d: No space left on device
[INFO] [stderr] error: unable to write file target/ink/release/deps/subtle-b450bccf8e3f61da.d
[INFO] [stderr] error: unable to create file target/ink/release/deps/subtle-bea9d12e00f0eb10.d: No space left on device
[INFO] [stderr] error: unable to create file target/ink/release/deps/subtle-f146761daa02da4f.d: No space left on device
[INFO] [stderr] error: unable to create file target/ink/release/deps/syn-3308ac8b4c5e5227.d: No space left on device
[INFO] [stderr] error: unable to write file target/ink/release/deps/syn-731f5ff9fd463ccd.d
[INFO] [stderr] error: unable to create file target/ink/release/deps/syn-8e849c4bfa610089.d: No space left on device
[INFO] [stderr] error: unable to create file target/ink/release/deps/syn-b9d22930675f2fd8.d: No space left on device
[INFO] [stderr] error: unable to create file target/ink/release/deps/syn-e5ebeacbaa42547a.d: No space left on device
[INFO] [stderr] error: unable to write file target/ink/release/deps/syn-efcd376689e1ff59.d
[INFO] [stderr] error: unable to create file target/ink/release/deps/synstructure-261e70d809fc280a.d: No space left on device
[INFO] [stderr] error: unable to write file target/ink/release/deps/synstructure-504da337b66c0350.d
[INFO] [stderr] error: unable to create file target/ink/release/deps/synstructure-5202416639f51575.d: No space left on device
[INFO] [stderr] error: unable to create file target/ink/release/deps/tap-0a43ef7c8a9f7f64.d: No space left on device
[INFO] [stderr] error: unable to write file target/ink/release/deps/tap-74c578e8072bac94.d
[INFO] [stderr] error: unable to create file target/ink/release/deps/tap-aefd57be11341909.d: No space left on device
[INFO] [stderr] error: unable to write file target/ink/release/deps/tap-bfeab5adb8eac50e.d
[INFO] [stderr] error: unable to write file target/ink/release/deps/termcolor-06404a03fd8d5443.d
[INFO] [stderr] error: unable to create file target/ink/release/deps/termcolor-2e114619fc011dc4.d: No space left on device
[INFO] [stderr] error: unable to create file target/ink/release/deps/termcolor-406043b8a89285d8.d: No space left on device
[INFO] [stderr] error: unable to create file target/ink/release/deps/thiserror-8135b1a2ce335ce9.d: No space left on device
[INFO] [stderr] error: unable to create file target/ink/release/deps/thiserror-b0b1de261ff51218.d: No space left on device
[INFO] [stderr] error: unable to write file target/ink/release/deps/thiserror-bb2b3b65eb1edd15.d
[INFO] [stderr] error: unable to create file target/ink/release/deps/thiserror-fe017259c539278f.d: No space left on device
[INFO] [stderr] error: unable to create file target/ink/release/deps/thiserror_impl-0ec0801fa609cfbf.d: No space left on device
[INFO] [stderr] error: unable to write file target/ink/release/deps/thiserror_impl-632e64681fddc12c.d
[INFO] [stderr] error: unable to create file target/ink/release/deps/thiserror_impl-d8a6e73df3534f88.d: No space left on device
[INFO] [stderr] error: unable to create file target/ink/release/deps/toml_datetime-20685f96238e390e.d: No space left on device
[INFO] [stderr] Updating files:  87% (2543/2922)
error: unable to write file target/ink/release/deps/toml_datetime-3ba6a3e75eff23bb.d
[INFO] [stderr] error: unable to create file target/ink/release/deps/toml_datetime-76771dce0f8091c0.d: No space left on device
[INFO] [stderr] error: unable to create file target/ink/release/deps/toml_edit-403a2d51dae0e79e.d: No space left on device
[INFO] [stderr] error: unable to write file target/ink/release/deps/toml_edit-6b9bf06c6ac01128.d
[INFO] [stderr] error: unable to create file target/ink/release/deps/toml_edit-9b1dc6d41b8f04ae.d: No space left on device
[INFO] [stderr] error: unable to create file target/ink/release/deps/typenum-292f565d5f248f55.d: No space left on device
[INFO] [stderr] error: unable to write file target/ink/release/deps/typenum-5a4585003d73c1d9.d
[INFO] [stderr] error: unable to create file target/ink/release/deps/typenum-a5b1b920e8ae9d67.d: No space left on device
[INFO] [stderr] error: unable to create file target/ink/release/deps/typenum-cff59539642d7494.d: No space left on device
[INFO] [stderr] error: unable to create file target/ink/release/deps/unicode_ident-7cd918405fd856b4.d: No space left on device
[INFO] [stderr] error: unable to create file target/ink/release/deps/unicode_ident-e28796cb2ac7b8d5.d: No space left on device
[INFO] [stderr] error: unable to create file target/ink/release/deps/unicode_ident-fa95c50ec5e94d06.d: No space left on device
[INFO] [stderr] error: unable to create file target/ink/release/deps/unicode_xid-5abf6a7e8f9006f2.d: No space left on device
[INFO] [stderr] error: unable to create file target/ink/release/deps/unicode_xid-81a538a1a4611e9a.d: No space left on device
[INFO] [stderr] error: unable to create file target/ink/release/deps/unicode_xid-d10336a0ec77b0ee.d: No space left on device
[INFO] [stderr] error: unable to create file target/ink/release/deps/version_check-79aa50b27a134c2c.d: No space left on device
[INFO] [stderr] error: unable to write file target/ink/release/deps/version_check-a738c4049c682246.d
[INFO] [stderr] error: unable to create file target/ink/release/deps/version_check-ab1322372b58337f.d: No space left on device
[INFO] [stderr] error: unable to create file target/ink/release/deps/winnow-e53ad321da8757d0.d: No space left on device
[INFO] [stderr] error: unable to create file target/ink/release/deps/winnow-f2160a35a740040e.d: No space left on device
[INFO] [stderr] error: unable to create file target/ink/release/deps/winnow-f9250890ef014a3e.d: No space left on device
[INFO] [stderr] error: unable to write file target/ink/release/deps/wyz-2c5eed140a292a38.d
[INFO] [stderr] error: unable to create file target/ink/release/deps/wyz-47ead22665a54fdc.d: No space left on device
[INFO] [stderr] error: unable to create file target/ink/release/deps/wyz-bd2e5d60703d5b0e.d: No space left on device
[INFO] [stderr] error: unable to create file target/ink/release/deps/wyz-f070b7ad67bd84a4.d: No space left on device
[INFO] [stderr] error: unable to create file target/ink/release/deps/xxhash_rust-794d06990a856481.d: No space left on device
[INFO] [stderr] error: unable to create file target/ink/release/deps/xxhash_rust-a7b3ffce8dd96213.d: No space left on device
[INFO] [stderr] error: unable to create file target/ink/release/deps/xxhash_rust-ce98017430026e40.d: No space left on device
[INFO] [stderr] error: unable to create file target/ink/release/deps/xxhash_rust-d2bcaff4217b15b7.d: No space left on device
[INFO] [stderr] Updating files:  88% (2572/2922)
error: unable to write file target/ink/release/metadata-gen
[INFO] [stderr] error: unable to write file target/ink/release/metadata-gen.d
[INFO] [stderr] fatal: cannot create directory at 'target/ink/wasm32-unknown-unknown': No space left on device
[INFO] [stderr] warning: Clone succeeded, but checkout failed.
[INFO] [stderr] You can inspect what was checked out with 'git status'
[INFO] [stderr] and retry with 'git restore --source=HEAD :/'
[INFO] [stderr] 
[INFO] testing prxgr4mm3r/psp22_ink against beta-2024-12-08 for beta-1.84.0-4-retry
[INFO] running `Command { std: "git" "clone" "/workspace/cache/git-repos/https%3A%2F%2Fgithub.com%2Fprxgr4mm3r%2Fpsp22_ink" "/workspace/builds/worker-5-tc2/source", kill_on_drop: false }`
[INFO] [stderr] Cloning into '/workspace/builds/worker-5-tc2/source'...
[INFO] [stderr] done.
[INFO] [stderr] Updating files:  57% (1683/2922)
Updating files:  58% (1695/2922)
Updating files:  59% (1724/2922)
Updating files:  60% (1754/2922)
Updating files:  61% (1783/2922)
Updating files:  62% (1812/2922)
Updating files:  63% (1841/2922)
Updating files:  64% (1871/2922)
Updating files:  65% (1900/2922)
Updating files:  66% (1929/2922)
Updating files:  67% (1958/2922)
Updating files:  67% (1976/2922)
Updating files:  68% (1987/2922)
Updating files:  69% (2017/2922)
Updating files:  70% (2046/2922)
Updating files:  71% (2075/2922)
Updating files:  71% (2076/2922)
Updating files:  72% (2104/2922)
Updating files:  73% (2134/2922)
Updating files:  74% (2163/2922)
Updating files:  75% (2192/2922)
Updating files:  75% (2213/2922)
Updating files:  76% (2221/2922)
Updating files:  77% (2250/2922)
Updating files:  77% (2278/2922)
Updating files:  78% (2280/2922)
Updating files:  79% (2309/2922)
Updating files:  79% (2323/2922)
Updating files:  80% (2338/2922)
Updating files:  81% (2367/2922)
Updating files:  82% (2397/2922)
Updating files:  83% (2426/2922)
Updating files:  84% (2455/2922)
Updating files:  85% (2484/2922)
Updating files:  86% (2513/2922)
Updating files:  87% (2543/2922)
Updating files:  88% (2572/2922)
Updating files:  89% (2601/2922)
Updating files:  90% (2630/2922)
Updating files:  91% (2660/2922)
Updating files:  92% (2689/2922)
Updating files:  93% (2718/2922)
Updating files:  94% (2747/2922)
Updating files:  95% (2776/2922)
Updating files:  96% (2806/2922)
Updating files:  96% (2823/2922)
Updating files:  97% (2835/2922)
Updating files:  97% (2851/2922)
Updating files:  97% (2852/2922)
Updating files:  98% (2864/2922)
Updating files:  99% (2893/2922)
Updating files: 100% (2922/2922)
Updating files: 100% (2922/2922), done.
[INFO] validating manifest of git repo https://github.com/prxgr4mm3r/psp22_ink on toolchain beta-2024-12-08
[INFO] running `Command { std: CARGO_HOME="/workspace/cargo-home" RUSTUP_HOME="/workspace/rustup-home" "/workspace/cargo-home/bin/cargo" "+beta-2024-12-08" "metadata" "--manifest-path" "Cargo.toml" "--no-deps", kill_on_drop: false }`
[INFO] started tweaking git repo https://github.com/prxgr4mm3r/psp22_ink
[INFO] finished tweaking git repo https://github.com/prxgr4mm3r/psp22_ink
[INFO] tweaked toml for git repo https://github.com/prxgr4mm3r/psp22_ink written to /workspace/builds/worker-5-tc2/source/Cargo.toml
[INFO] crate git repo https://github.com/prxgr4mm3r/psp22_ink already has a lockfile, it will not be regenerated
[INFO] running `Command { std: CARGO_HOME="/workspace/cargo-home" RUSTUP_HOME="/workspace/rustup-home" "/workspace/cargo-home/bin/cargo" "+beta-2024-12-08" "fetch" "--manifest-path" "Cargo.toml", kill_on_drop: false }`
[INFO] [stderr]     Blocking waiting for file lock on package cache
[ERROR] error running command: no output for 300 seconds
[INFO] testing prxgr4mm3r/psp22_ink against beta-2024-12-08 for beta-1.84.0-4-retry
[INFO] running `Command { std: "git" "clone" "/workspace/cache/git-repos/https%3A%2F%2Fgithub.com%2Fprxgr4mm3r%2Fpsp22_ink" "/workspace/builds/worker-5-tc2/source", kill_on_drop: false }`
[INFO] [stderr] Cloning into '/workspace/builds/worker-5-tc2/source'...
[INFO] [stderr] done.
[INFO] [stderr] Updating files:  65% (1914/2922)
Updating files:  66% (1929/2922)
Updating files:  67% (1958/2922)
Updating files:  68% (1987/2922)
Updating files:  69% (2017/2922)
Updating files:  70% (2046/2922)
Updating files:  71% (2075/2922)
Updating files:  71% (2088/2922)
Updating files:  72% (2104/2922)
Updating files:  73% (2134/2922)
Updating files:  74% (2163/2922)
Updating files:  75% (2192/2922)
Updating files:  76% (2221/2922)
Updating files:  76% (2249/2922)
Updating files:  77% (2250/2922)
Updating files:  77% (2273/2922)
Updating files:  78% (2280/2922)
Updating files:  78% (2293/2922)
Updating files:  79% (2309/2922)
Updating files:  79% (2326/2922)
Updating files:  80% (2338/2922)
Updating files:  81% (2367/2922)
Updating files:  82% (2397/2922)
Updating files:  82% (2400/2922)
Updating files:  83% (2426/2922)
Updating files:  84% (2455/2922)
Updating files:  85% (2484/2922)
Updating files:  86% (2513/2922)
Updating files:  87% (2543/2922)
Updating files:  88% (2572/2922)
Updating files:  89% (2601/2922)
Updating files:  90% (2630/2922)
Updating files:  91% (2660/2922)
Updating files:  92% (2689/2922)
Updating files:  93% (2718/2922)
Updating files:  94% (2747/2922)
Updating files:  95% (2776/2922)
Updating files:  96% (2806/2922)
Updating files:  97% (2835/2922)
Updating files:  97% (2850/2922)
Updating files:  97% (2852/2922)
Updating files:  98% (2864/2922)
Updating files:  99% (2893/2922)
Updating files: 100% (2922/2922)
Updating files: 100% (2922/2922), done.
[INFO] validating manifest of git repo https://github.com/prxgr4mm3r/psp22_ink on toolchain beta-2024-12-08
[INFO] running `Command { std: CARGO_HOME="/workspace/cargo-home" RUSTUP_HOME="/workspace/rustup-home" "/workspace/cargo-home/bin/cargo" "+beta-2024-12-08" "metadata" "--manifest-path" "Cargo.toml" "--no-deps", kill_on_drop: false }`
[INFO] started tweaking git repo https://github.com/prxgr4mm3r/psp22_ink
[INFO] finished tweaking git repo https://github.com/prxgr4mm3r/psp22_ink
[INFO] tweaked toml for git repo https://github.com/prxgr4mm3r/psp22_ink written to /workspace/builds/worker-5-tc2/source/Cargo.toml
[INFO] crate git repo https://github.com/prxgr4mm3r/psp22_ink already has a lockfile, it will not be regenerated
[INFO] running `Command { std: CARGO_HOME="/workspace/cargo-home" RUSTUP_HOME="/workspace/rustup-home" "/workspace/cargo-home/bin/cargo" "+beta-2024-12-08" "fetch" "--manifest-path" "Cargo.toml", kill_on_drop: false }`
[INFO] [stderr]     Blocking waiting for file lock on package cache
[INFO] [stderr]     Updating crates.io index
[INFO] [stderr]     Blocking waiting for file lock on package cache
[INFO] [stderr]  Downloading crates ...
[INFO] [stderr]   Downloaded subxt-macro v0.28.0
[INFO] [stderr]   Downloaded subxt-codegen v0.28.0
[INFO] [stderr]   Downloaded sp-core-hashing v8.0.0
[INFO] [stderr]   Downloaded sp-std v7.0.0
[INFO] [stderr]   Downloaded ink_e2e v4.2.1
[INFO] [stderr]   Downloaded sp-runtime v23.0.0
[INFO] [stderr]   Downloaded jsonrpsee v0.17.1
[INFO] [stderr]   Downloaded sp-wasm-interface v13.0.0
[INFO] [stderr]   Downloaded ink_storage_traits v4.2.1
[INFO] [stderr]   Downloaded jsonrpsee-ws-client v0.17.1
[INFO] [stderr]   Downloaded ink_engine v4.2.1
[INFO] [stderr]   Downloaded ink_metadata v4.2.1
[INFO] [stderr]   Downloaded sp-weights v19.0.0
[INFO] [stderr]   Downloaded ink_storage v4.2.1
[INFO] [stderr]   Downloaded ink_macro v4.2.1
[INFO] [stderr]   Downloaded ink_codegen v4.2.1
[INFO] [stderr]   Downloaded ink_ir v4.2.1
[INFO] [stderr]   Downloaded ink_env v4.2.1
[INFO] [stderr]   Downloaded scale-decode v0.5.0
[INFO] [stderr]   Downloaded scale-value v0.7.0
[INFO] [stderr]   Downloaded sp-state-machine v0.27.0
[INFO] [stderr]   Downloaded sp-core v20.0.0
[INFO] [stderr]   Downloaded subxt v0.28.0
[INFO] [stderr]   Downloaded contract-build v2.2.1
[INFO] [stderr]   Downloaded jsonrpsee-core v0.17.1
[INFO] [stderr]   Downloaded sp-arithmetic v15.0.0
[INFO] [stderr]   Downloaded contract-metadata v2.2.1
[INFO] [stderr]   Downloaded ink_e2e_macro v4.2.1
[INFO] [stderr]   Downloaded jsonrpsee-client-transport v0.17.1
[INFO] [stderr]   Downloaded jsonrpsee-types v0.17.1
[INFO] [stderr]   Downloaded scale-encode v0.1.2
[INFO] [stderr]   Downloaded sp-trie v21.0.0
[INFO] [stderr]   Downloaded sp-runtime-interface-proc-macro v10.0.0
[INFO] [stderr]   Downloaded sp-runtime-interface v16.0.0
[INFO] [stderr]   Downloaded ink v4.2.1
[INFO] [stderr]   Downloaded ink_allocator v4.2.1
[INFO] [stderr]   Downloaded ink_primitives v4.2.1
[INFO] [stderr]   Downloaded sp-keyring v23.0.0
[INFO] [stderr]   Downloaded sp-tracing v9.0.0
[INFO] [stderr]   Downloaded ink_prelude v4.2.1
[INFO] [stderr]   Downloaded pallet-contracts-primitives v23.0.0
[INFO] [stderr]   Downloaded scale-decode-derive v0.5.0
[INFO] [stderr]   Downloaded sp-io v22.0.0
[INFO] [stderr]   Downloaded sp-storage v12.0.0
[INFO] [stderr]   Downloaded scale-encode-derive v0.1.2
[INFO] [stderr]   Downloaded sp-application-crypto v22.0.0
[INFO] [stderr]   Downloaded sp-keystore v0.26.0
[INFO] [stderr]   Downloaded sp-panic-handler v7.0.0
[INFO] [stderr]   Downloaded sp-externalities v0.18.0
[INFO] [stderr]   Downloaded sp-debug-derive v7.0.0
[INFO] [stderr]   Downloaded subxt-metadata v0.28.0
[INFO] running `Command { std: "docker" "create" "-v" "/var/lib/crater-agent-workspace/builds/worker-5-tc2/target:/opt/rustwide/target:rw,Z" "-v" "/var/lib/crater-agent-workspace/builds/worker-5-tc2/source:/opt/rustwide/workdir:ro,Z" "-v" "/var/lib/crater-agent-workspace/cargo-home:/opt/rustwide/cargo-home:ro,Z" "-v" "/var/lib/crater-agent-workspace/rustup-home:/opt/rustwide/rustup-home:ro,Z" "-e" "SOURCE_DIR=/opt/rustwide/workdir" "-e" "CARGO_TARGET_DIR=/opt/rustwide/target" "-e" "CARGO_HOME=/opt/rustwide/cargo-home" "-e" "RUSTUP_HOME=/opt/rustwide/rustup-home" "-w" "/opt/rustwide/workdir" "-m" "1610612736" "--user" "0:0" "--network" "none" "ghcr.io/rust-lang/crates-build-env/linux@sha256:f3a9d4ad9d972b27faf3965f35b62e55ba32bbce8f20bc8fe909558a86702fde" "/opt/rustwide/cargo-home/bin/cargo" "+beta-2024-12-08" "metadata" "--no-deps" "--format-version=1", kill_on_drop: false }`
[INFO] [stdout] 41af8560497f67a377c7b27d5fe418236ae27748526b108ba9cb17f0616acac9
[INFO] running `Command { std: "docker" "start" "-a" "41af8560497f67a377c7b27d5fe418236ae27748526b108ba9cb17f0616acac9", kill_on_drop: false }`
[INFO] running `Command { std: "docker" "inspect" "41af8560497f67a377c7b27d5fe418236ae27748526b108ba9cb17f0616acac9", kill_on_drop: false }`
[INFO] running `Command { std: "docker" "rm" "-f" "41af8560497f67a377c7b27d5fe418236ae27748526b108ba9cb17f0616acac9", kill_on_drop: false }`
[INFO] [stdout] 41af8560497f67a377c7b27d5fe418236ae27748526b108ba9cb17f0616acac9
[INFO] running `Command { std: "docker" "create" "-v" "/var/lib/crater-agent-workspace/builds/worker-5-tc2/target:/opt/rustwide/target:rw,Z" "-v" "/var/lib/crater-agent-workspace/builds/worker-5-tc2/source:/opt/rustwide/workdir:ro,Z" "-v" "/var/lib/crater-agent-workspace/cargo-home:/opt/rustwide/cargo-home:ro,Z" "-v" "/var/lib/crater-agent-workspace/rustup-home:/opt/rustwide/rustup-home:ro,Z" "-e" "SOURCE_DIR=/opt/rustwide/workdir" "-e" "CARGO_TARGET_DIR=/opt/rustwide/target" "-e" "CARGO_INCREMENTAL=0" "-e" "RUST_BACKTRACE=full" "-e" "RUSTFLAGS=--cap-lints=warn" "-e" "RUSTDOCFLAGS=--cap-lints=warn" "-e" "CARGO_HOME=/opt/rustwide/cargo-home" "-e" "RUSTUP_HOME=/opt/rustwide/rustup-home" "-w" "/opt/rustwide/workdir" "-m" "1610612736" "--user" "0:0" "--network" "none" "ghcr.io/rust-lang/crates-build-env/linux@sha256:f3a9d4ad9d972b27faf3965f35b62e55ba32bbce8f20bc8fe909558a86702fde" "/opt/rustwide/cargo-home/bin/cargo" "+beta-2024-12-08" "build" "--frozen" "--message-format=json", kill_on_drop: false }`
[INFO] [stdout] a4d0514b0957ec15d5d29b01ba8723e1273f29a251dcbe59e47e84f9134f024c
[INFO] running `Command { std: "docker" "start" "-a" "a4d0514b0957ec15d5d29b01ba8723e1273f29a251dcbe59e47e84f9134f024c", kill_on_drop: false }`
[INFO] [stderr]    Compiling proc-macro2 v1.0.63
[INFO] [stderr]    Compiling quote v1.0.29
[INFO] [stderr]    Compiling unicode-ident v1.0.9
[INFO] [stderr]    Compiling syn v1.0.109
[INFO] [stderr]    Compiling equivalent v1.0.0
[INFO] [stderr]    Compiling hashbrown v0.14.0
[INFO] [stderr]    Compiling winnow v0.4.7
[INFO] [stderr]    Compiling toml_datetime v0.6.3
[INFO] [stderr]    Compiling once_cell v1.18.0
[INFO] [stderr]    Compiling serde v1.0.164
[INFO] [stderr]    Compiling cfg-if v1.0.0
[INFO] [stderr]    Compiling radium v0.7.0
[INFO] [stderr]    Compiling tap v1.0.1
[INFO] [stderr]    Compiling byte-slice-cast v1.2.2
[INFO] [stderr]    Compiling ident_case v1.0.1
[INFO] [stderr]    Compiling arrayvec v0.7.4
[INFO] [stderr]    Compiling funty v2.0.0
[INFO] [stderr]    Compiling strsim v0.10.0
[INFO] [stderr]    Compiling fnv v1.0.7
[INFO] [stderr]    Compiling wyz v0.5.1
[INFO] [stderr]    Compiling thiserror v1.0.40
[INFO] [stderr]    Compiling typenum v1.16.0
[INFO] [stderr]    Compiling version_check v0.9.4
[INFO] [stderr]    Compiling subtle v2.4.1
[INFO] [stderr]    Compiling ink_prelude v4.2.1
[INFO] [stderr]    Compiling xxhash-rust v0.8.6
[INFO] [stderr]    Compiling memchr v2.5.0
[INFO] [stderr]    Compiling cc v1.0.79
[INFO] [stderr] rustc-LLVM ERROR: IO failure on output stream: No space left on device
[INFO] [stderr] error: could not compile `memchr` (build script)
[INFO] [stderr] 
[INFO] [stderr] Caused by:
[INFO] [stderr]   process didn't exit successfully: `/opt/rustwide/rustup-home/toolchains/beta-2024-12-08-x86_64-unknown-linux-gnu/bin/rustc --crate-name build_script_build --edition=2018 /opt/rustwide/cargo-home/registry/src/index.crates.io-6f17d22bba15001f/memchr-2.5.0/build.rs --error-format=json --json=diagnostic-rendered-ansi,artifacts,future-incompat --crate-type bin --emit=dep-info,link -C embed-bitcode=no --cfg 'feature="default"' --cfg 'feature="std"' --check-cfg 'cfg(docsrs)' --check-cfg 'cfg(feature, values("compiler_builtins", "core", "default", "libc", "rustc-dep-of-std", "std", "use_std"))' -C metadata=46c963deb88fea91 -C extra-filename=-46c963deb88fea91 --out-dir /opt/rustwide/target/debug/build/memchr-46c963deb88fea91 -L dependency=/opt/rustwide/target/debug/deps --cap-lints allow --cap-lints=warn` (exit status: 101)
[INFO] [stderr] warning: build failed, waiting for other jobs to finish...
[INFO] [stdout] error: linking with `cc` failed: exit status: 1
[INFO] [stdout]   |
[INFO] [stdout]   = note: LC_ALL="C" PATH="/opt/rustwide/rustup-home/toolchains/beta-2024-12-08-x86_64-unknown-linux-gnu/lib/rustlib/x86_64-unknown-linux-gnu/bin:/opt/rustwide/cargo-home/bin:/usr/local/sbin:/usr/local/bin:/usr/sbin:/usr/bin:/sbin:/bin" VSLANG="1033" "cc" "-m64" "/tmp/rustc15rj8g/symbols.o" "/opt/rustwide/target/debug/build/proc-macro2-c23bec44c3d079a6/build_script_build-c23bec44c3d079a6.build_script_build.da949650787b4044-cgu.0.rcgu.o" "/opt/rustwide/target/debug/build/proc-macro2-c23bec44c3d079a6/build_script_build-c23bec44c3d079a6.build_script_build.da949650787b4044-cgu.1.rcgu.o" "/opt/rustwide/target/debug/build/proc-macro2-c23bec44c3d079a6/build_script_build-c23bec44c3d079a6.build_script_build.da949650787b4044-cgu.2.rcgu.o" "/opt/rustwide/target/debug/build/proc-macro2-c23bec44c3d079a6/build_script_build-c23bec44c3d079a6.b29zvedltp3jpzz69mt2v7v6e.rcgu.o" "-Wl,--as-needed" "-Wl,-Bstatic" "/opt/rustwide/rustup-home/toolchains/beta-2024-12-08-x86_64-unknown-linux-gnu/lib/rustlib/x86_64-unknown-linux-gnu/lib/libstd-02dc84f49135b6b8.rlib" "/opt/rustwide/rustup-home/toolchains/beta-2024-12-08-x86_64-unknown-linux-gnu/lib/rustlib/x86_64-unknown-linux-gnu/lib/libpanic_unwind-a8f45b397fae3f81.rlib" "/opt/rustwide/rustup-home/toolchains/beta-2024-12-08-x86_64-unknown-linux-gnu/lib/rustlib/x86_64-unknown-linux-gnu/lib/libobject-089607133c180609.rlib" "/opt/rustwide/rustup-home/toolchains/beta-2024-12-08-x86_64-unknown-linux-gnu/lib/rustlib/x86_64-unknown-linux-gnu/lib/libmemchr-fc89f091bcd86cbb.rlib" "/opt/rustwide/rustup-home/toolchains/beta-2024-12-08-x86_64-unknown-linux-gnu/lib/rustlib/x86_64-unknown-linux-gnu/lib/libaddr2line-5a60949f01c7340c.rlib" "/opt/rustwide/rustup-home/toolchains/beta-2024-12-08-x86_64-unknown-linux-gnu/lib/rustlib/x86_64-unknown-linux-gnu/lib/libgimli-d29e6a55ca253c8c.rlib" "/opt/rustwide/rustup-home/toolchains/beta-2024-12-08-x86_64-unknown-linux-gnu/lib/rustlib/x86_64-unknown-linux-gnu/lib/librustc_demangle-273c078d5f65de7a.rlib" "/opt/rustwide/rustup-home/toolchains/beta-2024-12-08-x86_64-unknown-linux-gnu/lib/rustlib/x86_64-unknown-linux-gnu/lib/libstd_detect-413c950ffbdd4454.rlib" "/opt/rustwide/rustup-home/toolchains/beta-2024-12-08-x86_64-unknown-linux-gnu/lib/rustlib/x86_64-unknown-linux-gnu/lib/libhashbrown-1853c0976a1d88a6.rlib" "/opt/rustwide/rustup-home/toolchains/beta-2024-12-08-x86_64-unknown-linux-gnu/lib/rustlib/x86_64-unknown-linux-gnu/lib/librustc_std_workspace_alloc-ccb3384ddacb0f9e.rlib" "/opt/rustwide/rustup-home/toolchains/beta-2024-12-08-x86_64-unknown-linux-gnu/lib/rustlib/x86_64-unknown-linux-gnu/lib/libminiz_oxide-0b901dfb0ca849e0.rlib" "/opt/rustwide/rustup-home/toolchains/beta-2024-12-08-x86_64-unknown-linux-gnu/lib/rustlib/x86_64-unknown-linux-gnu/lib/libadler-eebeb8d7c64543ad.rlib" "/opt/rustwide/rustup-home/toolchains/beta-2024-12-08-x86_64-unknown-linux-gnu/lib/rustlib/x86_64-unknown-linux-gnu/lib/libunwind-4723ef81d6079867.rlib" "/opt/rustwide/rustup-home/toolchains/beta-2024-12-08-x86_64-unknown-linux-gnu/lib/rustlib/x86_64-unknown-linux-gnu/lib/libcfg_if-54442f8b422f5a54.rlib" "/opt/rustwide/rustup-home/toolchains/beta-2024-12-08-x86_64-unknown-linux-gnu/lib/rustlib/x86_64-unknown-linux-gnu/lib/liblibc-e0bbe034b5282553.rlib" "/opt/rustwide/rustup-home/toolchains/beta-2024-12-08-x86_64-unknown-linux-gnu/lib/rustlib/x86_64-unknown-linux-gnu/lib/liballoc-d0febb68c1c37b90.rlib" "/opt/rustwide/rustup-home/toolchains/beta-2024-12-08-x86_64-unknown-linux-gnu/lib/rustlib/x86_64-unknown-linux-gnu/lib/librustc_std_workspace_core-4cf833632aafa84c.rlib" "/opt/rustwide/rustup-home/toolchains/beta-2024-12-08-x86_64-unknown-linux-gnu/lib/rustlib/x86_64-unknown-linux-gnu/lib/libcore-65c2c6d2d6ae570b.rlib" "/opt/rustwide/rustup-home/toolchains/beta-2024-12-08-x86_64-unknown-linux-gnu/lib/rustlib/x86_64-unknown-linux-gnu/lib/libcompiler_builtins-97929cee0dcfe424.rlib" "-Wl,-Bdynamic" "-lgcc_s" "-lutil" "-lrt" "-lpthread" "-lm" "-ldl" "-lc" "-Wl,--eh-frame-hdr" "-Wl,-z,noexecstack" "-L" "/opt/rustwide/rustup-home/toolchains/beta-2024-12-08-x86_64-unknown-linux-gnu/lib/rustlib/x86_64-unknown-linux-gnu/lib" "-o" "/opt/rustwide/target/debug/build/proc-macro2-c23bec44c3d079a6/build_script_build-c23bec44c3d079a6" "-Wl,--gc-sections" "-pie" "-Wl,-z,relro,-z,now" "-nodefaultlibs"
[INFO] [stdout]   = note: /usr/bin/ld: final link failed: No space left on device
[INFO] [stdout]           collect2: error: ld returned 1 exit status
[INFO] [stdout]           
[INFO] [stdout] 
[INFO] [stdout] 
[INFO] [stdout] error: linking with `cc` failed: exit status: 1
[INFO] [stdout]   |
[INFO] [stdout]   = note: LC_ALL="C" PATH="/opt/rustwide/rustup-home/toolchains/beta-2024-12-08-x86_64-unknown-linux-gnu/lib/rustlib/x86_64-unknown-linux-gnu/bin:/opt/rustwide/cargo-home/bin:/usr/local/sbin:/usr/local/bin:/usr/sbin:/usr/bin:/sbin:/bin" VSLANG="1033" "cc" "-m64" "/tmp/rustc3es5Ok/symbols.o" "/opt/rustwide/target/debug/build/serde-7cb4c4137be481a5/build_script_build-7cb4c4137be481a5.build_script_build.49d72a358f1434e2-cgu.0.rcgu.o" "/opt/rustwide/target/debug/build/serde-7cb4c4137be481a5/build_script_build-7cb4c4137be481a5.57j3w1rqdx7ctsdpfkwswcb8v.rcgu.o" "-Wl,--as-needed" "-Wl,-Bstatic" "/opt/rustwide/rustup-home/toolchains/beta-2024-12-08-x86_64-unknown-linux-gnu/lib/rustlib/x86_64-unknown-linux-gnu/lib/libstd-02dc84f49135b6b8.rlib" "/opt/rustwide/rustup-home/toolchains/beta-2024-12-08-x86_64-unknown-linux-gnu/lib/rustlib/x86_64-unknown-linux-gnu/lib/libpanic_unwind-a8f45b397fae3f81.rlib" "/opt/rustwide/rustup-home/toolchains/beta-2024-12-08-x86_64-unknown-linux-gnu/lib/rustlib/x86_64-unknown-linux-gnu/lib/libobject-089607133c180609.rlib" "/opt/rustwide/rustup-home/toolchains/beta-2024-12-08-x86_64-unknown-linux-gnu/lib/rustlib/x86_64-unknown-linux-gnu/lib/libmemchr-fc89f091bcd86cbb.rlib" "/opt/rustwide/rustup-home/toolchains/beta-2024-12-08-x86_64-unknown-linux-gnu/lib/rustlib/x86_64-unknown-linux-gnu/lib/libaddr2line-5a60949f01c7340c.rlib" "/opt/rustwide/rustup-home/toolchains/beta-2024-12-08-x86_64-unknown-linux-gnu/lib/rustlib/x86_64-unknown-linux-gnu/lib/libgimli-d29e6a55ca253c8c.rlib" "/opt/rustwide/rustup-home/toolchains/beta-2024-12-08-x86_64-unknown-linux-gnu/lib/rustlib/x86_64-unknown-linux-gnu/lib/librustc_demangle-273c078d5f65de7a.rlib" "/opt/rustwide/rustup-home/toolchains/beta-2024-12-08-x86_64-unknown-linux-gnu/lib/rustlib/x86_64-unknown-linux-gnu/lib/libstd_detect-413c950ffbdd4454.rlib" "/opt/rustwide/rustup-home/toolchains/beta-2024-12-08-x86_64-unknown-linux-gnu/lib/rustlib/x86_64-unknown-linux-gnu/lib/libhashbrown-1853c0976a1d88a6.rlib" "/opt/rustwide/rustup-home/toolchains/beta-2024-12-08-x86_64-unknown-linux-gnu/lib/rustlib/x86_64-unknown-linux-gnu/lib/librustc_std_workspace_alloc-ccb3384ddacb0f9e.rlib" "/opt/rustwide/rustup-home/toolchains/beta-2024-12-08-x86_64-unknown-linux-gnu/lib/rustlib/x86_64-unknown-linux-gnu/lib/libminiz_oxide-0b901dfb0ca849e0.rlib" "/opt/rustwide/rustup-home/toolchains/beta-2024-12-08-x86_64-unknown-linux-gnu/lib/rustlib/x86_64-unknown-linux-gnu/lib/libadler-eebeb8d7c64543ad.rlib" "/opt/rustwide/rustup-home/toolchains/beta-2024-12-08-x86_64-unknown-linux-gnu/lib/rustlib/x86_64-unknown-linux-gnu/lib/libunwind-4723ef81d6079867.rlib" "/opt/rustwide/rustup-home/toolchains/beta-2024-12-08-x86_64-unknown-linux-gnu/lib/rustlib/x86_64-unknown-linux-gnu/lib/libcfg_if-54442f8b422f5a54.rlib" "/opt/rustwide/rustup-home/toolchains/beta-2024-12-08-x86_64-unknown-linux-gnu/lib/rustlib/x86_64-unknown-linux-gnu/lib/liblibc-e0bbe034b5282553.rlib" "/opt/rustwide/rustup-home/toolchains/beta-2024-12-08-x86_64-unknown-linux-gnu/lib/rustlib/x86_64-unknown-linux-gnu/lib/liballoc-d0febb68c1c37b90.rlib" "/opt/rustwide/rustup-home/toolchains/beta-2024-12-08-x86_64-unknown-linux-gnu/lib/rustlib/x86_64-unknown-linux-gnu/lib/librustc_std_workspace_core-4cf833632aafa84c.rlib" "/opt/rustwide/rustup-home/toolchains/beta-2024-12-08-x86_64-unknown-linux-gnu/lib/rustlib/x86_64-unknown-linux-gnu/lib/libcore-65c2c6d2d6ae570b.rlib" "/opt/rustwide/rustup-home/toolchains/beta-2024-12-08-x86_64-unknown-linux-gnu/lib/rustlib/x86_64-unknown-linux-gnu/lib/libcompiler_builtins-97929cee0dcfe424.rlib" "-Wl,-Bdynamic" "-lgcc_s" "-lutil" "-lrt" "-lpthread" "-lm" "-ldl" "-lc" "-Wl,--eh-frame-hdr" "-Wl,-z,noexecstack" "-L" "/opt/rustwide/rustup-home/toolchains/beta-2024-12-08-x86_64-unknown-linux-gnu/lib/rustlib/x86_64-unknown-linux-gnu/lib" "-o" "/opt/rustwide/target/debug/build/serde-7cb4c4137be481a5/build_script_build-7cb4c4137be481a5" "-Wl,--gc-sections" "-pie" "-Wl,-z,relro,-z,now" "-nodefaultlibs"
[INFO] [stdout]   = note: /usr/bin/ld: final link failed: No space left on device
[INFO] [stdout]           collect2: error: ld returned 1 exit status
[INFO] [stdout]           
[INFO] [stdout] 
[INFO] [stdout] 
[INFO] [stderr] error: could not compile `serde` (build script) due to 1 previous error
[INFO] [stdout] error: linking with `cc` failed: exit status: 1
[INFO] [stdout]   |
[INFO] [stdout]   = note: LC_ALL="C" PATH="/opt/rustwide/rustup-home/toolchains/beta-2024-12-08-x86_64-unknown-linux-gnu/lib/rustlib/x86_64-unknown-linux-gnu/bin:/opt/rustwide/cargo-home/bin:/usr/local/sbin:/usr/local/bin:/usr/sbin:/usr/bin:/sbin:/bin" VSLANG="1033" "cc" "-m64" "/tmp/rustcKlr0Hz/symbols.o" "/opt/rustwide/target/debug/build/radium-64c9ea4eaba98f05/build_script_build-64c9ea4eaba98f05.build_script_build.35c4ad35c42ff9e3-cgu.0.rcgu.o" "/opt/rustwide/target/debug/build/radium-64c9ea4eaba98f05/build_script_build-64c9ea4eaba98f05.cgr16j4cn12pijp1z8ri4jn4h.rcgu.o" "-Wl,--as-needed" "-Wl,-Bstatic" "/opt/rustwide/rustup-home/toolchains/beta-2024-12-08-x86_64-unknown-linux-gnu/lib/rustlib/x86_64-unknown-linux-gnu/lib/libstd-02dc84f49135b6b8.rlib" "/opt/rustwide/rustup-home/toolchains/beta-2024-12-08-x86_64-unknown-linux-gnu/lib/rustlib/x86_64-unknown-linux-gnu/lib/libpanic_unwind-a8f45b397fae3f81.rlib" "/opt/rustwide/rustup-home/toolchains/beta-2024-12-08-x86_64-unknown-linux-gnu/lib/rustlib/x86_64-unknown-linux-gnu/lib/libobject-089607133c180609.rlib" "/opt/rustwide/rustup-home/toolchains/beta-2024-12-08-x86_64-unknown-linux-gnu/lib/rustlib/x86_64-unknown-linux-gnu/lib/libmemchr-fc89f091bcd86cbb.rlib" "/opt/rustwide/rustup-home/toolchains/beta-2024-12-08-x86_64-unknown-linux-gnu/lib/rustlib/x86_64-unknown-linux-gnu/lib/libaddr2line-5a60949f01c7340c.rlib" "/opt/rustwide/rustup-home/toolchains/beta-2024-12-08-x86_64-unknown-linux-gnu/lib/rustlib/x86_64-unknown-linux-gnu/lib/libgimli-d29e6a55ca253c8c.rlib" "/opt/rustwide/rustup-home/toolchains/beta-2024-12-08-x86_64-unknown-linux-gnu/lib/rustlib/x86_64-unknown-linux-gnu/lib/librustc_demangle-273c078d5f65de7a.rlib" "/opt/rustwide/rustup-home/toolchains/beta-2024-12-08-x86_64-unknown-linux-gnu/lib/rustlib/x86_64-unknown-linux-gnu/lib/libstd_detect-413c950ffbdd4454.rlib" "/opt/rustwide/rustup-home/toolchains/beta-2024-12-08-x86_64-unknown-linux-gnu/lib/rustlib/x86_64-unknown-linux-gnu/lib/libhashbrown-1853c0976a1d88a6.rlib" "/opt/rustwide/rustup-home/toolchains/beta-2024-12-08-x86_64-unknown-linux-gnu/lib/rustlib/x86_64-unknown-linux-gnu/lib/librustc_std_workspace_alloc-ccb3384ddacb0f9e.rlib" "/opt/rustwide/rustup-home/toolchains/beta-2024-12-08-x86_64-unknown-linux-gnu/lib/rustlib/x86_64-unknown-linux-gnu/lib/libminiz_oxide-0b901dfb0ca849e0.rlib" "/opt/rustwide/rustup-home/toolchains/beta-2024-12-08-x86_64-unknown-linux-gnu/lib/rustlib/x86_64-unknown-linux-gnu/lib/libadler-eebeb8d7c64543ad.rlib" "/opt/rustwide/rustup-home/toolchains/beta-2024-12-08-x86_64-unknown-linux-gnu/lib/rustlib/x86_64-unknown-linux-gnu/lib/libunwind-4723ef81d6079867.rlib" "/opt/rustwide/rustup-home/toolchains/beta-2024-12-08-x86_64-unknown-linux-gnu/lib/rustlib/x86_64-unknown-linux-gnu/lib/libcfg_if-54442f8b422f5a54.rlib" "/opt/rustwide/rustup-home/toolchains/beta-2024-12-08-x86_64-unknown-linux-gnu/lib/rustlib/x86_64-unknown-linux-gnu/lib/liblibc-e0bbe034b5282553.rlib" "/opt/rustwide/rustup-home/toolchains/beta-2024-12-08-x86_64-unknown-linux-gnu/lib/rustlib/x86_64-unknown-linux-gnu/lib/liballoc-d0febb68c1c37b90.rlib" "/opt/rustwide/rustup-home/toolchains/beta-2024-12-08-x86_64-unknown-linux-gnu/lib/rustlib/x86_64-unknown-linux-gnu/lib/librustc_std_workspace_core-4cf833632aafa84c.rlib" "/opt/rustwide/rustup-home/toolchains/beta-2024-12-08-x86_64-unknown-linux-gnu/lib/rustlib/x86_64-unknown-linux-gnu/lib/libcore-65c2c6d2d6ae570b.rlib" "/opt/rustwide/rustup-home/toolchains/beta-2024-12-08-x86_64-unknown-linux-gnu/lib/rustlib/x86_64-unknown-linux-gnu/lib/libcompiler_builtins-97929cee0dcfe424.rlib" "-Wl,-Bdynamic" "-lgcc_s" "-lutil" "-lrt" "-lpthread" "-lm" "-ldl" "-lc" "-Wl,--eh-frame-hdr" "-Wl,-z,noexecstack" "-L" "/opt/rustwide/rustup-home/toolchains/beta-2024-12-08-x86_64-unknown-linux-gnu/lib/rustlib/x86_64-unknown-linux-gnu/lib" "-o" "/opt/rustwide/target/debug/build/radium-64c9ea4eaba98f05/build_script_build-64c9ea4eaba98f05" "-Wl,--gc-sections" "-pie" "-Wl,-z,relro,-z,now" "-nodefaultlibs"
[INFO] [stdout]   = note: /usr/bin/ld: final link failed: No space left on device
[INFO] [stdout]           collect2: error: ld returned 1 exit status
[INFO] [stdout]           
[INFO] [stdout] 
[INFO] [stdout] 
[INFO] [stderr] error: could not compile `proc-macro2` (build script) due to 1 previous error
[INFO] [stdout] error: linking with `cc` failed: exit status: 1
[INFO] [stdout]   |
[INFO] [stdout]   = note: LC_ALL="C" PATH="/opt/rustwide/rustup-home/toolchains/beta-2024-12-08-x86_64-unknown-linux-gnu/lib/rustlib/x86_64-unknown-linux-gnu/bin:/opt/rustwide/cargo-home/bin:/usr/local/sbin:/usr/local/bin:/usr/sbin:/usr/bin:/sbin:/bin" VSLANG="1033" "cc" "-m64" "/tmp/rustctv76vX/symbols.o" "/opt/rustwide/target/debug/build/syn-dbc71fcde84083ec/build_script_build-dbc71fcde84083ec.build_script_build.b27330bbb1ec94a1-cgu.0.rcgu.o" "/opt/rustwide/target/debug/build/syn-dbc71fcde84083ec/build_script_build-dbc71fcde84083ec.build_script_build.b27330bbb1ec94a1-cgu.1.rcgu.o" "/opt/rustwide/target/debug/build/syn-dbc71fcde84083ec/build_script_build-dbc71fcde84083ec.build_script_build.b27330bbb1ec94a1-cgu.2.rcgu.o" "/opt/rustwide/target/debug/build/syn-dbc71fcde84083ec/build_script_build-dbc71fcde84083ec.6arwyaht3rkr16tf0aci5rqtu.rcgu.o" "-Wl,--as-needed" "-Wl,-Bstatic" "/opt/rustwide/rustup-home/toolchains/beta-2024-12-08-x86_64-unknown-linux-gnu/lib/rustlib/x86_64-unknown-linux-gnu/lib/libstd-02dc84f49135b6b8.rlib" "/opt/rustwide/rustup-home/toolchains/beta-2024-12-08-x86_64-unknown-linux-gnu/lib/rustlib/x86_64-unknown-linux-gnu/lib/libpanic_unwind-a8f45b397fae3f81.rlib" "/opt/rustwide/rustup-home/toolchains/beta-2024-12-08-x86_64-unknown-linux-gnu/lib/rustlib/x86_64-unknown-linux-gnu/lib/libobject-089607133c180609.rlib" "/opt/rustwide/rustup-home/toolchains/beta-2024-12-08-x86_64-unknown-linux-gnu/lib/rustlib/x86_64-unknown-linux-gnu/lib/libmemchr-fc89f091bcd86cbb.rlib" "/opt/rustwide/rustup-home/toolchains/beta-2024-12-08-x86_64-unknown-linux-gnu/lib/rustlib/x86_64-unknown-linux-gnu/lib/libaddr2line-5a60949f01c7340c.rlib" "/opt/rustwide/rustup-home/toolchains/beta-2024-12-08-x86_64-unknown-linux-gnu/lib/rustlib/x86_64-unknown-linux-gnu/lib/libgimli-d29e6a55ca253c8c.rlib" "/opt/rustwide/rustup-home/toolchains/beta-2024-12-08-x86_64-unknown-linux-gnu/lib/rustlib/x86_64-unknown-linux-gnu/lib/librustc_demangle-273c078d5f65de7a.rlib" "/opt/rustwide/rustup-home/toolchains/beta-2024-12-08-x86_64-unknown-linux-gnu/lib/rustlib/x86_64-unknown-linux-gnu/lib/libstd_detect-413c950ffbdd4454.rlib" "/opt/rustwide/rustup-home/toolchains/beta-2024-12-08-x86_64-unknown-linux-gnu/lib/rustlib/x86_64-unknown-linux-gnu/lib/libhashbrown-1853c0976a1d88a6.rlib" "/opt/rustwide/rustup-home/toolchains/beta-2024-12-08-x86_64-unknown-linux-gnu/lib/rustlib/x86_64-unknown-linux-gnu/lib/librustc_std_workspace_alloc-ccb3384ddacb0f9e.rlib" "/opt/rustwide/rustup-home/toolchains/beta-2024-12-08-x86_64-unknown-linux-gnu/lib/rustlib/x86_64-unknown-linux-gnu/lib/libminiz_oxide-0b901dfb0ca849e0.rlib" "/opt/rustwide/rustup-home/toolchains/beta-2024-12-08-x86_64-unknown-linux-gnu/lib/rustlib/x86_64-unknown-linux-gnu/lib/libadler-eebeb8d7c64543ad.rlib" "/opt/rustwide/rustup-home/toolchains/beta-2024-12-08-x86_64-unknown-linux-gnu/lib/rustlib/x86_64-unknown-linux-gnu/lib/libunwind-4723ef81d6079867.rlib" "/opt/rustwide/rustup-home/toolchains/beta-2024-12-08-x86_64-unknown-linux-gnu/lib/rustlib/x86_64-unknown-linux-gnu/lib/libcfg_if-54442f8b422f5a54.rlib" "/opt/rustwide/rustup-home/toolchains/beta-2024-12-08-x86_64-unknown-linux-gnu/lib/rustlib/x86_64-unknown-linux-gnu/lib/liblibc-e0bbe034b5282553.rlib" "/opt/rustwide/rustup-home/toolchains/beta-2024-12-08-x86_64-unknown-linux-gnu/lib/rustlib/x86_64-unknown-linux-gnu/lib/liballoc-d0febb68c1c37b90.rlib" "/opt/rustwide/rustup-home/toolchains/beta-2024-12-08-x86_64-unknown-linux-gnu/lib/rustlib/x86_64-unknown-linux-gnu/lib/librustc_std_workspace_core-4cf833632aafa84c.rlib" "/opt/rustwide/rustup-home/toolchains/beta-2024-12-08-x86_64-unknown-linux-gnu/lib/rustlib/x86_64-unknown-linux-gnu/lib/libcore-65c2c6d2d6ae570b.rlib" "/opt/rustwide/rustup-home/toolchains/beta-2024-12-08-x86_64-unknown-linux-gnu/lib/rustlib/x86_64-unknown-linux-gnu/lib/libcompiler_builtins-97929cee0dcfe424.rlib" "-Wl,-Bdynamic" "-lgcc_s" "-lutil" "-lrt" "-lpthread" "-lm" "-ldl" "-lc" "-Wl,--eh-frame-hdr" "-Wl,-z,noexecstack" "-L" "/opt/rustwide/rustup-home/toolchains/beta-2024-12-08-x86_64-unknown-linux-gnu/lib/rustlib/x86_64-unknown-linux-gnu/lib" "-o" "/opt/rustwide/target/debug/build/syn-dbc71fcde84083ec/build_script_build-dbc71fcde84083ec" "-Wl,--gc-sections" "-pie" "-Wl,-z,relro,-z,now" "-nodefaultlibs"
[INFO] [stdout]   = note: /usr/bin/ld: final link failed: No space left on device
[INFO] [stdout]           collect2: error: ld returned 1 exit status
[INFO] [stdout]           
[INFO] [stdout] 
[INFO] [stdout] 
[INFO] [stderr] error: could not compile `radium` (build script) due to 1 previous error
[INFO] [stderr] error: could not compile `syn` (build script) due to 1 previous error
[INFO] [stderr] error: could not parse/generate dep info at: /opt/rustwide/target/debug/build/quote-c226d4fe476330d4/build_script_build-c226d4fe476330d4.d
[INFO] [stderr] 
[INFO] [stderr] Caused by:
[INFO] [stderr]   failed to write `/opt/rustwide/target/debug/.fingerprint/quote-c226d4fe476330d4/dep-build-script-build-script-build`
[INFO] [stderr] 
[INFO] [stderr] Caused by:
[INFO] [stderr]   No space left on device (os error 28)
[INFO] [stderr] rustc-LLVM ERROR: IO failure on output stream: No space left on device
[INFO] [stderr] error: could not compile `typenum` (build script)
[INFO] [stderr] 
[INFO] [stderr] Caused by:
[INFO] [stderr]   No space left on device (os error 28)
[INFO] [stderr] 
[INFO] [stderr] Caused by:
[INFO] [stderr]   failed to parse process output: `/opt/rustwide/rustup-home/toolchains/beta-2024-12-08-x86_64-unknown-linux-gnu/bin/rustc --crate-name build_script_main --edition=2018 /opt/rustwide/cargo-home/registry/src/index.crates.io-6f17d22bba15001f/typenum-1.16.0/build/main.rs --error-format=json --json=diagnostic-rendered-ansi,artifacts,future-incompat --crate-type bin --emit=dep-info,link -C embed-bitcode=no --check-cfg 'cfg(docsrs)' --check-cfg 'cfg(feature, values("const-generics", "force_unix_path_separator", "i128", "no_std", "scale-info", "scale_info", "strict"))' -C metadata=2002674dea371d5b -C extra-filename=-2002674dea371d5b --out-dir /opt/rustwide/target/debug/build/typenum-2002674dea371d5b -L dependency=/opt/rustwide/target/debug/deps --cap-lints allow --cap-lints=warn` (exit status: 101)
[INFO] [stderr] rustc-LLVM ERROR: IO failure on output stream: No space left on device
[INFO] [stdout] error: linking with `cc` failed: exit status: 1
[INFO] [stdout]   |
[INFO] [stdout]   = note: LC_ALL="C" PATH="/opt/rustwide/rustup-home/toolchains/beta-2024-12-08-x86_64-unknown-linux-gnu/lib/rustlib/x86_64-unknown-linux-gnu/bin:/opt/rustwide/cargo-home/bin:/usr/local/sbin:/usr/local/bin:/usr/sbin:/usr/bin:/sbin:/bin" VSLANG="1033" "cc" "-m64" "/tmp/rustcmRmMrG/symbols.o" "/opt/rustwide/target/debug/build/thiserror-b54646aac25a2a03/build_script_build-b54646aac25a2a03.build_script_build.1412397dd9fc84d2-cgu.0.rcgu.o" "/opt/rustwide/target/debug/build/thiserror-b54646aac25a2a03/build_script_build-b54646aac25a2a03.a1rxev26535iwyhrnxdzozpvk.rcgu.o" "-Wl,--as-needed" "-Wl,-Bstatic" "/opt/rustwide/rustup-home/toolchains/beta-2024-12-08-x86_64-unknown-linux-gnu/lib/rustlib/x86_64-unknown-linux-gnu/lib/libstd-02dc84f49135b6b8.rlib" "/opt/rustwide/rustup-home/toolchains/beta-2024-12-08-x86_64-unknown-linux-gnu/lib/rustlib/x86_64-unknown-linux-gnu/lib/libpanic_unwind-a8f45b397fae3f81.rlib" "/opt/rustwide/rustup-home/toolchains/beta-2024-12-08-x86_64-unknown-linux-gnu/lib/rustlib/x86_64-unknown-linux-gnu/lib/libobject-089607133c180609.rlib" "/opt/rustwide/rustup-home/toolchains/beta-2024-12-08-x86_64-unknown-linux-gnu/lib/rustlib/x86_64-unknown-linux-gnu/lib/libmemchr-fc89f091bcd86cbb.rlib" "/opt/rustwide/rustup-home/toolchains/beta-2024-12-08-x86_64-unknown-linux-gnu/lib/rustlib/x86_64-unknown-linux-gnu/lib/libaddr2line-5a60949f01c7340c.rlib" "/opt/rustwide/rustup-home/toolchains/beta-2024-12-08-x86_64-unknown-linux-gnu/lib/rustlib/x86_64-unknown-linux-gnu/lib/libgimli-d29e6a55ca253c8c.rlib" "/opt/rustwide/rustup-home/toolchains/beta-2024-12-08-x86_64-unknown-linux-gnu/lib/rustlib/x86_64-unknown-linux-gnu/lib/librustc_demangle-273c078d5f65de7a.rlib" "/opt/rustwide/rustup-home/toolchains/beta-2024-12-08-x86_64-unknown-linux-gnu/lib/rustlib/x86_64-unknown-linux-gnu/lib/libstd_detect-413c950ffbdd4454.rlib" "/opt/rustwide/rustup-home/toolchains/beta-2024-12-08-x86_64-unknown-linux-gnu/lib/rustlib/x86_64-unknown-linux-gnu/lib/libhashbrown-1853c0976a1d88a6.rlib" "/opt/rustwide/rustup-home/toolchains/beta-2024-12-08-x86_64-unknown-linux-gnu/lib/rustlib/x86_64-unknown-linux-gnu/lib/librustc_std_workspace_alloc-ccb3384ddacb0f9e.rlib" "/opt/rustwide/rustup-home/toolchains/beta-2024-12-08-x86_64-unknown-linux-gnu/lib/rustlib/x86_64-unknown-linux-gnu/lib/libminiz_oxide-0b901dfb0ca849e0.rlib" "/opt/rustwide/rustup-home/toolchains/beta-2024-12-08-x86_64-unknown-linux-gnu/lib/rustlib/x86_64-unknown-linux-gnu/lib/libadler-eebeb8d7c64543ad.rlib" "/opt/rustwide/rustup-home/toolchains/beta-2024-12-08-x86_64-unknown-linux-gnu/lib/rustlib/x86_64-unknown-linux-gnu/lib/libunwind-4723ef81d6079867.rlib" "/opt/rustwide/rustup-home/toolchains/beta-2024-12-08-x86_64-unknown-linux-gnu/lib/rustlib/x86_64-unknown-linux-gnu/lib/libcfg_if-54442f8b422f5a54.rlib" "/opt/rustwide/rustup-home/toolchains/beta-2024-12-08-x86_64-unknown-linux-gnu/lib/rustlib/x86_64-unknown-linux-gnu/lib/liblibc-e0bbe034b5282553.rlib" "/opt/rustwide/rustup-home/toolchains/beta-2024-12-08-x86_64-unknown-linux-gnu/lib/rustlib/x86_64-unknown-linux-gnu/lib/liballoc-d0febb68c1c37b90.rlib" "/opt/rustwide/rustup-home/toolchains/beta-2024-12-08-x86_64-unknown-linux-gnu/lib/rustlib/x86_64-unknown-linux-gnu/lib/librustc_std_workspace_core-4cf833632aafa84c.rlib" "/opt/rustwide/rustup-home/toolchains/beta-2024-12-08-x86_64-unknown-linux-gnu/lib/rustlib/x86_64-unknown-linux-gnu/lib/libcore-65c2c6d2d6ae570b.rlib" "/opt/rustwide/rustup-home/toolchains/beta-2024-12-08-x86_64-unknown-linux-gnu/lib/rustlib/x86_64-unknown-linux-gnu/lib/libcompiler_builtins-97929cee0dcfe424.rlib" "-Wl,-Bdynamic" "-lgcc_s" "-lutil" "-lrt" "-lpthread" "-lm" "-ldl" "-lc" "-Wl,--eh-frame-hdr" "-Wl,-z,noexecstack" "-L" "/opt/rustwide/rustup-home/toolchains/beta-2024-12-08-x86_64-unknown-linux-gnu/lib/rustlib/x86_64-unknown-linux-gnu/lib" "-o" "/opt/rustwide/target/debug/build/thiserror-b54646aac25a2a03/build_script_build-b54646aac25a2a03" "-Wl,--gc-sections" "-pie" "-Wl,-z,relro,-z,now" "-nodefaultlibs"
[INFO] [stdout]   = note: /usr/bin/ld: final link failed: No space left on device
[INFO] [stdout]           collect2: error: ld returned 1 exit status
[INFO] [stdout]           
[INFO] [stdout] 
[INFO] [stdout] 
[INFO] [stderr] error: could not compile `version_check` (lib)
[INFO] [stderr] 
[INFO] [stderr] Caused by:
[INFO] [stderr]   process didn't exit successfully: `/opt/rustwide/rustup-home/toolchains/beta-2024-12-08-x86_64-unknown-linux-gnu/bin/rustc --crate-name version_check --edition=2015 /opt/rustwide/cargo-home/registry/src/index.crates.io-6f17d22bba15001f/version_check-0.9.4/src/lib.rs --error-format=json --json=diagnostic-rendered-ansi,artifacts,future-incompat --crate-type lib --emit=dep-info,metadata,link -C embed-bitcode=no --check-cfg 'cfg(docsrs)' --check-cfg 'cfg(feature, values())' -C metadata=84a69863d7e6f567 -C extra-filename=-84a69863d7e6f567 --out-dir /opt/rustwide/target/debug/deps -L dependency=/opt/rustwide/target/debug/deps --cap-lints allow --cap-lints=warn` (exit status: 101)
[INFO] [stderr] error: could not compile `thiserror` (build script) due to 1 previous error
[INFO] running `Command { std: "docker" "inspect" "a4d0514b0957ec15d5d29b01ba8723e1273f29a251dcbe59e47e84f9134f024c", kill_on_drop: false }`
[INFO] running `Command { std: "docker" "rm" "-f" "a4d0514b0957ec15d5d29b01ba8723e1273f29a251dcbe59e47e84f9134f024c", kill_on_drop: false }`
[INFO] [stdout] a4d0514b0957ec15d5d29b01ba8723e1273f29a251dcbe59e47e84f9134f024c
