[INFO] cloning repository https://github.com/lrssnn/RadarMonitor
[INFO] running `Command { std: "git" "-c" "credential.helper=" "-c" "credential.helper=/workspace/cargo-home/bin/git-credential-null" "clone" "--bare" "https://github.com/lrssnn/RadarMonitor" "/workspace/cache/git-repos/https%3A%2F%2Fgithub.com%2Flrssnn%2FRadarMonitor", kill_on_drop: false }`
[INFO] [stderr] Cloning into bare repository '/workspace/cache/git-repos/https%3A%2F%2Fgithub.com%2Flrssnn%2FRadarMonitor'...
[INFO] [stderr] /workspace/cache/git-repos/https%3A%2F%2Fgithub.com%2Flrssnn%2FRadarMonitor: No space left on device
[WARN] Retrying crate fetch in 3 seconds (attempt 1)
[INFO] cloning repository https://github.com/lrssnn/RadarMonitor
[INFO] running `Command { std: "git" "-c" "credential.helper=" "-c" "credential.helper=/workspace/cargo-home/bin/git-credential-null" "clone" "--bare" "https://github.com/lrssnn/RadarMonitor" "/workspace/cache/git-repos/https%3A%2F%2Fgithub.com%2Flrssnn%2FRadarMonitor", kill_on_drop: false }`
[INFO] [stderr] Cloning into bare repository '/workspace/cache/git-repos/https%3A%2F%2Fgithub.com%2Flrssnn%2FRadarMonitor'...
[INFO] [stderr] /workspace/cache/git-repos/https%3A%2F%2Fgithub.com%2Flrssnn%2FRadarMonitor/objects/info: No space left on device
[WARN] Retrying crate fetch in 3 seconds (attempt 2)
[INFO] cloning repository https://github.com/lrssnn/RadarMonitor
[INFO] running `Command { std: "git" "-c" "credential.helper=" "-c" "credential.helper=/workspace/cargo-home/bin/git-credential-null" "clone" "--bare" "https://github.com/lrssnn/RadarMonitor" "/workspace/cache/git-repos/https%3A%2F%2Fgithub.com%2Flrssnn%2FRadarMonitor", kill_on_drop: false }`
[INFO] [stderr] Cloning into bare repository '/workspace/cache/git-repos/https%3A%2F%2Fgithub.com%2Flrssnn%2FRadarMonitor'...
[INFO] [stderr] error: copy-fd: write returned: No space left on device
[INFO] [stderr] fatal: cannot copy '/usr/share/git-core/templates/hooks/commit-msg.sample' to '/workspace/cache/git-repos/https%3A%2F%2Fgithub.com%2Flrssnn%2FRadarMonitor/hooks/commit-msg.sample': No space left on device
[WARN] Retrying crate fetch in 3 seconds (attempt 3)
[INFO] cloning repository https://github.com/lrssnn/RadarMonitor
[INFO] running `Command { std: "git" "-c" "credential.helper=" "-c" "credential.helper=/workspace/cargo-home/bin/git-credential-null" "clone" "--bare" "https://github.com/lrssnn/RadarMonitor" "/workspace/cache/git-repos/https%3A%2F%2Fgithub.com%2Flrssnn%2FRadarMonitor", kill_on_drop: false }`
[INFO] [stderr] Cloning into bare repository '/workspace/cache/git-repos/https%3A%2F%2Fgithub.com%2Flrssnn%2FRadarMonitor'...
[INFO] [stderr] error: copy-fd: write returned: No space left on device
[INFO] [stderr] fatal: cannot copy '/usr/share/git-core/templates/hooks/pre-rebase.sample' to '/workspace/cache/git-repos/https%3A%2F%2Fgithub.com%2Flrssnn%2FRadarMonitor/hooks/pre-rebase.sample': No space left on device
[WARN] Retrying crate fetch in 3 seconds (attempt 4)
[INFO] cloning repository https://github.com/lrssnn/RadarMonitor
[INFO] running `Command { std: "git" "-c" "credential.helper=" "-c" "credential.helper=/workspace/cargo-home/bin/git-credential-null" "clone" "--bare" "https://github.com/lrssnn/RadarMonitor" "/workspace/cache/git-repos/https%3A%2F%2Fgithub.com%2Flrssnn%2FRadarMonitor", kill_on_drop: false }`
[INFO] [stderr] Cloning into bare repository '/workspace/cache/git-repos/https%3A%2F%2Fgithub.com%2Flrssnn%2FRadarMonitor'...
[INFO] [stderr] fatal: write error: No space left on device
[INFO] [stderr] fatal: fetch-pack: invalid index-pack output
[WARN] Retrying crate fetch in 3 seconds (attempt 5)
[INFO] cloning repository https://github.com/lrssnn/RadarMonitor
[INFO] running `Command { std: "git" "-c" "credential.helper=" "-c" "credential.helper=/workspace/cargo-home/bin/git-credential-null" "clone" "--bare" "https://github.com/lrssnn/RadarMonitor" "/workspace/cache/git-repos/https%3A%2F%2Fgithub.com%2Flrssnn%2FRadarMonitor", kill_on_drop: false }`
[INFO] [stderr] Cloning into bare repository '/workspace/cache/git-repos/https%3A%2F%2Fgithub.com%2Flrssnn%2FRadarMonitor'...
[INFO] running `Command { std: "git" "rev-parse" "HEAD", kill_on_drop: false }`
[INFO] [stdout] 2ed3e2870e44c8ec9be3fda2c5eb224a7ae5ea95
[INFO] testing lrssnn/RadarMonitor against beta-2024-12-08 for beta-1.84.0-4-retry
[INFO] running `Command { std: "git" "clone" "/workspace/cache/git-repos/https%3A%2F%2Fgithub.com%2Flrssnn%2FRadarMonitor" "/workspace/builds/worker-7-tc2/source", kill_on_drop: false }`
[INFO] [stderr] Cloning into '/workspace/builds/worker-7-tc2/source'...
[INFO] [stderr] error: failed to write new configuration file /workspace/builds/worker-7-tc2/source/.git/config.lock
[INFO] [stderr] fatal: could not set 'core.repositoryformatversion' to '0'
[INFO] testing lrssnn/RadarMonitor against beta-2024-12-08 for beta-1.84.0-4-retry
[INFO] running `Command { std: "git" "clone" "/workspace/cache/git-repos/https%3A%2F%2Fgithub.com%2Flrssnn%2FRadarMonitor" "/workspace/builds/worker-7-tc2/source", kill_on_drop: false }`
[INFO] [stderr] Cloning into '/workspace/builds/worker-7-tc2/source'...
[INFO] [stderr] error: copy-fd: write returned: No space left on device
[INFO] [stderr] fatal: cannot copy '/usr/share/git-core/templates/hooks/pre-commit.sample' to '/workspace/builds/worker-7-tc2/source/.git/hooks/pre-commit.sample': No space left on device
[INFO] testing lrssnn/RadarMonitor against beta-2024-12-08 for beta-1.84.0-4-retry
[INFO] running `Command { std: "git" "clone" "/workspace/cache/git-repos/https%3A%2F%2Fgithub.com%2Flrssnn%2FRadarMonitor" "/workspace/builds/worker-7-tc2/source", kill_on_drop: false }`
[INFO] [stderr] Cloning into '/workspace/builds/worker-7-tc2/source'...
[INFO] [stderr] error: copy-fd: write returned: No space left on device
[INFO] [stderr] fatal: cannot copy '/usr/share/git-core/templates/hooks/pre-commit.sample' to '/workspace/builds/worker-7-tc2/source/.git/hooks/pre-commit.sample': No space left on device
[INFO] testing lrssnn/RadarMonitor against beta-2024-12-08 for beta-1.84.0-4-retry
[INFO] running `Command { std: "git" "clone" "/workspace/cache/git-repos/https%3A%2F%2Fgithub.com%2Flrssnn%2FRadarMonitor" "/workspace/builds/worker-7-tc2/source", kill_on_drop: false }`
[INFO] [stderr] Cloning into '/workspace/builds/worker-7-tc2/source'...
[INFO] [stderr] done.
[INFO] validating manifest of git repo https://github.com/lrssnn/RadarMonitor on toolchain beta-2024-12-08
[INFO] running `Command { std: CARGO_HOME="/workspace/cargo-home" RUSTUP_HOME="/workspace/rustup-home" "/workspace/cargo-home/bin/cargo" "+beta-2024-12-08" "metadata" "--manifest-path" "Cargo.toml" "--no-deps", kill_on_drop: false }`
[INFO] started tweaking git repo https://github.com/lrssnn/RadarMonitor
[INFO] finished tweaking git repo https://github.com/lrssnn/RadarMonitor
[INFO] tweaked toml for git repo https://github.com/lrssnn/RadarMonitor written to /workspace/builds/worker-7-tc2/source/Cargo.toml
[INFO] crate git repo https://github.com/lrssnn/RadarMonitor already has a lockfile, it will not be regenerated
[INFO] running `Command { std: CARGO_HOME="/workspace/cargo-home" RUSTUP_HOME="/workspace/rustup-home" "/workspace/cargo-home/bin/cargo" "+beta-2024-12-08" "fetch" "--manifest-path" "Cargo.toml", kill_on_drop: false }`
[INFO] [stderr] warning: no edition set: defaulting to the 2015 edition while the latest is 2021
[INFO] running `Command { std: "docker" "create" "-v" "/var/lib/crater-agent-workspace/builds/worker-7-tc2/target:/opt/rustwide/target:rw,Z" "-v" "/var/lib/crater-agent-workspace/builds/worker-7-tc2/source:/opt/rustwide/workdir:ro,Z" "-v" "/var/lib/crater-agent-workspace/cargo-home:/opt/rustwide/cargo-home:ro,Z" "-v" "/var/lib/crater-agent-workspace/rustup-home:/opt/rustwide/rustup-home:ro,Z" "-e" "SOURCE_DIR=/opt/rustwide/workdir" "-e" "CARGO_TARGET_DIR=/opt/rustwide/target" "-e" "CARGO_HOME=/opt/rustwide/cargo-home" "-e" "RUSTUP_HOME=/opt/rustwide/rustup-home" "-w" "/opt/rustwide/workdir" "-m" "1610612736" "--user" "0:0" "--network" "none" "ghcr.io/rust-lang/crates-build-env/linux@sha256:f3a9d4ad9d972b27faf3965f35b62e55ba32bbce8f20bc8fe909558a86702fde" "/opt/rustwide/cargo-home/bin/cargo" "+beta-2024-12-08" "metadata" "--no-deps" "--format-version=1", kill_on_drop: false }`
[INFO] [stdout] c32f1893f0fb74d110527e8bf1449b2f6fd1e24331a0e43e3da44b15f71195b9
[INFO] running `Command { std: "docker" "start" "-a" "c32f1893f0fb74d110527e8bf1449b2f6fd1e24331a0e43e3da44b15f71195b9", kill_on_drop: false }`
[INFO] running `Command { std: "docker" "inspect" "c32f1893f0fb74d110527e8bf1449b2f6fd1e24331a0e43e3da44b15f71195b9", kill_on_drop: false }`
[INFO] running `Command { std: "docker" "rm" "-f" "c32f1893f0fb74d110527e8bf1449b2f6fd1e24331a0e43e3da44b15f71195b9", kill_on_drop: false }`
[INFO] [stdout] c32f1893f0fb74d110527e8bf1449b2f6fd1e24331a0e43e3da44b15f71195b9
[INFO] running `Command { std: "docker" "create" "-v" "/var/lib/crater-agent-workspace/builds/worker-7-tc2/target:/opt/rustwide/target:rw,Z" "-v" "/var/lib/crater-agent-workspace/builds/worker-7-tc2/source:/opt/rustwide/workdir:ro,Z" "-v" "/var/lib/crater-agent-workspace/cargo-home:/opt/rustwide/cargo-home:ro,Z" "-v" "/var/lib/crater-agent-workspace/rustup-home:/opt/rustwide/rustup-home:ro,Z" "-e" "SOURCE_DIR=/opt/rustwide/workdir" "-e" "CARGO_TARGET_DIR=/opt/rustwide/target" "-e" "CARGO_INCREMENTAL=0" "-e" "RUST_BACKTRACE=full" "-e" "RUSTFLAGS=--cap-lints=warn" "-e" "RUSTDOCFLAGS=--cap-lints=warn" "-e" "CARGO_HOME=/opt/rustwide/cargo-home" "-e" "RUSTUP_HOME=/opt/rustwide/rustup-home" "-w" "/opt/rustwide/workdir" "-m" "1610612736" "--user" "0:0" "--network" "none" "ghcr.io/rust-lang/crates-build-env/linux@sha256:f3a9d4ad9d972b27faf3965f35b62e55ba32bbce8f20bc8fe909558a86702fde" "/opt/rustwide/cargo-home/bin/cargo" "+beta-2024-12-08" "build" "--frozen" "--message-format=json", kill_on_drop: false }`
[INFO] [stdout] f39388b066dcabc05f75c637a691c54ae167f7660daa38cdbbaf78ba35eb2cd6
[INFO] running `Command { std: "docker" "start" "-a" "f39388b066dcabc05f75c637a691c54ae167f7660daa38cdbbaf78ba35eb2cd6", kill_on_drop: false }`
[INFO] [stderr] warning: no edition set: defaulting to the 2015 edition while the latest is 2021
[INFO] [stderr]    Compiling autocfg v1.1.0
[INFO] [stderr]    Compiling libc v0.2.146
[INFO] [stderr]    Compiling cfg-if v1.0.0
[INFO] [stderr]    Compiling pkg-config v0.3.27
[INFO] [stderr]    Compiling proc-macro2 v1.0.60
[INFO] [stderr]    Compiling quote v1.0.28
[INFO] [stderr]    Compiling unicode-ident v1.0.9
[INFO] [stderr]    Compiling xml-rs v0.8.14
[INFO] [stderr]    Compiling cc v1.0.79
[INFO] [stderr]    Compiling bitflags v1.3.2
[INFO] [stderr]    Compiling log v0.4.19
[INFO] [stderr]    Compiling scopeguard v1.1.0
[INFO] [stderr]    Compiling smallvec v1.10.0
[INFO] [stderr]    Compiling adler v1.0.2
[INFO] [stderr]    Compiling khronos_api v3.1.0
[INFO] [stderr]    Compiling lazy_static v1.4.0
[INFO] [stderr]    Compiling simd-adler32 v0.3.5
[INFO] [stderr]    Compiling libloading v0.8.0
[INFO] [stderr]    Compiling memchr v2.5.0
[INFO] [stderr]    Compiling once_cell v1.18.0
[INFO] [stderr]    Compiling crossbeam-utils v0.8.16
[INFO] [stderr]    Compiling crc32fast v1.3.2
[INFO] [stderr]    Compiling dlib v0.5.2
[INFO] [stderr]    Compiling version_check v0.9.4
[INFO] [stderr]    Compiling miniz_oxide v0.7.1
[INFO] [stderr]    Compiling scoped-tls v1.0.1
[INFO] [stderr]    Compiling bytemuck v1.13.1
[INFO] [stderr]    Compiling memoffset v0.6.5
[INFO] [stderr]    Compiling lock_api v0.4.10
[INFO] [stderr]    Compiling memoffset v0.9.0
[INFO] [stderr]    Compiling num-traits v0.2.15
[INFO] [stderr]    Compiling crossbeam-epoch v0.9.15
[INFO] [stderr]    Compiling cmake v0.1.50
[INFO] [stderr]    Compiling wayland-sys v0.29.5
[INFO] [stderr]    Compiling downcast-rs v1.2.0
[INFO] [stderr]    Compiling gl_generator v0.14.0
[INFO] [stderr]    Compiling slotmap v1.0.6
[INFO] [stderr]    Compiling servo-fontconfig-sys v5.1.0
[INFO] [stderr]    Compiling flate2 v1.0.26
[INFO] [stderr]    Compiling num-integer v0.1.45
[INFO] [stderr]    Compiling minimal-lexical v0.2.1
[INFO] [stderr]    Compiling thiserror v1.0.40
[INFO] [stderr]    Compiling syn v2.0.18
[INFO] [stderr]    Compiling wayland-scanner v0.29.5
[INFO] [stderr]    Compiling fdeflate v0.3.0
[INFO] [stderr]    Compiling winapi-build v0.1.1
[INFO] [stderr]    Compiling nom v7.1.3
[INFO] [stderr]    Compiling rayon-core v1.11.0
[INFO] [stderr]    Compiling crossbeam-channel v0.5.8
[INFO] [stderr]    Compiling freetype-sys v0.13.1
[INFO] [stderr]    Compiling expat-sys v2.1.6
[INFO] [stderr]    Compiling kernel32-sys v0.2.2
[INFO] [stderr]    Compiling crossbeam-deque v0.8.3
[INFO] [stderr]    Compiling smithay-client-toolkit v0.16.0
[INFO] [stderr]    Compiling crossfont v0.5.1
[INFO] [stderr]    Compiling x11-dl v2.21.0
[INFO] [stderr]    Compiling foreign-types-shared v0.3.1
[INFO] [stderr]    Compiling vec_map v0.8.2
[INFO] [stderr]    Compiling arrayref v0.3.7
[INFO] [stderr]    Compiling parking_lot_core v0.9.8
[INFO] [stderr]    Compiling tiny-skia-path v0.7.0
[INFO] [stderr]    Compiling png v0.17.9
[INFO] [stderr]    Compiling safe_arch v0.5.2
[INFO] [stderr]    Compiling num-iter v0.1.43
[INFO] [stderr]    Compiling winapi v0.2.8
[INFO] [stderr]    Compiling arrayvec v0.5.2
[INFO] [stderr]    Compiling futures-core v0.3.28
[INFO] [stderr]    Compiling glutin_egl_sys v0.1.6
[INFO] [stderr]    Compiling glutin_glx_sys v0.1.8
[INFO] [stderr]    Compiling nix v0.24.3
[INFO] [stderr]    Compiling nix v0.25.1
[INFO] [stderr]    Compiling num_cpus v1.15.0
[INFO] [stderr]    Compiling memmap2 v0.5.10
[INFO] [stderr]    Compiling servo-fontconfig v0.5.1
[INFO] [stderr]    Compiling freetype-rs v0.26.0
[INFO] [stderr]    Compiling getrandom v0.2.10
[INFO] [stderr]    Compiling cty v0.2.2
[INFO] [stderr]    Compiling wayland-client v0.29.5
[INFO] [stderr]    Compiling wayland-protocols v0.29.5
[INFO] [stderr]    Compiling either v1.8.1
[INFO] [stderr]    Compiling nanorand v0.7.0
[INFO] [stderr]    Compiling raw-window-handle v0.4.3
[INFO] [stderr]    Compiling tiny-skia v0.7.0
[INFO] [stderr]    Compiling parking_lot v0.12.1
[INFO] [stderr]    Compiling thread-id v2.0.0
[INFO] [stderr]    Compiling memchr v0.1.11
[INFO] [stderr]    Compiling shared_library v0.1.9
[INFO] [stderr]    Compiling mio v0.8.8
[INFO] [stderr]    Compiling rayon v1.7.0
[INFO] [stderr]    Compiling xcursor v0.3.4
[INFO] [stderr]    Compiling backtrace v0.3.67
[INFO] [stderr] rustc-LLVM ERROR: IO failure on output stream: No space left on device
[INFO] [stderr] rustc-LLVM ERROR: IO failure on output stream: No space left on device
[INFO] [stdout] error: linking with `cc` failed: exit status: 1
[INFO] [stdout]   |
[INFO] [stdout]   = note: LC_ALL="C" PATH="/opt/rustwide/rustup-home/toolchains/beta-2024-12-08-x86_64-unknown-linux-gnu/lib/rustlib/x86_64-unknown-linux-gnu/bin:/opt/rustwide/cargo-home/bin:/usr/local/sbin:/usr/local/bin:/usr/sbin:/usr/bin:/sbin:/bin" VSLANG="1033" "cc" "-m64" "/tmp/rustcswhpsJ/symbols.o" "/opt/rustwide/target/debug/build/glutin_glx_sys-f92a8077ae096b31/build_script_build-f92a8077ae096b31.build_script_build.7ddae4724d0fe048-cgu.00.rcgu.o" "/opt/rustwide/target/debug/build/glutin_glx_sys-f92a8077ae096b31/build_script_build-f92a8077ae096b31.build_script_build.7ddae4724d0fe048-cgu.01.rcgu.o" "/opt/rustwide/target/debug/build/glutin_glx_sys-f92a8077ae096b31/build_script_build-f92a8077ae096b31.build_script_build.7ddae4724d0fe048-cgu.02.rcgu.o" "/opt/rustwide/target/debug/build/glutin_glx_sys-f92a8077ae096b31/build_script_build-f92a8077ae096b31.build_script_build.7ddae4724d0fe048-cgu.03.rcgu.o" "/opt/rustwide/target/debug/build/glutin_glx_sys-f92a8077ae096b31/build_script_build-f92a8077ae096b31.build_script_build.7ddae4724d0fe048-cgu.04.rcgu.o" "/opt/rustwide/target/debug/build/glutin_glx_sys-f92a8077ae096b31/build_script_build-f92a8077ae096b31.build_script_build.7ddae4724d0fe048-cgu.05.rcgu.o" "/opt/rustwide/target/debug/build/glutin_glx_sys-f92a8077ae096b31/build_script_build-f92a8077ae096b31.build_script_build.7ddae4724d0fe048-cgu.06.rcgu.o" "/opt/rustwide/target/debug/build/glutin_glx_sys-f92a8077ae096b31/build_script_build-f92a8077ae096b31.build_script_build.7ddae4724d0fe048-cgu.07.rcgu.o" "/opt/rustwide/target/debug/build/glutin_glx_sys-f92a8077ae096b31/build_script_build-f92a8077ae096b31.build_script_build.7ddae4724d0fe048-cgu.08.rcgu.o" "/opt/rustwide/target/debug/build/glutin_glx_sys-f92a8077ae096b31/build_script_build-f92a8077ae096b31.build_script_build.7ddae4724d0fe048-cgu.09.rcgu.o" "/opt/rustwide/target/debug/build/glutin_glx_sys-f92a8077ae096b31/build_script_build-f92a8077ae096b31.build_script_build.7ddae4724d0fe048-cgu.10.rcgu.o" "/opt/rustwide/target/debug/build/glutin_glx_sys-f92a8077ae096b31/build_script_build-f92a8077ae096b31.build_script_build.7ddae4724d0fe048-cgu.11.rcgu.o" "/opt/rustwide/target/debug/build/glutin_glx_sys-f92a8077ae096b31/build_script_build-f92a8077ae096b31.build_script_build.7ddae4724d0fe048-cgu.12.rcgu.o" "/opt/rustwide/target/debug/build/glutin_glx_sys-f92a8077ae096b31/build_script_build-f92a8077ae096b31.build_script_build.7ddae4724d0fe048-cgu.13.rcgu.o" "/opt/rustwide/target/debug/build/glutin_glx_sys-f92a8077ae096b31/build_script_build-f92a8077ae096b31.build_script_build.7ddae4724d0fe048-cgu.14.rcgu.o" "/opt/rustwide/target/debug/build/glutin_glx_sys-f92a8077ae096b31/build_script_build-f92a8077ae096b31.build_script_build.7ddae4724d0fe048-cgu.15.rcgu.o" "/opt/rustwide/target/debug/build/glutin_glx_sys-f92a8077ae096b31/build_script_build-f92a8077ae096b31.6gm3402bx0121kkfx95tkgseb.rcgu.o" "-Wl,--as-needed" "-Wl,-Bstatic" "/opt/rustwide/target/debug/deps/libgl_generator-e2ebb600ee6a9947.rlib" "/opt/rustwide/target/debug/deps/libkhronos_api-197658435d73b228.rlib" "/opt/rustwide/target/debug/deps/libxml-07e9a24e5a846cc9.rlib" "/opt/rustwide/target/debug/deps/liblog-3b1150b5510cfde2.rlib" "/opt/rustwide/rustup-home/toolchains/beta-2024-12-08-x86_64-unknown-linux-gnu/lib/rustlib/x86_64-unknown-linux-gnu/lib/libstd-02dc84f49135b6b8.rlib" "/opt/rustwide/rustup-home/toolchains/beta-2024-12-08-x86_64-unknown-linux-gnu/lib/rustlib/x86_64-unknown-linux-gnu/lib/libpanic_unwind-a8f45b397fae3f81.rlib" "/opt/rustwide/rustup-home/toolchains/beta-2024-12-08-x86_64-unknown-linux-gnu/lib/rustlib/x86_64-unknown-linux-gnu/lib/libobject-089607133c180609.rlib" "/opt/rustwide/rustup-home/toolchains/beta-2024-12-08-x86_64-unknown-linux-gnu/lib/rustlib/x86_64-unknown-linux-gnu/lib/libmemchr-fc89f091bcd86cbb.rlib" "/opt/rustwide/rustup-home/toolchains/beta-2024-12-08-x86_64-unknown-linux-gnu/lib/rustlib/x86_64-unknown-linux-gnu/lib/libaddr2line-5a60949f01c7340c.rlib" "/opt/rustwide/rustup-home/toolchains/beta-2024-12-08-x86_64-unknown-linux-gnu/lib/rustlib/x86_64-unknown-linux-gnu/lib/libgimli-d29e6a55ca253c8c.rlib" "/opt/rustwide/rustup-home/toolchains/beta-2024-12-08-x86_64-unknown-linux-gnu/lib/rustlib/x86_64-unknown-linux-gnu/lib/librustc_demangle-273c078d5f65de7a.rlib" "/opt/rustwide/rustup-home/toolchains/beta-2024-12-08-x86_64-unknown-linux-gnu/lib/rustlib/x86_64-unknown-linux-gnu/lib/libstd_detect-413c950ffbdd4454.rlib" "/opt/rustwide/rustup-home/toolchains/beta-2024-12-08-x86_64-unknown-linux-gnu/lib/rustlib/x86_64-unknown-linux-gnu/lib/libhashbrown-1853c0976a1d88a6.rlib" "/opt/rustwide/rustup-home/toolchains/beta-2024-12-08-x86_64-unknown-linux-gnu/lib/rustlib/x86_64-unknown-linux-gnu/lib/librustc_std_workspace_alloc-ccb3384ddacb0f9e.rlib" "/opt/rustwide/rustup-home/toolchains/beta-2024-12-08-x86_64-unknown-linux-gnu/lib/rustlib/x86_64-unknown-linux-gnu/lib/libminiz_oxide-0b901dfb0ca849e0.rlib" "/opt/rustwide/rustup-home/toolchains/beta-2024-12-08-x86_64-unknown-linux-gnu/lib/rustlib/x86_64-unknown-linux-gnu/lib/libadler-eebeb8d7c64543ad.rlib" "/opt/rustwide/rustup-home/toolchains/beta-2024-12-08-x86_64-unknown-linux-gnu/lib/rustlib/x86_64-unknown-linux-gnu/lib/libunwind-4723ef81d6079867.rlib" "/opt/rustwide/rustup-home/toolchains/beta-2024-12-08-x86_64-unknown-linux-gnu/lib/rustlib/x86_64-unknown-linux-gnu/lib/libcfg_if-54442f8b422f5a54.rlib" "/opt/rustwide/rustup-home/toolchains/beta-2024-12-08-x86_64-unknown-linux-gnu/lib/rustlib/x86_64-unknown-linux-gnu/lib/liblibc-e0bbe034b5282553.rlib" "/opt/rustwide/rustup-home/toolchains/beta-2024-12-08-x86_64-unknown-linux-gnu/lib/rustlib/x86_64-unknown-linux-gnu/lib/liballoc-d0febb68c1c37b90.rlib" "/opt/rustwide/rustup-home/toolchains/beta-2024-12-08-x86_64-unknown-linux-gnu/lib/rustlib/x86_64-unknown-linux-gnu/lib/librustc_std_workspace_core-4cf833632aafa84c.rlib" "/opt/rustwide/rustup-home/toolchains/beta-2024-12-08-x86_64-unknown-linux-gnu/lib/rustlib/x86_64-unknown-linux-gnu/lib/libcore-65c2c6d2d6ae570b.rlib" "/opt/rustwide/rustup-home/toolchains/beta-2024-12-08-x86_64-unknown-linux-gnu/lib/rustlib/x86_64-unknown-linux-gnu/lib/libcompiler_builtins-97929cee0dcfe424.rlib" "-Wl,-Bdynamic" "-lgcc_s" "-lutil" "-lrt" "-lpthread" "-lm" "-ldl" "-lc" "-Wl,--eh-frame-hdr" "-Wl,-z,noexecstack" "-L" "/opt/rustwide/rustup-home/toolchains/beta-2024-12-08-x86_64-unknown-linux-gnu/lib/rustlib/x86_64-unknown-linux-gnu/lib" "-o" "/opt/rustwide/target/debug/build/glutin_glx_sys-f92a8077ae096b31/build_script_build-f92a8077ae096b31" "-Wl,--gc-sections" "-pie" "-Wl,-z,relro,-z,now" "-nodefaultlibs"
[INFO] [stdout]   = note: /usr/bin/ld: final link failed: No space left on device
[INFO] [stdout]           collect2: error: ld returned 1 exit status
[INFO] [stdout]           
[INFO] [stdout] 
[INFO] [stdout] 
[INFO] [stderr] error: could not compile `png` (lib)
[INFO] [stderr] 
[INFO] [stderr] Caused by:
[INFO] [stderr]   No space left on device (os error 28)
[INFO] [stderr] 
[INFO] [stderr] Caused by:
[INFO] [stderr]   failed to parse process output: `/opt/rustwide/rustup-home/toolchains/beta-2024-12-08-x86_64-unknown-linux-gnu/bin/rustc --crate-name png --edition=2018 /opt/rustwide/cargo-home/registry/src/index.crates.io-6f17d22bba15001f/png-0.17.9/src/lib.rs --error-format=json --json=diagnostic-rendered-ansi,artifacts,future-incompat --crate-type lib --emit=dep-info,metadata,link -C embed-bitcode=no -C debuginfo=2 --check-cfg 'cfg(docsrs)' --check-cfg 'cfg(feature, values("benchmarks", "unstable"))' -C metadata=58eb74c28a771c2a -C extra-filename=-58eb74c28a771c2a --out-dir /opt/rustwide/target/debug/deps -L dependency=/opt/rustwide/target/debug/deps --extern bitflags=/opt/rustwide/target/debug/deps/libbitflags-85e13ed1e0c6d910.rmeta --extern crc32fast=/opt/rustwide/target/debug/deps/libcrc32fast-6fff4656528c3fdf.rmeta --extern fdeflate=/opt/rustwide/target/debug/deps/libfdeflate-1b1147238ae1318a.rmeta --extern flate2=/opt/rustwide/target/debug/deps/libflate2-b921ba2eae831e61.rmeta --extern miniz_oxide=/opt/rustwide/target/debug/deps/libminiz_oxide-9841c2aa69f22dad.rmeta --cap-lints allow --cap-lints=warn` (exit status: 101)
[INFO] [stderr] warning: build failed, waiting for other jobs to finish...
[INFO] [stderr] rustc-LLVM ERROR: IO failure on output stream: No space left on device
[INFO] [stderr] error: could not compile `glutin_glx_sys` (build script) due to 1 previous error
[INFO] [stderr] error: could not compile `rayon-core` (lib)
[INFO] [stderr] 
[INFO] [stderr] Caused by:
[INFO] [stderr]   No space left on device (os error 28)
[INFO] [stderr] 
[INFO] [stderr] Caused by:
[INFO] [stderr]   failed to parse process output: `/opt/rustwide/rustup-home/toolchains/beta-2024-12-08-x86_64-unknown-linux-gnu/bin/rustc --crate-name rayon_core --edition=2021 /opt/rustwide/cargo-home/registry/src/index.crates.io-6f17d22bba15001f/rayon-core-1.11.0/src/lib.rs --error-format=json --json=diagnostic-rendered-ansi,artifacts,future-incompat --crate-type lib --emit=dep-info,metadata,link -C embed-bitcode=no -C debuginfo=2 --check-cfg 'cfg(docsrs)' --check-cfg 'cfg(feature, values())' -C metadata=1a4590fc443fb3e6 -C extra-filename=-1a4590fc443fb3e6 --out-dir /opt/rustwide/target/debug/deps -L dependency=/opt/rustwide/target/debug/deps --extern crossbeam_channel=/opt/rustwide/target/debug/deps/libcrossbeam_channel-3a5e358754ac225e.rmeta --extern crossbeam_deque=/opt/rustwide/target/debug/deps/libcrossbeam_deque-ac7ea62739bb1ea7.rmeta --extern crossbeam_utils=/opt/rustwide/target/debug/deps/libcrossbeam_utils-ed915c09f57de221.rmeta --extern num_cpus=/opt/rustwide/target/debug/deps/libnum_cpus-123146f2d71ab259.rmeta --cap-lints allow --cap-lints=warn` (exit status: 101)
[INFO] [stderr] error: could not compile `parking_lot` (lib)
[INFO] [stderr] 
[INFO] [stderr] Caused by:
[INFO] [stderr]   No space left on device (os error 28)
[INFO] [stdout] error: linking with `cc` failed: exit status: 1
[INFO] [stdout]   |
[INFO] [stdout]   = note: LC_ALL="C" PATH="/opt/rustwide/rustup-home/toolchains/beta-2024-12-08-x86_64-unknown-linux-gnu/lib/rustlib/x86_64-unknown-linux-gnu/bin:/opt/rustwide/cargo-home/bin:/usr/local/sbin:/usr/local/bin:/usr/sbin:/usr/bin:/sbin:/bin" VSLANG="1033" "cc" "-m64" "/tmp/rustcQkoYSr/symbols.o" "/opt/rustwide/target/debug/build/wayland-protocols-90917b347167b0f9/build_script_build-90917b347167b0f9.build_script_build.4ceff4618d49d235-cgu.0.rcgu.o" "/opt/rustwide/target/debug/build/wayland-protocols-90917b347167b0f9/build_script_build-90917b347167b0f9.build_script_build.4ceff4618d49d235-cgu.1.rcgu.o" "/opt/rustwide/target/debug/build/wayland-protocols-90917b347167b0f9/build_script_build-90917b347167b0f9.build_script_build.4ceff4618d49d235-cgu.2.rcgu.o" "/opt/rustwide/target/debug/build/wayland-protocols-90917b347167b0f9/build_script_build-90917b347167b0f9.build_script_build.4ceff4618d49d235-cgu.3.rcgu.o" "/opt/rustwide/target/debug/build/wayland-protocols-90917b347167b0f9/build_script_build-90917b347167b0f9.ai9qycu146xspyjuh9a8xg80k.rcgu.o" "-Wl,--as-needed" "-Wl,-Bstatic" "/opt/rustwide/target/debug/deps/libwayland_scanner-9088486418f65259.rlib" "/opt/rustwide/target/debug/deps/libxml-07e9a24e5a846cc9.rlib" "/opt/rustwide/target/debug/deps/libquote-c4e7d2d73adf6b30.rlib" "/opt/rustwide/target/debug/deps/libproc_macro2-7137c3a7707206e1.rlib" "/opt/rustwide/target/debug/deps/libunicode_ident-b22311444b05bcd3.rlib" "/opt/rustwide/rustup-home/toolchains/beta-2024-12-08-x86_64-unknown-linux-gnu/lib/rustlib/x86_64-unknown-linux-gnu/lib/libproc_macro-bcafc4e6921040d1.rlib" "/opt/rustwide/rustup-home/toolchains/beta-2024-12-08-x86_64-unknown-linux-gnu/lib/rustlib/x86_64-unknown-linux-gnu/lib/libstd-02dc84f49135b6b8.rlib" "/opt/rustwide/rustup-home/toolchains/beta-2024-12-08-x86_64-unknown-linux-gnu/lib/rustlib/x86_64-unknown-linux-gnu/lib/libpanic_unwind-a8f45b397fae3f81.rlib" "/opt/rustwide/rustup-home/toolchains/beta-2024-12-08-x86_64-unknown-linux-gnu/lib/rustlib/x86_64-unknown-linux-gnu/lib/libobject-089607133c180609.rlib" "/opt/rustwide/rustup-home/toolchains/beta-2024-12-08-x86_64-unknown-linux-gnu/lib/rustlib/x86_64-unknown-linux-gnu/lib/libmemchr-fc89f091bcd86cbb.rlib" "/opt/rustwide/rustup-home/toolchains/beta-2024-12-08-x86_64-unknown-linux-gnu/lib/rustlib/x86_64-unknown-linux-gnu/lib/libaddr2line-5a60949f01c7340c.rlib" "/opt/rustwide/rustup-home/toolchains/beta-2024-12-08-x86_64-unknown-linux-gnu/lib/rustlib/x86_64-unknown-linux-gnu/lib/libgimli-d29e6a55ca253c8c.rlib" "/opt/rustwide/rustup-home/toolchains/beta-2024-12-08-x86_64-unknown-linux-gnu/lib/rustlib/x86_64-unknown-linux-gnu/lib/librustc_demangle-273c078d5f65de7a.rlib" "/opt/rustwide/rustup-home/toolchains/beta-2024-12-08-x86_64-unknown-linux-gnu/lib/rustlib/x86_64-unknown-linux-gnu/lib/libstd_detect-413c950ffbdd4454.rlib" "/opt/rustwide/rustup-home/toolchains/beta-2024-12-08-x86_64-unknown-linux-gnu/lib/rustlib/x86_64-unknown-linux-gnu/lib/libhashbrown-1853c0976a1d88a6.rlib" "/opt/rustwide/rustup-home/toolchains/beta-2024-12-08-x86_64-unknown-linux-gnu/lib/rustlib/x86_64-unknown-linux-gnu/lib/librustc_std_workspace_alloc-ccb3384ddacb0f9e.rlib" "/opt/rustwide/rustup-home/toolchains/beta-2024-12-08-x86_64-unknown-linux-gnu/lib/rustlib/x86_64-unknown-linux-gnu/lib/libminiz_oxide-0b901dfb0ca849e0.rlib" "/opt/rustwide/rustup-home/toolchains/beta-2024-12-08-x86_64-unknown-linux-gnu/lib/rustlib/x86_64-unknown-linux-gnu/lib/libadler-eebeb8d7c64543ad.rlib" "/opt/rustwide/rustup-home/toolchains/beta-2024-12-08-x86_64-unknown-linux-gnu/lib/rustlib/x86_64-unknown-linux-gnu/lib/libunwind-4723ef81d6079867.rlib" "/opt/rustwide/rustup-home/toolchains/beta-2024-12-08-x86_64-unknown-linux-gnu/lib/rustlib/x86_64-unknown-linux-gnu/lib/libcfg_if-54442f8b422f5a54.rlib" "/opt/rustwide/rustup-home/toolchains/beta-2024-12-08-x86_64-unknown-linux-gnu/lib/rustlib/x86_64-unknown-linux-gnu/lib/liblibc-e0bbe034b5282553.rlib" "/opt/rustwide/rustup-home/toolchains/beta-2024-12-08-x86_64-unknown-linux-gnu/lib/rustlib/x86_64-unknown-linux-gnu/lib/liballoc-d0febb68c1c37b90.rlib" "/opt/rustwide/rustup-home/toolchains/beta-2024-12-08-x86_64-unknown-linux-gnu/lib/rustlib/x86_64-unknown-linux-gnu/lib/librustc_std_workspace_core-4cf833632aafa84c.rlib" "/opt/rustwide/rustup-home/toolchains/beta-2024-12-08-x86_64-unknown-linux-gnu/lib/rustlib/x86_64-unknown-linux-gnu/lib/libcore-65c2c6d2d6ae570b.rlib" "/opt/rustwide/rustup-home/toolchains/beta-2024-12-08-x86_64-unknown-linux-gnu/lib/rustlib/x86_64-unknown-linux-gnu/lib/libcompiler_builtins-97929cee0dcfe424.rlib" "-Wl,-Bdynamic" "-lgcc_s" "-lutil" "-lrt" "-lpthread" "-lm" "-ldl" "-lc" "-Wl,--eh-frame-hdr" "-Wl,-z,noexecstack" "-L" "/opt/rustwide/rustup-home/toolchains/beta-2024-12-08-x86_64-unknown-linux-gnu/lib/rustlib/x86_64-unknown-linux-gnu/lib" "-o" "/opt/rustwide/target/debug/build/wayland-protocols-90917b347167b0f9/build_script_build-90917b347167b0f9" "-Wl,--gc-sections" "-pie" "-Wl,-z,relro,-z,now" "-nodefaultlibs"
[INFO] [stdout]   = note: /usr/bin/ld: final link failed: No space left on device
[INFO] [stdout]           collect2: error: ld returned 1 exit status
[INFO] [stdout]           
[INFO] [stdout] 
[INFO] [stdout] 
[INFO] [stderr] 
[INFO] [stderr] Caused by:
[INFO] [stderr]   failed to parse process output: `/opt/rustwide/rustup-home/toolchains/beta-2024-12-08-x86_64-unknown-linux-gnu/bin/rustc --crate-name parking_lot --edition=2018 /opt/rustwide/cargo-home/registry/src/index.crates.io-6f17d22bba15001f/parking_lot-0.12.1/src/lib.rs --error-format=json --json=diagnostic-rendered-ansi,artifacts,future-incompat --crate-type lib --emit=dep-info,metadata,link -C embed-bitcode=no -C debuginfo=2 --cfg 'feature="default"' --check-cfg 'cfg(docsrs)' --check-cfg 'cfg(feature, values("arc_lock", "deadlock_detection", "default", "hardware-lock-elision", "nightly", "owning_ref", "send_guard", "serde"))' -C metadata=2b34ffd4d92c08ee -C extra-filename=-2b34ffd4d92c08ee --out-dir /opt/rustwide/target/debug/deps -L dependency=/opt/rustwide/target/debug/deps --extern lock_api=/opt/rustwide/target/debug/deps/liblock_api-ad8b138aaff071bc.rmeta --extern parking_lot_core=/opt/rustwide/target/debug/deps/libparking_lot_core-3d3dcb0142e35a37.rmeta --cap-lints allow --cap-lints=warn` (exit status: 101)
[INFO] [stderr] error: could not compile `wayland-protocols` (build script) due to 1 previous error
[INFO] [stdout] error: linking with `cc` failed: exit status: 1
[INFO] [stdout]   |
[INFO] [stdout]   = note: LC_ALL="C" PATH="/opt/rustwide/rustup-home/toolchains/beta-2024-12-08-x86_64-unknown-linux-gnu/lib/rustlib/x86_64-unknown-linux-gnu/bin:/opt/rustwide/cargo-home/bin:/usr/local/sbin:/usr/local/bin:/usr/sbin:/usr/bin:/sbin:/bin" VSLANG="1033" "cc" "-m64" "/tmp/rustczek6Yw/symbols.o" "/opt/rustwide/target/debug/build/wayland-client-e7cd768361f1cc96/build_script_build-e7cd768361f1cc96.build_script_build.c1d9e5bbb99a2ecc-cgu.0.rcgu.o" "/opt/rustwide/target/debug/build/wayland-client-e7cd768361f1cc96/build_script_build-e7cd768361f1cc96.build_script_build.c1d9e5bbb99a2ecc-cgu.1.rcgu.o" "/opt/rustwide/target/debug/build/wayland-client-e7cd768361f1cc96/build_script_build-e7cd768361f1cc96.build_script_build.c1d9e5bbb99a2ecc-cgu.2.rcgu.o" "/opt/rustwide/target/debug/build/wayland-client-e7cd768361f1cc96/build_script_build-e7cd768361f1cc96.build_script_build.c1d9e5bbb99a2ecc-cgu.3.rcgu.o" "/opt/rustwide/target/debug/build/wayland-client-e7cd768361f1cc96/build_script_build-e7cd768361f1cc96.9xa865hraqn2e35cx8mxub8xl.rcgu.o" "-Wl,--as-needed" "-Wl,-Bstatic" "/opt/rustwide/target/debug/deps/libwayland_scanner-9088486418f65259.rlib" "/opt/rustwide/target/debug/deps/libxml-07e9a24e5a846cc9.rlib" "/opt/rustwide/target/debug/deps/libquote-c4e7d2d73adf6b30.rlib" "/opt/rustwide/target/debug/deps/libproc_macro2-7137c3a7707206e1.rlib" "/opt/rustwide/target/debug/deps/libunicode_ident-b22311444b05bcd3.rlib" "/opt/rustwide/rustup-home/toolchains/beta-2024-12-08-x86_64-unknown-linux-gnu/lib/rustlib/x86_64-unknown-linux-gnu/lib/libproc_macro-bcafc4e6921040d1.rlib" "/opt/rustwide/rustup-home/toolchains/beta-2024-12-08-x86_64-unknown-linux-gnu/lib/rustlib/x86_64-unknown-linux-gnu/lib/libstd-02dc84f49135b6b8.rlib" "/opt/rustwide/rustup-home/toolchains/beta-2024-12-08-x86_64-unknown-linux-gnu/lib/rustlib/x86_64-unknown-linux-gnu/lib/libpanic_unwind-a8f45b397fae3f81.rlib" "/opt/rustwide/rustup-home/toolchains/beta-2024-12-08-x86_64-unknown-linux-gnu/lib/rustlib/x86_64-unknown-linux-gnu/lib/libobject-089607133c180609.rlib" "/opt/rustwide/rustup-home/toolchains/beta-2024-12-08-x86_64-unknown-linux-gnu/lib/rustlib/x86_64-unknown-linux-gnu/lib/libmemchr-fc89f091bcd86cbb.rlib" "/opt/rustwide/rustup-home/toolchains/beta-2024-12-08-x86_64-unknown-linux-gnu/lib/rustlib/x86_64-unknown-linux-gnu/lib/libaddr2line-5a60949f01c7340c.rlib" "/opt/rustwide/rustup-home/toolchains/beta-2024-12-08-x86_64-unknown-linux-gnu/lib/rustlib/x86_64-unknown-linux-gnu/lib/libgimli-d29e6a55ca253c8c.rlib" "/opt/rustwide/rustup-home/toolchains/beta-2024-12-08-x86_64-unknown-linux-gnu/lib/rustlib/x86_64-unknown-linux-gnu/lib/librustc_demangle-273c078d5f65de7a.rlib" "/opt/rustwide/rustup-home/toolchains/beta-2024-12-08-x86_64-unknown-linux-gnu/lib/rustlib/x86_64-unknown-linux-gnu/lib/libstd_detect-413c950ffbdd4454.rlib" "/opt/rustwide/rustup-home/toolchains/beta-2024-12-08-x86_64-unknown-linux-gnu/lib/rustlib/x86_64-unknown-linux-gnu/lib/libhashbrown-1853c0976a1d88a6.rlib" "/opt/rustwide/rustup-home/toolchains/beta-2024-12-08-x86_64-unknown-linux-gnu/lib/rustlib/x86_64-unknown-linux-gnu/lib/librustc_std_workspace_alloc-ccb3384ddacb0f9e.rlib" "/opt/rustwide/rustup-home/toolchains/beta-2024-12-08-x86_64-unknown-linux-gnu/lib/rustlib/x86_64-unknown-linux-gnu/lib/libminiz_oxide-0b901dfb0ca849e0.rlib" "/opt/rustwide/rustup-home/toolchains/beta-2024-12-08-x86_64-unknown-linux-gnu/lib/rustlib/x86_64-unknown-linux-gnu/lib/libadler-eebeb8d7c64543ad.rlib" "/opt/rustwide/rustup-home/toolchains/beta-2024-12-08-x86_64-unknown-linux-gnu/lib/rustlib/x86_64-unknown-linux-gnu/lib/libunwind-4723ef81d6079867.rlib" "/opt/rustwide/rustup-home/toolchains/beta-2024-12-08-x86_64-unknown-linux-gnu/lib/rustlib/x86_64-unknown-linux-gnu/lib/libcfg_if-54442f8b422f5a54.rlib" "/opt/rustwide/rustup-home/toolchains/beta-2024-12-08-x86_64-unknown-linux-gnu/lib/rustlib/x86_64-unknown-linux-gnu/lib/liblibc-e0bbe034b5282553.rlib" "/opt/rustwide/rustup-home/toolchains/beta-2024-12-08-x86_64-unknown-linux-gnu/lib/rustlib/x86_64-unknown-linux-gnu/lib/liballoc-d0febb68c1c37b90.rlib" "/opt/rustwide/rustup-home/toolchains/beta-2024-12-08-x86_64-unknown-linux-gnu/lib/rustlib/x86_64-unknown-linux-gnu/lib/librustc_std_workspace_core-4cf833632aafa84c.rlib" "/opt/rustwide/rustup-home/toolchains/beta-2024-12-08-x86_64-unknown-linux-gnu/lib/rustlib/x86_64-unknown-linux-gnu/lib/libcore-65c2c6d2d6ae570b.rlib" "/opt/rustwide/rustup-home/toolchains/beta-2024-12-08-x86_64-unknown-linux-gnu/lib/rustlib/x86_64-unknown-linux-gnu/lib/libcompiler_builtins-97929cee0dcfe424.rlib" "-Wl,-Bdynamic" "-lgcc_s" "-lutil" "-lrt" "-lpthread" "-lm" "-ldl" "-lc" "-Wl,--eh-frame-hdr" "-Wl,-z,noexecstack" "-L" "/opt/rustwide/rustup-home/toolchains/beta-2024-12-08-x86_64-unknown-linux-gnu/lib/rustlib/x86_64-unknown-linux-gnu/lib" "-o" "/opt/rustwide/target/debug/build/wayland-client-e7cd768361f1cc96/build_script_build-e7cd768361f1cc96" "-Wl,--gc-sections" "-pie" "-Wl,-z,relro,-z,now" "-nodefaultlibs"
[INFO] [stdout]   = note: /usr/bin/ld: final link failed: No space left on device
[INFO] [stdout]           collect2: error: ld returned 1 exit status
[INFO] [stdout]           
[INFO] [stdout] 
[INFO] [stdout] 
[INFO] [stderr] error: could not compile `wayland-client` (build script) due to 1 previous error
[INFO] [stderr] rustc-LLVM ERROR: IO failure on output stream: No space left on device
[INFO] [stdout] error: linking with `cc` failed: exit status: 1
[INFO] [stdout]   |
[INFO] [stdout]   = note: LC_ALL="C" PATH="/opt/rustwide/rustup-home/toolchains/beta-2024-12-08-x86_64-unknown-linux-gnu/lib/rustlib/x86_64-unknown-linux-gnu/bin:/opt/rustwide/cargo-home/bin:/usr/local/sbin:/usr/local/bin:/usr/sbin:/usr/bin:/sbin:/bin" VSLANG="1033" "cc" "-m64" "/tmp/rustcJFaxvy/symbols.o" "/opt/rustwide/target/debug/build/backtrace-7f58e7cc14154a28/build_script_build-7f58e7cc14154a28.build_script_build.292b817f05f9dcde-cgu.0.rcgu.o" "/opt/rustwide/target/debug/build/backtrace-7f58e7cc14154a28/build_script_build-7f58e7cc14154a28.353d4l7177jkmfa6h3j1kgcpf.rcgu.o" "-Wl,--as-needed" "-Wl,-Bstatic" "/opt/rustwide/target/debug/deps/libcc-8f82c280770bcf6d.rlib" "/opt/rustwide/rustup-home/toolchains/beta-2024-12-08-x86_64-unknown-linux-gnu/lib/rustlib/x86_64-unknown-linux-gnu/lib/libstd-02dc84f49135b6b8.rlib" "/opt/rustwide/rustup-home/toolchains/beta-2024-12-08-x86_64-unknown-linux-gnu/lib/rustlib/x86_64-unknown-linux-gnu/lib/libpanic_unwind-a8f45b397fae3f81.rlib" "/opt/rustwide/rustup-home/toolchains/beta-2024-12-08-x86_64-unknown-linux-gnu/lib/rustlib/x86_64-unknown-linux-gnu/lib/libobject-089607133c180609.rlib" "/opt/rustwide/rustup-home/toolchains/beta-2024-12-08-x86_64-unknown-linux-gnu/lib/rustlib/x86_64-unknown-linux-gnu/lib/libmemchr-fc89f091bcd86cbb.rlib" "/opt/rustwide/rustup-home/toolchains/beta-2024-12-08-x86_64-unknown-linux-gnu/lib/rustlib/x86_64-unknown-linux-gnu/lib/libaddr2line-5a60949f01c7340c.rlib" "/opt/rustwide/rustup-home/toolchains/beta-2024-12-08-x86_64-unknown-linux-gnu/lib/rustlib/x86_64-unknown-linux-gnu/lib/libgimli-d29e6a55ca253c8c.rlib" "/opt/rustwide/rustup-home/toolchains/beta-2024-12-08-x86_64-unknown-linux-gnu/lib/rustlib/x86_64-unknown-linux-gnu/lib/librustc_demangle-273c078d5f65de7a.rlib" "/opt/rustwide/rustup-home/toolchains/beta-2024-12-08-x86_64-unknown-linux-gnu/lib/rustlib/x86_64-unknown-linux-gnu/lib/libstd_detect-413c950ffbdd4454.rlib" "/opt/rustwide/rustup-home/toolchains/beta-2024-12-08-x86_64-unknown-linux-gnu/lib/rustlib/x86_64-unknown-linux-gnu/lib/libhashbrown-1853c0976a1d88a6.rlib" "/opt/rustwide/rustup-home/toolchains/beta-2024-12-08-x86_64-unknown-linux-gnu/lib/rustlib/x86_64-unknown-linux-gnu/lib/librustc_std_workspace_alloc-ccb3384ddacb0f9e.rlib" "/opt/rustwide/rustup-home/toolchains/beta-2024-12-08-x86_64-unknown-linux-gnu/lib/rustlib/x86_64-unknown-linux-gnu/lib/libminiz_oxide-0b901dfb0ca849e0.rlib" "/opt/rustwide/rustup-home/toolchains/beta-2024-12-08-x86_64-unknown-linux-gnu/lib/rustlib/x86_64-unknown-linux-gnu/lib/libadler-eebeb8d7c64543ad.rlib" "/opt/rustwide/rustup-home/toolchains/beta-2024-12-08-x86_64-unknown-linux-gnu/lib/rustlib/x86_64-unknown-linux-gnu/lib/libunwind-4723ef81d6079867.rlib" "/opt/rustwide/rustup-home/toolchains/beta-2024-12-08-x86_64-unknown-linux-gnu/lib/rustlib/x86_64-unknown-linux-gnu/lib/libcfg_if-54442f8b422f5a54.rlib" "/opt/rustwide/rustup-home/toolchains/beta-2024-12-08-x86_64-unknown-linux-gnu/lib/rustlib/x86_64-unknown-linux-gnu/lib/liblibc-e0bbe034b5282553.rlib" "/opt/rustwide/rustup-home/toolchains/beta-2024-12-08-x86_64-unknown-linux-gnu/lib/rustlib/x86_64-unknown-linux-gnu/lib/liballoc-d0febb68c1c37b90.rlib" "/opt/rustwide/rustup-home/toolchains/beta-2024-12-08-x86_64-unknown-linux-gnu/lib/rustlib/x86_64-unknown-linux-gnu/lib/librustc_std_workspace_core-4cf833632aafa84c.rlib" "/opt/rustwide/rustup-home/toolchains/beta-2024-12-08-x86_64-unknown-linux-gnu/lib/rustlib/x86_64-unknown-linux-gnu/lib/libcore-65c2c6d2d6ae570b.rlib" "/opt/rustwide/rustup-home/toolchains/beta-2024-12-08-x86_64-unknown-linux-gnu/lib/rustlib/x86_64-unknown-linux-gnu/lib/libcompiler_builtins-97929cee0dcfe424.rlib" "-Wl,-Bdynamic" "-lgcc_s" "-lutil" "-lrt" "-lpthread" "-lm" "-ldl" "-lc" "-Wl,--eh-frame-hdr" "-Wl,-z,noexecstack" "-L" "/opt/rustwide/rustup-home/toolchains/beta-2024-12-08-x86_64-unknown-linux-gnu/lib/rustlib/x86_64-unknown-linux-gnu/lib" "-o" "/opt/rustwide/target/debug/build/backtrace-7f58e7cc14154a28/build_script_build-7f58e7cc14154a28" "-Wl,--gc-sections" "-pie" "-Wl,-z,relro,-z,now" "-nodefaultlibs"
[INFO] [stdout]   = note: /usr/bin/ld: final link failed: No space left on device
[INFO] [stdout]           collect2: error: ld returned 1 exit status
[INFO] [stdout]           
[INFO] [stdout] 
[INFO] [stdout] 
[INFO] [stderr] error: could not compile `xcursor` (lib)
[INFO] [stderr] 
[INFO] [stderr] Caused by:
[INFO] [stderr]   process didn't exit successfully: `/opt/rustwide/rustup-home/toolchains/beta-2024-12-08-x86_64-unknown-linux-gnu/bin/rustc --crate-name xcursor --edition=2018 /opt/rustwide/cargo-home/registry/src/index.crates.io-6f17d22bba15001f/xcursor-0.3.4/src/lib.rs --error-format=json --json=diagnostic-rendered-ansi,artifacts,future-incompat --crate-type lib --emit=dep-info,metadata,link -C embed-bitcode=no -C debuginfo=2 --check-cfg 'cfg(docsrs)' --check-cfg 'cfg(feature, values())' -C metadata=ed79ecf7bd261b86 -C extra-filename=-ed79ecf7bd261b86 --out-dir /opt/rustwide/target/debug/deps -L dependency=/opt/rustwide/target/debug/deps --extern nom=/opt/rustwide/target/debug/deps/libnom-1b603f63d0ee3426.rmeta --cap-lints allow --cap-lints=warn` (exit status: 101)
[INFO] [stderr] error: could not compile `backtrace` (build script) due to 1 previous error
[INFO] [stdout] error: failed to write to `/opt/rustwide/target/debug/deps/rmetaNNIFlF/lib.rmeta`: No space left on device (os error 28)
[INFO] [stdout] 
[INFO] [stdout] 
[INFO] [stderr] error: could not compile `nix` (lib) due to 1 previous error
[INFO] [stdout] error: couldn't create a temp dir: No space left on device (os error 28) at path "/opt/rustwide/target/debug/deps/rmetaOYZxG1"
[INFO] [stdout] 
[INFO] [stdout] 
[INFO] [stderr] rustc-LLVM ERROR: IO failure on output stream: No space left on device
[INFO] [stdout] error: couldn't create a temp dir: No space left on device (os error 28) at path "/opt/rustwide/target/debug/deps/rmetaefEyHe"
[INFO] [stdout] 
[INFO] [stdout] 
[INFO] [stderr] error: could not compile `nix` (lib)
[INFO] [stderr] 
[INFO] [stderr] Caused by:
[INFO] [stderr]   No space left on device (os error 28)
[INFO] [stderr] 
[INFO] [stderr] Caused by:
[INFO] [stderr]   failed to parse process output: `/opt/rustwide/rustup-home/toolchains/beta-2024-12-08-x86_64-unknown-linux-gnu/bin/rustc --crate-name nix --edition=2018 /opt/rustwide/cargo-home/registry/src/index.crates.io-6f17d22bba15001f/nix-0.25.1/src/lib.rs --error-format=json --json=diagnostic-rendered-ansi,artifacts,future-incompat --crate-type lib --emit=dep-info,metadata,link -C embed-bitcode=no -C debuginfo=2 --cfg 'feature="event"' --cfg 'feature="fs"' --cfg 'feature="memoffset"' --cfg 'feature="process"' --cfg 'feature="signal"' --cfg 'feature="socket"' --cfg 'feature="time"' --check-cfg 'cfg(docsrs)' --check-cfg 'cfg(feature, values("acct", "aio", "default", "dir", "env", "event", "feature", "fs", "hostname", "inotify", "ioctl", "kmod", "memoffset", "mman", "mount", "mqueue", "net", "personality", "pin-utils", "poll", "process", "pthread", "ptrace", "quota", "reboot", "resource", "sched", "signal", "socket", "term", "time", "ucontext", "uio", "user", "zerocopy"))' -C metadata=be831a825e96bd56 -C extra-filename=-be831a825e96bd56 --out-dir /opt/rustwide/target/debug/deps -L dependency=/opt/rustwide/target/debug/deps --extern bitflags=/opt/rustwide/target/debug/deps/libbitflags-85e13ed1e0c6d910.rmeta --extern cfg_if=/opt/rustwide/target/debug/deps/libcfg_if-a3e7e701fcd1f47b.rmeta --extern libc=/opt/rustwide/target/debug/deps/liblibc-87a1a663d9c1ed7e.rmeta --extern memoffset=/opt/rustwide/target/debug/deps/libmemoffset-3b8b6c5d2cb3d911.rmeta --cap-lints allow --cap-lints=warn` (exit status: 101)
[INFO] [stderr] error: could not compile `syn` (lib) due to 1 previous error
[INFO] [stderr] error: could not compile `tiny-skia` (lib) due to 1 previous error
[INFO] [stdout] error: failed to write to `/opt/rustwide/target/debug/deps/rmeta5c6sHF/lib.rmeta`: No space left on device (os error 28)
[INFO] [stdout] 
[INFO] [stdout] 
[INFO] [stderr] error: could not compile `rayon` (lib) due to 1 previous error
[INFO] [stdout] error: couldn't create a temp dir: No space left on device (os error 28) at path "/opt/rustwide/target/debug/deps/rmetan5gHWV"
[INFO] [stdout] 
[INFO] [stdout] 
[INFO] [stderr] error: could not compile `x11-dl` (lib) due to 1 previous error
[INFO] running `Command { std: "docker" "inspect" "f39388b066dcabc05f75c637a691c54ae167f7660daa38cdbbaf78ba35eb2cd6", kill_on_drop: false }`
[INFO] running `Command { std: "docker" "rm" "-f" "f39388b066dcabc05f75c637a691c54ae167f7660daa38cdbbaf78ba35eb2cd6", kill_on_drop: false }`
[INFO] [stdout] f39388b066dcabc05f75c637a691c54ae167f7660daa38cdbbaf78ba35eb2cd6
