[INFO] cloning repository https://github.com/littlebenlittle/p2p-git-patch
[INFO] running `Command { std: "git" "-c" "credential.helper=" "-c" "credential.helper=/workspace/cargo-home/bin/git-credential-null" "clone" "--bare" "https://github.com/littlebenlittle/p2p-git-patch" "/workspace/cache/git-repos/https%3A%2F%2Fgithub.com%2Flittlebenlittle%2Fp2p-git-patch", kill_on_drop: false }`
[INFO] [stderr] Cloning into bare repository '/workspace/cache/git-repos/https%3A%2F%2Fgithub.com%2Flittlebenlittle%2Fp2p-git-patch'...
[INFO] running `Command { std: "git" "rev-parse" "HEAD", kill_on_drop: false }`
[INFO] [stdout] 3243bfc5bae8df74e2527773135a0e6cd13eff82
[INFO] testing littlebenlittle/p2p-git-patch against 1.83.0 for beta-1.84.0-4-retry
[INFO] running `Command { std: "git" "clone" "/workspace/cache/git-repos/https%3A%2F%2Fgithub.com%2Flittlebenlittle%2Fp2p-git-patch" "/workspace/builds/worker-5-tc1/source", kill_on_drop: false }`
[INFO] [stderr] Cloning into '/workspace/builds/worker-5-tc1/source'...
[INFO] [stderr] done.
[INFO] validating manifest of git repo https://github.com/littlebenlittle/p2p-git-patch on toolchain 1.83.0
[INFO] running `Command { std: CARGO_HOME="/workspace/cargo-home" RUSTUP_HOME="/workspace/rustup-home" "/workspace/cargo-home/bin/cargo" "+1.83.0" "metadata" "--manifest-path" "Cargo.toml" "--no-deps", kill_on_drop: false }`
[INFO] started tweaking git repo https://github.com/littlebenlittle/p2p-git-patch
[INFO] finished tweaking git repo https://github.com/littlebenlittle/p2p-git-patch
[INFO] tweaked toml for git repo https://github.com/littlebenlittle/p2p-git-patch written to /workspace/builds/worker-5-tc1/source/Cargo.toml
[INFO] crate git repo https://github.com/littlebenlittle/p2p-git-patch already has a lockfile, it will not be regenerated
[INFO] running `Command { std: CARGO_HOME="/workspace/cargo-home" RUSTUP_HOME="/workspace/rustup-home" "/workspace/cargo-home/bin/cargo" "+1.83.0" "fetch" "--manifest-path" "Cargo.toml", kill_on_drop: false }`
[INFO] [stderr]     Blocking waiting for file lock on package cache
[INFO] running `Command { std: "docker" "create" "-v" "/var/lib/crater-agent-workspace/builds/worker-5-tc1/target:/opt/rustwide/target:rw,Z" "-v" "/var/lib/crater-agent-workspace/builds/worker-5-tc1/source:/opt/rustwide/workdir:ro,Z" "-v" "/var/lib/crater-agent-workspace/cargo-home:/opt/rustwide/cargo-home:ro,Z" "-v" "/var/lib/crater-agent-workspace/rustup-home:/opt/rustwide/rustup-home:ro,Z" "-e" "SOURCE_DIR=/opt/rustwide/workdir" "-e" "CARGO_TARGET_DIR=/opt/rustwide/target" "-e" "CARGO_HOME=/opt/rustwide/cargo-home" "-e" "RUSTUP_HOME=/opt/rustwide/rustup-home" "-w" "/opt/rustwide/workdir" "-m" "1610612736" "--user" "0:0" "--network" "none" "ghcr.io/rust-lang/crates-build-env/linux@sha256:f3a9d4ad9d972b27faf3965f35b62e55ba32bbce8f20bc8fe909558a86702fde" "/opt/rustwide/cargo-home/bin/cargo" "+1.83.0" "metadata" "--no-deps" "--format-version=1", kill_on_drop: false }`
[INFO] [stdout] 675967c6e8eee3dc76056caa43aba8f12bb7a58aacf832e1364a1a7f222e0888
[INFO] running `Command { std: "docker" "start" "-a" "675967c6e8eee3dc76056caa43aba8f12bb7a58aacf832e1364a1a7f222e0888", kill_on_drop: false }`
[INFO] running `Command { std: "docker" "inspect" "675967c6e8eee3dc76056caa43aba8f12bb7a58aacf832e1364a1a7f222e0888", kill_on_drop: false }`
[INFO] running `Command { std: "docker" "rm" "-f" "675967c6e8eee3dc76056caa43aba8f12bb7a58aacf832e1364a1a7f222e0888", kill_on_drop: false }`
[INFO] [stdout] 675967c6e8eee3dc76056caa43aba8f12bb7a58aacf832e1364a1a7f222e0888
[INFO] running `Command { std: "docker" "create" "-v" "/var/lib/crater-agent-workspace/builds/worker-5-tc1/target:/opt/rustwide/target:rw,Z" "-v" "/var/lib/crater-agent-workspace/builds/worker-5-tc1/source:/opt/rustwide/workdir:ro,Z" "-v" "/var/lib/crater-agent-workspace/cargo-home:/opt/rustwide/cargo-home:ro,Z" "-v" "/var/lib/crater-agent-workspace/rustup-home:/opt/rustwide/rustup-home:ro,Z" "-e" "SOURCE_DIR=/opt/rustwide/workdir" "-e" "CARGO_TARGET_DIR=/opt/rustwide/target" "-e" "CARGO_INCREMENTAL=0" "-e" "RUST_BACKTRACE=full" "-e" "RUSTFLAGS=--cap-lints=warn" "-e" "RUSTDOCFLAGS=--cap-lints=warn" "-e" "CARGO_HOME=/opt/rustwide/cargo-home" "-e" "RUSTUP_HOME=/opt/rustwide/rustup-home" "-w" "/opt/rustwide/workdir" "-m" "1610612736" "--user" "0:0" "--network" "none" "ghcr.io/rust-lang/crates-build-env/linux@sha256:f3a9d4ad9d972b27faf3965f35b62e55ba32bbce8f20bc8fe909558a86702fde" "/opt/rustwide/cargo-home/bin/cargo" "+1.83.0" "build" "--frozen" "--message-format=json", kill_on_drop: false }`
[INFO] [stdout] bf2dad6a7743ed41a5e18514b73537903cc7a7876fbe5a07983bf2e94361a1d7
[INFO] running `Command { std: "docker" "start" "-a" "bf2dad6a7743ed41a5e18514b73537903cc7a7876fbe5a07983bf2e94361a1d7", kill_on_drop: false }`
[INFO] [stderr]    Compiling proc-macro2 v1.0.47
[INFO] [stderr]    Compiling quote v1.0.21
[INFO] [stderr]    Compiling unicode-ident v1.0.5
[INFO] [stderr]    Compiling syn v1.0.102
[INFO] [stderr]    Compiling autocfg v1.1.0
[INFO] [stderr]    Compiling libc v0.2.135
[INFO] [stderr]    Compiling cfg-if v1.0.0
[INFO] [stderr]    Compiling version_check v0.9.4
[INFO] [stderr]    Compiling memchr v2.5.0
[INFO] [stderr]    Compiling futures-core v0.3.24
[INFO] [stderr]    Compiling once_cell v1.15.0
[INFO] [stderr]    Compiling pin-project-lite v0.2.9
[INFO] [stderr]    Compiling futures-io v0.3.24
[INFO] [stderr]    Compiling futures-task v0.3.24
[INFO] [stderr]    Compiling futures-channel v0.3.24
[INFO] [stderr]    Compiling futures-sink v0.3.24
[INFO] [stderr]    Compiling log v0.4.17
[INFO] [stderr]    Compiling futures-util v0.3.24
[INFO] [stderr]    Compiling pin-utils v0.1.0
[INFO] [stderr]    Compiling fastrand v1.8.0
[INFO] [stderr]    Compiling typenum v1.15.0
[INFO] [stderr]    Compiling anyhow v1.0.65
[INFO] [stderr]    Compiling thiserror v1.0.37
[INFO] [stderr]    Compiling bytes v1.2.1
[INFO] [stderr]    Compiling heck v0.4.0
[INFO] [stderr]    Compiling either v1.8.0
[INFO] [stderr]    Compiling byteorder v1.4.3
[INFO] [stderr]    Compiling value-bag v1.0.0-alpha.9
[INFO] [stderr]    Compiling generic-array v0.14.6
[INFO] [stderr]    Compiling slab v0.4.7
[INFO] [stderr]    Compiling hashbrown v0.12.3
[INFO] [stderr]    Compiling tinyvec_macros v0.1.0
[INFO] [stderr]    Compiling ppv-lite86 v0.2.16
[INFO] [stderr]    Compiling tinyvec v1.6.0
[INFO] [stderr]    Compiling itertools v0.10.5
[INFO] [stderr]    Compiling unicode-xid v0.2.4
[INFO] [stderr]    Compiling indexmap v1.9.1
[INFO] [stderr]    Compiling proc-macro-error-attr v1.0.4
[INFO] [stderr]    Compiling jobserver v0.1.25
[INFO] [stderr]    Compiling unicode-bidi v0.3.8
[INFO] [stderr]    Compiling lazy_static v1.4.0
[INFO] [stderr]    Compiling getrandom v0.1.16
[INFO] [stderr]    Compiling proc-macro-error v1.0.4
[INFO] [stderr]    Compiling serde v1.0.145
[INFO] [stderr]    Compiling percent-encoding v2.2.0
[INFO] [stderr]    Compiling cc v1.0.73
[INFO] [stderr]    Compiling cpufeatures v0.2.5
[INFO] [stderr]    Compiling smallvec v1.10.0
[INFO] [stderr]    Compiling form_urlencoded v1.1.0
[INFO] [stderr]    Compiling lock_api v0.4.9
[INFO] [stderr]    Compiling serde_derive v1.0.145
[INFO] [stderr]    Compiling parking_lot_core v0.9.3
[INFO] [stderr]    Compiling cache-padded v1.2.0
[INFO] [stderr]    Compiling data-encoding v2.3.2
[INFO] [stderr]    Compiling regex-syntax v0.6.27
[INFO] [stderr]    Compiling pkg-config v0.3.25
[INFO] [stderr]    Compiling num_cpus v1.13.1
[INFO] [stderr]    Compiling getrandom v0.2.7
[INFO] [stderr]    Compiling remove_dir_all v0.5.3
[INFO] [stderr]    Compiling rand_core v0.6.4
[INFO] [stderr]    Compiling unicode-normalization v0.1.22
[INFO] [stderr]    Compiling fixedbitset v0.4.2
[INFO] [stderr]    Compiling rand_core v0.5.1
[INFO] [stderr]    Compiling tempfile v3.3.0
[INFO] [stderr]    Compiling digest v0.9.0
[INFO] [stderr]    Compiling rand_chacha v0.3.1
[INFO] [stderr]    Compiling petgraph v0.6.2
[INFO] [stderr]    Compiling concurrent-queue v1.2.4
[INFO] [stderr]    Compiling which v4.3.0
[INFO] [stderr]    Compiling idna v0.3.0
[INFO] [stderr]    Compiling rand v0.8.5
[INFO] [stderr]    Compiling scopeguard v1.1.0
[INFO] [stderr]    Compiling waker-fn v1.1.0
[INFO] [stderr]    Compiling multimap v0.8.3
[INFO] [stderr]    Compiling parking v2.0.0
[INFO] [stderr]    Compiling futures-lite v1.12.0
[INFO] [stderr]    Compiling block-buffer v0.9.0
[INFO] [stderr]    Compiling block-buffer v0.10.3
[INFO] [stderr]    Compiling crypto-common v0.1.6
[INFO] [stderr]    Compiling polling v2.3.0
[INFO] [stderr]    Compiling opaque-debug v0.3.0
[INFO] [stderr]    Compiling subtle v2.4.1
[INFO] [stderr]    Compiling digest v0.10.5
[INFO] [stderr]    Compiling async-io v1.9.0
[INFO] [stderr]    Compiling static_assertions v1.1.0
[INFO] [stderr]    Compiling parking_lot v0.12.1
[INFO] [stderr]    Compiling rand_chacha v0.2.2
[INFO] [stderr]    Compiling ring v0.16.20
[INFO] [stderr]    Compiling sha2 v0.10.6
[INFO] [stderr]    Compiling socket2 v0.4.7
[INFO] [stderr]    Compiling core2 v0.4.0
[INFO] [stderr]    Compiling signature v1.6.4
[INFO] [stderr]    Compiling event-listener v2.5.3
[INFO] [stderr]    Compiling rand v0.7.3
[INFO] [stderr]    Compiling url v2.3.1
[INFO] [stderr]    Compiling ed25519 v1.5.2
[INFO] [stderr]    Compiling sha2 v0.9.9
[INFO] [stderr]    Compiling fnv v1.0.7
[INFO] [stderr]    Compiling arrayref v0.3.6
[INFO] [stderr]    Compiling bs58 v0.4.0
[INFO] [stderr]    Compiling libz-sys v1.1.8
[INFO] [stderr]    Compiling instant v0.1.12
[INFO] [stderr]    Compiling futures-timer v3.0.2
[INFO] [stderr]    Compiling asn1_der v0.7.5
[INFO] [stderr]    Compiling void v1.0.2
[INFO] [stderr]    Compiling async-task v4.3.0
[INFO] [stderr]    Compiling async-channel v1.7.1
[INFO] [stderr]    Compiling atomic-waker v1.0.0
[INFO] [stderr]    Compiling untrusted v0.7.1
[INFO] [stderr]    Compiling spin v0.5.2
[INFO] [stderr]    Compiling async-lock v2.5.0
[INFO] [stderr]    Compiling bitflags v1.3.2
[INFO] [stderr]    Compiling paste v1.0.9
[INFO] [stderr]    Compiling tokio v1.21.2
[INFO] [stderr]    Compiling semver v1.0.14
[INFO] [stderr]    Compiling async-executor v1.4.1
[INFO] [stderr]    Compiling blocking v1.2.0
[INFO] [stderr]    Compiling ipnet v2.5.0
[INFO] [stderr]    Compiling async-trait v0.1.57
[INFO] [stderr]    Compiling openssl-sys v0.9.76
[INFO] [stderr]    Compiling signal-hook v0.3.14
[INFO] [stderr]    Compiling linked-hash-map v0.5.6
[INFO] [stderr]    Compiling quick-error v1.2.3
[INFO] [stderr]    Compiling signal-hook-registry v1.4.0
[INFO] [stderr]    Compiling async-process v1.5.0
[INFO] [stderr]    Compiling tracing-core v0.1.30
[INFO] [stderr]    Compiling crc32fast v1.3.2
[INFO] [stderr]    Compiling match_cfg v0.1.0
[INFO] [stderr]    Compiling matches v0.1.9
[INFO] [stderr]    Compiling crossbeam-utils v0.8.12
[INFO] [stderr]    Compiling idna v0.2.3
[INFO] [stderr]    Compiling hostname v0.3.1
[INFO] [stderr]    Compiling nix v0.24.2
[INFO] [stderr]    Compiling regex v1.6.0
[INFO] [stderr]    Compiling rustc_version v0.4.0
[INFO] [stderr]    Compiling libssh2-sys v0.2.23
[INFO] [stderr]    Compiling httparse v1.8.0
[INFO] [stderr]    Compiling rustls v0.20.6
[INFO] [stderr]    Compiling resolv-conf v0.7.0
[INFO] [stderr]    Compiling lru-cache v0.1.2
[INFO] [stderr]    Compiling snow v0.9.0
[INFO] [stderr]    Compiling nohash-hasher v0.2.0
[INFO] [stderr]    Compiling flate2 v1.0.24
[INFO] [stderr]    Compiling libgit2-sys v0.14.0+1.5.0
[INFO] [stderr]    Compiling sha-1 v0.9.8
[INFO] [stderr]    Compiling pin-project-lite v0.1.12
[INFO] [stderr]    Compiling base64 v0.13.0
[INFO] [stderr]    Compiling synstructure v0.12.6
[INFO] [stderr]    Compiling toml v0.5.9
[INFO] [stderr]    Compiling quicksink v0.1.2
[INFO] [stdout] error: failed to write to `/opt/rustwide/target/debug/deps/rmetaH0v8kp/lib.rmeta`: No space left on device (os error 28)
[INFO] [stdout] 
[INFO] [stdout] 
[INFO] [stderr] error: could not compile `regex` (lib) due to 1 previous error
[INFO] [stderr] warning: build failed, waiting for other jobs to finish...
[INFO] [stderr] rustc-LLVM ERROR: IO failure on output stream: No space left on device
[INFO] [stderr] error: could not compile `idna` (lib)
[INFO] [stderr] 
[INFO] [stderr] Caused by:
[INFO] [stderr]   No space left on device (os error 28)
[INFO] [stderr] 
[INFO] [stderr] Caused by:
[INFO] [stderr]   failed to parse process output: `/opt/rustwide/rustup-home/toolchains/1.83.0-x86_64-unknown-linux-gnu/bin/rustc --crate-name idna --edition=2018 /opt/rustwide/cargo-home/registry/src/index.crates.io-6f17d22bba15001f/idna-0.2.3/src/lib.rs --error-format=json --json=diagnostic-rendered-ansi,artifacts,future-incompat --crate-type lib --emit=dep-info,metadata,link -C embed-bitcode=no -C debuginfo=2 --check-cfg 'cfg(docsrs)' --check-cfg 'cfg(feature, values())' -C metadata=64e72e62955dfebc -C extra-filename=-64e72e62955dfebc --out-dir /opt/rustwide/target/debug/deps -L dependency=/opt/rustwide/target/debug/deps --extern matches=/opt/rustwide/target/debug/deps/libmatches-37eee2c50f82dc8b.rmeta --extern unicode_bidi=/opt/rustwide/target/debug/deps/libunicode_bidi-e73cec4e4148a794.rmeta --extern unicode_normalization=/opt/rustwide/target/debug/deps/libunicode_normalization-f64fed81f813b643.rmeta --cap-lints allow --cap-lints=warn` (exit status: 101)
[INFO] [stdout] error: failed to write /tmp/rustcexQAcf/lib.rmeta: No space left on device (os error 28)
[INFO] [stdout] 
[INFO] [stdout] 
[INFO] [stderr] rustc-LLVM ERROR: IO failure on output stream: No space left on device
[INFO] [stderr] error: could not compile `flate2` (lib)
[INFO] [stderr] 
[INFO] [stderr] Caused by:
[INFO] [stderr]   process didn't exit successfully: `/opt/rustwide/rustup-home/toolchains/1.83.0-x86_64-unknown-linux-gnu/bin/rustc --crate-name flate2 --edition=2018 /opt/rustwide/cargo-home/registry/src/index.crates.io-6f17d22bba15001f/flate2-1.0.24/src/lib.rs --error-format=json --json=diagnostic-rendered-ansi,artifacts,future-incompat --crate-type lib --emit=dep-info,metadata,link -C embed-bitcode=no -C debuginfo=2 --cfg 'feature="any_zlib"' --cfg 'feature="libz-sys"' --cfg 'feature="zlib"' --check-cfg 'cfg(docsrs)' --check-cfg 'cfg(feature, values("any_zlib", "cloudflare-zlib-sys", "cloudflare_zlib", "default", "libz-ng-sys", "libz-sys", "miniz-sys", "miniz_oxide", "rust_backend", "zlib", "zlib-ng", "zlib-ng-compat"))' -C metadata=fe28f07277a86b99 -C extra-filename=-fe28f07277a86b99 --out-dir /opt/rustwide/target/debug/deps -L dependency=/opt/rustwide/target/debug/deps --extern crc32fast=/opt/rustwide/target/debug/deps/libcrc32fast-92426fe39f2c39c8.rmeta --extern libz_sys=/opt/rustwide/target/debug/deps/liblibz_sys-7d1b3d305801bb54.rmeta --cap-lints allow --cap-lints=warn` (exit status: 101)
[INFO] [stdout] error: couldn't create a temp dir: No space left on device (os error 28) at path "/opt/rustwide/target/debug/deps/rmetauuoaBt"
[INFO] [stdout] 
[INFO] [stdout] 
[INFO] [stderr] error: could not compile `serde` (lib) due to 1 previous error
[INFO] [stdout] error: failed to write to `/opt/rustwide/target/debug/deps/rmetaJ10qZ7/lib.rmeta`: No space left on device (os error 28)
[INFO] [stdout] 
[INFO] [stdout] 
[INFO] [stdout] error: linking with `cc` failed: exit status: 1
[INFO] [stdout]   |
[INFO] [stdout]   = note: LC_ALL="C" PATH="/opt/rustwide/rustup-home/toolchains/1.83.0-x86_64-unknown-linux-gnu/lib/rustlib/x86_64-unknown-linux-gnu/bin:/opt/rustwide/cargo-home/bin:/usr/local/sbin:/usr/local/bin:/usr/sbin:/usr/bin:/sbin:/bin" VSLANG="1033" "cc" "-m64" "/tmp/rustchuTQI0/symbols.o" "/opt/rustwide/target/debug/build/libgit2-sys-df744437199b2077/build_script_build-df744437199b2077.build_script_build.52757b5115263ffc-cgu.0.rcgu.o" "/opt/rustwide/target/debug/build/libgit2-sys-df744437199b2077/build_script_build-df744437199b2077.build_script_build.52757b5115263ffc-cgu.1.rcgu.o" "/opt/rustwide/target/debug/build/libgit2-sys-df744437199b2077/build_script_build-df744437199b2077.build_script_build.52757b5115263ffc-cgu.2.rcgu.o" "/opt/rustwide/target/debug/build/libgit2-sys-df744437199b2077/build_script_build-df744437199b2077.2b1mywlw2z5ylhu2dos445mcz.rcgu.o" "-Wl,--as-needed" "-Wl,-Bstatic" "/opt/rustwide/target/debug/deps/libcc-8697f5dd65963e57.rlib" "/opt/rustwide/target/debug/deps/libjobserver-3a63e6db2ace4e19.rlib" "/opt/rustwide/target/debug/deps/liblibc-90f09436e8c653de.rlib" "/opt/rustwide/target/debug/deps/libpkg_config-c7118bc13e427e18.rlib" "/opt/rustwide/rustup-home/toolchains/1.83.0-x86_64-unknown-linux-gnu/lib/rustlib/x86_64-unknown-linux-gnu/lib/libstd-ca74a2d9c5166d9f.rlib" "/opt/rustwide/rustup-home/toolchains/1.83.0-x86_64-unknown-linux-gnu/lib/rustlib/x86_64-unknown-linux-gnu/lib/libpanic_unwind-e31ab23316ed5080.rlib" "/opt/rustwide/rustup-home/toolchains/1.83.0-x86_64-unknown-linux-gnu/lib/rustlib/x86_64-unknown-linux-gnu/lib/libobject-27dc4aa955912662.rlib" "/opt/rustwide/rustup-home/toolchains/1.83.0-x86_64-unknown-linux-gnu/lib/rustlib/x86_64-unknown-linux-gnu/lib/libmemchr-bd0d6cccce077b99.rlib" "/opt/rustwide/rustup-home/toolchains/1.83.0-x86_64-unknown-linux-gnu/lib/rustlib/x86_64-unknown-linux-gnu/lib/libaddr2line-8d001680935b5e3c.rlib" "/opt/rustwide/rustup-home/toolchains/1.83.0-x86_64-unknown-linux-gnu/lib/rustlib/x86_64-unknown-linux-gnu/lib/libgimli-ba8ce71964f984f4.rlib" "/opt/rustwide/rustup-home/toolchains/1.83.0-x86_64-unknown-linux-gnu/lib/rustlib/x86_64-unknown-linux-gnu/lib/librustc_demangle-99a73526abcec14b.rlib" "/opt/rustwide/rustup-home/toolchains/1.83.0-x86_64-unknown-linux-gnu/lib/rustlib/x86_64-unknown-linux-gnu/lib/libstd_detect-63ac0d22cff92579.rlib" "/opt/rustwide/rustup-home/toolchains/1.83.0-x86_64-unknown-linux-gnu/lib/rustlib/x86_64-unknown-linux-gnu/lib/libhashbrown-9057355c92c922d5.rlib" "/opt/rustwide/rustup-home/toolchains/1.83.0-x86_64-unknown-linux-gnu/lib/rustlib/x86_64-unknown-linux-gnu/lib/librustc_std_workspace_alloc-358be9bc1f6bab04.rlib" "/opt/rustwide/rustup-home/toolchains/1.83.0-x86_64-unknown-linux-gnu/lib/rustlib/x86_64-unknown-linux-gnu/lib/libminiz_oxide-aca15549d5bff974.rlib" "/opt/rustwide/rustup-home/toolchains/1.83.0-x86_64-unknown-linux-gnu/lib/rustlib/x86_64-unknown-linux-gnu/lib/libadler-8251d2cef7072448.rlib" "/opt/rustwide/rustup-home/toolchains/1.83.0-x86_64-unknown-linux-gnu/lib/rustlib/x86_64-unknown-linux-gnu/lib/libunwind-7d50b86011c66411.rlib" "/opt/rustwide/rustup-home/toolchains/1.83.0-x86_64-unknown-linux-gnu/lib/rustlib/x86_64-unknown-linux-gnu/lib/libcfg_if-51ea098fce5006bf.rlib" "/opt/rustwide/rustup-home/toolchains/1.83.0-x86_64-unknown-linux-gnu/lib/rustlib/x86_64-unknown-linux-gnu/lib/liblibc-5a14e0d0b712e731.rlib" "/opt/rustwide/rustup-home/toolchains/1.83.0-x86_64-unknown-linux-gnu/lib/rustlib/x86_64-unknown-linux-gnu/lib/liballoc-8b83dbf3a7b8f999.rlib" "/opt/rustwide/rustup-home/toolchains/1.83.0-x86_64-unknown-linux-gnu/lib/rustlib/x86_64-unknown-linux-gnu/lib/librustc_std_workspace_core-c6fd227bdc7b39ff.rlib" "/opt/rustwide/rustup-home/toolchains/1.83.0-x86_64-unknown-linux-gnu/lib/rustlib/x86_64-unknown-linux-gnu/lib/libcore-959d3389fa3da8a5.rlib" "/opt/rustwide/rustup-home/toolchains/1.83.0-x86_64-unknown-linux-gnu/lib/rustlib/x86_64-unknown-linux-gnu/lib/libcompiler_builtins-abe05db089cc2c62.rlib" "-Wl,-Bdynamic" "-lgcc_s" "-lutil" "-lrt" "-lpthread" "-lm" "-ldl" "-lc" "-Wl,--eh-frame-hdr" "-Wl,-z,noexecstack" "-L" "/opt/rustwide/rustup-home/toolchains/1.83.0-x86_64-unknown-linux-gnu/lib/rustlib/x86_64-unknown-linux-gnu/lib" "-o" "/opt/rustwide/target/debug/build/libgit2-sys-df744437199b2077/build_script_build-df744437199b2077" "-Wl,--gc-sections" "-pie" "-Wl,-z,relro,-z,now" "-nodefaultlibs"
[INFO] [stdout]   = note: /usr/bin/ld: final link failed: No space left on device
[INFO] [stdout]           collect2: error: ld returned 1 exit status
[INFO] [stdout]           
[INFO] [stdout] 
[INFO] [stdout] 
[INFO] [stderr] rustc-LLVM ERROR: IO failure on output stream: No space left on device
[INFO] [stderr] error: could not compile `proc-macro-error` (lib) due to 1 previous error
[INFO] [stdout] error: failed to write to `/opt/rustwide/target/debug/deps/rmetaHNgbuN/lib.rmeta`: No space left on device (os error 28)
[INFO] [stdout] 
[INFO] [stdout] 
[INFO] [stderr] error: could not compile `base64` (lib)
[INFO] [stderr] 
[INFO] [stderr] Caused by:
[INFO] [stderr]   process didn't exit successfully: `/opt/rustwide/rustup-home/toolchains/1.83.0-x86_64-unknown-linux-gnu/bin/rustc --crate-name base64 --edition=2018 /opt/rustwide/cargo-home/registry/src/index.crates.io-6f17d22bba15001f/base64-0.13.0/src/lib.rs --error-format=json --json=diagnostic-rendered-ansi,artifacts,future-incompat --crate-type lib --emit=dep-info,metadata,link -C embed-bitcode=no -C debuginfo=2 --cfg 'feature="alloc"' --check-cfg 'cfg(docsrs)' --check-cfg 'cfg(feature, values("alloc", "default", "std"))' -C metadata=7912644c6df537dd -C extra-filename=-7912644c6df537dd --out-dir /opt/rustwide/target/debug/deps -L dependency=/opt/rustwide/target/debug/deps --cap-lints allow --cap-lints=warn` (exit status: 101)
[INFO] [stderr] error: could not compile `libgit2-sys` (build script) due to 1 previous error
[INFO] [stderr] error: could not compile `quicksink` (lib) due to 1 previous error
[INFO] [stderr] error: could not compile `synstructure` (lib) due to 1 previous error
[INFO] [stderr] rustc-LLVM ERROR: IO failure on output stream: No space left on device
[INFO] [stderr] error: could not compile `syn` (lib)
[INFO] [stderr] 
[INFO] [stderr] Caused by:
[INFO] [stderr]   No space left on device (os error 28)
[INFO] [stderr] 
[INFO] [stderr] Caused by:
[INFO] [stderr]   failed to parse process output: `/opt/rustwide/rustup-home/toolchains/1.83.0-x86_64-unknown-linux-gnu/bin/rustc --crate-name syn --edition=2018 /opt/rustwide/cargo-home/registry/src/index.crates.io-6f17d22bba15001f/syn-1.0.102/src/lib.rs --error-format=json --json=diagnostic-rendered-ansi,artifacts,future-incompat --crate-type lib --emit=dep-info,metadata,link -C embed-bitcode=no --cfg 'feature="clone-impls"' --cfg 'feature="default"' --cfg 'feature="derive"' --cfg 'feature="extra-traits"' --cfg 'feature="full"' --cfg 'feature="parsing"' --cfg 'feature="printing"' --cfg 'feature="proc-macro"' --cfg 'feature="quote"' --cfg 'feature="visit"' --cfg 'feature="visit-mut"' --check-cfg 'cfg(docsrs)' --check-cfg 'cfg(feature, values("clone-impls", "default", "derive", "extra-traits", "fold", "full", "parsing", "printing", "proc-macro", "quote", "test", "visit", "visit-mut"))' -C metadata=a8060e9776337363 -C extra-filename=-a8060e9776337363 --out-dir /opt/rustwide/target/debug/deps -L dependency=/opt/rustwide/target/debug/deps --extern proc_macro2=/opt/rustwide/target/debug/deps/libproc_macro2-2fae80c78d16aa76.rmeta --extern quote=/opt/rustwide/target/debug/deps/libquote-a69515147054a2bc.rmeta --extern unicode_ident=/opt/rustwide/target/debug/deps/libunicode_ident-33da518004f58c70.rmeta --cap-lints allow --cap-lints=warn --cfg syn_disable_nightly_tests` (exit status: 101)
[INFO] [stdout] error: failed to write to `/opt/rustwide/target/debug/deps/rmetaL2ZODl/lib.rmeta`: No space left on device (os error 28)
[INFO] [stdout] 
[INFO] [stdout] 
[INFO] [stderr] error: could not compile `ring` (lib) due to 1 previous error
[INFO] [stderr] The following warnings were emitted during compilation:
[INFO] [stderr] 
[INFO] [stderr] warning: libssh2-sys@0.2.23: libssh2/src/knownhost.c: In function 'knownhost_check':
[INFO] [stderr] warning: libssh2-sys@0.2.23: libssh2/src/knownhost.c:423:21: warning: 'HMAC_CTX_new' is deprecated: Since OpenSSL 3.0 [-Wdeprecated-declarations]
[INFO] [stderr] warning: libssh2-sys@0.2.23:   423 |                     libssh2_hmac_ctx_init(ctx);
[INFO] [stderr] warning: libssh2-sys@0.2.23:       |                     ^~~~~~~~~~~~~~~~~~~~~
[INFO] [stderr] warning: libssh2-sys@0.2.23: In file included from libssh2/src/openssl.h:55,
[INFO] [stderr] warning: libssh2-sys@0.2.23:                  from libssh2/src/crypto.h:42,
[INFO] [stderr] warning: libssh2-sys@0.2.23:                  from libssh2/src/libssh2_priv.h:141,
[INFO] [stderr] warning: libssh2-sys@0.2.23:                  from libssh2/src/knownhost.c:39:
[INFO] [stderr] warning: libssh2-sys@0.2.23: /usr/include/openssl/hmac.h:33:33: note: declared here
[INFO] [stderr] warning: libssh2-sys@0.2.23:    33 | OSSL_DEPRECATEDIN_3_0 HMAC_CTX *HMAC_CTX_new(void);
[INFO] [stderr] warning: libssh2-sys@0.2.23:       |                                 ^~~~~~~~~~~~
[INFO] [stderr] warning: libssh2-sys@0.2.23: libssh2/src/knownhost.c:430:21: warning: 'HMAC_Init_ex' is deprecated: Since OpenSSL 3.0 [-Wdeprecated-declarations]
[INFO] [stderr] warning: libssh2-sys@0.2.23:   430 |                     libssh2_hmac_sha1_init(&ctx, (unsigned char *)node->salt,
[INFO] [stderr] warning: libssh2-sys@0.2.23:       |                     ^~~~~~~~~~~~~~~~~~~~~~
[INFO] [stderr] warning: libssh2-sys@0.2.23: In file included from libssh2/src/openssl.h:55,
[INFO] [stderr] warning: libssh2-sys@0.2.23:                  from libssh2/src/crypto.h:42,
[INFO] [stderr] warning: libssh2-sys@0.2.23:                  from libssh2/src/libssh2_priv.h:141,
[INFO] [stderr] warning: libssh2-sys@0.2.23:                  from libssh2/src/knownhost.c:39:
[INFO] [stderr] warning: libssh2-sys@0.2.23: /usr/include/openssl/hmac.h:43:27: note: declared here
[INFO] [stderr] warning: libssh2-sys@0.2.23:    43 | OSSL_DEPRECATEDIN_3_0 int HMAC_Init_ex(HMAC_CTX *ctx, const void *key, int len,
[INFO] [stderr] warning: libssh2-sys@0.2.23:       |                           ^~~~~~~~~~~~
[INFO] [stderr] warning: libssh2-sys@0.2.23: libssh2/src/knownhost.c:432:21: warning: 'HMAC_Update' is deprecated: Since OpenSSL 3.0 [-Wdeprecated-declarations]
[INFO] [stderr] warning: libssh2-sys@0.2.23:   432 |                     libssh2_hmac_update(ctx, (unsigned char *)host,
[INFO] [stderr] warning: libssh2-sys@0.2.23:       |                     ^~~~~~~~~~~~~~~~~~~
[INFO] [stderr] warning: libssh2-sys@0.2.23: In file included from libssh2/src/openssl.h:55,
[INFO] [stderr] warning: libssh2-sys@0.2.23:                  from libssh2/src/crypto.h:42,
[INFO] [stderr] warning: libssh2-sys@0.2.23:                  from libssh2/src/libssh2_priv.h:141,
[INFO] [stderr] warning: libssh2-sys@0.2.23:                  from libssh2/src/knownhost.c:39:
[INFO] [stderr] warning: libssh2-sys@0.2.23: /usr/include/openssl/hmac.h:45:27: note: declared here
[INFO] [stderr] warning: libssh2-sys@0.2.23:    45 | OSSL_DEPRECATEDIN_3_0 int HMAC_Update(HMAC_CTX *ctx, const unsigned char *data,
[INFO] [stderr] warning: libssh2-sys@0.2.23:       |                           ^~~~~~~~~~~
[INFO] [stderr] warning: libssh2-sys@0.2.23: libssh2/src/knownhost.c:434:21: warning: 'HMAC_Final' is deprecated: Since OpenSSL 3.0 [-Wdeprecated-declarations]
[INFO] [stderr] warning: libssh2-sys@0.2.23:   434 |                     libssh2_hmac_final(ctx, hash);
[INFO] [stderr] warning: libssh2-sys@0.2.23:       |                     ^~~~~~~~~~~~~~~~~~
[INFO] [stderr] warning: libssh2-sys@0.2.23: In file included from libssh2/src/openssl.h:55,
[INFO] [stderr] warning: libssh2-sys@0.2.23:                  from libssh2/src/crypto.h:42,
[INFO] [stderr] warning: libssh2-sys@0.2.23:                  from libssh2/src/libssh2_priv.h:141,
[INFO] [stderr] warning: libssh2-sys@0.2.23:                  from libssh2/src/knownhost.c:39:
[INFO] [stderr] warning: libssh2-sys@0.2.23: /usr/include/openssl/hmac.h:47:27: note: declared here
[INFO] [stderr] warning: libssh2-sys@0.2.23:    47 | OSSL_DEPRECATEDIN_3_0 int HMAC_Final(HMAC_CTX *ctx, unsigned char *md,
[INFO] [stderr] warning: libssh2-sys@0.2.23:       |                           ^~~~~~~~~~
[INFO] [stderr] warning: libssh2-sys@0.2.23: libssh2/src/knownhost.c:435:21: warning: 'HMAC_CTX_free' is deprecated: Since OpenSSL 3.0 [-Wdeprecated-declarations]
[INFO] [stderr] warning: libssh2-sys@0.2.23:   435 |                     libssh2_hmac_cleanup(&ctx);
[INFO] [stderr] warning: libssh2-sys@0.2.23:       |                     ^~~~~~~~~~~~~~~~~~~~
[INFO] [stderr] warning: libssh2-sys@0.2.23: In file included from libssh2/src/openssl.h:55,
[INFO] [stderr] warning: libssh2-sys@0.2.23:                  from libssh2/src/crypto.h:42,
[INFO] [stderr] warning: libssh2-sys@0.2.23:                  from libssh2/src/libssh2_priv.h:141,
[INFO] [stderr] warning: libssh2-sys@0.2.23:                  from libssh2/src/knownhost.c:39:
[INFO] [stderr] warning: libssh2-sys@0.2.23: /usr/include/openssl/hmac.h:35:28: note: declared here
[INFO] [stderr] warning: libssh2-sys@0.2.23:    35 | OSSL_DEPRECATEDIN_3_0 void HMAC_CTX_free(HMAC_CTX *ctx);
[INFO] [stderr] warning: libssh2-sys@0.2.23:       |                            ^~~~~~~~~~~~~
[INFO] [stderr] warning: libssh2-sys@0.2.23: libssh2/src/kex.c: In function 'kex_method_ecdh_key_exchange':
[INFO] [stderr] warning: libssh2-sys@0.2.23: libssh2/src/kex.c:2322:9: warning: 'EC_KEY_free' is deprecated: Since OpenSSL 3.0 [-Wdeprecated-declarations]
[INFO] [stderr] warning: libssh2-sys@0.2.23:  2322 |         _libssh2_ecdsa_free(key_state->private_key);
[INFO] [stderr] warning: libssh2-sys@0.2.23:       |         ^~~~~~~~~~~~~~~~~~~
[INFO] [stderr] warning: libssh2-sys@0.2.23: In file included from /usr/include/openssl/engine.h:28,
[INFO] [stderr] warning: libssh2-sys@0.2.23:                  from libssh2/src/openssl.h:46,
[INFO] [stderr] warning: libssh2-sys@0.2.23:                  from libssh2/src/crypto.h:42,
[INFO] [stderr] warning: libssh2-sys@0.2.23:                  from libssh2/src/libssh2_priv.h:141,
[INFO] [stderr] warning: libssh2-sys@0.2.23:                  from libssh2/src/kex.c:39:
[INFO] [stderr] warning: libssh2-sys@0.2.23: /usr/include/openssl/ec.h:1003:28: note: declared here
[INFO] [stderr] warning: libssh2-sys@0.2.23:  1003 | OSSL_DEPRECATEDIN_3_0 void EC_KEY_free(EC_KEY *key);
[INFO] [stderr] warning: libssh2-sys@0.2.23:       |                            ^~~~~~~~~~~
[INFO] [stderr] warning: libssh2-sys@0.2.23: libssh2/src/hostkey.c: In function 'hostkey_method_ssh_rsa_dtor':
[INFO] [stderr] warning: libssh2-sys@0.2.23: libssh2/src/hostkey.c:241:5: warning: 'RSA_free' is deprecated: Since OpenSSL 3.0 [-Wdeprecated-declarations]
[INFO] [stderr] warning: libssh2-sys@0.2.23:   241 |     _libssh2_rsa_free(rsactx);
[INFO] [stderr] warning: libssh2-sys@0.2.23:       |     ^~~~~~~~~~~~~~~~~
[INFO] [stderr] warning: libssh2-sys@0.2.23: In file included from libssh2/src/openssl.h:44,
[INFO] [stderr] warning: libssh2-sys@0.2.23:                  from libssh2/src/crypto.h:42,
[INFO] [stderr] warning: libssh2-sys@0.2.23:                  from libssh2/src/libssh2_priv.h:141,
[INFO] [stderr] warning: libssh2-sys@0.2.23:                  from libssh2/src/hostkey.c:39:
[INFO] [stderr] warning: libssh2-sys@0.2.23: /usr/include/openssl/rsa.h:298:28: note: declared here
[INFO] [stderr] warning: libssh2-sys@0.2.23:   298 | OSSL_DEPRECATEDIN_3_0 void RSA_free(RSA *r);
[INFO] [stderr] warning: libssh2-sys@0.2.23:       |                            ^~~~~~~~
[INFO] [stderr] warning: libssh2-sys@0.2.23: libssh2/src/hostkey.c: In function 'hostkey_method_ssh_dss_dtor':
[INFO] [stderr] warning: libssh2-sys@0.2.23: libssh2/src/hostkey.c:466:5: warning: 'DSA_free' is deprecated: Since OpenSSL 3.0 [-Wdeprecated-declarations]
[INFO] [stderr] warning: libssh2-sys@0.2.23:   466 |     _libssh2_dsa_free(dsactx);
[INFO] [stderr] warning: libssh2-sys@0.2.23:       |     ^~~~~~~~~~~~~~~~~
[INFO] [stderr] warning: libssh2-sys@0.2.23: In file included from /usr/include/openssl/engine.h:26,
[INFO] [stderr] warning: libssh2-sys@0.2.23:                  from libssh2/src/openssl.h:46,
[INFO] [stderr] warning: libssh2-sys@0.2.23:                  from libssh2/src/crypto.h:42,
[INFO] [stderr] warning: libssh2-sys@0.2.23:                  from libssh2/src/libssh2_priv.h:141,
[INFO] [stderr] warning: libssh2-sys@0.2.23:                  from libssh2/src/hostkey.c:39:
[INFO] [stderr] warning: libssh2-sys@0.2.23: /usr/include/openssl/dsa.h:127:28: note: declared here
[INFO] [stderr] warning: libssh2-sys@0.2.23:   127 | OSSL_DEPRECATEDIN_3_0 void DSA_free(DSA *r);
[INFO] [stderr] warning: libssh2-sys@0.2.23:       |                            ^~~~~~~~
[INFO] [stderr] warning: libssh2-sys@0.2.23: libssh2/src/hostkey.c: In function 'hostkey_method_ssh_ecdsa_dtor':
[INFO] [stderr] warning: libssh2-sys@0.2.23: libssh2/src/hostkey.c:743:9: warning: 'EC_KEY_free' is deprecated: Since OpenSSL 3.0 [-Wdeprecated-declarations]
[INFO] [stderr] warning: libssh2-sys@0.2.23:   743 |         _libssh2_ecdsa_free(keyctx);
[INFO] [stderr] warning: libssh2-sys@0.2.23:       |         ^~~~~~~~~~~~~~~~~~~
[INFO] [stderr] warning: libssh2-sys@0.2.23: In file included from /usr/include/openssl/engine.h:28,
[INFO] [stderr] warning: libssh2-sys@0.2.23:                  from libssh2/src/openssl.h:46,
[INFO] [stderr] warning: libssh2-sys@0.2.23:                  from libssh2/src/crypto.h:42,
[INFO] [stderr] warning: libssh2-sys@0.2.23:                  from libssh2/src/libssh2_priv.h:141,
[INFO] [stderr] warning: libssh2-sys@0.2.23:                  from libssh2/src/hostkey.c:39:
[INFO] [stderr] warning: libssh2-sys@0.2.23: /usr/include/openssl/ec.h:1003:28: note: declared here
[INFO] [stderr] warning: libssh2-sys@0.2.23:  1003 | OSSL_DEPRECATEDIN_3_0 void EC_KEY_free(EC_KEY *key);
[INFO] [stderr] warning: libssh2-sys@0.2.23:       |                            ^~~~~~~~~~~
[INFO] [stderr] warning: libssh2-sys@0.2.23: libssh2/src/mac.c: In function 'mac_method_hmac_sha2_512_hash':
[INFO] [stderr] warning: libssh2-sys@0.2.23: libssh2/src/mac.c:117:5: warning: 'HMAC_CTX_new' is deprecated: Since OpenSSL 3.0 [-Wdeprecated-declarations]
[INFO] [stderr] warning: libssh2-sys@0.2.23:   117 |     libssh2_hmac_ctx_init(ctx);
[INFO] [stderr] warning: libssh2-sys@0.2.23:       |     ^~~~~~~~~~~~~~~~~~~~~
[INFO] [stderr] warning: libssh2-sys@0.2.23: In file included from libssh2/src/openssl.h:55,
[INFO] [stderr] warning: libssh2-sys@0.2.23:                  from libssh2/src/crypto.h:42,
[INFO] [stderr] warning: libssh2-sys@0.2.23:                  from libssh2/src/libssh2_priv.h:141,
[INFO] [stderr] warning: libssh2-sys@0.2.23:                  from libssh2/src/mac.c:38:
[INFO] [stderr] warning: libssh2-sys@0.2.23: /usr/include/openssl/hmac.h:33:33: note: declared here
[INFO] [stderr] warning: libssh2-sys@0.2.23:    33 | OSSL_DEPRECATEDIN_3_0 HMAC_CTX *HMAC_CTX_new(void);
[INFO] [stderr] warning: libssh2-sys@0.2.23:       |                                 ^~~~~~~~~~~~
[INFO] [stderr] warning: libssh2-sys@0.2.23: libssh2/src/mac.c:118:5: warning: 'HMAC_Init_ex' is deprecated: Since OpenSSL 3.0 [-Wdeprecated-declarations]
[INFO] [stderr] warning: libssh2-sys@0.2.23:   118 |     libssh2_hmac_sha512_init(&ctx, *abstract, 64);
[INFO] [stderr] warning: libssh2-sys@0.2.23:       |     ^~~~~~~~~~~~~~~~~~~~~~~~
[INFO] [stderr] warning: libssh2-sys@0.2.23: In file included from libssh2/src/openssl.h:55,
[INFO] [stderr] warning: libssh2-sys@0.2.23:                  from libssh2/src/crypto.h:42,
[INFO] [stderr] warning: libssh2-sys@0.2.23:                  from libssh2/src/libssh2_priv.h:141,
[INFO] [stderr] warning: libssh2-sys@0.2.23:                  from libssh2/src/mac.c:38:
[INFO] [stderr] warning: libssh2-sys@0.2.23: /usr/include/openssl/hmac.h:43:27: note: declared here
[INFO] [stderr] warning: libssh2-sys@0.2.23:    43 | OSSL_DEPRECATEDIN_3_0 int HMAC_Init_ex(HMAC_CTX *ctx, const void *key, int len,
[INFO] [stderr] warning: libssh2-sys@0.2.23:       |                           ^~~~~~~~~~~~
[INFO] [stderr] warning: libssh2-sys@0.2.23: libssh2/src/mac.c:119:5: warning: 'HMAC_Update' is deprecated: Since OpenSSL 3.0 [-Wdeprecated-declarations]
[INFO] [stderr] warning: libssh2-sys@0.2.23:   119 |     libssh2_hmac_update(ctx, seqno_buf, 4);
[INFO] [stderr] warning: libssh2-sys@0.2.23:       |     ^~~~~~~~~~~~~~~~~~~
[INFO] [stderr] warning: libssh2-sys@0.2.23: In file included from libssh2/src/openssl.h:55,
[INFO] [stderr] warning: libssh2-sys@0.2.23:                  from libssh2/src/crypto.h:42,
[INFO] [stderr] warning: libssh2-sys@0.2.23:                  from libssh2/src/libssh2_priv.h:141,
[INFO] [stderr] warning: libssh2-sys@0.2.23:                  from libssh2/src/mac.c:38:
[INFO] [stderr] warning: libssh2-sys@0.2.23: /usr/include/openssl/hmac.h:45:27: note: declared here
[INFO] [stderr] warning: libssh2-sys@0.2.23:    45 | OSSL_DEPRECATEDIN_3_0 int HMAC_Update(HMAC_CTX *ctx, const unsigned char *data,
[INFO] [stderr] warning: libssh2-sys@0.2.23:       |                           ^~~~~~~~~~~
[INFO] [stderr] warning: libssh2-sys@0.2.23: libssh2/src/mac.c:120:5: warning: 'HMAC_Update' is deprecated: Since OpenSSL 3.0 [-Wdeprecated-declarations]
[INFO] [stderr] warning: libssh2-sys@0.2.23:   120 |     libssh2_hmac_update(ctx, packet, packet_len);
[INFO] [stderr] warning: libssh2-sys@0.2.23:       |     ^~~~~~~~~~~~~~~~~~~
[INFO] [stderr] warning: libssh2-sys@0.2.23: In file included from libssh2/src/openssl.h:55,
[INFO] [stderr] warning: libssh2-sys@0.2.23:                  from libssh2/src/crypto.h:42,
[INFO] [stderr] warning: libssh2-sys@0.2.23:                  from libssh2/src/libssh2_priv.h:141,
[INFO] [stderr] warning: libssh2-sys@0.2.23:                  from libssh2/src/mac.c:38:
[INFO] [stderr] warning: libssh2-sys@0.2.23: /usr/include/openssl/hmac.h:45:27: note: declared here
[INFO] [stderr] warning: libssh2-sys@0.2.23:    45 | OSSL_DEPRECATEDIN_3_0 int HMAC_Update(HMAC_CTX *ctx, const unsigned char *data,
[INFO] [stderr] warning: libssh2-sys@0.2.23:       |                           ^~~~~~~~~~~
[INFO] [stderr] warning: libssh2-sys@0.2.23: libssh2/src/mac.c:122:9: warning: 'HMAC_Update' is deprecated: Since OpenSSL 3.0 [-Wdeprecated-declarations]
[INFO] [stderr] warning: libssh2-sys@0.2.23:   122 |         libssh2_hmac_update(ctx, addtl, addtl_len);
[INFO] [stderr] warning: libssh2-sys@0.2.23:       |         ^~~~~~~~~~~~~~~~~~~
[INFO] [stderr] warning: libssh2-sys@0.2.23: In file included from libssh2/src/openssl.h:55,
[INFO] [stderr] warning: libssh2-sys@0.2.23:                  from libssh2/src/crypto.h:42,
[INFO] [stderr] warning: libssh2-sys@0.2.23:                  from libssh2/src/libssh2_priv.h:141,
[INFO] [stderr] warning: libssh2-sys@0.2.23:                  from libssh2/src/mac.c:38:
[INFO] [stderr] warning: libssh2-sys@0.2.23: /usr/include/openssl/hmac.h:45:27: note: declared here
[INFO] [stderr] warning: libssh2-sys@0.2.23:    45 | OSSL_DEPRECATEDIN_3_0 int HMAC_Update(HMAC_CTX *ctx, const unsigned char *data,
[INFO] [stderr] warning: libssh2-sys@0.2.23:       |                           ^~~~~~~~~~~
[INFO] [stderr] warning: libssh2-sys@0.2.23: libssh2/src/mac.c:124:5: warning: 'HMAC_Final' is deprecated: Since OpenSSL 3.0 [-Wdeprecated-declarations]
[INFO] [stderr] warning: libssh2-sys@0.2.23:   124 |     libssh2_hmac_final(ctx, buf);
[INFO] [stderr] warning: libssh2-sys@0.2.23:       |     ^~~~~~~~~~~~~~~~~~
[INFO] [stderr] warning: libssh2-sys@0.2.23: In file included from libssh2/src/openssl.h:55,
[INFO] [stderr] warning: libssh2-sys@0.2.23:                  from libssh2/src/crypto.h:42,
[INFO] [stderr] warning: libssh2-sys@0.2.23:                  from libssh2/src/libssh2_priv.h:141,
[INFO] [stderr] warning: libssh2-sys@0.2.23:                  from libssh2/src/mac.c:38:
[INFO] [stderr] warning: libssh2-sys@0.2.23: /usr/include/openssl/hmac.h:47:27: note: declared here
[INFO] [stderr] warning: libssh2-sys@0.2.23:    47 | OSSL_DEPRECATEDIN_3_0 int HMAC_Final(HMAC_CTX *ctx, unsigned char *md,
[INFO] [stderr] warning: libssh2-sys@0.2.23:       |                           ^~~~~~~~~~
[INFO] [stderr] warning: libssh2-sys@0.2.23: libssh2/src/mac.c:125:5: warning: 'HMAC_CTX_free' is deprecated: Since OpenSSL 3.0 [-Wdeprecated-declarations]
[INFO] [stderr] warning: libssh2-sys@0.2.23:   125 |     libssh2_hmac_cleanup(&ctx);
[INFO] [stderr] warning: libssh2-sys@0.2.23:       |     ^~~~~~~~~~~~~~~~~~~~
[INFO] [stderr] warning: libssh2-sys@0.2.23: In file included from libssh2/src/openssl.h:55,
[INFO] [stderr] warning: libssh2-sys@0.2.23:                  from libssh2/src/crypto.h:42,
[INFO] [stderr] warning: libssh2-sys@0.2.23:                  from libssh2/src/libssh2_priv.h:141,
[INFO] [stderr] warning: libssh2-sys@0.2.23:                  from libssh2/src/mac.c:38:
[INFO] [stderr] warning: libssh2-sys@0.2.23: /usr/include/openssl/hmac.h:35:28: note: declared here
[INFO] [stderr] warning: libssh2-sys@0.2.23:    35 | OSSL_DEPRECATEDIN_3_0 void HMAC_CTX_free(HMAC_CTX *ctx);
[INFO] [stderr] warning: libssh2-sys@0.2.23:       |                            ^~~~~~~~~~~~~
[INFO] [stderr] warning: libssh2-sys@0.2.23: libssh2/src/mac.c: In function 'mac_method_hmac_sha2_256_hash':
[INFO] [stderr] warning: libssh2-sys@0.2.23: libssh2/src/mac.c:162:5: warning: 'HMAC_CTX_new' is deprecated: Since OpenSSL 3.0 [-Wdeprecated-declarations]
[INFO] [stderr] warning: libssh2-sys@0.2.23:   162 |     libssh2_hmac_ctx_init(ctx);
[INFO] [stderr] warning: libssh2-sys@0.2.23:       |     ^~~~~~~~~~~~~~~~~~~~~
[INFO] [stderr] warning: libssh2-sys@0.2.23: In file included from libssh2/src/openssl.h:55,
[INFO] [stderr] warning: libssh2-sys@0.2.23:                  from libssh2/src/crypto.h:42,
[INFO] [stderr] warning: libssh2-sys@0.2.23:                  from libssh2/src/libssh2_priv.h:141,
[INFO] [stderr] warning: libssh2-sys@0.2.23:                  from libssh2/src/mac.c:38:
[INFO] [stderr] warning: libssh2-sys@0.2.23: /usr/include/openssl/hmac.h:33:33: note: declared here
[INFO] [stderr] warning: libssh2-sys@0.2.23:    33 | OSSL_DEPRECATEDIN_3_0 HMAC_CTX *HMAC_CTX_new(void);
[INFO] [stderr] warning: libssh2-sys@0.2.23:       |                                 ^~~~~~~~~~~~
[INFO] [stderr] warning: libssh2-sys@0.2.23: libssh2/src/mac.c:163:5: warning: 'HMAC_Init_ex' is deprecated: Since OpenSSL 3.0 [-Wdeprecated-declarations]
[INFO] [stderr] warning: libssh2-sys@0.2.23:   163 |     libssh2_hmac_sha256_init(&ctx, *abstract, 32);
[INFO] [stderr] warning: libssh2-sys@0.2.23:       |     ^~~~~~~~~~~~~~~~~~~~~~~~
[INFO] [stderr] warning: libssh2-sys@0.2.23: In file included from libssh2/src/openssl.h:55,
[INFO] [stderr] warning: libssh2-sys@0.2.23:                  from libssh2/src/crypto.h:42,
[INFO] [stderr] warning: libssh2-sys@0.2.23:                  from libssh2/src/libssh2_priv.h:141,
[INFO] [stderr] warning: libssh2-sys@0.2.23:                  from libssh2/src/mac.c:38:
[INFO] [stderr] warning: libssh2-sys@0.2.23: /usr/include/openssl/hmac.h:43:27: note: declared here
[INFO] [stderr] warning: libssh2-sys@0.2.23:    43 | OSSL_DEPRECATEDIN_3_0 int HMAC_Init_ex(HMAC_CTX *ctx, const void *key, int len,
[INFO] [stderr] warning: libssh2-sys@0.2.23:       |                           ^~~~~~~~~~~~
[INFO] [stderr] warning: libssh2-sys@0.2.23: libssh2/src/mac.c:164:5: warning: 'HMAC_Update' is deprecated: Since OpenSSL 3.0 [-Wdeprecated-declarations]
[INFO] [stderr] warning: libssh2-sys@0.2.23:   164 |     libssh2_hmac_update(ctx, seqno_buf, 4);
[INFO] [stderr] warning: libssh2-sys@0.2.23:       |     ^~~~~~~~~~~~~~~~~~~
[INFO] [stderr] warning: libssh2-sys@0.2.23: In file included from libssh2/src/openssl.h:55,
[INFO] [stderr] warning: libssh2-sys@0.2.23:                  from libssh2/src/crypto.h:42,
[INFO] [stderr] warning: libssh2-sys@0.2.23:                  from libssh2/src/libssh2_priv.h:141,
[INFO] [stderr] warning: libssh2-sys@0.2.23:                  from libssh2/src/mac.c:38:
[INFO] [stderr] warning: libssh2-sys@0.2.23: /usr/include/openssl/hmac.h:45:27: note: declared here
[INFO] [stderr] warning: libssh2-sys@0.2.23:    45 | OSSL_DEPRECATEDIN_3_0 int HMAC_Update(HMAC_CTX *ctx, const unsigned char *data,
[INFO] [stderr] warning: libssh2-sys@0.2.23:       |                           ^~~~~~~~~~~
[INFO] [stderr] warning: libssh2-sys@0.2.23: libssh2/src/mac.c:165:5: warning: 'HMAC_Update' is deprecated: Since OpenSSL 3.0 [-Wdeprecated-declarations]
[INFO] [stderr] warning: libssh2-sys@0.2.23:   165 |     libssh2_hmac_update(ctx, packet, packet_len);
[INFO] [stderr] warning: libssh2-sys@0.2.23:       |     ^~~~~~~~~~~~~~~~~~~
[INFO] [stderr] warning: libssh2-sys@0.2.23: In file included from libssh2/src/openssl.h:55,
[INFO] [stderr] warning: libssh2-sys@0.2.23:                  from libssh2/src/crypto.h:42,
[INFO] [stderr] warning: libssh2-sys@0.2.23:                  from libssh2/src/libssh2_priv.h:141,
[INFO] [stderr] warning: libssh2-sys@0.2.23:                  from libssh2/src/mac.c:38:
[INFO] [stderr] warning: libssh2-sys@0.2.23: /usr/include/openssl/hmac.h:45:27: note: declared here
[INFO] [stderr] warning: libssh2-sys@0.2.23:    45 | OSSL_DEPRECATEDIN_3_0 int HMAC_Update(HMAC_CTX *ctx, const unsigned char *data,
[INFO] [stderr] warning: libssh2-sys@0.2.23:       |                           ^~~~~~~~~~~
[INFO] [stderr] warning: libssh2-sys@0.2.23: libssh2/src/mac.c:167:9: warning: 'HMAC_Update' is deprecated: Since OpenSSL 3.0 [-Wdeprecated-declarations]
[INFO] [stderr] warning: libssh2-sys@0.2.23:   167 |         libssh2_hmac_update(ctx, addtl, addtl_len);
[INFO] [stderr] warning: libssh2-sys@0.2.23:       |         ^~~~~~~~~~~~~~~~~~~
[INFO] [stderr] warning: libssh2-sys@0.2.23: In file included from libssh2/src/openssl.h:55,
[INFO] [stderr] warning: libssh2-sys@0.2.23:                  from libssh2/src/crypto.h:42,
[INFO] [stderr] warning: libssh2-sys@0.2.23:                  from libssh2/src/libssh2_priv.h:141,
[INFO] [stderr] warning: libssh2-sys@0.2.23:                  from libssh2/src/mac.c:38:
[INFO] [stderr] warning: libssh2-sys@0.2.23: /usr/include/openssl/hmac.h:45:27: note: declared here
[INFO] [stderr] warning: libssh2-sys@0.2.23:    45 | OSSL_DEPRECATEDIN_3_0 int HMAC_Update(HMAC_CTX *ctx, const unsigned char *data,
[INFO] [stderr] warning: libssh2-sys@0.2.23:       |                           ^~~~~~~~~~~
[INFO] [stderr] warning: libssh2-sys@0.2.23: libssh2/src/mac.c:169:5: warning: 'HMAC_Final' is deprecated: Since OpenSSL 3.0 [-Wdeprecated-declarations]
[INFO] [stderr] warning: libssh2-sys@0.2.23:   169 |     libssh2_hmac_final(ctx, buf);
[INFO] [stderr] warning: libssh2-sys@0.2.23:       |     ^~~~~~~~~~~~~~~~~~
[INFO] [stderr] warning: libssh2-sys@0.2.23: In file included from libssh2/src/openssl.h:55,
[INFO] [stderr] warning: libssh2-sys@0.2.23:                  from libssh2/src/crypto.h:42,
[INFO] [stderr] warning: libssh2-sys@0.2.23:                  from libssh2/src/libssh2_priv.h:141,
[INFO] [stderr] warning: libssh2-sys@0.2.23:                  from libssh2/src/mac.c:38:
[INFO] [stderr] warning: libssh2-sys@0.2.23: /usr/include/openssl/hmac.h:47:27: note: declared here
[INFO] [stderr] warning: libssh2-sys@0.2.23:    47 | OSSL_DEPRECATEDIN_3_0 int HMAC_Final(HMAC_CTX *ctx, unsigned char *md,
[INFO] [stderr] warning: libssh2-sys@0.2.23:       |                           ^~~~~~~~~~
[INFO] [stderr] warning: libssh2-sys@0.2.23: libssh2/src/mac.c:170:5: warning: 'HMAC_CTX_free' is deprecated: Since OpenSSL 3.0 [-Wdeprecated-declarations]
[INFO] [stderr] warning: libssh2-sys@0.2.23:   170 |     libssh2_hmac_cleanup(&ctx);
[INFO] [stderr] warning: libssh2-sys@0.2.23:       |     ^~~~~~~~~~~~~~~~~~~~
[INFO] [stderr] warning: libssh2-sys@0.2.23: In file included from libssh2/src/openssl.h:55,
[INFO] [stderr] warning: libssh2-sys@0.2.23:                  from libssh2/src/crypto.h:42,
[INFO] [stderr] warning: libssh2-sys@0.2.23:                  from libssh2/src/libssh2_priv.h:141,
[INFO] [stderr] warning: libssh2-sys@0.2.23:                  from libssh2/src/mac.c:38:
[INFO] [stderr] warning: libssh2-sys@0.2.23: /usr/include/openssl/hmac.h:35:28: note: declared here
[INFO] [stderr] warning: libssh2-sys@0.2.23:    35 | OSSL_DEPRECATEDIN_3_0 void HMAC_CTX_free(HMAC_CTX *ctx);
[INFO] [stderr] warning: libssh2-sys@0.2.23:       |                            ^~~~~~~~~~~~~
[INFO] [stderr] warning: libssh2-sys@0.2.23: libssh2/src/mac.c: In function 'mac_method_hmac_sha1_hash':
[INFO] [stderr] warning: libssh2-sys@0.2.23: libssh2/src/mac.c:207:5: warning: 'HMAC_CTX_new' is deprecated: Since OpenSSL 3.0 [-Wdeprecated-declarations]
[INFO] [stderr] warning: libssh2-sys@0.2.23:   207 |     libssh2_hmac_ctx_init(ctx);
[INFO] [stderr] warning: libssh2-sys@0.2.23:       |     ^~~~~~~~~~~~~~~~~~~~~
[INFO] [stderr] warning: libssh2-sys@0.2.23: In file included from libssh2/src/openssl.h:55,
[INFO] [stderr] warning: libssh2-sys@0.2.23:                  from libssh2/src/crypto.h:42,
[INFO] [stderr] warning: libssh2-sys@0.2.23:                  from libssh2/src/libssh2_priv.h:141,
[INFO] [stderr] warning: libssh2-sys@0.2.23:                  from libssh2/src/mac.c:38:
[INFO] [stderr] warning: libssh2-sys@0.2.23: /usr/include/openssl/hmac.h:33:33: note: declared here
[INFO] [stderr] warning: libssh2-sys@0.2.23:    33 | OSSL_DEPRECATEDIN_3_0 HMAC_CTX *HMAC_CTX_new(void);
[INFO] [stderr] warning: libssh2-sys@0.2.23:       |                                 ^~~~~~~~~~~~
[INFO] [stderr] warning: libssh2-sys@0.2.23: libssh2/src/mac.c:208:5: warning: 'HMAC_Init_ex' is deprecated: Since OpenSSL 3.0 [-Wdeprecated-declarations]
[INFO] [stderr] warning: libssh2-sys@0.2.23:   208 |     libssh2_hmac_sha1_init(&ctx, *abstract, 20);
[INFO] [stderr] warning: libssh2-sys@0.2.23:       |     ^~~~~~~~~~~~~~~~~~~~~~
[INFO] [stderr] warning: libssh2-sys@0.2.23: In file included from libssh2/src/openssl.h:55,
[INFO] [stderr] warning: libssh2-sys@0.2.23:                  from libssh2/src/crypto.h:42,
[INFO] [stderr] warning: libssh2-sys@0.2.23:                  from libssh2/src/libssh2_priv.h:141,
[INFO] [stderr] warning: libssh2-sys@0.2.23:                  from libssh2/src/mac.c:38:
[INFO] [stderr] warning: libssh2-sys@0.2.23: /usr/include/openssl/hmac.h:43:27: note: declared here
[INFO] [stderr] warning: libssh2-sys@0.2.23:    43 | OSSL_DEPRECATEDIN_3_0 int HMAC_Init_ex(HMAC_CTX *ctx, const void *key, int len,
[INFO] [stderr] warning: libssh2-sys@0.2.23:       |                           ^~~~~~~~~~~~
[INFO] [stderr] warning: libssh2-sys@0.2.23: libssh2/src/mac.c:209:5: warning: 'HMAC_Update' is deprecated: Since OpenSSL 3.0 [-Wdeprecated-declarations]
[INFO] [stderr] warning: libssh2-sys@0.2.23:   209 |     libssh2_hmac_update(ctx, seqno_buf, 4);
[INFO] [stderr] warning: libssh2-sys@0.2.23:       |     ^~~~~~~~~~~~~~~~~~~
[INFO] [stderr] warning: libssh2-sys@0.2.23: In file included from libssh2/src/openssl.h:55,
[INFO] [stderr] warning: libssh2-sys@0.2.23:                  from libssh2/src/crypto.h:42,
[INFO] [stderr] warning: libssh2-sys@0.2.23:                  from libssh2/src/libssh2_priv.h:141,
[INFO] [stderr] warning: libssh2-sys@0.2.23:                  from libssh2/src/mac.c:38:
[INFO] [stderr] warning: libssh2-sys@0.2.23: /usr/include/openssl/hmac.h:45:27: note: declared here
[INFO] [stderr] warning: libssh2-sys@0.2.23:    45 | OSSL_DEPRECATEDIN_3_0 int HMAC_Update(HMAC_CTX *ctx, const unsigned char *data,
[INFO] [stderr] warning: libssh2-sys@0.2.23:       |                           ^~~~~~~~~~~
[INFO] [stderr] warning: libssh2-sys@0.2.23: libssh2/src/mac.c:210:5: warning: 'HMAC_Update' is deprecated: Since OpenSSL 3.0 [-Wdeprecated-declarations]
[INFO] [stderr] warning: libssh2-sys@0.2.23:   210 |     libssh2_hmac_update(ctx, packet, packet_len);
[INFO] [stderr] warning: libssh2-sys@0.2.23:       |     ^~~~~~~~~~~~~~~~~~~
[INFO] [stderr] warning: libssh2-sys@0.2.23: In file included from libssh2/src/openssl.h:55,
[INFO] [stderr] warning: libssh2-sys@0.2.23:                  from libssh2/src/crypto.h:42,
[INFO] [stderr] warning: libssh2-sys@0.2.23:                  from libssh2/src/libssh2_priv.h:141,
[INFO] [stderr] warning: libssh2-sys@0.2.23:                  from libssh2/src/mac.c:38:
[INFO] [stderr] warning: libssh2-sys@0.2.23: /usr/include/openssl/hmac.h:45:27: note: declared here
[INFO] [stderr] warning: libssh2-sys@0.2.23:    45 | OSSL_DEPRECATEDIN_3_0 int HMAC_Update(HMAC_CTX *ctx, const unsigned char *data,
[INFO] [stderr] warning: libssh2-sys@0.2.23:       |                           ^~~~~~~~~~~
[INFO] [stderr] warning: libssh2-sys@0.2.23: libssh2/src/mac.c:212:9: warning: 'HMAC_Update' is deprecated: Since OpenSSL 3.0 [-Wdeprecated-declarations]
[INFO] [stderr] warning: libssh2-sys@0.2.23:   212 |         libssh2_hmac_update(ctx, addtl, addtl_len);
[INFO] [stderr] warning: libssh2-sys@0.2.23:       |         ^~~~~~~~~~~~~~~~~~~
[INFO] [stderr] warning: libssh2-sys@0.2.23: In file included from libssh2/src/openssl.h:55,
[INFO] [stderr] warning: libssh2-sys@0.2.23:                  from libssh2/src/crypto.h:42,
[INFO] [stderr] warning: libssh2-sys@0.2.23:                  from libssh2/src/libssh2_priv.h:141,
[INFO] [stderr] warning: libssh2-sys@0.2.23:                  from libssh2/src/mac.c:38:
[INFO] [stderr] warning: libssh2-sys@0.2.23: /usr/include/openssl/hmac.h:45:27: note: declared here
[INFO] [stderr] warning: libssh2-sys@0.2.23:    45 | OSSL_DEPRECATEDIN_3_0 int HMAC_Update(HMAC_CTX *ctx, const unsigned char *data,
[INFO] [stderr] warning: libssh2-sys@0.2.23:       |                           ^~~~~~~~~~~
[INFO] [stderr] warning: libssh2-sys@0.2.23: libssh2/src/mac.c:214:5: warning: 'HMAC_Final' is deprecated: Since OpenSSL 3.0 [-Wdeprecated-declarations]
[INFO] [stderr] warning: libssh2-sys@0.2.23:   214 |     libssh2_hmac_final(ctx, buf);
[INFO] [stderr] warning: libssh2-sys@0.2.23:       |     ^~~~~~~~~~~~~~~~~~
[INFO] [stderr] warning: libssh2-sys@0.2.23: In file included from libssh2/src/openssl.h:55,
[INFO] [stderr] warning: libssh2-sys@0.2.23:                  from libssh2/src/crypto.h:42,
[INFO] [stderr] warning: libssh2-sys@0.2.23:                  from libssh2/src/libssh2_priv.h:141,
[INFO] [stderr] warning: libssh2-sys@0.2.23:                  from libssh2/src/mac.c:38:
[INFO] [stderr] warning: libssh2-sys@0.2.23: /usr/include/openssl/hmac.h:47:27: note: declared here
[INFO] [stderr] warning: libssh2-sys@0.2.23:    47 | OSSL_DEPRECATEDIN_3_0 int HMAC_Final(HMAC_CTX *ctx, unsigned char *md,
[INFO] [stderr] warning: libssh2-sys@0.2.23:       |                           ^~~~~~~~~~
[INFO] [stderr] warning: libssh2-sys@0.2.23: libssh2/src/mac.c:215:5: warning: 'HMAC_CTX_free' is deprecated: Since OpenSSL 3.0 [-Wdeprecated-declarations]
[INFO] [stderr] warning: libssh2-sys@0.2.23:   215 |     libssh2_hmac_cleanup(&ctx);
[INFO] [stderr] warning: libssh2-sys@0.2.23:       |     ^~~~~~~~~~~~~~~~~~~~
[INFO] [stderr] warning: libssh2-sys@0.2.23: In file included from libssh2/src/openssl.h:55,
[INFO] [stderr] warning: libssh2-sys@0.2.23:                  from libssh2/src/crypto.h:42,
[INFO] [stderr] warning: libssh2-sys@0.2.23:                  from libssh2/src/libssh2_priv.h:141,
[INFO] [stderr] warning: libssh2-sys@0.2.23:                  from libssh2/src/mac.c:38:
[INFO] [stderr] warning: libssh2-sys@0.2.23: /usr/include/openssl/hmac.h:35:28: note: declared here
[INFO] [stderr] warning: libssh2-sys@0.2.23:    35 | OSSL_DEPRECATEDIN_3_0 void HMAC_CTX_free(HMAC_CTX *ctx);
[INFO] [stderr] warning: libssh2-sys@0.2.23:       |                            ^~~~~~~~~~~~~
[INFO] [stderr] warning: libssh2-sys@0.2.23: libssh2/src/mac.c: In function 'mac_method_hmac_md5_hash':
[INFO] [stderr] warning: libssh2-sys@0.2.23: libssh2/src/mac.c:280:5: warning: 'HMAC_CTX_new' is deprecated: Since OpenSSL 3.0 [-Wdeprecated-declarations]
[INFO] [stderr] warning: libssh2-sys@0.2.23:   280 |     libssh2_hmac_ctx_init(ctx);
[INFO] [stderr] warning: libssh2-sys@0.2.23:       |     ^~~~~~~~~~~~~~~~~~~~~
[INFO] [stderr] warning: libssh2-sys@0.2.23: In file included from libssh2/src/openssl.h:55,
[INFO] [stderr] warning: libssh2-sys@0.2.23:                  from libssh2/src/crypto.h:42,
[INFO] [stderr] warning: libssh2-sys@0.2.23:                  from libssh2/src/libssh2_priv.h:141,
[INFO] [stderr] warning: libssh2-sys@0.2.23:                  from libssh2/src/mac.c:38:
[INFO] [stderr] warning: libssh2-sys@0.2.23: /usr/include/openssl/hmac.h:33:33: note: declared here
[INFO] [stderr] warning: libssh2-sys@0.2.23:    33 | OSSL_DEPRECATEDIN_3_0 HMAC_CTX *HMAC_CTX_new(void);
[INFO] [stderr] warning: libssh2-sys@0.2.23:       |                                 ^~~~~~~~~~~~
[INFO] [stderr] warning: libssh2-sys@0.2.23: libssh2/src/mac.c:281:5: warning: 'HMAC_Init_ex' is deprecated: Since OpenSSL 3.0 [-Wdeprecated-declarations]
[INFO] [stderr] warning: libssh2-sys@0.2.23:   281 |     libssh2_hmac_md5_init(&ctx, *abstract, 16);
[INFO] [stderr] warning: libssh2-sys@0.2.23:       |     ^~~~~~~~~~~~~~~~~~~~~
[INFO] [stderr] warning: libssh2-sys@0.2.23: In file included from libssh2/src/openssl.h:55,
[INFO] [stderr] warning: libssh2-sys@0.2.23:                  from libssh2/src/crypto.h:42,
[INFO] [stderr] warning: libssh2-sys@0.2.23:                  from libssh2/src/libssh2_priv.h:141,
[INFO] [stderr] warning: libssh2-sys@0.2.23:                  from libssh2/src/mac.c:38:
[INFO] [stderr] warning: libssh2-sys@0.2.23: /usr/include/openssl/hmac.h:43:27: note: declared here
[INFO] [stderr] warning: libssh2-sys@0.2.23:    43 | OSSL_DEPRECATEDIN_3_0 int HMAC_Init_ex(HMAC_CTX *ctx, const void *key, int len,
[INFO] [stderr] warning: libssh2-sys@0.2.23:       |                           ^~~~~~~~~~~~
[INFO] [stderr] warning: libssh2-sys@0.2.23: libssh2/src/mac.c:282:5: warning: 'HMAC_Update' is deprecated: Since OpenSSL 3.0 [-Wdeprecated-declarations]
[INFO] [stderr] warning: libssh2-sys@0.2.23:   282 |     libssh2_hmac_update(ctx, seqno_buf, 4);
[INFO] [stderr] warning: libssh2-sys@0.2.23:       |     ^~~~~~~~~~~~~~~~~~~
[INFO] [stderr] warning: libssh2-sys@0.2.23: In file included from libssh2/src/openssl.h:55,
[INFO] [stderr] warning: libssh2-sys@0.2.23:                  from libssh2/src/crypto.h:42,
[INFO] [stderr] warning: libssh2-sys@0.2.23:                  from libssh2/src/libssh2_priv.h:141,
[INFO] [stderr] warning: libssh2-sys@0.2.23:                  from libssh2/src/mac.c:38:
[INFO] [stderr] warning: libssh2-sys@0.2.23: /usr/include/openssl/hmac.h:45:27: note: declared here
[INFO] [stderr] warning: libssh2-sys@0.2.23:    45 | OSSL_DEPRECATEDIN_3_0 int HMAC_Update(HMAC_CTX *ctx, const unsigned char *data,
[INFO] [stderr] warning: libssh2-sys@0.2.23:       |                           ^~~~~~~~~~~
[INFO] [stderr] warning: libssh2-sys@0.2.23: libssh2/src/mac.c:283:5: warning: 'HMAC_Update' is deprecated: Since OpenSSL 3.0 [-Wdeprecated-declarations]
[INFO] [stderr] warning: libssh2-sys@0.2.23:   283 |     libssh2_hmac_update(ctx, packet, packet_len);
[INFO] [stderr] warning: libssh2-sys@0.2.23:       |     ^~~~~~~~~~~~~~~~~~~
[INFO] [stderr] warning: libssh2-sys@0.2.23: In file included from libssh2/src/openssl.h:55,
[INFO] [stderr] warning: libssh2-sys@0.2.23:                  from libssh2/src/crypto.h:42,
[INFO] [stderr] warning: libssh2-sys@0.2.23:                  from libssh2/src/libssh2_priv.h:141,
[INFO] [stderr] warning: libssh2-sys@0.2.23:                  from libssh2/src/mac.c:38:
[INFO] [stderr] warning: libssh2-sys@0.2.23: /usr/include/openssl/hmac.h:45:27: note: declared here
[INFO] [stderr] warning: libssh2-sys@0.2.23:    45 | OSSL_DEPRECATEDIN_3_0 int HMAC_Update(HMAC_CTX *ctx, const unsigned char *data,
[INFO] [stderr] warning: libssh2-sys@0.2.23:       |                           ^~~~~~~~~~~
[INFO] [stderr] warning: libssh2-sys@0.2.23: libssh2/src/mac.c:285:9: warning: 'HMAC_Update' is deprecated: Since OpenSSL 3.0 [-Wdeprecated-declarations]
[INFO] [stderr] warning: libssh2-sys@0.2.23:   285 |         libssh2_hmac_update(ctx, addtl, addtl_len);
[INFO] [stderr] warning: libssh2-sys@0.2.23:       |         ^~~~~~~~~~~~~~~~~~~
[INFO] [stderr] warning: libssh2-sys@0.2.23: In file included from libssh2/src/openssl.h:55,
[INFO] [stderr] warning: libssh2-sys@0.2.23:                  from libssh2/src/crypto.h:42,
[INFO] [stderr] warning: libssh2-sys@0.2.23:                  from libssh2/src/libssh2_priv.h:141,
[INFO] [stderr] warning: libssh2-sys@0.2.23:                  from libssh2/src/mac.c:38:
[INFO] [stderr] warning: libssh2-sys@0.2.23: /usr/include/openssl/hmac.h:45:27: note: declared here
[INFO] [stderr] warning: libssh2-sys@0.2.23:    45 | OSSL_DEPRECATEDIN_3_0 int HMAC_Update(HMAC_CTX *ctx, const unsigned char *data,
[INFO] [stderr] warning: libssh2-sys@0.2.23:       |                           ^~~~~~~~~~~
[INFO] [stderr] warning: libssh2-sys@0.2.23: libssh2/src/mac.c:287:5: warning: 'HMAC_Final' is deprecated: Since OpenSSL 3.0 [-Wdeprecated-declarations]
[INFO] [stderr] warning: libssh2-sys@0.2.23:   287 |     libssh2_hmac_final(ctx, buf);
[INFO] [stderr] warning: libssh2-sys@0.2.23:       |     ^~~~~~~~~~~~~~~~~~
[INFO] [stderr] warning: libssh2-sys@0.2.23: In file included from libssh2/src/openssl.h:55,
[INFO] [stderr] warning: libssh2-sys@0.2.23:                  from libssh2/src/crypto.h:42,
[INFO] [stderr] warning: libssh2-sys@0.2.23:                  from libssh2/src/libssh2_priv.h:141,
[INFO] [stderr] warning: libssh2-sys@0.2.23:                  from libssh2/src/mac.c:38:
[INFO] [stderr] warning: libssh2-sys@0.2.23: /usr/include/openssl/hmac.h:47:27: note: declared here
[INFO] [stderr] warning: libssh2-sys@0.2.23:    47 | OSSL_DEPRECATEDIN_3_0 int HMAC_Final(HMAC_CTX *ctx, unsigned char *md,
[INFO] [stderr] warning: libssh2-sys@0.2.23:       |                           ^~~~~~~~~~
[INFO] [stderr] warning: libssh2-sys@0.2.23: libssh2/src/mac.c:288:5: warning: 'HMAC_CTX_free' is deprecated: Since OpenSSL 3.0 [-Wdeprecated-declarations]
[INFO] [stderr] warning: libssh2-sys@0.2.23:   288 |     libssh2_hmac_cleanup(&ctx);
[INFO] [stderr] warning: libssh2-sys@0.2.23:       |     ^~~~~~~~~~~~~~~~~~~~
[INFO] [stderr] warning: libssh2-sys@0.2.23: In file included from libssh2/src/openssl.h:55,
[INFO] [stderr] warning: libssh2-sys@0.2.23:                  from libssh2/src/crypto.h:42,
[INFO] [stderr] warning: libssh2-sys@0.2.23:                  from libssh2/src/libssh2_priv.h:141,
[INFO] [stderr] warning: libssh2-sys@0.2.23:                  from libssh2/src/mac.c:38:
[INFO] [stderr] warning: libssh2-sys@0.2.23: /usr/include/openssl/hmac.h:35:28: note: declared here
[INFO] [stderr] warning: libssh2-sys@0.2.23:    35 | OSSL_DEPRECATEDIN_3_0 void HMAC_CTX_free(HMAC_CTX *ctx);
[INFO] [stderr] warning: libssh2-sys@0.2.23:       |                            ^~~~~~~~~~~~~
[INFO] [stderr] warning: libssh2-sys@0.2.23: libssh2/src/mac.c: In function 'mac_method_hmac_ripemd160_hash':
[INFO] [stderr] warning: libssh2-sys@0.2.23: libssh2/src/mac.c:353:5: warning: 'HMAC_CTX_new' is deprecated: Since OpenSSL 3.0 [-Wdeprecated-declarations]
[INFO] [stderr] warning: libssh2-sys@0.2.23:   353 |     libssh2_hmac_ctx_init(ctx);
[INFO] [stderr] warning: libssh2-sys@0.2.23:       |     ^~~~~~~~~~~~~~~~~~~~~
[INFO] [stderr] warning: libssh2-sys@0.2.23: In file included from libssh2/src/openssl.h:55,
[INFO] [stderr] warning: libssh2-sys@0.2.23:                  from libssh2/src/crypto.h:42,
[INFO] [stderr] warning: libssh2-sys@0.2.23:                  from libssh2/src/libssh2_priv.h:141,
[INFO] [stderr] warning: libssh2-sys@0.2.23:                  from libssh2/src/mac.c:38:
[INFO] [stderr] warning: libssh2-sys@0.2.23: /usr/include/openssl/hmac.h:33:33: note: declared here
[INFO] [stderr] warning: libssh2-sys@0.2.23:    33 | OSSL_DEPRECATEDIN_3_0 HMAC_CTX *HMAC_CTX_new(void);
[INFO] [stderr] warning: libssh2-sys@0.2.23:       |                                 ^~~~~~~~~~~~
[INFO] [stderr] warning: libssh2-sys@0.2.23: libssh2/src/mac.c:354:5: warning: 'HMAC_Init_ex' is deprecated: Since OpenSSL 3.0 [-Wdeprecated-declarations]
[INFO] [stderr] warning: libssh2-sys@0.2.23:   354 |     libssh2_hmac_ripemd160_init(&ctx, *abstract, 20);
[INFO] [stderr] warning: libssh2-sys@0.2.23:       |     ^~~~~~~~~~~~~~~~~~~~~~~~~~~
[INFO] [stderr] warning: libssh2-sys@0.2.23: In file included from libssh2/src/openssl.h:55,
[INFO] [stderr] warning: libssh2-sys@0.2.23:                  from libssh2/src/crypto.h:42,
[INFO] [stderr] warning: libssh2-sys@0.2.23:                  from libssh2/src/libssh2_priv.h:141,
[INFO] [stderr] warning: libssh2-sys@0.2.23:                  from libssh2/src/mac.c:38:
[INFO] [stderr] warning: libssh2-sys@0.2.23: /usr/include/openssl/hmac.h:43:27: note: declared here
[INFO] [stderr] warning: libssh2-sys@0.2.23:    43 | OSSL_DEPRECATEDIN_3_0 int HMAC_Init_ex(HMAC_CTX *ctx, const void *key, int len,
[INFO] [stderr] warning: libssh2-sys@0.2.23:       |                           ^~~~~~~~~~~~
[INFO] [stderr] warning: libssh2-sys@0.2.23: libssh2/src/mac.c:355:5: warning: 'HMAC_Update' is deprecated: Since OpenSSL 3.0 [-Wdeprecated-declarations]
[INFO] [stderr] warning: libssh2-sys@0.2.23:   355 |     libssh2_hmac_update(ctx, seqno_buf, 4);
[INFO] [stderr] warning: libssh2-sys@0.2.23:       |     ^~~~~~~~~~~~~~~~~~~
[INFO] [stderr] warning: libssh2-sys@0.2.23: In file included from libssh2/src/openssl.h:55,
[INFO] [stderr] warning: libssh2-sys@0.2.23:                  from libssh2/src/crypto.h:42,
[INFO] [stderr] warning: libssh2-sys@0.2.23:                  from libssh2/src/libssh2_priv.h:141,
[INFO] [stderr] warning: libssh2-sys@0.2.23:                  from libssh2/src/mac.c:38:
[INFO] [stderr] warning: libssh2-sys@0.2.23: /usr/include/openssl/hmac.h:45:27: note: declared here
[INFO] [stderr] warning: libssh2-sys@0.2.23:    45 | OSSL_DEPRECATEDIN_3_0 int HMAC_Update(HMAC_CTX *ctx, const unsigned char *data,
[INFO] [stderr] warning: libssh2-sys@0.2.23:       |                           ^~~~~~~~~~~
[INFO] [stderr] warning: libssh2-sys@0.2.23: libssh2/src/mac.c:356:5: warning: 'HMAC_Update' is deprecated: Since OpenSSL 3.0 [-Wdeprecated-declarations]
[INFO] [stderr] warning: libssh2-sys@0.2.23:   356 |     libssh2_hmac_update(ctx, packet, packet_len);
[INFO] [stderr] warning: libssh2-sys@0.2.23:       |     ^~~~~~~~~~~~~~~~~~~
[INFO] [stderr] warning: libssh2-sys@0.2.23: In file included from libssh2/src/openssl.h:55,
[INFO] [stderr] warning: libssh2-sys@0.2.23:                  from libssh2/src/crypto.h:42,
[INFO] [stderr] warning: libssh2-sys@0.2.23:                  from libssh2/src/libssh2_priv.h:141,
[INFO] [stderr] warning: libssh2-sys@0.2.23:                  from libssh2/src/mac.c:38:
[INFO] [stderr] warning: libssh2-sys@0.2.23: /usr/include/openssl/hmac.h:45:27: note: declared here
[INFO] [stderr] warning: libssh2-sys@0.2.23:    45 | OSSL_DEPRECATEDIN_3_0 int HMAC_Update(HMAC_CTX *ctx, const unsigned char *data,
[INFO] [stderr] warning: libssh2-sys@0.2.23:       |                           ^~~~~~~~~~~
[INFO] [stderr] warning: libssh2-sys@0.2.23: libssh2/src/mac.c:358:9: warning: 'HMAC_Update' is deprecated: Since OpenSSL 3.0 [-Wdeprecated-declarations]
[INFO] [stderr] warning: libssh2-sys@0.2.23:   358 |         libssh2_hmac_update(ctx, addtl, addtl_len);
[INFO] [stderr] warning: libssh2-sys@0.2.23:       |         ^~~~~~~~~~~~~~~~~~~
[INFO] [stderr] warning: libssh2-sys@0.2.23: In file included from libssh2/src/openssl.h:55,
[INFO] [stderr] warning: libssh2-sys@0.2.23:                  from libssh2/src/crypto.h:42,
[INFO] [stderr] warning: libssh2-sys@0.2.23:                  from libssh2/src/libssh2_priv.h:141,
[INFO] [stderr] warning: libssh2-sys@0.2.23:                  from libssh2/src/mac.c:38:
[INFO] [stderr] warning: libssh2-sys@0.2.23: /usr/include/openssl/hmac.h:45:27: note: declared here
[INFO] [stderr] warning: libssh2-sys@0.2.23:    45 | OSSL_DEPRECATEDIN_3_0 int HMAC_Update(HMAC_CTX *ctx, const unsigned char *data,
[INFO] [stderr] warning: libssh2-sys@0.2.23:       |                           ^~~~~~~~~~~
[INFO] [stderr] warning: libssh2-sys@0.2.23: libssh2/src/mac.c:360:5: warning: 'HMAC_Final' is deprecated: Since OpenSSL 3.0 [-Wdeprecated-declarations]
[INFO] [stderr] warning: libssh2-sys@0.2.23:   360 |     libssh2_hmac_final(ctx, buf);
[INFO] [stderr] warning: libssh2-sys@0.2.23:       |     ^~~~~~~~~~~~~~~~~~
[INFO] [stderr] warning: libssh2-sys@0.2.23: In file included from libssh2/src/openssl.h:55,
[INFO] [stderr] warning: libssh2-sys@0.2.23:                  from libssh2/src/crypto.h:42,
[INFO] [stderr] warning: libssh2-sys@0.2.23:                  from libssh2/src/libssh2_priv.h:141,
[INFO] [stderr] warning: libssh2-sys@0.2.23:                  from libssh2/src/mac.c:38:
[INFO] [stderr] warning: libssh2-sys@0.2.23: /usr/include/openssl/hmac.h:47:27: note: declared here
[INFO] [stderr] warning: libssh2-sys@0.2.23:    47 | OSSL_DEPRECATEDIN_3_0 int HMAC_Final(HMAC_CTX *ctx, unsigned char *md,
[INFO] [stderr] warning: libssh2-sys@0.2.23:       |                           ^~~~~~~~~~
[INFO] [stderr] warning: libssh2-sys@0.2.23: libssh2/src/mac.c:361:5: warning: 'HMAC_CTX_free' is deprecated: Since OpenSSL 3.0 [-Wdeprecated-declarations]
[INFO] [stderr] warning: libssh2-sys@0.2.23:   361 |     libssh2_hmac_cleanup(&ctx);
[INFO] [stderr] warning: libssh2-sys@0.2.23:       |     ^~~~~~~~~~~~~~~~~~~~
[INFO] [stderr] warning: libssh2-sys@0.2.23: In file included from libssh2/src/openssl.h:55,
[INFO] [stderr] warning: libssh2-sys@0.2.23:                  from libssh2/src/crypto.h:42,
[INFO] [stderr] warning: libssh2-sys@0.2.23:                  from libssh2/src/libssh2_priv.h:141,
[INFO] [stderr] warning: libssh2-sys@0.2.23:                  from libssh2/src/mac.c:38:
[INFO] [stderr] warning: libssh2-sys@0.2.23: /usr/include/openssl/hmac.h:35:28: note: declared here
[INFO] [stderr] warning: libssh2-sys@0.2.23:    35 | OSSL_DEPRECATEDIN_3_0 void HMAC_CTX_free(HMAC_CTX *ctx);
[INFO] [stderr] warning: libssh2-sys@0.2.23:       |                            ^~~~~~~~~~~~~
[INFO] [stderr] warning: libssh2-sys@0.2.23: libssh2/src/scp.c:1145:1: fatal error: error writing to /tmp/ccwj9Fy9.s: No space left on device
[INFO] [stderr] warning: libssh2-sys@0.2.23:  1145 | }
[INFO] [stderr] warning: libssh2-sys@0.2.23:       | ^
[INFO] [stderr] warning: libssh2-sys@0.2.23: compilation terminated.
[INFO] [stderr] warning: libssh2-sys@0.2.23: libssh2/src/kex.c: At top level:
[INFO] [stderr] warning: libssh2-sys@0.2.23: libssh2/src/kex.c:4141:1: fatal error: error writing to /tmp/ccGsKUBj.s: No space left on device
[INFO] [stderr] warning: libssh2-sys@0.2.23:  4141 | }
[INFO] [stderr] warning: libssh2-sys@0.2.23:       | ^
[INFO] [stderr] warning: libssh2-sys@0.2.23: compilation terminated.
[INFO] [stderr] warning: libssh2-sys@0.2.23: /tmp/ccNaxWur.s: Assembler messages:
[INFO] [stderr] warning: libssh2-sys@0.2.23: /tmp/ccNaxWur.s: Fatal error: can't write 34 bytes to section .text.libssh2_default_alloc of /opt/rustwide/target/debug/build/libssh2-sys-3906a4138d6a9a8b/out/build/libssh2/src/session.o: 'No space left on device'
[INFO] [stderr] warning: libssh2-sys@0.2.23: /tmp/ccNaxWur.s: Fatal error: /opt/rustwide/target/debug/build/libssh2-sys-3906a4138d6a9a8b/out/build/libssh2/src/session.o: No space left on device
[INFO] [stderr] warning: libssh2-sys@0.2.23: libssh2/src/transport.c:924:1: fatal error: error writing to /tmp/ccMsH4Oe.s: No space left on device
[INFO] [stderr] warning: libssh2-sys@0.2.23:   924 | }
[INFO] [stderr] warning: libssh2-sys@0.2.23:       | ^
[INFO] [stderr] warning: libssh2-sys@0.2.23: compilation terminated.
[INFO] [stderr] 
[INFO] [stderr] error: failed to run custom build command for `libssh2-sys v0.2.23`
[INFO] [stderr] note: To improve backtraces for build dependencies, set the CARGO_PROFILE_DEV_BUILD_OVERRIDE_DEBUG=true environment variable to enable debug information generation.
[INFO] [stderr] 
[INFO] [stderr] Caused by:
[INFO] [stderr]   process didn't exit successfully: `/opt/rustwide/target/debug/build/libssh2-sys-f110450ec2d53c88/build-script-build` (exit status: 1)
[INFO] [stderr]   --- stdout
[INFO] [stderr]   cargo:rerun-if-env-changed=LIBSSH2_SYS_USE_PKG_CONFIG
[INFO] [stderr]   cargo:include=/opt/rustwide/target/debug/build/libssh2-sys-3906a4138d6a9a8b/out/include
[INFO] [stderr]   cargo:root=/opt/rustwide/target/debug/build/libssh2-sys-3906a4138d6a9a8b/out
[INFO] [stderr]   cargo:rerun-if-env-changed=DEP_Z_INCLUDE
[INFO] [stderr]   cargo:rerun-if-env-changed=DEP_OPENSSL_INCLUDE
[INFO] [stderr]   TARGET = Some("x86_64-unknown-linux-gnu")
[INFO] [stderr]   OPT_LEVEL = Some("0")
[INFO] [stderr]   HOST = Some("x86_64-unknown-linux-gnu")
[INFO] [stderr]   CC_x86_64-unknown-linux-gnu = None
[INFO] [stderr]   CC_x86_64_unknown_linux_gnu = None
[INFO] [stderr]   HOST_CC = None
[INFO] [stderr]   CC = None
[INFO] [stderr]   CFLAGS_x86_64-unknown-linux-gnu = None
[INFO] [stderr]   CFLAGS_x86_64_unknown_linux_gnu = None
[INFO] [stderr]   HOST_CFLAGS = None
[INFO] [stderr]   CFLAGS = None
[INFO] [stderr]   CRATE_CC_NO_DEFAULTS = None
[INFO] [stderr]   DEBUG = Some("true")
[INFO] [stderr]   CARGO_CFG_TARGET_FEATURE = Some("fxsr,sse,sse2")
[INFO] [stderr]   running: "cc" "-O0" "-ffunction-sections" "-fdata-sections" "-fPIC" "-g" "-fno-omit-frame-pointer" "-m64" "-I" "/opt/rustwide/target/debug/build/libssh2-sys-3906a4138d6a9a8b/out/include" "-I" "libssh2/src" "-I" "/opt/rustwide/target/debug/build/libssh2-sys-3906a4138d6a9a8b/out/build" "-I" "/usr/include" "-fvisibility=hidden" "-DHAVE_LONGLONG" "-DHAVE_SNPRINTF" "-DHAVE_UNISTD_H" "-DHAVE_INTTYPES_H" "-DHAVE_STDLIB_H" "-DHAVE_SYS_SELECT_H" "-DHAVE_SYS_SOCKET_H" "-DHAVE_SYS_IOCTL_H" "-DHAVE_SYS_TIME_H" "-DHAVE_SYS_UN_H" "-DHAVE_O_NONBLOCK" "-DLIBSSH2_OPENSSL" "-DHAVE_LIBCRYPT32" "-DHAVE_EVP_AES_128_CTR" "-DHAVE_POLL" "-DHAVE_GETTIMEOFDAY" "-DLIBSSH2_DH_GEX_NEW" "-DLIBSSH2_HAVE_ZLIB" "-DLIBSSH2DEBUG" "-o" "/opt/rustwide/target/debug/build/libssh2-sys-3906a4138d6a9a8b/out/build/libssh2/src/agent.o" "-c" "libssh2/src/agent.c"
[INFO] [stderr]   exit status: 0
[INFO] [stderr]   running: "cc" "-O0" "-ffunction-sections" "-fdata-sections" "-fPIC" "-g" "-fno-omit-frame-pointer" "-m64" "-I" "/opt/rustwide/target/debug/build/libssh2-sys-3906a4138d6a9a8b/out/include" "-I" "libssh2/src" "-I" "/opt/rustwide/target/debug/build/libssh2-sys-3906a4138d6a9a8b/out/build" "-I" "/usr/include" "-fvisibility=hidden" "-DHAVE_LONGLONG" "-DHAVE_SNPRINTF" "-DHAVE_UNISTD_H" "-DHAVE_INTTYPES_H" "-DHAVE_STDLIB_H" "-DHAVE_SYS_SELECT_H" "-DHAVE_SYS_SOCKET_H" "-DHAVE_SYS_IOCTL_H" "-DHAVE_SYS_TIME_H" "-DHAVE_SYS_UN_H" "-DHAVE_O_NONBLOCK" "-DLIBSSH2_OPENSSL" "-DHAVE_LIBCRYPT32" "-DHAVE_EVP_AES_128_CTR" "-DHAVE_POLL" "-DHAVE_GETTIMEOFDAY" "-DLIBSSH2_DH_GEX_NEW" "-DLIBSSH2_HAVE_ZLIB" "-DLIBSSH2DEBUG" "-o" "/opt/rustwide/target/debug/build/libssh2-sys-3906a4138d6a9a8b/out/build/libssh2/src/bcrypt_pbkdf.o" "-c" "libssh2/src/bcrypt_pbkdf.c"
[INFO] [stderr]   running: "cc" "-O0" "-ffunction-sections" "-fdata-sections" "-fPIC" "-g" "-fno-omit-frame-pointer" "-m64" "-I" "/opt/rustwide/target/debug/build/libssh2-sys-3906a4138d6a9a8b/out/include" "-I" "libssh2/src" "-I" "/opt/rustwide/target/debug/build/libssh2-sys-3906a4138d6a9a8b/out/build" "-I" "/usr/include" "-fvisibility=hidden" "-DHAVE_LONGLONG" "-DHAVE_SNPRINTF" "-DHAVE_UNISTD_H" "-DHAVE_INTTYPES_H" "-DHAVE_STDLIB_H" "-DHAVE_SYS_SELECT_H" "-DHAVE_SYS_SOCKET_H" "-DHAVE_SYS_IOCTL_H" "-DHAVE_SYS_TIME_H" "-DHAVE_SYS_UN_H" "-DHAVE_O_NONBLOCK" "-DLIBSSH2_OPENSSL" "-DHAVE_LIBCRYPT32" "-DHAVE_EVP_AES_128_CTR" "-DHAVE_POLL" "-DHAVE_GETTIMEOFDAY" "-DLIBSSH2_DH_GEX_NEW" "-DLIBSSH2_HAVE_ZLIB" "-DLIBSSH2DEBUG" "-o" "/opt/rustwide/target/debug/build/libssh2-sys-3906a4138d6a9a8b/out/build/libssh2/src/blowfish.o" "-c" "libssh2/src/blowfish.c"
[INFO] [stderr]   running: "cc" "-O0" "-ffunction-sections" "-fdata-sections" "-fPIC" "-g" "-fno-omit-frame-pointer" "-m64" "-I" "/opt/rustwide/target/debug/build/libssh2-sys-3906a4138d6a9a8b/out/include" "-I" "libssh2/src" "-I" "/opt/rustwide/target/debug/build/libssh2-sys-3906a4138d6a9a8b/out/build" "-I" "/usr/include" "-fvisibility=hidden" "-DHAVE_LONGLONG" "-DHAVE_SNPRINTF" "-DHAVE_UNISTD_H" "-DHAVE_INTTYPES_H" "-DHAVE_STDLIB_H" "-DHAVE_SYS_SELECT_H" "-DHAVE_SYS_SOCKET_H" "-DHAVE_SYS_IOCTL_H" "-DHAVE_SYS_TIME_H" "-DHAVE_SYS_UN_H" "-DHAVE_O_NONBLOCK" "-DLIBSSH2_OPENSSL" "-DHAVE_LIBCRYPT32" "-DHAVE_EVP_AES_128_CTR" "-DHAVE_POLL" "-DHAVE_GETTIMEOFDAY" "-DLIBSSH2_DH_GEX_NEW" "-DLIBSSH2_HAVE_ZLIB" "-DLIBSSH2DEBUG" "-o" "/opt/rustwide/target/debug/build/libssh2-sys-3906a4138d6a9a8b/out/build/libssh2/src/channel.o" "-c" "libssh2/src/channel.c"
[INFO] [stderr]   running: "cc" "-O0" "-ffunction-sections" "-fdata-sections" "-fPIC" "-g" "-fno-omit-frame-pointer" "-m64" "-I" "/opt/rustwide/target/debug/build/libssh2-sys-3906a4138d6a9a8b/out/include" "-I" "libssh2/src" "-I" "/opt/rustwide/target/debug/build/libssh2-sys-3906a4138d6a9a8b/out/build" "-I" "/usr/include" "-fvisibility=hidden" "-DHAVE_LONGLONG" "-DHAVE_SNPRINTF" "-DHAVE_UNISTD_H" "-DHAVE_INTTYPES_H" "-DHAVE_STDLIB_H" "-DHAVE_SYS_SELECT_H" "-DHAVE_SYS_SOCKET_H" "-DHAVE_SYS_IOCTL_H" "-DHAVE_SYS_TIME_H" "-DHAVE_SYS_UN_H" "-DHAVE_O_NONBLOCK" "-DLIBSSH2_OPENSSL" "-DHAVE_LIBCRYPT32" "-DHAVE_EVP_AES_128_CTR" "-DHAVE_POLL" "-DHAVE_GETTIMEOFDAY" "-DLIBSSH2_DH_GEX_NEW" "-DLIBSSH2_HAVE_ZLIB" "-DLIBSSH2DEBUG" "-o" "/opt/rustwide/target/debug/build/libssh2-sys-3906a4138d6a9a8b/out/build/libssh2/src/comp.o" "-c" "libssh2/src/comp.c"
[INFO] [stderr]   running: "cc" "-O0" "-ffunction-sections" "-fdata-sections" "-fPIC" "-g" "-fno-omit-frame-pointer" "-m64" "-I" "/opt/rustwide/target/debug/build/libssh2-sys-3906a4138d6a9a8b/out/include" "-I" "libssh2/src" "-I" "/opt/rustwide/target/debug/build/libssh2-sys-3906a4138d6a9a8b/out/build" "-I" "/usr/include" "-fvisibility=hidden" "-DHAVE_LONGLONG" "-DHAVE_SNPRINTF" "-DHAVE_UNISTD_H" "-DHAVE_INTTYPES_H" "-DHAVE_STDLIB_H" "-DHAVE_SYS_SELECT_H" "-DHAVE_SYS_SOCKET_H" "-DHAVE_SYS_IOCTL_H" "-DHAVE_SYS_TIME_H" "-DHAVE_SYS_UN_H" "-DHAVE_O_NONBLOCK" "-DLIBSSH2_OPENSSL" "-DHAVE_LIBCRYPT32" "-DHAVE_EVP_AES_128_CTR" "-DHAVE_POLL" "-DHAVE_GETTIMEOFDAY" "-DLIBSSH2_DH_GEX_NEW" "-DLIBSSH2_HAVE_ZLIB" "-DLIBSSH2DEBUG" "-o" "/opt/rustwide/target/debug/build/libssh2-sys-3906a4138d6a9a8b/out/build/libssh2/src/crypt.o" "-c" "libssh2/src/crypt.c"
[INFO] [stderr]   running: "cc" "-O0" "-ffunction-sections" "-fdata-sections" "-fPIC" "-g" "-fno-omit-frame-pointer" "-m64" "-I" "/opt/rustwide/target/debug/build/libssh2-sys-3906a4138d6a9a8b/out/include" "-I" "libssh2/src" "-I" "/opt/rustwide/target/debug/build/libssh2-sys-3906a4138d6a9a8b/out/build" "-I" "/usr/include" "-fvisibility=hidden" "-DHAVE_LONGLONG" "-DHAVE_SNPRINTF" "-DHAVE_UNISTD_H" "-DHAVE_INTTYPES_H" "-DHAVE_STDLIB_H" "-DHAVE_SYS_SELECT_H" "-DHAVE_SYS_SOCKET_H" "-DHAVE_SYS_IOCTL_H" "-DHAVE_SYS_TIME_H" "-DHAVE_SYS_UN_H" "-DHAVE_O_NONBLOCK" "-DLIBSSH2_OPENSSL" "-DHAVE_LIBCRYPT32" "-DHAVE_EVP_AES_128_CTR" "-DHAVE_POLL" "-DHAVE_GETTIMEOFDAY" "-DLIBSSH2_DH_GEX_NEW" "-DLIBSSH2_HAVE_ZLIB" "-DLIBSSH2DEBUG" "-o" "/opt/rustwide/target/debug/build/libssh2-sys-3906a4138d6a9a8b/out/build/libssh2/src/global.o" "-c" "libssh2/src/global.c"
[INFO] [stderr]   running: "cc" "-O0" "-ffunction-sections" "-fdata-sections" "-fPIC" "-g" "-fno-omit-frame-pointer" "-m64" "-I" "/opt/rustwide/target/debug/build/libssh2-sys-3906a4138d6a9a8b/out/include" "-I" "libssh2/src" "-I" "/opt/rustwide/target/debug/build/libssh2-sys-3906a4138d6a9a8b/out/build" "-I" "/usr/include" "-fvisibility=hidden" "-DHAVE_LONGLONG" "-DHAVE_SNPRINTF" "-DHAVE_UNISTD_H" "-DHAVE_INTTYPES_H" "-DHAVE_STDLIB_H" "-DHAVE_SYS_SELECT_H" "-DHAVE_SYS_SOCKET_H" "-DHAVE_SYS_IOCTL_H" "-DHAVE_SYS_TIME_H" "-DHAVE_SYS_UN_H" "-DHAVE_O_NONBLOCK" "-DLIBSSH2_OPENSSL" "-DHAVE_LIBCRYPT32" "-DHAVE_EVP_AES_128_CTR" "-DHAVE_POLL" "-DHAVE_GETTIMEOFDAY" "-DLIBSSH2_DH_GEX_NEW" "-DLIBSSH2_HAVE_ZLIB" "-DLIBSSH2DEBUG" "-o" "/opt/rustwide/target/debug/build/libssh2-sys-3906a4138d6a9a8b/out/build/libssh2/src/hostkey.o" "-c" "libssh2/src/hostkey.c"
[INFO] [stderr]   exit status: 0
[INFO] [stderr]   running: "cc" "-O0" "-ffunction-sections" "-fdata-sections" "-fPIC" "-g" "-fno-omit-frame-pointer" "-m64" "-I" "/opt/rustwide/target/debug/build/libssh2-sys-3906a4138d6a9a8b/out/include" "-I" "libssh2/src" "-I" "/opt/rustwide/target/debug/build/libssh2-sys-3906a4138d6a9a8b/out/build" "-I" "/usr/include" "-fvisibility=hidden" "-DHAVE_LONGLONG" "-DHAVE_SNPRINTF" "-DHAVE_UNISTD_H" "-DHAVE_INTTYPES_H" "-DHAVE_STDLIB_H" "-DHAVE_SYS_SELECT_H" "-DHAVE_SYS_SOCKET_H" "-DHAVE_SYS_IOCTL_H" "-DHAVE_SYS_TIME_H" "-DHAVE_SYS_UN_H" "-DHAVE_O_NONBLOCK" "-DLIBSSH2_OPENSSL" "-DHAVE_LIBCRYPT32" "-DHAVE_EVP_AES_128_CTR" "-DHAVE_POLL" "-DHAVE_GETTIMEOFDAY" "-DLIBSSH2_DH_GEX_NEW" "-DLIBSSH2_HAVE_ZLIB" "-DLIBSSH2DEBUG" "-o" "/opt/rustwide/target/debug/build/libssh2-sys-3906a4138d6a9a8b/out/build/libssh2/src/keepalive.o" "-c" "libssh2/src/keepalive.c"
[INFO] [stderr]   exit status: 0
[INFO] [stderr]   running: "cc" "-O0" "-ffunction-sections" "-fdata-sections" "-fPIC" "-g" "-fno-omit-frame-pointer" "-m64" "-I" "/opt/rustwide/target/debug/build/libssh2-sys-3906a4138d6a9a8b/out/include" "-I" "libssh2/src" "-I" "/opt/rustwide/target/debug/build/libssh2-sys-3906a4138d6a9a8b/out/build" "-I" "/usr/include" "-fvisibility=hidden" "-DHAVE_LONGLONG" "-DHAVE_SNPRINTF" "-DHAVE_UNISTD_H" "-DHAVE_INTTYPES_H" "-DHAVE_STDLIB_H" "-DHAVE_SYS_SELECT_H" "-DHAVE_SYS_SOCKET_H" "-DHAVE_SYS_IOCTL_H" "-DHAVE_SYS_TIME_H" "-DHAVE_SYS_UN_H" "-DHAVE_O_NONBLOCK" "-DLIBSSH2_OPENSSL" "-DHAVE_LIBCRYPT32" "-DHAVE_EVP_AES_128_CTR" "-DHAVE_POLL" "-DHAVE_GETTIMEOFDAY" "-DLIBSSH2_DH_GEX_NEW" "-DLIBSSH2_HAVE_ZLIB" "-DLIBSSH2DEBUG" "-o" "/opt/rustwide/target/debug/build/libssh2-sys-3906a4138d6a9a8b/out/build/libssh2/src/kex.o" "-c" "libssh2/src/kex.c"
[INFO] [stderr]   running: "cc" "-O0" "-ffunction-sections" "-fdata-sections" "-fPIC" "-g" "-fno-omit-frame-pointer" "-m64" "-I" "/opt/rustwide/target/debug/build/libssh2-sys-3906a4138d6a9a8b/out/include" "-I" "libssh2/src" "-I" "/opt/rustwide/target/debug/build/libssh2-sys-3906a4138d6a9a8b/out/build" "-I" "/usr/include" "-fvisibility=hidden" "-DHAVE_LONGLONG" "-DHAVE_SNPRINTF" "-DHAVE_UNISTD_H" "-DHAVE_INTTYPES_H" "-DHAVE_STDLIB_H" "-DHAVE_SYS_SELECT_H" "-DHAVE_SYS_SOCKET_H" "-DHAVE_SYS_IOCTL_H" "-DHAVE_SYS_TIME_H" "-DHAVE_SYS_UN_H" "-DHAVE_O_NONBLOCK" "-DLIBSSH2_OPENSSL" "-DHAVE_LIBCRYPT32" "-DHAVE_EVP_AES_128_CTR" "-DHAVE_POLL" "-DHAVE_GETTIMEOFDAY" "-DLIBSSH2_DH_GEX_NEW" "-DLIBSSH2_HAVE_ZLIB" "-DLIBSSH2DEBUG" "-o" "/opt/rustwide/target/debug/build/libssh2-sys-3906a4138d6a9a8b/out/build/libssh2/src/knownhost.o" "-c" "libssh2/src/knownhost.c"
[INFO] [stderr]   exit status: 0
[INFO] [stderr]   exit status: 0
[INFO] [stderr]   running: "cc" "-O0" "-ffunction-sections" "-fdata-sections" "-fPIC" "-g" "-fno-omit-frame-pointer" "-m64" "-I" "/opt/rustwide/target/debug/build/libssh2-sys-3906a4138d6a9a8b/out/include" "-I" "libssh2/src" "-I" "/opt/rustwide/target/debug/build/libssh2-sys-3906a4138d6a9a8b/out/build" "-I" "/usr/include" "-fvisibility=hidden" "-DHAVE_LONGLONG" "-DHAVE_SNPRINTF" "-DHAVE_UNISTD_H" "-DHAVE_INTTYPES_H" "-DHAVE_STDLIB_H" "-DHAVE_SYS_SELECT_H" "-DHAVE_SYS_SOCKET_H" "-DHAVE_SYS_IOCTL_H" "-DHAVE_SYS_TIME_H" "-DHAVE_SYS_UN_H" "-DHAVE_O_NONBLOCK" "-DLIBSSH2_OPENSSL" "-DHAVE_LIBCRYPT32" "-DHAVE_EVP_AES_128_CTR" "-DHAVE_POLL" "-DHAVE_GETTIMEOFDAY" "-DLIBSSH2_DH_GEX_NEW" "-DLIBSSH2_HAVE_ZLIB" "-DLIBSSH2DEBUG" "-o" "/opt/rustwide/target/debug/build/libssh2-sys-3906a4138d6a9a8b/out/build/libssh2/src/mac.o" "-c" "libssh2/src/mac.c"
[INFO] [stderr]   cargo:warning=libssh2/src/knownhost.c: In function 'knownhost_check':
[INFO] [stderr]   cargo:warning=libssh2/src/knownhost.c:423:21: warning: 'HMAC_CTX_new' is deprecated: Since OpenSSL 3.0 [-Wdeprecated-declarations]
[INFO] [stderr]   cargo:warning=  423 |                     libssh2_hmac_ctx_init(ctx);
[INFO] [stderr]   cargo:warning=      |                     ^~~~~~~~~~~~~~~~~~~~~
[INFO] [stderr]   cargo:warning=In file included from libssh2/src/openssl.h:55,
[INFO] [stderr]   cargo:warning=                 from libssh2/src/crypto.h:42,
[INFO] [stderr]   cargo:warning=                 from libssh2/src/libssh2_priv.h:141,
[INFO] [stderr]   cargo:warning=                 from libssh2/src/knownhost.c:39:
[INFO] [stderr]   cargo:warning=/usr/include/openssl/hmac.h:33:33: note: declared here
[INFO] [stderr]   cargo:warning=   33 | OSSL_DEPRECATEDIN_3_0 HMAC_CTX *HMAC_CTX_new(void);
[INFO] [stderr]   cargo:warning=      |                                 ^~~~~~~~~~~~
[INFO] [stderr]   cargo:warning=libssh2/src/knownhost.c:430:21: warning: 'HMAC_Init_ex' is deprecated: Since OpenSSL 3.0 [-Wdeprecated-declarations]
[INFO] [stderr]   cargo:warning=  430 |                     libssh2_hmac_sha1_init(&ctx, (unsigned char *)node->salt,
[INFO] [stderr]   cargo:warning=      |                     ^~~~~~~~~~~~~~~~~~~~~~
[INFO] [stderr]   cargo:warning=In file included from libssh2/src/openssl.h:55,
[INFO] [stderr]   cargo:warning=                 from libssh2/src/crypto.h:42,
[INFO] [stderr]   cargo:warning=                 from libssh2/src/libssh2_priv.h:141,
[INFO] [stderr]   cargo:warning=                 from libssh2/src/knownhost.c:39:
[INFO] [stderr]   cargo:warning=/usr/include/openssl/hmac.h:43:27: note: declared here
[INFO] [stderr]   cargo:warning=   43 | OSSL_DEPRECATEDIN_3_0 int HMAC_Init_ex(HMAC_CTX *ctx, const void *key, int len,
[INFO] [stderr]   cargo:warning=      |                           ^~~~~~~~~~~~
[INFO] [stderr]   cargo:warning=libssh2/src/knownhost.c:432:21: warning: 'HMAC_Update' is deprecated: Since OpenSSL 3.0 [-Wdeprecated-declarations]
[INFO] [stderr]   cargo:warning=  432 |                     libssh2_hmac_update(ctx, (unsigned char *)host,
[INFO] [stderr]   cargo:warning=      |                     ^~~~~~~~~~~~~~~~~~~
[INFO] [stderr]   cargo:warning=In file included from libssh2/src/openssl.h:55,
[INFO] [stderr]   cargo:warning=                 from libssh2/src/crypto.h:42,
[INFO] [stderr]   cargo:warning=                 from libssh2/src/libssh2_priv.h:141,
[INFO] [stderr]   cargo:warning=                 from libssh2/src/knownhost.c:39:
[INFO] [stderr]   cargo:warning=/usr/include/openssl/hmac.h:45:27: note: declared here
[INFO] [stderr]   cargo:warning=   45 | OSSL_DEPRECATEDIN_3_0 int HMAC_Update(HMAC_CTX *ctx, const unsigned char *data,
[INFO] [stderr]   cargo:warning=      |                           ^~~~~~~~~~~
[INFO] [stderr]   cargo:warning=libssh2/src/knownhost.c:434:21: warning: 'HMAC_Final' is deprecated: Since OpenSSL 3.0 [-Wdeprecated-declarations]
[INFO] [stderr]   cargo:warning=  434 |                     libssh2_hmac_final(ctx, hash);
[INFO] [stderr]   cargo:warning=      |                     ^~~~~~~~~~~~~~~~~~
[INFO] [stderr]   cargo:warning=In file included from libssh2/src/openssl.h:55,
[INFO] [stderr]   cargo:warning=                 from libssh2/src/crypto.h:42,
[INFO] [stderr]   cargo:warning=                 from libssh2/src/libssh2_priv.h:141,
[INFO] [stderr]   cargo:warning=                 from libssh2/src/knownhost.c:39:
[INFO] [stderr]   cargo:warning=/usr/include/openssl/hmac.h:47:27: note: declared here
[INFO] [stderr]   cargo:warning=   47 | OSSL_DEPRECATEDIN_3_0 int HMAC_Final(HMAC_CTX *ctx, unsigned char *md,
[INFO] [stderr]   cargo:warning=      |                           ^~~~~~~~~~
[INFO] [stderr]   cargo:warning=libssh2/src/knownhost.c:435:21: warning: 'HMAC_CTX_free' is deprecated: Since OpenSSL 3.0 [-Wdeprecated-declarations]
[INFO] [stderr]   cargo:warning=  435 |                     libssh2_hmac_cleanup(&ctx);
[INFO] [stderr]   cargo:warning=      |                     ^~~~~~~~~~~~~~~~~~~~
[INFO] [stderr]   cargo:warning=In file included from libssh2/src/openssl.h:55,
[INFO] [stderr]   cargo:warning=                 from libssh2/src/crypto.h:42,
[INFO] [stderr]   cargo:warning=                 from libssh2/src/libssh2_priv.h:141,
[INFO] [stderr]   cargo:warning=                 from libssh2/src/knownhost.c:39:
[INFO] [stderr]   cargo:warning=/usr/include/openssl/hmac.h:35:28: note: declared here
[INFO] [stderr]   cargo:warning=   35 | OSSL_DEPRECATEDIN_3_0 void HMAC_CTX_free(HMAC_CTX *ctx);
[INFO] [stderr]   cargo:warning=      |                            ^~~~~~~~~~~~~
[INFO] [stderr]   exit status: 0
[INFO] [stderr]   cargo:warning=libssh2/src/kex.c: In function 'kex_method_ecdh_key_exchange':
[INFO] [stderr]   cargo:warning=libssh2/src/kex.c:2322:9: warning: 'EC_KEY_free' is deprecated: Since OpenSSL 3.0 [-Wdeprecated-declarations]
[INFO] [stderr]   cargo:warning= 2322 |         _libssh2_ecdsa_free(key_state->private_key);
[INFO] [stderr]   cargo:warning=      |         ^~~~~~~~~~~~~~~~~~~
[INFO] [stderr]   cargo:warning=In file included from /usr/include/openssl/engine.h:28,
[INFO] [stderr]   cargo:warning=                 from libssh2/src/openssl.h:46,
[INFO] [stderr]   cargo:warning=                 from libssh2/src/crypto.h:42,
[INFO] [stderr]   cargo:warning=                 from libssh2/src/libssh2_priv.h:141,
[INFO] [stderr]   cargo:warning=                 from libssh2/src/kex.c:39:
[INFO] [stderr]   cargo:warning=/usr/include/openssl/ec.h:1003:28: note: declared here
[INFO] [stderr]   cargo:warning= 1003 | OSSL_DEPRECATEDIN_3_0 void EC_KEY_free(EC_KEY *key);
[INFO] [stderr]   cargo:warning=      |                            ^~~~~~~~~~~
[INFO] [stderr]   cargo:warning=libssh2/src/hostkey.c: In function 'hostkey_method_ssh_rsa_dtor':
[INFO] [stderr]   cargo:warning=libssh2/src/hostkey.c:241:5: warning: 'RSA_free' is deprecated: Since OpenSSL 3.0 [-Wdeprecated-declarations]
[INFO] [stderr]   cargo:warning=  241 |     _libssh2_rsa_free(rsactx);
[INFO] [stderr]   cargo:warning=      |     ^~~~~~~~~~~~~~~~~
[INFO] [stderr]   cargo:warning=In file included from libssh2/src/openssl.h:44,
[INFO] [stderr]   cargo:warning=                 from libssh2/src/crypto.h:42,
[INFO] [stderr]   cargo:warning=                 from libssh2/src/libssh2_priv.h:141,
[INFO] [stderr]   cargo:warning=                 from libssh2/src/hostkey.c:39:
[INFO] [stderr]   cargo:warning=/usr/include/openssl/rsa.h:298:28: note: declared here
[INFO] [stderr]   cargo:warning=  298 | OSSL_DEPRECATEDIN_3_0 void RSA_free(RSA *r);
[INFO] [stderr]   cargo:warning=      |                            ^~~~~~~~
[INFO] [stderr]   cargo:warning=libssh2/src/hostkey.c: In function 'hostkey_method_ssh_dss_dtor':
[INFO] [stderr]   cargo:warning=libssh2/src/hostkey.c:466:5: warning: 'DSA_free' is deprecated: Since OpenSSL 3.0 [-Wdeprecated-declarations]
[INFO] [stderr]   cargo:warning=  466 |     _libssh2_dsa_free(dsactx);
[INFO] [stderr]   cargo:warning=      |     ^~~~~~~~~~~~~~~~~
[INFO] [stderr]   cargo:warning=In file included from /usr/include/openssl/engine.h:26,
[INFO] [stderr]   cargo:warning=                 from libssh2/src/openssl.h:46,
[INFO] [stderr]   cargo:warning=                 from libssh2/src/crypto.h:42,
[INFO] [stderr]   cargo:warning=                 from libssh2/src/libssh2_priv.h:141,
[INFO] [stderr]   cargo:warning=                 from libssh2/src/hostkey.c:39:
[INFO] [stderr]   cargo:warning=/usr/include/openssl/dsa.h:127:28: note: declared here
[INFO] [stderr]   cargo:warning=  127 | OSSL_DEPRECATEDIN_3_0 void DSA_free(DSA *r);
[INFO] [stderr]   cargo:warning=      |                            ^~~~~~~~
[INFO] [stderr]   cargo:warning=libssh2/src/hostkey.c: In function 'hostkey_method_ssh_ecdsa_dtor':
[INFO] [stderr]   cargo:warning=libssh2/src/hostkey.c:743:9: warning: 'EC_KEY_free' is deprecated: Since OpenSSL 3.0 [-Wdeprecated-declarations]
[INFO] [stderr]   cargo:warning=  743 |         _libssh2_ecdsa_free(keyctx);
[INFO] [stderr]   cargo:warning=      |         ^~~~~~~~~~~~~~~~~~~
[INFO] [stderr]   cargo:warning=In file included from /usr/include/openssl/engine.h:28,
[INFO] [stderr]   cargo:warning=                 from libssh2/src/openssl.h:46,
[INFO] [stderr]   cargo:warning=                 from libssh2/src/crypto.h:42,
[INFO] [stderr]   cargo:warning=                 from libssh2/src/libssh2_priv.h:141,
[INFO] [stderr]   cargo:warning=                 from libssh2/src/hostkey.c:39:
[INFO] [stderr]   cargo:warning=/usr/include/openssl/ec.h:1003:28: note: declared here
[INFO] [stderr]   cargo:warning= 1003 | OSSL_DEPRECATEDIN_3_0 void EC_KEY_free(EC_KEY *key);
[INFO] [stderr]   cargo:warning=      |                            ^~~~~~~~~~~
[INFO] [stderr]   cargo:warning=libssh2/src/mac.c: In function 'mac_method_hmac_sha2_512_hash':
[INFO] [stderr]   cargo:warning=libssh2/src/mac.c:117:5: warning: 'HMAC_CTX_new' is deprecated: Since OpenSSL 3.0 [-Wdeprecated-declarations]
[INFO] [stderr]   cargo:warning=  117 |     libssh2_hmac_ctx_init(ctx);
[INFO] [stderr]   cargo:warning=      |     ^~~~~~~~~~~~~~~~~~~~~
[INFO] [stderr]   cargo:warning=In file included from libssh2/src/openssl.h:55,
[INFO] [stderr]   cargo:warning=                 from libssh2/src/crypto.h:42,
[INFO] [stderr]   cargo:warning=                 from libssh2/src/libssh2_priv.h:141,
[INFO] [stderr]   cargo:warning=                 from libssh2/src/mac.c:38:
[INFO] [stderr]   cargo:warning=/usr/include/openssl/hmac.h:33:33: note: declared here
[INFO] [stderr]   cargo:warning=   33 | OSSL_DEPRECATEDIN_3_0 HMAC_CTX *HMAC_CTX_new(void);
[INFO] [stderr]   cargo:warning=      |                                 ^~~~~~~~~~~~
[INFO] [stderr]   cargo:warning=libssh2/src/mac.c:118:5: warning: 'HMAC_Init_ex' is deprecated: Since OpenSSL 3.0 [-Wdeprecated-declarations]
[INFO] [stderr]   cargo:warning=  118 |     libssh2_hmac_sha512_init(&ctx, *abstract, 64);
[INFO] [stderr]   cargo:warning=      |     ^~~~~~~~~~~~~~~~~~~~~~~~
[INFO] [stderr]   cargo:warning=In file included from libssh2/src/openssl.h:55,
[INFO] [stderr]   cargo:warning=                 from libssh2/src/crypto.h:42,
[INFO] [stderr]   cargo:warning=                 from libssh2/src/libssh2_priv.h:141,
[INFO] [stderr]   cargo:warning=                 from libssh2/src/mac.c:38:
[INFO] [stderr]   cargo:warning=/usr/include/openssl/hmac.h:43:27: note: declared here
[INFO] [stderr]   cargo:warning=   43 | OSSL_DEPRECATEDIN_3_0 int HMAC_Init_ex(HMAC_CTX *ctx, const void *key, int len,
[INFO] [stderr]   cargo:warning=      |                           ^~~~~~~~~~~~
[INFO] [stderr]   cargo:warning=libssh2/src/mac.c:119:5: warning: 'HMAC_Update' is deprecated: Since OpenSSL 3.0 [-Wdeprecated-declarations]
[INFO] [stderr]   cargo:warning=  119 |     libssh2_hmac_update(ctx, seqno_buf, 4);
[INFO] [stderr]   cargo:warning=      |     ^~~~~~~~~~~~~~~~~~~
[INFO] [stderr]   cargo:warning=In file included from libssh2/src/openssl.h:55,
[INFO] [stderr]   cargo:warning=                 from libssh2/src/crypto.h:42,
[INFO] [stderr]   cargo:warning=                 from libssh2/src/libssh2_priv.h:141,
[INFO] [stderr]   cargo:warning=                 from libssh2/src/mac.c:38:
[INFO] [stderr]   cargo:warning=/usr/include/openssl/hmac.h:45:27: note: declared here
[INFO] [stderr]   cargo:warning=   45 | OSSL_DEPRECATEDIN_3_0 int HMAC_Update(HMAC_CTX *ctx, const unsigned char *data,
[INFO] [stderr]   cargo:warning=      |                           ^~~~~~~~~~~
[INFO] [stderr]   cargo:warning=libssh2/src/mac.c:120:5: warning: 'HMAC_Update' is deprecated: Since OpenSSL 3.0 [-Wdeprecated-declarations]
[INFO] [stderr]   cargo:warning=  120 |     libssh2_hmac_update(ctx, packet, packet_len);
[INFO] [stderr]   cargo:warning=      |     ^~~~~~~~~~~~~~~~~~~
[INFO] [stderr]   cargo:warning=In file included from libssh2/src/openssl.h:55,
[INFO] [stderr]   cargo:warning=                 from libssh2/src/crypto.h:42,
[INFO] [stderr]   cargo:warning=                 from libssh2/src/libssh2_priv.h:141,
[INFO] [stderr]   cargo:warning=                 from libssh2/src/mac.c:38:
[INFO] [stderr]   cargo:warning=/usr/include/openssl/hmac.h:45:27: note: declared here
[INFO] [stderr]   cargo:warning=   45 | OSSL_DEPRECATEDIN_3_0 int HMAC_Update(HMAC_CTX *ctx, const unsigned char *data,
[INFO] [stderr]   cargo:warning=      |                           ^~~~~~~~~~~
[INFO] [stderr]   cargo:warning=libssh2/src/mac.c:122:9: warning: 'HMAC_Update' is deprecated: Since OpenSSL 3.0 [-Wdeprecated-declarations]
[INFO] [stderr]   cargo:warning=  122 |         libssh2_hmac_update(ctx, addtl, addtl_len);
[INFO] [stderr]   cargo:warning=      |         ^~~~~~~~~~~~~~~~~~~
[INFO] [stderr]   cargo:warning=In file included from libssh2/src/openssl.h:55,
[INFO] [stderr]   cargo:warning=                 from libssh2/src/crypto.h:42,
[INFO] [stderr]   cargo:warning=                 from libssh2/src/libssh2_priv.h:141,
[INFO] [stderr]   cargo:warning=                 from libssh2/src/mac.c:38:
[INFO] [stderr]   cargo:warning=/usr/include/openssl/hmac.h:45:27: note: declared here
[INFO] [stderr]   cargo:warning=   45 | OSSL_DEPRECATEDIN_3_0 int HMAC_Update(HMAC_CTX *ctx, const unsigned char *data,
[INFO] [stderr]   cargo:warning=      |                           ^~~~~~~~~~~
[INFO] [stderr]   cargo:warning=libssh2/src/mac.c:124:5: warning: 'HMAC_Final' is deprecated: Since OpenSSL 3.0 [-Wdeprecated-declarations]
[INFO] [stderr]   cargo:warning=  124 |     libssh2_hmac_final(ctx, buf);
[INFO] [stderr]   cargo:warning=      |     ^~~~~~~~~~~~~~~~~~
[INFO] [stderr]   cargo:warning=In file included from libssh2/src/openssl.h:55,
[INFO] [stderr]   cargo:warning=                 from libssh2/src/crypto.h:42,
[INFO] [stderr]   cargo:warning=                 from libssh2/src/libssh2_priv.h:141,
[INFO] [stderr]   cargo:warning=                 from libssh2/src/mac.c:38:
[INFO] [stderr]   cargo:warning=/usr/include/openssl/hmac.h:47:27: note: declared here
[INFO] [stderr]   cargo:warning=   47 | OSSL_DEPRECATEDIN_3_0 int HMAC_Final(HMAC_CTX *ctx, unsigned char *md,
[INFO] [stderr]   cargo:warning=      |                           ^~~~~~~~~~
[INFO] [stderr]   cargo:warning=libssh2/src/mac.c:125:5: warning: 'HMAC_CTX_free' is deprecated: Since OpenSSL 3.0 [-Wdeprecated-declarations]
[INFO] [stderr]   cargo:warning=  125 |     libssh2_hmac_cleanup(&ctx);
[INFO] [stderr]   cargo:warning=      |     ^~~~~~~~~~~~~~~~~~~~
[INFO] [stderr]   cargo:warning=In file included from libssh2/src/openssl.h:55,
[INFO] [stderr]   cargo:warning=                 from libssh2/src/crypto.h:42,
[INFO] [stderr]   cargo:warning=                 from libssh2/src/libssh2_priv.h:141,
[INFO] [stderr]   cargo:warning=                 from libssh2/src/mac.c:38:
[INFO] [stderr]   cargo:warning=/usr/include/openssl/hmac.h:35:28: note: declared here
[INFO] [stderr]   cargo:warning=   35 | OSSL_DEPRECATEDIN_3_0 void HMAC_CTX_free(HMAC_CTX *ctx);
[INFO] [stderr]   cargo:warning=      |                            ^~~~~~~~~~~~~
[INFO] [stderr]   cargo:warning=libssh2/src/mac.c: In function 'mac_method_hmac_sha2_256_hash':
[INFO] [stderr]   cargo:warning=libssh2/src/mac.c:162:5: warning: 'HMAC_CTX_new' is deprecated: Since OpenSSL 3.0 [-Wdeprecated-declarations]
[INFO] [stderr]   cargo:warning=  162 |     libssh2_hmac_ctx_init(ctx);
[INFO] [stderr]   cargo:warning=      |     ^~~~~~~~~~~~~~~~~~~~~
[INFO] [stderr]   cargo:warning=In file included from libssh2/src/openssl.h:55,
[INFO] [stderr]   cargo:warning=                 from libssh2/src/crypto.h:42,
[INFO] [stderr]   cargo:warning=                 from libssh2/src/libssh2_priv.h:141,
[INFO] [stderr]   cargo:warning=                 from libssh2/src/mac.c:38:
[INFO] [stderr]   cargo:warning=/usr/include/openssl/hmac.h:33:33: note: declared here
[INFO] [stderr]   cargo:warning=   33 | OSSL_DEPRECATEDIN_3_0 HMAC_CTX *HMAC_CTX_new(void);
[INFO] [stderr]   cargo:warning=      |                                 ^~~~~~~~~~~~
[INFO] [stderr]   cargo:warning=libssh2/src/mac.c:163:5: warning: 'HMAC_Init_ex' is deprecated: Since OpenSSL 3.0 [-Wdeprecated-declarations]
[INFO] [stderr]   cargo:warning=  163 |     libssh2_hmac_sha256_init(&ctx, *abstract, 32);
[INFO] [stderr]   cargo:warning=      |     ^~~~~~~~~~~~~~~~~~~~~~~~
[INFO] [stderr]   cargo:warning=In file included from libssh2/src/openssl.h:55,
[INFO] [stderr]   cargo:warning=                 from libssh2/src/crypto.h:42,
[INFO] [stderr]   cargo:warning=                 from libssh2/src/libssh2_priv.h:141,
[INFO] [stderr]   cargo:warning=                 from libssh2/src/mac.c:38:
[INFO] [stderr]   cargo:warning=/usr/include/openssl/hmac.h:43:27: note: declared here
[INFO] [stderr]   cargo:warning=   43 | OSSL_DEPRECATEDIN_3_0 int HMAC_Init_ex(HMAC_CTX *ctx, const void *key, int len,
[INFO] [stderr]   cargo:warning=      |                           ^~~~~~~~~~~~
[INFO] [stderr]   cargo:warning=libssh2/src/mac.c:164:5: warning: 'HMAC_Update' is deprecated: Since OpenSSL 3.0 [-Wdeprecated-declarations]
[INFO] [stderr]   cargo:warning=  164 |     libssh2_hmac_update(ctx, seqno_buf, 4);
[INFO] [stderr]   cargo:warning=      |     ^~~~~~~~~~~~~~~~~~~
[INFO] [stderr]   cargo:warning=In file included from libssh2/src/openssl.h:55,
[INFO] [stderr]   cargo:warning=                 from libssh2/src/crypto.h:42,
[INFO] [stderr]   cargo:warning=                 from libssh2/src/libssh2_priv.h:141,
[INFO] [stderr]   cargo:warning=                 from libssh2/src/mac.c:38:
[INFO] [stderr]   cargo:warning=/usr/include/openssl/hmac.h:45:27: note: declared here
[INFO] [stderr]   cargo:warning=   45 | OSSL_DEPRECATEDIN_3_0 int HMAC_Update(HMAC_CTX *ctx, const unsigned char *data,
[INFO] [stderr]   cargo:warning=      |                           ^~~~~~~~~~~
[INFO] [stderr]   cargo:warning=libssh2/src/mac.c:165:5: warning: 'HMAC_Update' is deprecated: Since OpenSSL 3.0 [-Wdeprecated-declarations]
[INFO] [stderr]   cargo:warning=  165 |     libssh2_hmac_update(ctx, packet, packet_len);
[INFO] [stderr]   cargo:warning=      |     ^~~~~~~~~~~~~~~~~~~
[INFO] [stderr]   cargo:warning=In file included from libssh2/src/openssl.h:55,
[INFO] [stderr]   cargo:warning=                 from libssh2/src/crypto.h:42,
[INFO] [stderr]   cargo:warning=                 from libssh2/src/libssh2_priv.h:141,
[INFO] [stderr]   cargo:warning=                 from libssh2/src/mac.c:38:
[INFO] [stderr]   cargo:warning=/usr/include/openssl/hmac.h:45:27: note: declared here
[INFO] [stderr]   cargo:warning=   45 | OSSL_DEPRECATEDIN_3_0 int HMAC_Update(HMAC_CTX *ctx, const unsigned char *data,
[INFO] [stderr]   cargo:warning=      |                           ^~~~~~~~~~~
[INFO] [stderr]   cargo:warning=libssh2/src/mac.c:167:9: warning: 'HMAC_Update' is deprecated: Since OpenSSL 3.0 [-Wdeprecated-declarations]
[INFO] [stderr]   cargo:warning=  167 |         libssh2_hmac_update(ctx, addtl, addtl_len);
[INFO] [stderr]   cargo:warning=      |         ^~~~~~~~~~~~~~~~~~~
[INFO] [stderr]   cargo:warning=In file included from libssh2/src/openssl.h:55,
[INFO] [stderr]   cargo:warning=                 from libssh2/src/crypto.h:42,
[INFO] [stderr]   cargo:warning=                 from libssh2/src/libssh2_priv.h:141,
[INFO] [stderr]   cargo:warning=                 from libssh2/src/mac.c:38:
[INFO] [stderr]   cargo:warning=/usr/include/openssl/hmac.h:45:27: note: declared here
[INFO] [stderr]   cargo:warning=   45 | OSSL_DEPRECATEDIN_3_0 int HMAC_Update(HMAC_CTX *ctx, const unsigned char *data,
[INFO] [stderr]   cargo:warning=      |                           ^~~~~~~~~~~
[INFO] [stderr]   cargo:warning=libssh2/src/mac.c:169:5: warning: 'HMAC_Final' is deprecated: Since OpenSSL 3.0 [-Wdeprecated-declarations]
[INFO] [stderr]   cargo:warning=  169 |     libssh2_hmac_final(ctx, buf);
[INFO] [stderr]   cargo:warning=      |     ^~~~~~~~~~~~~~~~~~
[INFO] [stderr]   cargo:warning=In file included from libssh2/src/openssl.h:55,
[INFO] [stderr]   cargo:warning=                 from libssh2/src/crypto.h:42,
[INFO] [stderr]   cargo:warning=                 from libssh2/src/libssh2_priv.h:141,
[INFO] [stderr]   cargo:warning=                 from libssh2/src/mac.c:38:
[INFO] [stderr]   cargo:warning=/usr/include/openssl/hmac.h:47:27: note: declared here
[INFO] [stderr]   cargo:warning=   47 | OSSL_DEPRECATEDIN_3_0 int HMAC_Final(HMAC_CTX *ctx, unsigned char *md,
[INFO] [stderr]   cargo:warning=      |                           ^~~~~~~~~~
[INFO] [stderr]   cargo:warning=libssh2/src/mac.c:170:5: warning: 'HMAC_CTX_free' is deprecated: Since OpenSSL 3.0 [-Wdeprecated-declarations]
[INFO] [stderr]   cargo:warning=  170 |     libssh2_hmac_cleanup(&ctx);
[INFO] [stderr]   cargo:warning=      |     ^~~~~~~~~~~~~~~~~~~~
[INFO] [stderr]   cargo:warning=In file included from libssh2/src/openssl.h:55,
[INFO] [stderr]   cargo:warning=                 from libssh2/src/crypto.h:42,
[INFO] [stderr]   cargo:warning=                 from libssh2/src/libssh2_priv.h:141,
[INFO] [stderr]   cargo:warning=                 from libssh2/src/mac.c:38:
[INFO] [stderr]   cargo:warning=/usr/include/openssl/hmac.h:35:28: note: declared here
[INFO] [stderr]   cargo:warning=   35 | OSSL_DEPRECATEDIN_3_0 void HMAC_CTX_free(HMAC_CTX *ctx);
[INFO] [stderr]   cargo:warning=      |                            ^~~~~~~~~~~~~
[INFO] [stderr]   cargo:warning=libssh2/src/mac.c: In function 'mac_method_hmac_sha1_hash':
[INFO] [stderr]   cargo:warning=libssh2/src/mac.c:207:5: warning: 'HMAC_CTX_new' is deprecated: Since OpenSSL 3.0 [-Wdeprecated-declarations]
[INFO] [stderr]   cargo:warning=  207 |     libssh2_hmac_ctx_init(ctx);
[INFO] [stderr]   cargo:warning=      |     ^~~~~~~~~~~~~~~~~~~~~
[INFO] [stderr]   cargo:warning=In file included from libssh2/src/openssl.h:55,
[INFO] [stderr]   cargo:warning=                 from libssh2/src/crypto.h:42,
[INFO] [stderr]   cargo:warning=                 from libssh2/src/libssh2_priv.h:141,
[INFO] [stderr]   cargo:warning=                 from libssh2/src/mac.c:38:
[INFO] [stderr]   cargo:warning=/usr/include/openssl/hmac.h:33:33: note: declared here
[INFO] [stderr]   cargo:warning=   33 | OSSL_DEPRECATEDIN_3_0 HMAC_CTX *HMAC_CTX_new(void);
[INFO] [stderr]   cargo:warning=      |                                 ^~~~~~~~~~~~
[INFO] [stderr]   cargo:warning=libssh2/src/mac.c:208:5: warning: 'HMAC_Init_ex' is deprecated: Since OpenSSL 3.0 [-Wdeprecated-declarations]
[INFO] [stderr]   cargo:warning=  208 |     libssh2_hmac_sha1_init(&ctx, *abstract, 20);
[INFO] [stderr]   cargo:warning=      |     ^~~~~~~~~~~~~~~~~~~~~~
[INFO] [stderr]   cargo:warning=In file included from libssh2/src/openssl.h:55,
[INFO] [stderr]   cargo:warning=                 from libssh2/src/crypto.h:42,
[INFO] [stderr]   cargo:warning=                 from libssh2/src/libssh2_priv.h:141,
[INFO] [stderr]   cargo:warning=                 from libssh2/src/mac.c:38:
[INFO] [stderr]   cargo:warning=/usr/include/openssl/hmac.h:43:27: note: declared here
[INFO] [stderr]   cargo:warning=   43 | OSSL_DEPRECATEDIN_3_0 int HMAC_Init_ex(HMAC_CTX *ctx, const void *key, int len,
[INFO] [stderr]   cargo:warning=      |                           ^~~~~~~~~~~~
[INFO] [stderr]   cargo:warning=libssh2/src/mac.c:209:5: warning: 'HMAC_Update' is deprecated: Since OpenSSL 3.0 [-Wdeprecated-declarations]
[INFO] [stderr]   cargo:warning=  209 |     libssh2_hmac_update(ctx, seqno_buf, 4);
[INFO] [stderr]   cargo:warning=      |     ^~~~~~~~~~~~~~~~~~~
[INFO] [stderr]   cargo:warning=In file included from libssh2/src/openssl.h:55,
[INFO] [stderr]   cargo:warning=                 from libssh2/src/crypto.h:42,
[INFO] [stderr]   cargo:warning=                 from libssh2/src/libssh2_priv.h:141,
[INFO] [stderr]   cargo:warning=                 from libssh2/src/mac.c:38:
[INFO] [stderr]   cargo:warning=/usr/include/openssl/hmac.h:45:27: note: declared here
[INFO] [stderr]   cargo:warning=   45 | OSSL_DEPRECATEDIN_3_0 int HMAC_Update(HMAC_CTX *ctx, const unsigned char *data,
[INFO] [stderr]   cargo:warning=      |                           ^~~~~~~~~~~
[INFO] [stderr]   cargo:warning=libssh2/src/mac.c:210:5: warning: 'HMAC_Update' is deprecated: Since OpenSSL 3.0 [-Wdeprecated-declarations]
[INFO] [stderr]   cargo:warning=  210 |     libssh2_hmac_update(ctx, packet, packet_len);
[INFO] [stderr]   cargo:warning=      |     ^~~~~~~~~~~~~~~~~~~
[INFO] [stderr]   cargo:warning=In file included from libssh2/src/openssl.h:55,
[INFO] [stderr]   cargo:warning=                 from libssh2/src/crypto.h:42,
[INFO] [stderr]   cargo:warning=                 from libssh2/src/libssh2_priv.h:141,
[INFO] [stderr]   cargo:warning=                 from libssh2/src/mac.c:38:
[INFO] [stderr]   cargo:warning=/usr/include/openssl/hmac.h:45:27: note: declared here
[INFO] [stderr]   cargo:warning=   45 | OSSL_DEPRECATEDIN_3_0 int HMAC_Update(HMAC_CTX *ctx, const unsigned char *data,
[INFO] [stderr]   cargo:warning=      |                           ^~~~~~~~~~~
[INFO] [stderr]   cargo:warning=libssh2/src/mac.c:212:9: warning: 'HMAC_Update' is deprecated: Since OpenSSL 3.0 [-Wdeprecated-declarations]
[INFO] [stderr]   cargo:warning=  212 |         libssh2_hmac_update(ctx, addtl, addtl_len);
[INFO] [stderr]   cargo:warning=      |         ^~~~~~~~~~~~~~~~~~~
[INFO] [stderr]   cargo:warning=In file included from libssh2/src/openssl.h:55,
[INFO] [stderr]   cargo:warning=                 from libssh2/src/crypto.h:42,
[INFO] [stderr]   cargo:warning=                 from libssh2/src/libssh2_priv.h:141,
[INFO] [stderr]   cargo:warning=                 from libssh2/src/mac.c:38:
[INFO] [stderr]   cargo:warning=/usr/include/openssl/hmac.h:45:27: note: declared here
[INFO] [stderr]   cargo:warning=   45 | OSSL_DEPRECATEDIN_3_0 int HMAC_Update(HMAC_CTX *ctx, const unsigned char *data,
[INFO] [stderr]   cargo:warning=      |                           ^~~~~~~~~~~
[INFO] [stderr]   cargo:warning=libssh2/src/mac.c:214:5: warning: 'HMAC_Final' is deprecated: Since OpenSSL 3.0 [-Wdeprecated-declarations]
[INFO] [stderr]   cargo:warning=  214 |     libssh2_hmac_final(ctx, buf);
[INFO] [stderr]   cargo:warning=      |     ^~~~~~~~~~~~~~~~~~
[INFO] [stderr]   cargo:warning=In file included from libssh2/src/openssl.h:55,
[INFO] [stderr]   cargo:warning=                 from libssh2/src/crypto.h:42,
[INFO] [stderr]   cargo:warning=                 from libssh2/src/libssh2_priv.h:141,
[INFO] [stderr]   cargo:warning=                 from libssh2/src/mac.c:38:
[INFO] [stderr]   cargo:warning=/usr/include/openssl/hmac.h:47:27: note: declared here
[INFO] [stderr]   cargo:warning=   47 | OSSL_DEPRECATEDIN_3_0 int HMAC_Final(HMAC_CTX *ctx, unsigned char *md,
[INFO] [stderr]   cargo:warning=      |                           ^~~~~~~~~~
[INFO] [stderr]   cargo:warning=libssh2/src/mac.c:215:5: warning: 'HMAC_CTX_free' is deprecated: Since OpenSSL 3.0 [-Wdeprecated-declarations]
[INFO] [stderr]   cargo:warning=  215 |     libssh2_hmac_cleanup(&ctx);
[INFO] [stderr]   cargo:warning=      |     ^~~~~~~~~~~~~~~~~~~~
[INFO] [stderr]   cargo:warning=In file included from libssh2/src/openssl.h:55,
[INFO] [stderr]   cargo:warning=                 from libssh2/src/crypto.h:42,
[INFO] [stderr]   cargo:warning=                 from libssh2/src/libssh2_priv.h:141,
[INFO] [stderr]   cargo:warning=                 from libssh2/src/mac.c:38:
[INFO] [stderr]   cargo:warning=/usr/include/openssl/hmac.h:35:28: note: declared here
[INFO] [stderr]   cargo:warning=   35 | OSSL_DEPRECATEDIN_3_0 void HMAC_CTX_free(HMAC_CTX *ctx);
[INFO] [stderr]   cargo:warning=      |                            ^~~~~~~~~~~~~
[INFO] [stderr]   cargo:warning=libssh2/src/mac.c: In function 'mac_method_hmac_md5_hash':
[INFO] [stderr]   cargo:warning=libssh2/src/mac.c:280:5: warning: 'HMAC_CTX_new' is deprecated: Since OpenSSL 3.0 [-Wdeprecated-declarations]
[INFO] [stderr]   cargo:warning=  280 |     libssh2_hmac_ctx_init(ctx);
[INFO] [stderr]   cargo:warning=      |     ^~~~~~~~~~~~~~~~~~~~~
[INFO] [stderr]   cargo:warning=In file included from libssh2/src/openssl.h:55,
[INFO] [stderr]   cargo:warning=                 from libssh2/src/crypto.h:42,
[INFO] [stderr]   cargo:warning=                 from libssh2/src/libssh2_priv.h:141,
[INFO] [stderr]   cargo:warning=                 from libssh2/src/mac.c:38:
[INFO] [stderr]   cargo:warning=/usr/include/openssl/hmac.h:33:33: note: declared here
[INFO] [stderr]   cargo:warning=   33 | OSSL_DEPRECATEDIN_3_0 HMAC_CTX *HMAC_CTX_new(void);
[INFO] [stderr]   cargo:warning=      |                                 ^~~~~~~~~~~~
[INFO] [stderr]   cargo:warning=libssh2/src/mac.c:281:5: warning: 'HMAC_Init_ex' is deprecated: Since OpenSSL 3.0 [-Wdeprecated-declarations]
[INFO] [stderr]   cargo:warning=  281 |     libssh2_hmac_md5_init(&ctx, *abstract, 16);
[INFO] [stderr]   cargo:warning=      |     ^~~~~~~~~~~~~~~~~~~~~
[INFO] [stderr]   cargo:warning=In file included from libssh2/src/openssl.h:55,
[INFO] [stderr]   cargo:warning=                 from libssh2/src/crypto.h:42,
[INFO] [stderr]   cargo:warning=                 from libssh2/src/libssh2_priv.h:141,
[INFO] [stderr]   cargo:warning=                 from libssh2/src/mac.c:38:
[INFO] [stderr]   cargo:warning=/usr/include/openssl/hmac.h:43:27: note: declared here
[INFO] [stderr]   cargo:warning=   43 | OSSL_DEPRECATEDIN_3_0 int HMAC_Init_ex(HMAC_CTX *ctx, const void *key, int len,
[INFO] [stderr]   cargo:warning=      |                           ^~~~~~~~~~~~
[INFO] [stderr]   cargo:warning=libssh2/src/mac.c:282:5: warning: 'HMAC_Update' is deprecated: Since OpenSSL 3.0 [-Wdeprecated-declarations]
[INFO] [stderr]   cargo:warning=  282 |     libssh2_hmac_update(ctx, seqno_buf, 4);
[INFO] [stderr]   cargo:warning=      |     ^~~~~~~~~~~~~~~~~~~
[INFO] [stderr]   cargo:warning=In file included from libssh2/src/openssl.h:55,
[INFO] [stderr]   cargo:warning=                 from libssh2/src/crypto.h:42,
[INFO] [stderr]   cargo:warning=                 from libssh2/src/libssh2_priv.h:141,
[INFO] [stderr]   cargo:warning=                 from libssh2/src/mac.c:38:
[INFO] [stderr]   cargo:warning=/usr/include/openssl/hmac.h:45:27: note: declared here
[INFO] [stderr]   cargo:warning=   45 | OSSL_DEPRECATEDIN_3_0 int HMAC_Update(HMAC_CTX *ctx, const unsigned char *data,
[INFO] [stderr]   cargo:warning=      |                           ^~~~~~~~~~~
[INFO] [stderr]   cargo:warning=libssh2/src/mac.c:283:5: warning: 'HMAC_Update' is deprecated: Since OpenSSL 3.0 [-Wdeprecated-declarations]
[INFO] [stderr]   cargo:warning=  283 |     libssh2_hmac_update(ctx, packet, packet_len);
[INFO] [stderr]   cargo:warning=      |     ^~~~~~~~~~~~~~~~~~~
[INFO] [stderr]   cargo:warning=In file included from libssh2/src/openssl.h:55,
[INFO] [stderr]   cargo:warning=                 from libssh2/src/crypto.h:42,
[INFO] [stderr]   cargo:warning=                 from libssh2/src/libssh2_priv.h:141,
[INFO] [stderr]   cargo:warning=                 from libssh2/src/mac.c:38:
[INFO] [stderr]   cargo:warning=/usr/include/openssl/hmac.h:45:27: note: declared here
[INFO] [stderr]   cargo:warning=   45 | OSSL_DEPRECATEDIN_3_0 int HMAC_Update(HMAC_CTX *ctx, const unsigned char *data,
[INFO] [stderr]   cargo:warning=      |                           ^~~~~~~~~~~
[INFO] [stderr]   cargo:warning=libssh2/src/mac.c:285:9: warning: 'HMAC_Update' is deprecated: Since OpenSSL 3.0 [-Wdeprecated-declarations]
[INFO] [stderr]   cargo:warning=  285 |         libssh2_hmac_update(ctx, addtl, addtl_len);
[INFO] [stderr]   cargo:warning=      |         ^~~~~~~~~~~~~~~~~~~
[INFO] [stderr]   cargo:warning=In file included from libssh2/src/openssl.h:55,
[INFO] [stderr]   cargo:warning=                 from libssh2/src/crypto.h:42,
[INFO] [stderr]   cargo:warning=                 from libssh2/src/libssh2_priv.h:141,
[INFO] [stderr]   cargo:warning=                 from libssh2/src/mac.c:38:
[INFO] [stderr]   cargo:warning=/usr/include/openssl/hmac.h:45:27: note: declared here
[INFO] [stderr]   cargo:warning=   45 | OSSL_DEPRECATEDIN_3_0 int HMAC_Update(HMAC_CTX *ctx, const unsigned char *data,
[INFO] [stderr]   cargo:warning=      |                           ^~~~~~~~~~~
[INFO] [stderr]   cargo:warning=libssh2/src/mac.c:287:5: warning: 'HMAC_Final' is deprecated: Since OpenSSL 3.0 [-Wdeprecated-declarations]
[INFO] [stderr]   cargo:warning=  287 |     libssh2_hmac_final(ctx, buf);
[INFO] [stderr]   cargo:warning=      |     ^~~~~~~~~~~~~~~~~~
[INFO] [stderr]   cargo:warning=In file included from libssh2/src/openssl.h:55,
[INFO] [stderr]   cargo:warning=                 from libssh2/src/crypto.h:42,
[INFO] [stderr]   cargo:warning=                 from libssh2/src/libssh2_priv.h:141,
[INFO] [stderr]   cargo:warning=                 from libssh2/src/mac.c:38:
[INFO] [stderr]   cargo:warning=/usr/include/openssl/hmac.h:47:27: note: declared here
[INFO] [stderr]   cargo:warning=   47 | OSSL_DEPRECATEDIN_3_0 int HMAC_Final(HMAC_CTX *ctx, unsigned char *md,
[INFO] [stderr]   cargo:warning=      |                           ^~~~~~~~~~
[INFO] [stderr]   cargo:warning=libssh2/src/mac.c:288:5: warning: 'HMAC_CTX_free' is deprecated: Since OpenSSL 3.0 [-Wdeprecated-declarations]
[INFO] [stderr]   cargo:warning=  288 |     libssh2_hmac_cleanup(&ctx);
[INFO] [stderr]   cargo:warning=      |     ^~~~~~~~~~~~~~~~~~~~
[INFO] [stderr]   cargo:warning=In file included from libssh2/src/openssl.h:55,
[INFO] [stderr]   cargo:warning=                 from libssh2/src/crypto.h:42,
[INFO] [stderr]   cargo:warning=                 from libssh2/src/libssh2_priv.h:141,
[INFO] [stderr]   cargo:warning=                 from libssh2/src/mac.c:38:
[INFO] [stderr]   cargo:warning=/usr/include/openssl/hmac.h:35:28: note: declared here
[INFO] [stderr]   cargo:warning=   35 | OSSL_DEPRECATEDIN_3_0 void HMAC_CTX_free(HMAC_CTX *ctx);
[INFO] [stderr]   cargo:warning=      |                            ^~~~~~~~~~~~~
[INFO] [stderr]   cargo:warning=libssh2/src/mac.c: In function 'mac_method_hmac_ripemd160_hash':
[INFO] [stderr]   cargo:warning=libssh2/src/mac.c:353:5: warning: 'HMAC_CTX_new' is deprecated: Since OpenSSL 3.0 [-Wdeprecated-declarations]
[INFO] [stderr]   cargo:warning=  353 |     libssh2_hmac_ctx_init(ctx);
[INFO] [stderr]   cargo:warning=      |     ^~~~~~~~~~~~~~~~~~~~~
[INFO] [stderr]   cargo:warning=In file included from libssh2/src/openssl.h:55,
[INFO] [stderr]   cargo:warning=                 from libssh2/src/crypto.h:42,
[INFO] [stderr]   cargo:warning=                 from libssh2/src/libssh2_priv.h:141,
[INFO] [stderr]   cargo:warning=                 from libssh2/src/mac.c:38:
[INFO] [stderr]   cargo:warning=/usr/include/openssl/hmac.h:33:33: note: declared here
[INFO] [stderr]   cargo:warning=   33 | OSSL_DEPRECATEDIN_3_0 HMAC_CTX *HMAC_CTX_new(void);
[INFO] [stderr]   cargo:warning=      |                                 ^~~~~~~~~~~~
[INFO] [stderr]   cargo:warning=libssh2/src/mac.c:354:5: warning: 'HMAC_Init_ex' is deprecated: Since OpenSSL 3.0 [-Wdeprecated-declarations]
[INFO] [stderr]   cargo:warning=  354 |     libssh2_hmac_ripemd160_init(&ctx, *abstract, 20);
[INFO] [stderr]   cargo:warning=      |     ^~~~~~~~~~~~~~~~~~~~~~~~~~~
[INFO] [stderr]   cargo:warning=In file included from libssh2/src/openssl.h:55,
[INFO] [stderr]   cargo:warning=                 from libssh2/src/crypto.h:42,
[INFO] [stderr]   cargo:warning=                 from libssh2/src/libssh2_priv.h:141,
[INFO] [stderr]   cargo:warning=                 from libssh2/src/mac.c:38:
[INFO] [stderr]   cargo:warning=/usr/include/openssl/hmac.h:43:27: note: declared here
[INFO] [stderr]   cargo:warning=   43 | OSSL_DEPRECATEDIN_3_0 int HMAC_Init_ex(HMAC_CTX *ctx, const void *key, int len,
[INFO] [stderr]   cargo:warning=      |                           ^~~~~~~~~~~~
[INFO] [stderr]   cargo:warning=libssh2/src/mac.c:355:5: warning: 'HMAC_Update' is deprecated: Since OpenSSL 3.0 [-Wdeprecated-declarations]
[INFO] [stderr]   cargo:warning=  355 |     libssh2_hmac_update(ctx, seqno_buf, 4);
[INFO] [stderr]   cargo:warning=      |     ^~~~~~~~~~~~~~~~~~~
[INFO] [stderr]   cargo:warning=In file included from libssh2/src/openssl.h:55,
[INFO] [stderr]   cargo:warning=                 from libssh2/src/crypto.h:42,
[INFO] [stderr]   cargo:warning=                 from libssh2/src/libssh2_priv.h:141,
[INFO] [stderr]   cargo:warning=                 from libssh2/src/mac.c:38:
[INFO] [stderr]   cargo:warning=/usr/include/openssl/hmac.h:45:27: note: declared here
[INFO] [stderr]   cargo:warning=   45 | OSSL_DEPRECATEDIN_3_0 int HMAC_Update(HMAC_CTX *ctx, const unsigned char *data,
[INFO] [stderr]   cargo:warning=      |                           ^~~~~~~~~~~
[INFO] [stderr]   cargo:warning=libssh2/src/mac.c:356:5: warning: 'HMAC_Update' is deprecated: Since OpenSSL 3.0 [-Wdeprecated-declarations]
[INFO] [stderr]   cargo:warning=  356 |     libssh2_hmac_update(ctx, packet, packet_len);
[INFO] [stderr]   cargo:warning=      |     ^~~~~~~~~~~~~~~~~~~
[INFO] [stderr]   cargo:warning=In file included from libssh2/src/openssl.h:55,
[INFO] [stderr]   cargo:warning=                 from libssh2/src/crypto.h:42,
[INFO] [stderr]   cargo:warning=                 from libssh2/src/libssh2_priv.h:141,
[INFO] [stderr]   cargo:warning=                 from libssh2/src/mac.c:38:
[INFO] [stderr]   cargo:warning=/usr/include/openssl/hmac.h:45:27: note: declared here
[INFO] [stderr]   cargo:warning=   45 | OSSL_DEPRECATEDIN_3_0 int HMAC_Update(HMAC_CTX *ctx, const unsigned char *data,
[INFO] [stderr]   cargo:warning=      |                           ^~~~~~~~~~~
[INFO] [stderr]   cargo:warning=libssh2/src/mac.c:358:9: warning: 'HMAC_Update' is deprecated: Since OpenSSL 3.0 [-Wdeprecated-declarations]
[INFO] [stderr]   cargo:warning=  358 |         libssh2_hmac_update(ctx, addtl, addtl_len);
[INFO] [stderr]   cargo:warning=      |         ^~~~~~~~~~~~~~~~~~~
[INFO] [stderr]   cargo:warning=In file included from libssh2/src/openssl.h:55,
[INFO] [stderr]   cargo:warning=                 from libssh2/src/crypto.h:42,
[INFO] [stderr]   cargo:warning=                 from libssh2/src/libssh2_priv.h:141,
[INFO] [stderr]   cargo:warning=                 from libssh2/src/mac.c:38:
[INFO] [stderr]   cargo:warning=/usr/include/openssl/hmac.h:45:27: note: declared here
[INFO] [stderr]   cargo:warning=   45 | OSSL_DEPRECATEDIN_3_0 int HMAC_Update(HMAC_CTX *ctx, const unsigned char *data,
[INFO] [stderr]   cargo:warning=      |                           ^~~~~~~~~~~
[INFO] [stderr]   cargo:warning=libssh2/src/mac.c:360:5: warning: 'HMAC_Final' is deprecated: Since OpenSSL 3.0 [-Wdeprecated-declarations]
[INFO] [stderr]   cargo:warning=  360 |     libssh2_hmac_final(ctx, buf);
[INFO] [stderr]   cargo:warning=      |     ^~~~~~~~~~~~~~~~~~
[INFO] [stderr]   cargo:warning=In file included from libssh2/src/openssl.h:55,
[INFO] [stderr]   cargo:warning=                 from libssh2/src/crypto.h:42,
[INFO] [stderr]   cargo:warning=                 from libssh2/src/libssh2_priv.h:141,
[INFO] [stderr]   cargo:warning=                 from libssh2/src/mac.c:38:
[INFO] [stderr]   cargo:warning=/usr/include/openssl/hmac.h:47:27: note: declared here
[INFO] [stderr]   cargo:warning=   47 | OSSL_DEPRECATEDIN_3_0 int HMAC_Final(HMAC_CTX *ctx, unsigned char *md,
[INFO] [stderr]   cargo:warning=      |                           ^~~~~~~~~~
[INFO] [stderr]   cargo:warning=libssh2/src/mac.c:361:5: warning: 'HMAC_CTX_free' is deprecated: Since OpenSSL 3.0 [-Wdeprecated-declarations]
[INFO] [stderr]   cargo:warning=  361 |     libssh2_hmac_cleanup(&ctx);
[INFO] [stderr]   cargo:warning=      |     ^~~~~~~~~~~~~~~~~~~~
[INFO] [stderr]   cargo:warning=In file included from libssh2/src/openssl.h:55,
[INFO] [stderr]   cargo:warning=                 from libssh2/src/crypto.h:42,
[INFO] [stderr]   cargo:warning=                 from libssh2/src/libssh2_priv.h:141,
[INFO] [stderr]   cargo:warning=                 from libssh2/src/mac.c:38:
[INFO] [stderr]   cargo:warning=/usr/include/openssl/hmac.h:35:28: note: declared here
[INFO] [stderr]   cargo:warning=   35 | OSSL_DEPRECATEDIN_3_0 void HMAC_CTX_free(HMAC_CTX *ctx);
[INFO] [stderr]   cargo:warning=      |                            ^~~~~~~~~~~~~
[INFO] [stderr]   running: "cc" "-O0" "-ffunction-sections" "-fdata-sections" "-fPIC" "-g" "-fno-omit-frame-pointer" "-m64" "-I" "/opt/rustwide/target/debug/build/libssh2-sys-3906a4138d6a9a8b/out/include" "-I" "libssh2/src" "-I" "/opt/rustwide/target/debug/build/libssh2-sys-3906a4138d6a9a8b/out/build" "-I" "/usr/include" "-fvisibility=hidden" "-DHAVE_LONGLONG" "-DHAVE_SNPRINTF" "-DHAVE_UNISTD_H" "-DHAVE_INTTYPES_H" "-DHAVE_STDLIB_H" "-DHAVE_SYS_SELECT_H" "-DHAVE_SYS_SOCKET_H" "-DHAVE_SYS_IOCTL_H" "-DHAVE_SYS_TIME_H" "-DHAVE_SYS_UN_H" "-DHAVE_O_NONBLOCK" "-DLIBSSH2_OPENSSL" "-DHAVE_LIBCRYPT32" "-DHAVE_EVP_AES_128_CTR" "-DHAVE_POLL" "-DHAVE_GETTIMEOFDAY" "-DLIBSSH2_DH_GEX_NEW" "-DLIBSSH2_HAVE_ZLIB" "-DLIBSSH2DEBUG" "-o" "/opt/rustwide/target/debug/build/libssh2-sys-3906a4138d6a9a8b/out/build/libssh2/src/misc.o" "-c" "libssh2/src/misc.c"
[INFO] [stderr]   exit status: 0
[INFO] [stderr]   exit status: 0
[INFO] [stderr]   running: "cc" "-O0" "-ffunction-sections" "-fdata-sections" "-fPIC" "-g" "-fno-omit-frame-pointer" "-m64" "-I" "/opt/rustwide/target/debug/build/libssh2-sys-3906a4138d6a9a8b/out/include" "-I" "libssh2/src" "-I" "/opt/rustwide/target/debug/build/libssh2-sys-3906a4138d6a9a8b/out/build" "-I" "/usr/include" "-fvisibility=hidden" "-DHAVE_LONGLONG" "-DHAVE_SNPRINTF" "-DHAVE_UNISTD_H" "-DHAVE_INTTYPES_H" "-DHAVE_STDLIB_H" "-DHAVE_SYS_SELECT_H" "-DHAVE_SYS_SOCKET_H" "-DHAVE_SYS_IOCTL_H" "-DHAVE_SYS_TIME_H" "-DHAVE_SYS_UN_H" "-DHAVE_O_NONBLOCK" "-DLIBSSH2_OPENSSL" "-DHAVE_LIBCRYPT32" "-DHAVE_EVP_AES_128_CTR" "-DHAVE_POLL" "-DHAVE_GETTIMEOFDAY" "-DLIBSSH2_DH_GEX_NEW" "-DLIBSSH2_HAVE_ZLIB" "-DLIBSSH2DEBUG" "-o" "/opt/rustwide/target/debug/build/libssh2-sys-3906a4138d6a9a8b/out/build/libssh2/src/packet.o" "-c" "libssh2/src/packet.c"
[INFO] [stderr]   exit status: 0
[INFO] [stderr]   running: "cc" "-O0" "-ffunction-sections" "-fdata-sections" "-fPIC" "-g" "-fno-omit-frame-pointer" "-m64" "-I" "/opt/rustwide/target/debug/build/libssh2-sys-3906a4138d6a9a8b/out/include" "-I" "libssh2/src" "-I" "/opt/rustwide/target/debug/build/libssh2-sys-3906a4138d6a9a8b/out/build" "-I" "/usr/include" "-fvisibility=hidden" "-DHAVE_LONGLONG" "-DHAVE_SNPRINTF" "-DHAVE_UNISTD_H" "-DHAVE_INTTYPES_H" "-DHAVE_STDLIB_H" "-DHAVE_SYS_SELECT_H" "-DHAVE_SYS_SOCKET_H" "-DHAVE_SYS_IOCTL_H" "-DHAVE_SYS_TIME_H" "-DHAVE_SYS_UN_H" "-DHAVE_O_NONBLOCK" "-DLIBSSH2_OPENSSL" "-DHAVE_LIBCRYPT32" "-DHAVE_EVP_AES_128_CTR" "-DHAVE_POLL" "-DHAVE_GETTIMEOFDAY" "-DLIBSSH2_DH_GEX_NEW" "-DLIBSSH2_HAVE_ZLIB" "-DLIBSSH2DEBUG" "-o" "/opt/rustwide/target/debug/build/libssh2-sys-3906a4138d6a9a8b/out/build/libssh2/src/pem.o" "-c" "libssh2/src/pem.c"
[INFO] [stderr]   running: "cc" "-O0" "-ffunction-sections" "-fdata-sections" "-fPIC" "-g" "-fno-omit-frame-pointer" "-m64" "-I" "/opt/rustwide/target/debug/build/libssh2-sys-3906a4138d6a9a8b/out/include" "-I" "libssh2/src" "-I" "/opt/rustwide/target/debug/build/libssh2-sys-3906a4138d6a9a8b/out/build" "-I" "/usr/include" "-fvisibility=hidden" "-DHAVE_LONGLONG" "-DHAVE_SNPRINTF" "-DHAVE_UNISTD_H" "-DHAVE_INTTYPES_H" "-DHAVE_STDLIB_H" "-DHAVE_SYS_SELECT_H" "-DHAVE_SYS_SOCKET_H" "-DHAVE_SYS_IOCTL_H" "-DHAVE_SYS_TIME_H" "-DHAVE_SYS_UN_H" "-DHAVE_O_NONBLOCK" "-DLIBSSH2_OPENSSL" "-DHAVE_LIBCRYPT32" "-DHAVE_EVP_AES_128_CTR" "-DHAVE_POLL" "-DHAVE_GETTIMEOFDAY" "-DLIBSSH2_DH_GEX_NEW" "-DLIBSSH2_HAVE_ZLIB" "-DLIBSSH2DEBUG" "-o" "/opt/rustwide/target/debug/build/libssh2-sys-3906a4138d6a9a8b/out/build/libssh2/src/publickey.o" "-c" "libssh2/src/publickey.c"
[INFO] [stderr]   exit status: 0
[INFO] [stderr]   exit status: 0
[INFO] [stderr]   running: "cc" "-O0" "-ffunction-sections" "-fdata-sections" "-fPIC" "-g" "-fno-omit-frame-pointer" "-m64" "-I" "/opt/rustwide/target/debug/build/libssh2-sys-3906a4138d6a9a8b/out/include" "-I" "libssh2/src" "-I" "/opt/rustwide/target/debug/build/libssh2-sys-3906a4138d6a9a8b/out/build" "-I" "/usr/include" "-fvisibility=hidden" "-DHAVE_LONGLONG" "-DHAVE_SNPRINTF" "-DHAVE_UNISTD_H" "-DHAVE_INTTYPES_H" "-DHAVE_STDLIB_H" "-DHAVE_SYS_SELECT_H" "-DHAVE_SYS_SOCKET_H" "-DHAVE_SYS_IOCTL_H" "-DHAVE_SYS_TIME_H" "-DHAVE_SYS_UN_H" "-DHAVE_O_NONBLOCK" "-DLIBSSH2_OPENSSL" "-DHAVE_LIBCRYPT32" "-DHAVE_EVP_AES_128_CTR" "-DHAVE_POLL" "-DHAVE_GETTIMEOFDAY" "-DLIBSSH2_DH_GEX_NEW" "-DLIBSSH2_HAVE_ZLIB" "-DLIBSSH2DEBUG" "-o" "/opt/rustwide/target/debug/build/libssh2-sys-3906a4138d6a9a8b/out/build/libssh2/src/scp.o" "-c" "libssh2/src/scp.c"
[INFO] [stderr]   running: "cc" "-O0" "-ffunction-sections" "-fdata-sections" "-fPIC" "-g" "-fno-omit-frame-pointer" "-m64" "-I" "/opt/rustwide/target/debug/build/libssh2-sys-3906a4138d6a9a8b/out/include" "-I" "libssh2/src" "-I" "/opt/rustwide/target/debug/build/libssh2-sys-3906a4138d6a9a8b/out/build" "-I" "/usr/include" "-fvisibility=hidden" "-DHAVE_LONGLONG" "-DHAVE_SNPRINTF" "-DHAVE_UNISTD_H" "-DHAVE_INTTYPES_H" "-DHAVE_STDLIB_H" "-DHAVE_SYS_SELECT_H" "-DHAVE_SYS_SOCKET_H" "-DHAVE_SYS_IOCTL_H" "-DHAVE_SYS_TIME_H" "-DHAVE_SYS_UN_H" "-DHAVE_O_NONBLOCK" "-DLIBSSH2_OPENSSL" "-DHAVE_LIBCRYPT32" "-DHAVE_EVP_AES_128_CTR" "-DHAVE_POLL" "-DHAVE_GETTIMEOFDAY" "-DLIBSSH2_DH_GEX_NEW" "-DLIBSSH2_HAVE_ZLIB" "-DLIBSSH2DEBUG" "-o" "/opt/rustwide/target/debug/build/libssh2-sys-3906a4138d6a9a8b/out/build/libssh2/src/session.o" "-c" "libssh2/src/session.c"
[INFO] [stderr]   running: "cc" "-O0" "-ffunction-sections" "-fdata-sections" "-fPIC" "-g" "-fno-omit-frame-pointer" "-m64" "-I" "/opt/rustwide/target/debug/build/libssh2-sys-3906a4138d6a9a8b/out/include" "-I" "libssh2/src" "-I" "/opt/rustwide/target/debug/build/libssh2-sys-3906a4138d6a9a8b/out/build" "-I" "/usr/include" "-fvisibility=hidden" "-DHAVE_LONGLONG" "-DHAVE_SNPRINTF" "-DHAVE_UNISTD_H" "-DHAVE_INTTYPES_H" "-DHAVE_STDLIB_H" "-DHAVE_SYS_SELECT_H" "-DHAVE_SYS_SOCKET_H" "-DHAVE_SYS_IOCTL_H" "-DHAVE_SYS_TIME_H" "-DHAVE_SYS_UN_H" "-DHAVE_O_NONBLOCK" "-DLIBSSH2_OPENSSL" "-DHAVE_LIBCRYPT32" "-DHAVE_EVP_AES_128_CTR" "-DHAVE_POLL" "-DHAVE_GETTIMEOFDAY" "-DLIBSSH2_DH_GEX_NEW" "-DLIBSSH2_HAVE_ZLIB" "-DLIBSSH2DEBUG" "-o" "/opt/rustwide/target/debug/build/libssh2-sys-3906a4138d6a9a8b/out/build/libssh2/src/sftp.o" "-c" "libssh2/src/sftp.c"
[INFO] [stderr]   exit status: 0
[INFO] [stderr]   running: "cc" "-O0" "-ffunction-sections" "-fdata-sections" "-fPIC" "-g" "-fno-omit-frame-pointer" "-m64" "-I" "/opt/rustwide/target/debug/build/libssh2-sys-3906a4138d6a9a8b/out/include" "-I" "libssh2/src" "-I" "/opt/rustwide/target/debug/build/libssh2-sys-3906a4138d6a9a8b/out/build" "-I" "/usr/include" "-fvisibility=hidden" "-DHAVE_LONGLONG" "-DHAVE_SNPRINTF" "-DHAVE_UNISTD_H" "-DHAVE_INTTYPES_H" "-DHAVE_STDLIB_H" "-DHAVE_SYS_SELECT_H" "-DHAVE_SYS_SOCKET_H" "-DHAVE_SYS_IOCTL_H" "-DHAVE_SYS_TIME_H" "-DHAVE_SYS_UN_H" "-DHAVE_O_NONBLOCK" "-DLIBSSH2_OPENSSL" "-DHAVE_LIBCRYPT32" "-DHAVE_EVP_AES_128_CTR" "-DHAVE_POLL" "-DHAVE_GETTIMEOFDAY" "-DLIBSSH2_DH_GEX_NEW" "-DLIBSSH2_HAVE_ZLIB" "-DLIBSSH2DEBUG" "-o" "/opt/rustwide/target/debug/build/libssh2-sys-3906a4138d6a9a8b/out/build/libssh2/src/transport.o" "-c" "libssh2/src/transport.c"
[INFO] [stderr]   cargo:warning=libssh2/src/scp.c:1145:1: fatal error: error writing to /tmp/ccwj9Fy9.s: No space left on device
[INFO] [stderr]   cargo:warning= 1145 | }
[INFO] [stderr]   cargo:warning=      | ^
[INFO] [stderr]   cargo:warning=compilation terminated.
[INFO] [stderr]   exit status: 1
[INFO] [stderr]   running: "cc" "-O0" "-ffunction-sections" "-fdata-sections" "-fPIC" "-g" "-fno-omit-frame-pointer" "-m64" "-I" "/opt/rustwide/target/debug/build/libssh2-sys-3906a4138d6a9a8b/out/include" "-I" "libssh2/src" "-I" "/opt/rustwide/target/debug/build/libssh2-sys-3906a4138d6a9a8b/out/build" "-I" "/usr/include" "-fvisibility=hidden" "-DHAVE_LONGLONG" "-DHAVE_SNPRINTF" "-DHAVE_UNISTD_H" "-DHAVE_INTTYPES_H" "-DHAVE_STDLIB_H" "-DHAVE_SYS_SELECT_H" "-DHAVE_SYS_SOCKET_H" "-DHAVE_SYS_IOCTL_H" "-DHAVE_SYS_TIME_H" "-DHAVE_SYS_UN_H" "-DHAVE_O_NONBLOCK" "-DLIBSSH2_OPENSSL" "-DHAVE_LIBCRYPT32" "-DHAVE_EVP_AES_128_CTR" "-DHAVE_POLL" "-DHAVE_GETTIMEOFDAY" "-DLIBSSH2_DH_GEX_NEW" "-DLIBSSH2_HAVE_ZLIB" "-DLIBSSH2DEBUG" "-o" "/opt/rustwide/target/debug/build/libssh2-sys-3906a4138d6a9a8b/out/build/libssh2/src/userauth.o" "-c" "libssh2/src/userauth.c"
[INFO] [stderr]   cargo:warning=libssh2/src/kex.c: At top level:
[INFO] [stderr]   cargo:warning=libssh2/src/kex.c:4141:1: fatal error: error writing to /tmp/ccGsKUBj.s: No space left on device
[INFO] [stderr]   cargo:warning= 4141 | }
[INFO] [stderr]   cargo:warning=      | ^
[INFO] [stderr]   cargo:warning=compilation terminated.
[INFO] [stderr]   exit status: 1
[INFO] [stderr]   exit status: 0
[INFO] [stderr]   cargo:warning=/tmp/ccNaxWur.s: Assembler messages:
[INFO] [stderr]   cargo:warning=/tmp/ccNaxWur.s: Fatal error: can't write 34 bytes to section .text.libssh2_default_alloc of /opt/rustwide/target/debug/build/libssh2-sys-3906a4138d6a9a8b/out/build/libssh2/src/session.o: 'No space left on device'
[INFO] [stderr]   cargo:warning=/tmp/ccNaxWur.s: Fatal error: /opt/rustwide/target/debug/build/libssh2-sys-3906a4138d6a9a8b/out/build/libssh2/src/session.o: No space left on device
[INFO] [stderr]   exit status: 1
[INFO] [stderr]   cargo:warning=libssh2/src/transport.c:924:1: fatal error: error writing to /tmp/ccMsH4Oe.s: No space left on device
[INFO] [stderr]   cargo:warning=  924 | }
[INFO] [stderr]   cargo:warning=      | ^
[INFO] [stderr]   cargo:warning=compilation terminated.
[INFO] [stderr]   exit status: 0
[INFO] [stderr]   exit status: 1
[INFO] [stderr]   exit status: 0
[INFO] [stderr]   exit status: 0
[INFO] [stderr]   exit status: 0
[INFO] [stderr] 
[INFO] [stderr]   --- stderr
[INFO] [stderr]   fatal: not a git repository (or any parent up to mount point /opt/rustwide)
[INFO] [stderr]   Stopping at filesystem boundary (GIT_DISCOVERY_ACROSS_FILESYSTEM not set).
[INFO] [stderr] 
[INFO] [stderr] 
[INFO] [stderr]   error occurred: Command "cc" "-O0" "-ffunction-sections" "-fdata-sections" "-fPIC" "-g" "-fno-omit-frame-pointer" "-m64" "-I" "/opt/rustwide/target/debug/build/libssh2-sys-3906a4138d6a9a8b/out/include" "-I" "libssh2/src" "-I" "/opt/rustwide/target/debug/build/libssh2-sys-3906a4138d6a9a8b/out/build" "-I" "/usr/include" "-fvisibility=hidden" "-DHAVE_LONGLONG" "-DHAVE_SNPRINTF" "-DHAVE_UNISTD_H" "-DHAVE_INTTYPES_H" "-DHAVE_STDLIB_H" "-DHAVE_SYS_SELECT_H" "-DHAVE_SYS_SOCKET_H" "-DHAVE_SYS_IOCTL_H" "-DHAVE_SYS_TIME_H" "-DHAVE_SYS_UN_H" "-DHAVE_O_NONBLOCK" "-DLIBSSH2_OPENSSL" "-DHAVE_LIBCRYPT32" "-DHAVE_EVP_AES_128_CTR" "-DHAVE_POLL" "-DHAVE_GETTIMEOFDAY" "-DLIBSSH2_DH_GEX_NEW" "-DLIBSSH2_HAVE_ZLIB" "-DLIBSSH2DEBUG" "-o" "/opt/rustwide/target/debug/build/libssh2-sys-3906a4138d6a9a8b/out/build/libssh2/src/kex.o" "-c" "libssh2/src/kex.c" with args "cc" did not execute successfully (status code exit status: 1).
[INFO] [stderr] 
[INFO] [stderr] 
[INFO] [stderr] rustc-LLVM ERROR: IO failure on output stream: No space left on device
[INFO] [stderr] rustc-LLVM ERROR: IO failure on output stream: No space left on device
[INFO] [stderr] error: could not compile `toml` (lib)
[INFO] [stderr] 
[INFO] [stderr] Caused by:
[INFO] [stderr]   process didn't exit successfully: `/opt/rustwide/rustup-home/toolchains/1.83.0-x86_64-unknown-linux-gnu/bin/rustc --crate-name toml --edition=2018 /opt/rustwide/cargo-home/registry/src/index.crates.io-6f17d22bba15001f/toml-0.5.9/src/lib.rs --error-format=json --json=diagnostic-rendered-ansi,artifacts,future-incompat --crate-type lib --emit=dep-info,metadata,link -C embed-bitcode=no --cfg 'feature="default"' --check-cfg 'cfg(docsrs)' --check-cfg 'cfg(feature, values("default", "indexmap", "preserve_order"))' -C metadata=9d96af964b4cd6d2 -C extra-filename=-9d96af964b4cd6d2 --out-dir /opt/rustwide/target/debug/deps -L dependency=/opt/rustwide/target/debug/deps --extern serde=/opt/rustwide/target/debug/deps/libserde-d4e74cfd9dad21c0.rmeta --cap-lints allow --cap-lints=warn` (exit status: 101)
[INFO] running `Command { std: "docker" "inspect" "bf2dad6a7743ed41a5e18514b73537903cc7a7876fbe5a07983bf2e94361a1d7", kill_on_drop: false }`
[INFO] running `Command { std: "docker" "rm" "-f" "bf2dad6a7743ed41a5e18514b73537903cc7a7876fbe5a07983bf2e94361a1d7", kill_on_drop: false }`
[INFO] [stdout] bf2dad6a7743ed41a5e18514b73537903cc7a7876fbe5a07983bf2e94361a1d7
