[INFO] cloning repository https://github.com/liangping/coin_market
[INFO] running `Command { std: "git" "-c" "credential.helper=" "-c" "credential.helper=/workspace/cargo-home/bin/git-credential-null" "clone" "--bare" "https://github.com/liangping/coin_market" "/workspace/cache/git-repos/https%3A%2F%2Fgithub.com%2Fliangping%2Fcoin_market", kill_on_drop: false }`
[INFO] [stderr] Cloning into bare repository '/workspace/cache/git-repos/https%3A%2F%2Fgithub.com%2Fliangping%2Fcoin_market'...
[INFO] running `Command { std: "git" "rev-parse" "HEAD", kill_on_drop: false }`
[INFO] [stdout] 5dcac1718fb16ef58e8eef15269e666d894808fc
[INFO] testing liangping/coin_market against beta-2024-12-08 for beta-1.84.0-4-retry
[INFO] running `Command { std: "git" "clone" "/workspace/cache/git-repos/https%3A%2F%2Fgithub.com%2Fliangping%2Fcoin_market" "/workspace/builds/worker-0-tc2/source", kill_on_drop: false }`
[INFO] [stderr] Cloning into '/workspace/builds/worker-0-tc2/source'...
[INFO] [stderr] done.
[INFO] [stderr] fatal: update_ref failed for ref 'HEAD': cannot update ref 'refs/heads/master': couldn't write '/workspace/builds/worker-0-tc2/source/.git/refs/heads/master.lock'
[INFO] testing liangping/coin_market against beta-2024-12-08 for beta-1.84.0-4-retry
[INFO] running `Command { std: "git" "clone" "/workspace/cache/git-repos/https%3A%2F%2Fgithub.com%2Fliangping%2Fcoin_market" "/workspace/builds/worker-0-tc2/source", kill_on_drop: false }`
[INFO] [stderr] Cloning into '/workspace/builds/worker-0-tc2/source'...
[INFO] [stderr] done.
[INFO] validating manifest of git repo https://github.com/liangping/coin_market on toolchain beta-2024-12-08
[INFO] running `Command { std: CARGO_HOME="/workspace/cargo-home" RUSTUP_HOME="/workspace/rustup-home" "/workspace/cargo-home/bin/cargo" "+beta-2024-12-08" "metadata" "--manifest-path" "Cargo.toml" "--no-deps", kill_on_drop: false }`
[INFO] started tweaking git repo https://github.com/liangping/coin_market
[INFO] finished tweaking git repo https://github.com/liangping/coin_market
[INFO] tweaked toml for git repo https://github.com/liangping/coin_market written to /workspace/builds/worker-0-tc2/source/Cargo.toml
[INFO] crate git repo https://github.com/liangping/coin_market already has a lockfile, it will not be regenerated
[INFO] running `Command { std: CARGO_HOME="/workspace/cargo-home" RUSTUP_HOME="/workspace/rustup-home" "/workspace/cargo-home/bin/cargo" "+beta-2024-12-08" "fetch" "--manifest-path" "Cargo.toml", kill_on_drop: false }`
[INFO] running `Command { std: "docker" "create" "-v" "/var/lib/crater-agent-workspace/builds/worker-0-tc2/target:/opt/rustwide/target:rw,Z" "-v" "/var/lib/crater-agent-workspace/builds/worker-0-tc2/source:/opt/rustwide/workdir:ro,Z" "-v" "/var/lib/crater-agent-workspace/cargo-home:/opt/rustwide/cargo-home:ro,Z" "-v" "/var/lib/crater-agent-workspace/rustup-home:/opt/rustwide/rustup-home:ro,Z" "-e" "SOURCE_DIR=/opt/rustwide/workdir" "-e" "CARGO_TARGET_DIR=/opt/rustwide/target" "-e" "CARGO_HOME=/opt/rustwide/cargo-home" "-e" "RUSTUP_HOME=/opt/rustwide/rustup-home" "-w" "/opt/rustwide/workdir" "-m" "1610612736" "--user" "0:0" "--network" "none" "ghcr.io/rust-lang/crates-build-env/linux@sha256:f3a9d4ad9d972b27faf3965f35b62e55ba32bbce8f20bc8fe909558a86702fde" "/opt/rustwide/cargo-home/bin/cargo" "+beta-2024-12-08" "metadata" "--no-deps" "--format-version=1", kill_on_drop: false }`
[INFO] [stdout] 65bc18f28a98c862edca6e443441af94669e1ae45c06360418f8a9630e217f57
[INFO] running `Command { std: "docker" "start" "-a" "65bc18f28a98c862edca6e443441af94669e1ae45c06360418f8a9630e217f57", kill_on_drop: false }`
[INFO] running `Command { std: "docker" "inspect" "65bc18f28a98c862edca6e443441af94669e1ae45c06360418f8a9630e217f57", kill_on_drop: false }`
[INFO] running `Command { std: "docker" "rm" "-f" "65bc18f28a98c862edca6e443441af94669e1ae45c06360418f8a9630e217f57", kill_on_drop: false }`
[INFO] [stdout] 65bc18f28a98c862edca6e443441af94669e1ae45c06360418f8a9630e217f57
[INFO] running `Command { std: "docker" "create" "-v" "/var/lib/crater-agent-workspace/builds/worker-0-tc2/target:/opt/rustwide/target:rw,Z" "-v" "/var/lib/crater-agent-workspace/builds/worker-0-tc2/source:/opt/rustwide/workdir:ro,Z" "-v" "/var/lib/crater-agent-workspace/cargo-home:/opt/rustwide/cargo-home:ro,Z" "-v" "/var/lib/crater-agent-workspace/rustup-home:/opt/rustwide/rustup-home:ro,Z" "-e" "SOURCE_DIR=/opt/rustwide/workdir" "-e" "CARGO_TARGET_DIR=/opt/rustwide/target" "-e" "CARGO_INCREMENTAL=0" "-e" "RUST_BACKTRACE=full" "-e" "RUSTFLAGS=--cap-lints=warn" "-e" "RUSTDOCFLAGS=--cap-lints=warn" "-e" "CARGO_HOME=/opt/rustwide/cargo-home" "-e" "RUSTUP_HOME=/opt/rustwide/rustup-home" "-w" "/opt/rustwide/workdir" "-m" "1610612736" "--user" "0:0" "--network" "none" "ghcr.io/rust-lang/crates-build-env/linux@sha256:f3a9d4ad9d972b27faf3965f35b62e55ba32bbce8f20bc8fe909558a86702fde" "/opt/rustwide/cargo-home/bin/cargo" "+beta-2024-12-08" "build" "--frozen" "--message-format=json", kill_on_drop: false }`
[INFO] [stdout] 0653128c6cb605b3c6d64a67644c89a7671271cfc1b62c302bf948e854abf62e
[INFO] running `Command { std: "docker" "start" "-a" "0653128c6cb605b3c6d64a67644c89a7671271cfc1b62c302bf948e854abf62e", kill_on_drop: false }`
[INFO] [stderr]    Compiling cfg-if v1.0.0
[INFO] [stderr]    Compiling libc v0.2.121
[INFO] [stderr]    Compiling proc-macro2 v1.0.36
[INFO] [stderr]    Compiling unicode-xid v0.2.2
[INFO] [stderr]    Compiling syn v1.0.90
[INFO] [stderr]    Compiling version_check v0.9.4
[INFO] [stderr]    Compiling log v0.4.16
[INFO] [stderr]    Compiling memchr v2.4.1
[INFO] [stderr]    Compiling autocfg v1.1.0
[INFO] [stderr]    Compiling bytes v1.1.0
[INFO] [stderr]    Compiling pin-project-lite v0.2.8
[INFO] [stderr]    Compiling futures-core v0.3.21
[INFO] [stderr]    Compiling typenum v1.15.0
[INFO] [stderr]    Compiling itoa v1.0.1
[INFO] [stderr]    Compiling futures-task v0.3.21
[INFO] [stderr]    Compiling fnv v1.0.7
[INFO] [stderr]    Compiling futures-channel v0.3.21
[INFO] [stderr]    Compiling futures-sink v0.3.21
[INFO] [stderr]    Compiling futures-util v0.3.21
[INFO] [stderr]    Compiling cc v1.0.73
[INFO] [stderr]    Compiling pkg-config v0.3.24
[INFO] [stderr]    Compiling slab v0.4.5
[INFO] [stderr]    Compiling httparse v1.6.0
[INFO] [stderr]    Compiling pin-utils v0.1.0
[INFO] [stderr]    Compiling http v0.2.6
[INFO] [stderr]    Compiling futures-io v0.3.21
[INFO] [stderr]    Compiling matches v0.1.9
[INFO] [stderr]    Compiling generic-array v0.14.5
[INFO] [stderr]    Compiling tinyvec_macros v0.1.0
[INFO] [stderr]    Compiling unicase v2.6.0
[INFO] [stderr]    Compiling indexmap v1.8.0
[INFO] [stderr]    Compiling tinyvec v1.5.1
[INFO] [stderr]    Compiling bitflags v1.3.2
[INFO] [stderr]    Compiling lazy_static v1.4.0
[INFO] [stderr]    Compiling percent-encoding v2.1.0
[INFO] [stderr]    Compiling tracing-core v0.1.23
[INFO] [stderr]    Compiling openssl v0.10.38
[INFO] [stderr]    Compiling serde v1.0.136
[INFO] [stderr]    Compiling cpufeatures v0.2.2
[INFO] [stderr]    Compiling form_urlencoded v1.0.1
[INFO] [stderr]    Compiling hashbrown v0.11.2
[INFO] [stderr]    Compiling unicode-bidi v0.3.7
[INFO] [stdout] error: linking with `cc` failed: exit status: 1
[INFO] [stdout]   |
[INFO] [stdout]   = note: LC_ALL="C" PATH="/opt/rustwide/rustup-home/toolchains/beta-2024-12-08-x86_64-unknown-linux-gnu/lib/rustlib/x86_64-unknown-linux-gnu/bin:/opt/rustwide/cargo-home/bin:/usr/local/sbin:/usr/local/bin:/usr/sbin:/usr/bin:/sbin:/bin" VSLANG="1033" "cc" "-m64" "/tmp/rustcxg8fEi/symbols.o" "/opt/rustwide/target/debug/build/openssl-96ac60521bc2cb79/build_script_build-96ac60521bc2cb79.build_script_build.536d7a7c962e85f2-cgu.0.rcgu.o" "/opt/rustwide/target/debug/build/openssl-96ac60521bc2cb79/build_script_build-96ac60521bc2cb79.2hz4ch6ow5cgru3m10cilg3k2.rcgu.o" "-Wl,--as-needed" "-Wl,-Bstatic" "/opt/rustwide/rustup-home/toolchains/beta-2024-12-08-x86_64-unknown-linux-gnu/lib/rustlib/x86_64-unknown-linux-gnu/lib/libstd-02dc84f49135b6b8.rlib" "/opt/rustwide/rustup-home/toolchains/beta-2024-12-08-x86_64-unknown-linux-gnu/lib/rustlib/x86_64-unknown-linux-gnu/lib/libpanic_unwind-a8f45b397fae3f81.rlib" "/opt/rustwide/rustup-home/toolchains/beta-2024-12-08-x86_64-unknown-linux-gnu/lib/rustlib/x86_64-unknown-linux-gnu/lib/libobject-089607133c180609.rlib" "/opt/rustwide/rustup-home/toolchains/beta-2024-12-08-x86_64-unknown-linux-gnu/lib/rustlib/x86_64-unknown-linux-gnu/lib/libmemchr-fc89f091bcd86cbb.rlib" "/opt/rustwide/rustup-home/toolchains/beta-2024-12-08-x86_64-unknown-linux-gnu/lib/rustlib/x86_64-unknown-linux-gnu/lib/libaddr2line-5a60949f01c7340c.rlib" "/opt/rustwide/rustup-home/toolchains/beta-2024-12-08-x86_64-unknown-linux-gnu/lib/rustlib/x86_64-unknown-linux-gnu/lib/libgimli-d29e6a55ca253c8c.rlib" "/opt/rustwide/rustup-home/toolchains/beta-2024-12-08-x86_64-unknown-linux-gnu/lib/rustlib/x86_64-unknown-linux-gnu/lib/librustc_demangle-273c078d5f65de7a.rlib" "/opt/rustwide/rustup-home/toolchains/beta-2024-12-08-x86_64-unknown-linux-gnu/lib/rustlib/x86_64-unknown-linux-gnu/lib/libstd_detect-413c950ffbdd4454.rlib" "/opt/rustwide/rustup-home/toolchains/beta-2024-12-08-x86_64-unknown-linux-gnu/lib/rustlib/x86_64-unknown-linux-gnu/lib/libhashbrown-1853c0976a1d88a6.rlib" "/opt/rustwide/rustup-home/toolchains/beta-2024-12-08-x86_64-unknown-linux-gnu/lib/rustlib/x86_64-unknown-linux-gnu/lib/librustc_std_workspace_alloc-ccb3384ddacb0f9e.rlib" "/opt/rustwide/rustup-home/toolchains/beta-2024-12-08-x86_64-unknown-linux-gnu/lib/rustlib/x86_64-unknown-linux-gnu/lib/libminiz_oxide-0b901dfb0ca849e0.rlib" "/opt/rustwide/rustup-home/toolchains/beta-2024-12-08-x86_64-unknown-linux-gnu/lib/rustlib/x86_64-unknown-linux-gnu/lib/libadler-eebeb8d7c64543ad.rlib" "/opt/rustwide/rustup-home/toolchains/beta-2024-12-08-x86_64-unknown-linux-gnu/lib/rustlib/x86_64-unknown-linux-gnu/lib/libunwind-4723ef81d6079867.rlib" "/opt/rustwide/rustup-home/toolchains/beta-2024-12-08-x86_64-unknown-linux-gnu/lib/rustlib/x86_64-unknown-linux-gnu/lib/libcfg_if-54442f8b422f5a54.rlib" "/opt/rustwide/rustup-home/toolchains/beta-2024-12-08-x86_64-unknown-linux-gnu/lib/rustlib/x86_64-unknown-linux-gnu/lib/liblibc-e0bbe034b5282553.rlib" "/opt/rustwide/rustup-home/toolchains/beta-2024-12-08-x86_64-unknown-linux-gnu/lib/rustlib/x86_64-unknown-linux-gnu/lib/liballoc-d0febb68c1c37b90.rlib" "/opt/rustwide/rustup-home/toolchains/beta-2024-12-08-x86_64-unknown-linux-gnu/lib/rustlib/x86_64-unknown-linux-gnu/lib/librustc_std_workspace_core-4cf833632aafa84c.rlib" "/opt/rustwide/rustup-home/toolchains/beta-2024-12-08-x86_64-unknown-linux-gnu/lib/rustlib/x86_64-unknown-linux-gnu/lib/libcore-65c2c6d2d6ae570b.rlib" "/opt/rustwide/rustup-home/toolchains/beta-2024-12-08-x86_64-unknown-linux-gnu/lib/rustlib/x86_64-unknown-linux-gnu/lib/libcompiler_builtins-97929cee0dcfe424.rlib" "-Wl,-Bdynamic" "-lgcc_s" "-lutil" "-lrt" "-lpthread" "-lm" "-ldl" "-lc" "-Wl,--eh-frame-hdr" "-Wl,-z,noexecstack" "-L" "/opt/rustwide/rustup-home/toolchains/beta-2024-12-08-x86_64-unknown-linux-gnu/lib/rustlib/x86_64-unknown-linux-gnu/lib" "-o" "/opt/rustwide/target/debug/build/openssl-96ac60521bc2cb79/build_script_build-96ac60521bc2cb79" "-Wl,--gc-sections" "-pie" "-Wl,-z,relro,-z,now" "-nodefaultlibs"
[INFO] [stdout]   = note: /usr/bin/ld: final link failed: No space left on device
[INFO] [stdout]           collect2: error: ld returned 1 exit status
[INFO] [stdout]           
[INFO] [stdout] 
[INFO] [stdout] 
[INFO] [stderr] error: could not compile `openssl` (build script) due to 1 previous error
[INFO] [stderr] warning: build failed, waiting for other jobs to finish...
[INFO] [stderr] error: could not parse/generate dep info at: /opt/rustwide/target/debug/deps/percent_encoding-d421ee550bd528ce.d
[INFO] [stderr] 
[INFO] [stderr] Caused by:
[INFO] [stderr]   failed to write `/opt/rustwide/target/debug/.fingerprint/percent-encoding-d421ee550bd528ce/dep-lib-percent_encoding`
[INFO] [stderr] 
[INFO] [stderr] Caused by:
[INFO] [stderr]   No space left on device (os error 28)
[INFO] [stdout] error: failed to write to `/opt/rustwide/target/debug/deps/rmetaAKp8dF/lib.rmeta`: No space left on device (os error 28)
[INFO] [stdout] 
[INFO] [stdout] 
[INFO] [stdout] error: linking with `cc` failed: exit status: 1
[INFO] [stdout]   |
[INFO] [stdout]   = note: LC_ALL="C" PATH="/opt/rustwide/rustup-home/toolchains/beta-2024-12-08-x86_64-unknown-linux-gnu/lib/rustlib/x86_64-unknown-linux-gnu/bin:/opt/rustwide/cargo-home/bin:/usr/local/sbin:/usr/local/bin:/usr/sbin:/usr/bin:/sbin:/bin" VSLANG="1033" "cc" "-m64" "/tmp/rustcDk8M1v/symbols.o" "/opt/rustwide/target/debug/build/typenum-f3a73c6794a772e2/build_script_main-f3a73c6794a772e2.build_script_main.abe6a97fb45745d9-cgu.0.rcgu.o" "/opt/rustwide/target/debug/build/typenum-f3a73c6794a772e2/build_script_main-f3a73c6794a772e2.build_script_main.abe6a97fb45745d9-cgu.1.rcgu.o" "/opt/rustwide/target/debug/build/typenum-f3a73c6794a772e2/build_script_main-f3a73c6794a772e2.build_script_main.abe6a97fb45745d9-cgu.2.rcgu.o" "/opt/rustwide/target/debug/build/typenum-f3a73c6794a772e2/build_script_main-f3a73c6794a772e2.build_script_main.abe6a97fb45745d9-cgu.3.rcgu.o" "/opt/rustwide/target/debug/build/typenum-f3a73c6794a772e2/build_script_main-f3a73c6794a772e2.3ciryab1zsqodegg5v05li7re.rcgu.o" "-Wl,--as-needed" "-Wl,-Bstatic" "/opt/rustwide/rustup-home/toolchains/beta-2024-12-08-x86_64-unknown-linux-gnu/lib/rustlib/x86_64-unknown-linux-gnu/lib/libstd-02dc84f49135b6b8.rlib" "/opt/rustwide/rustup-home/toolchains/beta-2024-12-08-x86_64-unknown-linux-gnu/lib/rustlib/x86_64-unknown-linux-gnu/lib/libpanic_unwind-a8f45b397fae3f81.rlib" "/opt/rustwide/rustup-home/toolchains/beta-2024-12-08-x86_64-unknown-linux-gnu/lib/rustlib/x86_64-unknown-linux-gnu/lib/libobject-089607133c180609.rlib" "/opt/rustwide/rustup-home/toolchains/beta-2024-12-08-x86_64-unknown-linux-gnu/lib/rustlib/x86_64-unknown-linux-gnu/lib/libmemchr-fc89f091bcd86cbb.rlib" "/opt/rustwide/rustup-home/toolchains/beta-2024-12-08-x86_64-unknown-linux-gnu/lib/rustlib/x86_64-unknown-linux-gnu/lib/libaddr2line-5a60949f01c7340c.rlib" "/opt/rustwide/rustup-home/toolchains/beta-2024-12-08-x86_64-unknown-linux-gnu/lib/rustlib/x86_64-unknown-linux-gnu/lib/libgimli-d29e6a55ca253c8c.rlib" "/opt/rustwide/rustup-home/toolchains/beta-2024-12-08-x86_64-unknown-linux-gnu/lib/rustlib/x86_64-unknown-linux-gnu/lib/librustc_demangle-273c078d5f65de7a.rlib" "/opt/rustwide/rustup-home/toolchains/beta-2024-12-08-x86_64-unknown-linux-gnu/lib/rustlib/x86_64-unknown-linux-gnu/lib/libstd_detect-413c950ffbdd4454.rlib" "/opt/rustwide/rustup-home/toolchains/beta-2024-12-08-x86_64-unknown-linux-gnu/lib/rustlib/x86_64-unknown-linux-gnu/lib/libhashbrown-1853c0976a1d88a6.rlib" "/opt/rustwide/rustup-home/toolchains/beta-2024-12-08-x86_64-unknown-linux-gnu/lib/rustlib/x86_64-unknown-linux-gnu/lib/librustc_std_workspace_alloc-ccb3384ddacb0f9e.rlib" "/opt/rustwide/rustup-home/toolchains/beta-2024-12-08-x86_64-unknown-linux-gnu/lib/rustlib/x86_64-unknown-linux-gnu/lib/libminiz_oxide-0b901dfb0ca849e0.rlib" "/opt/rustwide/rustup-home/toolchains/beta-2024-12-08-x86_64-unknown-linux-gnu/lib/rustlib/x86_64-unknown-linux-gnu/lib/libadler-eebeb8d7c64543ad.rlib" "/opt/rustwide/rustup-home/toolchains/beta-2024-12-08-x86_64-unknown-linux-gnu/lib/rustlib/x86_64-unknown-linux-gnu/lib/libunwind-4723ef81d6079867.rlib" "/opt/rustwide/rustup-home/toolchains/beta-2024-12-08-x86_64-unknown-linux-gnu/lib/rustlib/x86_64-unknown-linux-gnu/lib/libcfg_if-54442f8b422f5a54.rlib" "/opt/rustwide/rustup-home/toolchains/beta-2024-12-08-x86_64-unknown-linux-gnu/lib/rustlib/x86_64-unknown-linux-gnu/lib/liblibc-e0bbe034b5282553.rlib" "/opt/rustwide/rustup-home/toolchains/beta-2024-12-08-x86_64-unknown-linux-gnu/lib/rustlib/x86_64-unknown-linux-gnu/lib/liballoc-d0febb68c1c37b90.rlib" "/opt/rustwide/rustup-home/toolchains/beta-2024-12-08-x86_64-unknown-linux-gnu/lib/rustlib/x86_64-unknown-linux-gnu/lib/librustc_std_workspace_core-4cf833632aafa84c.rlib" "/opt/rustwide/rustup-home/toolchains/beta-2024-12-08-x86_64-unknown-linux-gnu/lib/rustlib/x86_64-unknown-linux-gnu/lib/libcore-65c2c6d2d6ae570b.rlib" "/opt/rustwide/rustup-home/toolchains/beta-2024-12-08-x86_64-unknown-linux-gnu/lib/rustlib/x86_64-unknown-linux-gnu/lib/libcompiler_builtins-97929cee0dcfe424.rlib" "-Wl,-Bdynamic" "-lgcc_s" "-lutil" "-lrt" "-lpthread" "-lm" "-ldl" "-lc" "-Wl,--eh-frame-hdr" "-Wl,-z,noexecstack" "-L" "/opt/rustwide/rustup-home/toolchains/beta-2024-12-08-x86_64-unknown-linux-gnu/lib/rustlib/x86_64-unknown-linux-gnu/lib" "-o" "/opt/rustwide/target/debug/build/typenum-f3a73c6794a772e2/build_script_main-f3a73c6794a772e2" "-Wl,--gc-sections" "-pie" "-Wl,-z,relro,-z,now" "-nodefaultlibs"
[INFO] [stdout]   = note: /usr/bin/ld: final link failed: No space left on device
[INFO] [stdout]           collect2: error: ld returned 1 exit status
[INFO] [stdout]           
[INFO] [stdout] 
[INFO] [stdout] 
[INFO] [stderr] error: could not compile `libc` (lib) due to 1 previous error
[INFO] [stderr] error: could not compile `typenum` (build script) due to 1 previous error
[INFO] [stdout] error: linking with `cc` failed: exit status: 1
[INFO] [stdout]   |
[INFO] [stdout]   = note: LC_ALL="C" PATH="/opt/rustwide/rustup-home/toolchains/beta-2024-12-08-x86_64-unknown-linux-gnu/lib/rustlib/x86_64-unknown-linux-gnu/bin:/opt/rustwide/cargo-home/bin:/usr/local/sbin:/usr/local/bin:/usr/sbin:/usr/bin:/sbin:/bin" VSLANG="1033" "cc" "-m64" "/tmp/rustc6P0ieZ/symbols.o" "/opt/rustwide/target/debug/build/serde-eb93cb518d9d9fd7/build_script_build-eb93cb518d9d9fd7.build_script_build.91984f4e63e9adb4-cgu.0.rcgu.o" "/opt/rustwide/target/debug/build/serde-eb93cb518d9d9fd7/build_script_build-eb93cb518d9d9fd7.07wzu7ue8ijulqerze70bp3ve.rcgu.o" "-Wl,--as-needed" "-Wl,-Bstatic" "/opt/rustwide/rustup-home/toolchains/beta-2024-12-08-x86_64-unknown-linux-gnu/lib/rustlib/x86_64-unknown-linux-gnu/lib/libstd-02dc84f49135b6b8.rlib" "/opt/rustwide/rustup-home/toolchains/beta-2024-12-08-x86_64-unknown-linux-gnu/lib/rustlib/x86_64-unknown-linux-gnu/lib/libpanic_unwind-a8f45b397fae3f81.rlib" "/opt/rustwide/rustup-home/toolchains/beta-2024-12-08-x86_64-unknown-linux-gnu/lib/rustlib/x86_64-unknown-linux-gnu/lib/libobject-089607133c180609.rlib" "/opt/rustwide/rustup-home/toolchains/beta-2024-12-08-x86_64-unknown-linux-gnu/lib/rustlib/x86_64-unknown-linux-gnu/lib/libmemchr-fc89f091bcd86cbb.rlib" "/opt/rustwide/rustup-home/toolchains/beta-2024-12-08-x86_64-unknown-linux-gnu/lib/rustlib/x86_64-unknown-linux-gnu/lib/libaddr2line-5a60949f01c7340c.rlib" "/opt/rustwide/rustup-home/toolchains/beta-2024-12-08-x86_64-unknown-linux-gnu/lib/rustlib/x86_64-unknown-linux-gnu/lib/libgimli-d29e6a55ca253c8c.rlib" "/opt/rustwide/rustup-home/toolchains/beta-2024-12-08-x86_64-unknown-linux-gnu/lib/rustlib/x86_64-unknown-linux-gnu/lib/librustc_demangle-273c078d5f65de7a.rlib" "/opt/rustwide/rustup-home/toolchains/beta-2024-12-08-x86_64-unknown-linux-gnu/lib/rustlib/x86_64-unknown-linux-gnu/lib/libstd_detect-413c950ffbdd4454.rlib" "/opt/rustwide/rustup-home/toolchains/beta-2024-12-08-x86_64-unknown-linux-gnu/lib/rustlib/x86_64-unknown-linux-gnu/lib/libhashbrown-1853c0976a1d88a6.rlib" "/opt/rustwide/rustup-home/toolchains/beta-2024-12-08-x86_64-unknown-linux-gnu/lib/rustlib/x86_64-unknown-linux-gnu/lib/librustc_std_workspace_alloc-ccb3384ddacb0f9e.rlib" "/opt/rustwide/rustup-home/toolchains/beta-2024-12-08-x86_64-unknown-linux-gnu/lib/rustlib/x86_64-unknown-linux-gnu/lib/libminiz_oxide-0b901dfb0ca849e0.rlib" "/opt/rustwide/rustup-home/toolchains/beta-2024-12-08-x86_64-unknown-linux-gnu/lib/rustlib/x86_64-unknown-linux-gnu/lib/libadler-eebeb8d7c64543ad.rlib" "/opt/rustwide/rustup-home/toolchains/beta-2024-12-08-x86_64-unknown-linux-gnu/lib/rustlib/x86_64-unknown-linux-gnu/lib/libunwind-4723ef81d6079867.rlib" "/opt/rustwide/rustup-home/toolchains/beta-2024-12-08-x86_64-unknown-linux-gnu/lib/rustlib/x86_64-unknown-linux-gnu/lib/libcfg_if-54442f8b422f5a54.rlib" "/opt/rustwide/rustup-home/toolchains/beta-2024-12-08-x86_64-unknown-linux-gnu/lib/rustlib/x86_64-unknown-linux-gnu/lib/liblibc-e0bbe034b5282553.rlib" "/opt/rustwide/rustup-home/toolchains/beta-2024-12-08-x86_64-unknown-linux-gnu/lib/rustlib/x86_64-unknown-linux-gnu/lib/liballoc-d0febb68c1c37b90.rlib" "/opt/rustwide/rustup-home/toolchains/beta-2024-12-08-x86_64-unknown-linux-gnu/lib/rustlib/x86_64-unknown-linux-gnu/lib/librustc_std_workspace_core-4cf833632aafa84c.rlib" "/opt/rustwide/rustup-home/toolchains/beta-2024-12-08-x86_64-unknown-linux-gnu/lib/rustlib/x86_64-unknown-linux-gnu/lib/libcore-65c2c6d2d6ae570b.rlib" "/opt/rustwide/rustup-home/toolchains/beta-2024-12-08-x86_64-unknown-linux-gnu/lib/rustlib/x86_64-unknown-linux-gnu/lib/libcompiler_builtins-97929cee0dcfe424.rlib" "-Wl,-Bdynamic" "-lgcc_s" "-lutil" "-lrt" "-lpthread" "-lm" "-ldl" "-lc" "-Wl,--eh-frame-hdr" "-Wl,-z,noexecstack" "-L" "/opt/rustwide/rustup-home/toolchains/beta-2024-12-08-x86_64-unknown-linux-gnu/lib/rustlib/x86_64-unknown-linux-gnu/lib" "-o" "/opt/rustwide/target/debug/build/serde-eb93cb518d9d9fd7/build_script_build-eb93cb518d9d9fd7" "-Wl,--gc-sections" "-pie" "-Wl,-z,relro,-z,now" "-nodefaultlibs"
[INFO] [stdout]   = note: /usr/bin/ld: final link failed: No space left on device
[INFO] [stdout]           collect2: error: ld returned 1 exit status
[INFO] [stdout]           
[INFO] [stdout] 
[INFO] [stdout] 
[INFO] [stderr] rustc-LLVM ERROR: IO failure on output stream: No space left on device
[INFO] [stderr] rustc-LLVM ERROR: IO failure on output stream: No space left on device
[INFO] [stderr] rustc-LLVM ERROR: IO failure on output stream: No space left on device
[INFO] [stderr] rustc-LLVM ERROR: IO failure on output stream: No space left on device
[INFO] [stderr] rustc-LLVM ERROR: IO failure on output stream: No space left on device
[INFO] [stdout] error: couldn't create a temp dir: No space left on device (os error 28) at path "/opt/rustwide/target/debug/deps/rmetaATyP1f"
[INFO] [stdout] 
[INFO] [stdout] 
[INFO] [stderr] error: could not compile `serde` (build script) due to 1 previous error
[INFO] [stderr] error: could not compile `tracing-core` (lib) due to 1 previous error
[INFO] [stderr] error: could not compile `form_urlencoded` (lib)
[INFO] [stderr] 
[INFO] [stderr] Caused by:
[INFO] [stderr]   No space left on device (os error 28)
[INFO] [stderr] 
[INFO] [stderr] Caused by:
[INFO] [stderr]   failed to parse process output: `/opt/rustwide/rustup-home/toolchains/beta-2024-12-08-x86_64-unknown-linux-gnu/bin/rustc --crate-name form_urlencoded --edition=2018 /opt/rustwide/cargo-home/registry/src/index.crates.io-6f17d22bba15001f/form_urlencoded-1.0.1/src/lib.rs --error-format=json --json=diagnostic-rendered-ansi,artifacts,future-incompat --crate-type lib --emit=dep-info,metadata,link -C embed-bitcode=no -C debuginfo=2 --check-cfg 'cfg(docsrs)' --check-cfg 'cfg(feature, values())' -C metadata=7d9b20aeea9d65fb -C extra-filename=-7d9b20aeea9d65fb --out-dir /opt/rustwide/target/debug/deps -L dependency=/opt/rustwide/target/debug/deps --extern matches=/opt/rustwide/target/debug/deps/libmatches-7dacc739f2471d9d.rmeta --extern percent_encoding=/opt/rustwide/target/debug/deps/libpercent_encoding-d421ee550bd528ce.rmeta --cap-lints allow --cap-lints=warn` (exit status: 101)
[INFO] [stderr] error: could not compile `memchr` (lib)
[INFO] [stderr] 
[INFO] [stderr] Caused by:
[INFO] [stderr]   No space left on device (os error 28)
[INFO] [stderr] 
[INFO] [stderr] Caused by:
[INFO] [stderr]   failed to parse process output: `/opt/rustwide/rustup-home/toolchains/beta-2024-12-08-x86_64-unknown-linux-gnu/bin/rustc --crate-name memchr --edition=2018 /opt/rustwide/cargo-home/registry/src/index.crates.io-6f17d22bba15001f/memchr-2.4.1/src/lib.rs --error-format=json --json=diagnostic-rendered-ansi,artifacts,future-incompat --crate-type lib --emit=dep-info,metadata,link -C embed-bitcode=no -C debuginfo=2 --cfg 'feature="default"' --cfg 'feature="std"' --cfg 'feature="use_std"' --check-cfg 'cfg(docsrs)' --check-cfg 'cfg(feature, values("compiler_builtins", "core", "default", "libc", "rustc-dep-of-std", "std", "use_std"))' -C metadata=96c7c37583bcf710 -C extra-filename=-96c7c37583bcf710 --out-dir /opt/rustwide/target/debug/deps -L dependency=/opt/rustwide/target/debug/deps --cap-lints allow --cap-lints=warn --cfg memchr_runtime_simd --cfg memchr_runtime_sse2 --cfg memchr_runtime_sse42 --cfg memchr_runtime_avx` (exit status: 101)
[INFO] [stderr] error: could not compile `httparse` (lib)
[INFO] [stderr] 
[INFO] [stderr] Caused by:
[INFO] [stderr]   No space left on device (os error 28)
[INFO] [stderr] 
[INFO] [stderr] Caused by:
[INFO] [stderr]   failed to parse process output: `/opt/rustwide/rustup-home/toolchains/beta-2024-12-08-x86_64-unknown-linux-gnu/bin/rustc --crate-name httparse --edition=2015 /opt/rustwide/cargo-home/registry/src/index.crates.io-6f17d22bba15001f/httparse-1.6.0/src/lib.rs --error-format=json --json=diagnostic-rendered-ansi,artifacts,future-incompat --crate-type lib --emit=dep-info,metadata,link -C embed-bitcode=no -C debuginfo=2 --cfg 'feature="default"' --cfg 'feature="std"' --check-cfg 'cfg(docsrs)' --check-cfg 'cfg(feature, values("default", "std"))' -C metadata=f2f5a35c752a8ad7 -C extra-filename=-f2f5a35c752a8ad7 --out-dir /opt/rustwide/target/debug/deps -L dependency=/opt/rustwide/target/debug/deps --cap-lints allow --cap-lints=warn --cfg httparse_simd` (exit status: 101)
[INFO] [stderr] error: could not compile `cc` (lib)
[INFO] [stderr] 
[INFO] [stderr] Caused by:
[INFO] [stderr]   No space left on device (os error 28)
[INFO] [stderr] 
[INFO] [stderr] Caused by:
[INFO] [stderr]   failed to parse process output: `/opt/rustwide/rustup-home/toolchains/beta-2024-12-08-x86_64-unknown-linux-gnu/bin/rustc --crate-name cc --edition=2018 /opt/rustwide/cargo-home/registry/src/index.crates.io-6f17d22bba15001f/cc-1.0.73/src/lib.rs --error-format=json --json=diagnostic-rendered-ansi,artifacts,future-incompat --crate-type lib --emit=dep-info,metadata,link -C embed-bitcode=no --check-cfg 'cfg(docsrs)' --check-cfg 'cfg(feature, values("jobserver", "parallel"))' -C metadata=b25b14056df0eb57 -C extra-filename=-b25b14056df0eb57 --out-dir /opt/rustwide/target/debug/deps -L dependency=/opt/rustwide/target/debug/deps --cap-lints allow --cap-lints=warn` (exit status: 101)
[INFO] [stderr] error: could not compile `proc-macro2` (lib)
[INFO] [stderr] 
[INFO] [stderr] Caused by:
[INFO] [stderr]   No space left on device (os error 28)
[INFO] [stderr] 
[INFO] [stderr] Caused by:
[INFO] [stderr]   failed to parse process output: `/opt/rustwide/rustup-home/toolchains/beta-2024-12-08-x86_64-unknown-linux-gnu/bin/rustc --crate-name proc_macro2 --edition=2018 /opt/rustwide/cargo-home/registry/src/index.crates.io-6f17d22bba15001f/proc-macro2-1.0.36/src/lib.rs --error-format=json --json=diagnostic-rendered-ansi,artifacts,future-incompat --crate-type lib --emit=dep-info,metadata,link -C embed-bitcode=no --cfg 'feature="default"' --cfg 'feature="proc-macro"' --check-cfg 'cfg(docsrs)' --check-cfg 'cfg(feature, values("default", "nightly", "proc-macro", "span-locations"))' -C metadata=4bf220f5500dbb8e -C extra-filename=-4bf220f5500dbb8e --out-dir /opt/rustwide/target/debug/deps -L dependency=/opt/rustwide/target/debug/deps --extern unicode_xid=/opt/rustwide/target/debug/deps/libunicode_xid-689b0d4d7c113eab.rmeta --cap-lints allow --cap-lints=warn --cfg use_proc_macro --cfg wrap_proc_macro` (exit status: 101)
[INFO] [stdout] error: couldn't create a temp dir: No space left on device (os error 28) at path "/opt/rustwide/target/debug/deps/rmetauwsDsC"
[INFO] [stdout] 
[INFO] [stdout] 
[INFO] [stderr] error: could not compile `unicode-bidi` (lib) due to 1 previous error
[INFO] [stdout] error: couldn't create a temp dir: No space left on device (os error 28) at path "/opt/rustwide/target/debug/deps/rmeta6O7BIv"
[INFO] [stdout] 
[INFO] [stdout] 
[INFO] [stderr] error: could not compile `hashbrown` (lib) due to 1 previous error
[INFO] running `Command { std: "docker" "inspect" "0653128c6cb605b3c6d64a67644c89a7671271cfc1b62c302bf948e854abf62e", kill_on_drop: false }`
[INFO] running `Command { std: "docker" "rm" "-f" "0653128c6cb605b3c6d64a67644c89a7671271cfc1b62c302bf948e854abf62e", kill_on_drop: false }`
[INFO] [stdout] 0653128c6cb605b3c6d64a67644c89a7671271cfc1b62c302bf948e854abf62e
