[INFO] cloning repository https://github.com/lfairy/gensokyo
[INFO] running `Command { std: "git" "-c" "credential.helper=" "-c" "credential.helper=/workspace/cargo-home/bin/git-credential-null" "clone" "--bare" "https://github.com/lfairy/gensokyo" "/workspace/cache/git-repos/https%3A%2F%2Fgithub.com%2Flfairy%2Fgensokyo", kill_on_drop: false }`
[INFO] [stderr] Cloning into bare repository '/workspace/cache/git-repos/https%3A%2F%2Fgithub.com%2Flfairy%2Fgensokyo'...
[INFO] running `Command { std: "git" "rev-parse" "HEAD", kill_on_drop: false }`
[INFO] [stdout] f9b349d376cbc04118e8c7790f13f5361a509f1d
[INFO] testing lfairy/gensokyo against 1.83.0 for beta-1.84.0-4-retry
[INFO] running `Command { std: "git" "clone" "/workspace/cache/git-repos/https%3A%2F%2Fgithub.com%2Flfairy%2Fgensokyo" "/workspace/builds/worker-4-tc1/source", kill_on_drop: false }`
[INFO] [stderr] Cloning into '/workspace/builds/worker-4-tc1/source'...
[INFO] [stderr] done.
[INFO] validating manifest of git repo https://github.com/lfairy/gensokyo on toolchain 1.83.0
[INFO] running `Command { std: CARGO_HOME="/workspace/cargo-home" RUSTUP_HOME="/workspace/rustup-home" "/workspace/cargo-home/bin/cargo" "+1.83.0" "metadata" "--manifest-path" "Cargo.toml" "--no-deps", kill_on_drop: false }`
[INFO] started tweaking git repo https://github.com/lfairy/gensokyo
[INFO] finished tweaking git repo https://github.com/lfairy/gensokyo
[INFO] tweaked toml for git repo https://github.com/lfairy/gensokyo written to /workspace/builds/worker-4-tc1/source/Cargo.toml
[INFO] crate git repo https://github.com/lfairy/gensokyo already has a lockfile, it will not be regenerated
[INFO] running `Command { std: CARGO_HOME="/workspace/cargo-home" RUSTUP_HOME="/workspace/rustup-home" "/workspace/cargo-home/bin/cargo" "+1.83.0" "fetch" "--manifest-path" "Cargo.toml", kill_on_drop: false }`
[INFO] [stderr] warning: no edition set: defaulting to the 2015 edition while the latest is 2021
[INFO] [stderr]     Blocking waiting for file lock on package cache
[INFO] [stderr]  Downloading crates ...
[INFO] [stderr]   Downloaded raw-cpuid v2.0.1
[INFO] [stderr]   Downloaded spin v0.4.3
[INFO] [stderr]   Downloaded x86 v0.7.1
[INFO] running `Command { std: "docker" "create" "-v" "/var/lib/crater-agent-workspace/builds/worker-4-tc1/target:/opt/rustwide/target:rw,Z" "-v" "/var/lib/crater-agent-workspace/builds/worker-4-tc1/source:/opt/rustwide/workdir:ro,Z" "-v" "/var/lib/crater-agent-workspace/cargo-home:/opt/rustwide/cargo-home:ro,Z" "-v" "/var/lib/crater-agent-workspace/rustup-home:/opt/rustwide/rustup-home:ro,Z" "-e" "SOURCE_DIR=/opt/rustwide/workdir" "-e" "CARGO_TARGET_DIR=/opt/rustwide/target" "-e" "CARGO_HOME=/opt/rustwide/cargo-home" "-e" "RUSTUP_HOME=/opt/rustwide/rustup-home" "-w" "/opt/rustwide/workdir" "-m" "1610612736" "--user" "0:0" "--network" "none" "ghcr.io/rust-lang/crates-build-env/linux@sha256:f3a9d4ad9d972b27faf3965f35b62e55ba32bbce8f20bc8fe909558a86702fde" "/opt/rustwide/cargo-home/bin/cargo" "+1.83.0" "metadata" "--no-deps" "--format-version=1", kill_on_drop: false }`
[INFO] [stdout] 82363366773a0dee01e7f9f3f783bf5e889b3fb3292a9bd604a03eee0751ed0d
[INFO] running `Command { std: "docker" "start" "-a" "82363366773a0dee01e7f9f3f783bf5e889b3fb3292a9bd604a03eee0751ed0d", kill_on_drop: false }`
[INFO] running `Command { std: "docker" "inspect" "82363366773a0dee01e7f9f3f783bf5e889b3fb3292a9bd604a03eee0751ed0d", kill_on_drop: false }`
[INFO] running `Command { std: "docker" "rm" "-f" "82363366773a0dee01e7f9f3f783bf5e889b3fb3292a9bd604a03eee0751ed0d", kill_on_drop: false }`
[INFO] [stdout] 82363366773a0dee01e7f9f3f783bf5e889b3fb3292a9bd604a03eee0751ed0d
[INFO] running `Command { std: "docker" "create" "-v" "/var/lib/crater-agent-workspace/builds/worker-4-tc1/target:/opt/rustwide/target:rw,Z" "-v" "/var/lib/crater-agent-workspace/builds/worker-4-tc1/source:/opt/rustwide/workdir:ro,Z" "-v" "/var/lib/crater-agent-workspace/cargo-home:/opt/rustwide/cargo-home:ro,Z" "-v" "/var/lib/crater-agent-workspace/rustup-home:/opt/rustwide/rustup-home:ro,Z" "-e" "SOURCE_DIR=/opt/rustwide/workdir" "-e" "CARGO_TARGET_DIR=/opt/rustwide/target" "-e" "CARGO_INCREMENTAL=0" "-e" "RUST_BACKTRACE=full" "-e" "RUSTFLAGS=--cap-lints=warn" "-e" "RUSTDOCFLAGS=--cap-lints=warn" "-e" "CARGO_HOME=/opt/rustwide/cargo-home" "-e" "RUSTUP_HOME=/opt/rustwide/rustup-home" "-w" "/opt/rustwide/workdir" "-m" "1610612736" "--user" "0:0" "--network" "none" "ghcr.io/rust-lang/crates-build-env/linux@sha256:f3a9d4ad9d972b27faf3965f35b62e55ba32bbce8f20bc8fe909558a86702fde" "/opt/rustwide/cargo-home/bin/cargo" "+1.83.0" "build" "--frozen" "--message-format=json", kill_on_drop: false }`
[INFO] [stdout] 70476206695d4d4fa03654a0fb0b5b27344355f1ee3d8f783861e861a664123c
[INFO] running `Command { std: "docker" "start" "-a" "70476206695d4d4fa03654a0fb0b5b27344355f1ee3d8f783861e861a664123c", kill_on_drop: false }`
[INFO] [stderr] warning: no edition set: defaulting to the 2015 edition while the latest is 2021
[INFO] [stderr]    Compiling x86 v0.7.1
[INFO] [stderr]    Compiling bitflags v0.7.0
[INFO] [stderr]    Compiling raw-cpuid v2.0.1
[INFO] [stderr]    Compiling rlibc v1.0.0
[INFO] [stderr]    Compiling spin v0.4.3
[INFO] [stdout] error[E0557]: feature has been removed
[INFO] [stdout]  --> /opt/rustwide/cargo-home/registry/src/index.crates.io-6f17d22bba15001f/spin-0.4.3/src/lib.rs:8:43
[INFO] [stdout]   |
[INFO] [stdout] 8 | #![cfg_attr(feature = "const_fn", feature(const_fn))]
[INFO] [stdout]   |                                           ^^^^^^^^ feature has been removed
[INFO] [stdout]   |
[INFO] [stdout]   = note: split into finer-grained feature gates
[INFO] [stdout] 
[INFO] [stdout] 
[INFO] [stdout] error: cannot find macro `asm` in this scope
[INFO] [stdout]  --> /opt/rustwide/cargo-home/registry/src/index.crates.io-6f17d22bba15001f/spin-0.4.3/src/util.rs:8:14
[INFO] [stdout]   |
[INFO] [stdout] 8 |     unsafe { asm!("pause" :::: "volatile"); }
[INFO] [stdout]   |              ^^^
[INFO] [stdout]   |
[INFO] [stdout] help: consider importing this macro
[INFO] [stdout]   |
[INFO] [stdout] 1 + use core::arch::asm;
[INFO] [stdout]   |
[INFO] [stdout] 
[INFO] [stdout] 
[INFO] [stderr]    Compiling efi-sys v0.1.0 (/opt/rustwide/workdir/efi-sys)
[INFO] [stdout] error[E0554]: `#![feature]` may not be used on the stable release channel
[INFO] [stdout]  --> /opt/rustwide/cargo-home/registry/src/index.crates.io-6f17d22bba15001f/spin-0.4.3/src/lib.rs:6:30
[INFO] [stdout]   |
[INFO] [stdout] 6 | #![cfg_attr(feature = "asm", feature(asm))]
[INFO] [stdout]   |                              ^^^^^^^^^^^^
[INFO] [stdout] 
[INFO] [stdout] 
[INFO] [stdout] error[E0554]: `#![feature]` may not be used on the stable release channel
[INFO] [stdout]  --> /opt/rustwide/cargo-home/registry/src/index.crates.io-6f17d22bba15001f/spin-0.4.3/src/lib.rs:7:42
[INFO] [stdout]   |
[INFO] [stdout] 7 | #![cfg_attr(feature = "core_intrinsics", feature(core_intrinsics))]
[INFO] [stdout]   |                                          ^^^^^^^^^^^^^^^^^^^^^^^^
[INFO] [stdout] 
[INFO] [stdout] 
[INFO] [stdout] error[E0554]: `#![feature]` may not be used on the stable release channel
[INFO] [stdout]  --> /opt/rustwide/cargo-home/registry/src/index.crates.io-6f17d22bba15001f/spin-0.4.3/src/lib.rs:8:35
[INFO] [stdout]   |
[INFO] [stdout] 8 | #![cfg_attr(feature = "const_fn", feature(const_fn))]
[INFO] [stdout]   |                                   ^^^^^^^^^^^^^^^^^
[INFO] [stdout] 
[INFO] [stdout] 
[INFO] [stdout] Some errors have detailed explanations: E0554, E0557.
[INFO] [stdout] 
[INFO] [stdout] For more information about an error, try `rustc --explain E0554`.
[INFO] [stdout] 
[INFO] [stdout] error: cannot find macro `asm` in this scope
[INFO] [stdout]   --> /opt/rustwide/cargo-home/registry/src/index.crates.io-6f17d22bba15001f/raw-cpuid-2.0.1/src/lib.rs:46:9
[INFO] [stdout]    |
[INFO] [stdout] 46 |         asm!("movl $0, %eax" : : "{eax}" (eax) : "eax");
[INFO] [stdout]    |         ^^^
[INFO] [stdout]    |
[INFO] [stdout] help: consider importing this macro
[INFO] [stdout]    |
[INFO] [stdout] 14 + use core::arch::asm;
[INFO] [stdout]    |
[INFO] [stdout] 
[INFO] [stdout] 
[INFO] [stdout] error: cannot find macro `asm` in this scope
[INFO] [stdout]   --> /opt/rustwide/cargo-home/registry/src/index.crates.io-6f17d22bba15001f/raw-cpuid-2.0.1/src/lib.rs:47:9
[INFO] [stdout]    |
[INFO] [stdout] 47 |         asm!("movl $0, %ecx" : : "{ecx}" (ecx) : "ecx");
[INFO] [stdout]    |         ^^^
[INFO] [stdout]    |
[INFO] [stdout] help: consider importing this macro
[INFO] [stdout]    |
[INFO] [stdout] 14 + use core::arch::asm;
[INFO] [stdout]    |
[INFO] [stdout] 
[INFO] [stdout] 
[INFO] [stdout] error: cannot find macro `asm` in this scope
[INFO] [stdout]   --> /opt/rustwide/cargo-home/registry/src/index.crates.io-6f17d22bba15001f/raw-cpuid-2.0.1/src/lib.rs:48:9
[INFO] [stdout]    |
[INFO] [stdout] 48 |         asm!("cpuid" : "={eax}"(res.eax) "={ebx}"(res.ebx)
[INFO] [stdout]    |         ^^^
[INFO] [stdout]    |
[INFO] [stdout] help: consider importing this macro
[INFO] [stdout]    |
[INFO] [stdout] 14 + use core::arch::asm;
[INFO] [stdout]    |
[INFO] [stdout] 
[INFO] [stdout] 
[INFO] [stdout] error: cannot find macro `asm` in this scope
[INFO] [stdout]   --> /opt/rustwide/cargo-home/registry/src/index.crates.io-6f17d22bba15001f/raw-cpuid-2.0.1/src/lib.rs:63:9
[INFO] [stdout]    |
[INFO] [stdout] 63 |         asm!("movl $0, %eax" : : "{eax}" (eax) : "eax");
[INFO] [stdout]    |         ^^^
[INFO] [stdout]    |
[INFO] [stdout] help: consider importing this macro
[INFO] [stdout]    |
[INFO] [stdout] 14 + use core::arch::asm;
[INFO] [stdout]    |
[INFO] [stdout] 
[INFO] [stdout] 
[INFO] [stderr] error: could not compile `spin` (lib) due to 5 previous errors
[INFO] [stderr] warning: build failed, waiting for other jobs to finish...
[INFO] [stdout] error: cannot find macro `asm` in this scope
[INFO] [stdout]   --> /opt/rustwide/cargo-home/registry/src/index.crates.io-6f17d22bba15001f/raw-cpuid-2.0.1/src/lib.rs:64:9
[INFO] [stdout]    |
[INFO] [stdout] 64 |         asm!("cpuid" : "={eax}"(res.eax) "={ebx}"(res.ebx)
[INFO] [stdout]    |         ^^^
[INFO] [stdout]    |
[INFO] [stdout] help: consider importing this macro
[INFO] [stdout]    |
[INFO] [stdout] 14 + use core::arch::asm;
[INFO] [stdout]    |
[INFO] [stdout] 
[INFO] [stdout] 
[INFO] [stdout] error[E0554]: `#![feature]` may not be used on the stable release channel
[INFO] [stdout]  --> /opt/rustwide/cargo-home/registry/src/index.crates.io-6f17d22bba15001f/raw-cpuid-2.0.1/src/lib.rs:1:1
[INFO] [stdout]   |
[INFO] [stdout] 1 | #![feature(prelude_import, asm)]
[INFO] [stdout]   | ^^^^^^^^^^^^^^^^^^^^^^^^^^^^^^^^
[INFO] [stdout] 
[INFO] [stdout] 
[INFO] [stdout] error[E0437]: type `Err` is not a member of trait `TryFrom`
[INFO] [stdout]    --> efi-sys/src/lib.rs:105:5
[INFO] [stdout]     |
[INFO] [stdout] 105 |     type Err = usize;
[INFO] [stdout]     |     ^^^^^^^^^^^^^^^^^ not a member of trait `TryFrom`
[INFO] [stdout] 
[INFO] [stdout] 
[INFO] [stdout] error[E0554]: `#![feature]` may not be used on the stable release channel
[INFO] [stdout]  --> efi-sys/src/lib.rs:2:1
[INFO] [stdout]   |
[INFO] [stdout] 2 | #![feature(try_from)]
[INFO] [stdout]   | ^^^^^^^^^^^^^^^^^^^^^
[INFO] [stdout] 
[INFO] [stdout] 
[INFO] [stdout] warning: use of deprecated macro `try`: use the `?` operator instead
[INFO] [stdout]    --> efi-sys/src/lib.rs:378:1
[INFO] [stdout]     |
[INFO] [stdout] 378 | / bitflags! { pub flags MemoryAttribute: u64 {
[INFO] [stdout] 379 | |     const MEMORY_UC = 0x0000000000000001,
[INFO] [stdout] 380 | |     const MEMORY_WC = 0x0000000000000002,
[INFO] [stdout] 381 | |     const MEMORY_WT = 0x0000000000000004,
[INFO] [stdout] ...   |
[INFO] [stdout] 390 | |     const MEMORY_RUNTIME = 0x8000000000000000,
[INFO] [stdout] 391 | | }}
[INFO] [stdout]     | |__^
[INFO] [stdout]     |
[INFO] [stdout]     = note: `#[warn(deprecated)]` on by default
[INFO] [stdout]     = note: this warning originates in the macro `bitflags` (in Nightly builds, run with -Z macro-backtrace for more info)
[INFO] [stdout] 
[INFO] [stdout] 
[INFO] [stdout] warning: use of deprecated macro `try`: use the `?` operator instead
[INFO] [stdout]    --> efi-sys/src/lib.rs:378:1
[INFO] [stdout]     |
[INFO] [stdout] 378 | / bitflags! { pub flags MemoryAttribute: u64 {
[INFO] [stdout] 379 | |     const MEMORY_UC = 0x0000000000000001,
[INFO] [stdout] 380 | |     const MEMORY_WC = 0x0000000000000002,
[INFO] [stdout] 381 | |     const MEMORY_WT = 0x0000000000000004,
[INFO] [stdout] ...   |
[INFO] [stdout] 390 | |     const MEMORY_RUNTIME = 0x8000000000000000,
[INFO] [stdout] 391 | | }}
[INFO] [stdout]     | |__^
[INFO] [stdout]     |
[INFO] [stdout]     = note: this warning originates in the macro `bitflags` (in Nightly builds, run with -Z macro-backtrace for more info)
[INFO] [stdout] 
[INFO] [stdout] 
[INFO] [stdout] warning: use of deprecated macro `try`: use the `?` operator instead
[INFO] [stdout]    --> efi-sys/src/lib.rs:393:1
[INFO] [stdout]     |
[INFO] [stdout] 393 | / bitflags! { pub flags OpenProtocolAttribute: u32 {
[INFO] [stdout] 394 | |     const BY_HANDLE_PROTOCOL = 0x00000001,
[INFO] [stdout] 395 | |     const GET_PROTOCOL = 0x00000002,
[INFO] [stdout] 396 | |     const TEST_PROTOCOL = 0x00000004,
[INFO] [stdout] ...   |
[INFO] [stdout] 399 | |     const EXCLUSIVE = 0x00000020,
[INFO] [stdout] 400 | | }}
[INFO] [stdout]     | |__^
[INFO] [stdout]     |
[INFO] [stdout]     = note: this warning originates in the macro `bitflags` (in Nightly builds, run with -Z macro-backtrace for more info)
[INFO] [stdout] 
[INFO] [stdout] 
[INFO] [stdout] warning: use of deprecated macro `try`: use the `?` operator instead
[INFO] [stdout]    --> efi-sys/src/lib.rs:393:1
[INFO] [stdout]     |
[INFO] [stdout] 393 | / bitflags! { pub flags OpenProtocolAttribute: u32 {
[INFO] [stdout] 394 | |     const BY_HANDLE_PROTOCOL = 0x00000001,
[INFO] [stdout] 395 | |     const GET_PROTOCOL = 0x00000002,
[INFO] [stdout] 396 | |     const TEST_PROTOCOL = 0x00000004,
[INFO] [stdout] ...   |
[INFO] [stdout] 399 | |     const EXCLUSIVE = 0x00000020,
[INFO] [stdout] 400 | | }}
[INFO] [stdout]     | |__^
[INFO] [stdout]     |
[INFO] [stdout]     = note: this warning originates in the macro `bitflags` (in Nightly builds, run with -Z macro-backtrace for more info)
[INFO] [stdout] 
[INFO] [stdout] 
[INFO] [stdout] warning: use of deprecated macro `try`: use the `?` operator instead
[INFO] [stdout]    --> efi-sys/src/lib.rs:478:1
[INFO] [stdout]     |
[INFO] [stdout] 478 | / bitflags! { pub flags Daylight: u8 {
[INFO] [stdout] 479 | |     const ADJUST_DAYLIGHT = 0x01,
[INFO] [stdout] 480 | |     const IN_DAYLIGHT = 0x02,
[INFO] [stdout] 481 | | }}
[INFO] [stdout]     | |__^
[INFO] [stdout]     |
[INFO] [stdout]     = note: this warning originates in the macro `bitflags` (in Nightly builds, run with -Z macro-backtrace for more info)
[INFO] [stdout] 
[INFO] [stdout] 
[INFO] [stdout] warning: use of deprecated macro `try`: use the `?` operator instead
[INFO] [stdout]    --> efi-sys/src/lib.rs:478:1
[INFO] [stdout]     |
[INFO] [stdout] 478 | / bitflags! { pub flags Daylight: u8 {
[INFO] [stdout] 479 | |     const ADJUST_DAYLIGHT = 0x01,
[INFO] [stdout] 480 | |     const IN_DAYLIGHT = 0x02,
[INFO] [stdout] 481 | | }}
[INFO] [stdout]     | |__^
[INFO] [stdout]     |
[INFO] [stdout]     = note: this warning originates in the macro `bitflags` (in Nightly builds, run with -Z macro-backtrace for more info)
[INFO] [stdout] 
[INFO] [stdout] 
[INFO] [stdout] warning: use of deprecated macro `try`: use the `?` operator instead
[INFO] [stdout]    --> efi-sys/src/lib.rs:504:1
[INFO] [stdout]     |
[INFO] [stdout] 504 | / bitflags! { pub flags DebugDisposition: usize {
[INFO] [stdout] 505 | |     const OPTIONAL_PTR = 0x00000001,
[INFO] [stdout] 506 | | }}
[INFO] [stdout]     | |__^
[INFO] [stdout]     |
[INFO] [stdout]     = note: this warning originates in the macro `bitflags` (in Nightly builds, run with -Z macro-backtrace for more info)
[INFO] [stdout] 
[INFO] [stdout] 
[INFO] [stdout] warning: use of deprecated macro `try`: use the `?` operator instead
[INFO] [stdout]    --> efi-sys/src/lib.rs:504:1
[INFO] [stdout]     |
[INFO] [stdout] 504 | / bitflags! { pub flags DebugDisposition: usize {
[INFO] [stdout] 505 | |     const OPTIONAL_PTR = 0x00000001,
[INFO] [stdout] 506 | | }}
[INFO] [stdout]     | |__^
[INFO] [stdout]     |
[INFO] [stdout]     = note: this warning originates in the macro `bitflags` (in Nightly builds, run with -Z macro-backtrace for more info)
[INFO] [stdout] 
[INFO] [stdout] 
[INFO] [stdout] warning[E0566]: conflicting representation hints
[INFO] [stdout]    --> efi-sys/src/lib.rs:412:8
[INFO] [stdout]     |
[INFO] [stdout] 412 | #[repr(C, u32)]
[INFO] [stdout]     |        ^  ^^^
[INFO] [stdout]     |
[INFO] [stdout]     = warning: this was previously accepted by the compiler but is being phased out; it will become a hard error in a future release!
[INFO] [stdout]     = note: for more information, see issue #68585 <https://github.com/rust-lang/rust/issues/68585>
[INFO] [stdout]     = note: `#[warn(conflicting_repr_hints)]` on by default
[INFO] [stdout] 
[INFO] [stdout] 
[INFO] [stdout] warning[E0566]: conflicting representation hints
[INFO] [stdout]    --> efi-sys/src/lib.rs:516:8
[INFO] [stdout]     |
[INFO] [stdout] 516 | #[repr(C, u32)]
[INFO] [stdout]     |        ^  ^^^
[INFO] [stdout]     |
[INFO] [stdout]     = warning: this was previously accepted by the compiler but is being phased out; it will become a hard error in a future release!
[INFO] [stdout]     = note: for more information, see issue #68585 <https://github.com/rust-lang/rust/issues/68585>
[INFO] [stdout] 
[INFO] [stdout] 
[INFO] [stdout] warning: the feature `try_from` has been stable since 1.34.0 and no longer requires an attribute to enable
[INFO] [stdout]  --> efi-sys/src/lib.rs:2:12
[INFO] [stdout]   |
[INFO] [stdout] 2 | #![feature(try_from)]
[INFO] [stdout]   |            ^^^^^^^^
[INFO] [stdout]   |
[INFO] [stdout]   = note: `#[warn(stable_features)]` on by default
[INFO] [stdout] 
[INFO] [stdout] 
[INFO] [stdout] error[E0046]: not all trait items implemented, missing: `Error`
[INFO] [stdout]    --> efi-sys/src/lib.rs:104:1
[INFO] [stdout]     |
[INFO] [stdout] 104 | impl TryFrom<usize> for KnownStatus {
[INFO] [stdout]     | ^^^^^^^^^^^^^^^^^^^^^^^^^^^^^^^^^^^ missing `Error` in implementation
[INFO] [stdout]     |
[INFO] [stdout]     = help: implement the missing item: `type Error = /* Type */;`
[INFO] [stdout] 
[INFO] [stdout] 
[INFO] [stdout] Some errors have detailed explanations: E0046, E0437, E0554, E0566.
[INFO] [stdout] 
[INFO] [stdout] For more information about an error, try `rustc --explain E0046`.
[INFO] [stdout] 
[INFO] [stderr] error: could not compile `efi-sys` (lib) due to 3 previous errors; 13 warnings emitted
[INFO] [stdout] For more information about this error, try `rustc --explain E0554`.
[INFO] [stdout] 
[INFO] [stderr] error: could not compile `raw-cpuid` (lib) due to 6 previous errors
[INFO] [stdout] error: linking with `cc` failed: exit status: 1
[INFO] [stdout]   |
[INFO] [stdout]   = note: LC_ALL="C" PATH="/opt/rustwide/rustup-home/toolchains/1.83.0-x86_64-unknown-linux-gnu/lib/rustlib/x86_64-unknown-linux-gnu/bin:/opt/rustwide/cargo-home/bin:/usr/local/sbin:/usr/local/bin:/usr/sbin:/usr/bin:/sbin:/bin" VSLANG="1033" "cc" "-m64" "/tmp/rustcWArvyw/symbols.o" "/opt/rustwide/target/debug/build/x86-d4eb7bf81aa50f6f/build_script_build-d4eb7bf81aa50f6f.build_script_build.da2bfdd6419c1401-cgu.0.rcgu.o" "/opt/rustwide/target/debug/build/x86-d4eb7bf81aa50f6f/build_script_build-d4eb7bf81aa50f6f.847be5ll8guso4woskm53stap.rcgu.o" "-Wl,--as-needed" "-Wl,-Bstatic" "/opt/rustwide/rustup-home/toolchains/1.83.0-x86_64-unknown-linux-gnu/lib/rustlib/x86_64-unknown-linux-gnu/lib/libstd-ca74a2d9c5166d9f.rlib" "/opt/rustwide/rustup-home/toolchains/1.83.0-x86_64-unknown-linux-gnu/lib/rustlib/x86_64-unknown-linux-gnu/lib/libpanic_unwind-e31ab23316ed5080.rlib" "/opt/rustwide/rustup-home/toolchains/1.83.0-x86_64-unknown-linux-gnu/lib/rustlib/x86_64-unknown-linux-gnu/lib/libobject-27dc4aa955912662.rlib" "/opt/rustwide/rustup-home/toolchains/1.83.0-x86_64-unknown-linux-gnu/lib/rustlib/x86_64-unknown-linux-gnu/lib/libmemchr-bd0d6cccce077b99.rlib" "/opt/rustwide/rustup-home/toolchains/1.83.0-x86_64-unknown-linux-gnu/lib/rustlib/x86_64-unknown-linux-gnu/lib/libaddr2line-8d001680935b5e3c.rlib" "/opt/rustwide/rustup-home/toolchains/1.83.0-x86_64-unknown-linux-gnu/lib/rustlib/x86_64-unknown-linux-gnu/lib/libgimli-ba8ce71964f984f4.rlib" "/opt/rustwide/rustup-home/toolchains/1.83.0-x86_64-unknown-linux-gnu/lib/rustlib/x86_64-unknown-linux-gnu/lib/librustc_demangle-99a73526abcec14b.rlib" "/opt/rustwide/rustup-home/toolchains/1.83.0-x86_64-unknown-linux-gnu/lib/rustlib/x86_64-unknown-linux-gnu/lib/libstd_detect-63ac0d22cff92579.rlib" "/opt/rustwide/rustup-home/toolchains/1.83.0-x86_64-unknown-linux-gnu/lib/rustlib/x86_64-unknown-linux-gnu/lib/libhashbrown-9057355c92c922d5.rlib" "/opt/rustwide/rustup-home/toolchains/1.83.0-x86_64-unknown-linux-gnu/lib/rustlib/x86_64-unknown-linux-gnu/lib/librustc_std_workspace_alloc-358be9bc1f6bab04.rlib" "/opt/rustwide/rustup-home/toolchains/1.83.0-x86_64-unknown-linux-gnu/lib/rustlib/x86_64-unknown-linux-gnu/lib/libminiz_oxide-aca15549d5bff974.rlib" "/opt/rustwide/rustup-home/toolchains/1.83.0-x86_64-unknown-linux-gnu/lib/rustlib/x86_64-unknown-linux-gnu/lib/libadler-8251d2cef7072448.rlib" "/opt/rustwide/rustup-home/toolchains/1.83.0-x86_64-unknown-linux-gnu/lib/rustlib/x86_64-unknown-linux-gnu/lib/libunwind-7d50b86011c66411.rlib" "/opt/rustwide/rustup-home/toolchains/1.83.0-x86_64-unknown-linux-gnu/lib/rustlib/x86_64-unknown-linux-gnu/lib/libcfg_if-51ea098fce5006bf.rlib" "/opt/rustwide/rustup-home/toolchains/1.83.0-x86_64-unknown-linux-gnu/lib/rustlib/x86_64-unknown-linux-gnu/lib/liblibc-5a14e0d0b712e731.rlib" "/opt/rustwide/rustup-home/toolchains/1.83.0-x86_64-unknown-linux-gnu/lib/rustlib/x86_64-unknown-linux-gnu/lib/liballoc-8b83dbf3a7b8f999.rlib" "/opt/rustwide/rustup-home/toolchains/1.83.0-x86_64-unknown-linux-gnu/lib/rustlib/x86_64-unknown-linux-gnu/lib/librustc_std_workspace_core-c6fd227bdc7b39ff.rlib" "/opt/rustwide/rustup-home/toolchains/1.83.0-x86_64-unknown-linux-gnu/lib/rustlib/x86_64-unknown-linux-gnu/lib/libcore-959d3389fa3da8a5.rlib" "/opt/rustwide/rustup-home/toolchains/1.83.0-x86_64-unknown-linux-gnu/lib/rustlib/x86_64-unknown-linux-gnu/lib/libcompiler_builtins-abe05db089cc2c62.rlib" "-Wl,-Bdynamic" "-lgcc_s" "-lutil" "-lrt" "-lpthread" "-lm" "-ldl" "-lc" "-Wl,--eh-frame-hdr" "-Wl,-z,noexecstack" "-L" "/opt/rustwide/rustup-home/toolchains/1.83.0-x86_64-unknown-linux-gnu/lib/rustlib/x86_64-unknown-linux-gnu/lib" "-o" "/opt/rustwide/target/debug/build/x86-d4eb7bf81aa50f6f/build_script_build-d4eb7bf81aa50f6f" "-Wl,--gc-sections" "-pie" "-Wl,-z,relro,-z,now" "-nodefaultlibs"
[INFO] [stdout]   = note: /usr/bin/ld: final link failed: No space left on device
[INFO] [stdout]           collect2: error: ld returned 1 exit status
[INFO] [stdout]           
[INFO] [stdout] 
[INFO] [stdout] 
[INFO] [stderr] error: could not compile `x86` (build script) due to 1 previous error
[INFO] running `Command { std: "docker" "inspect" "70476206695d4d4fa03654a0fb0b5b27344355f1ee3d8f783861e861a664123c", kill_on_drop: false }`
[INFO] running `Command { std: "docker" "rm" "-f" "70476206695d4d4fa03654a0fb0b5b27344355f1ee3d8f783861e861a664123c", kill_on_drop: false }`
[INFO] [stdout] 70476206695d4d4fa03654a0fb0b5b27344355f1ee3d8f783861e861a664123c
