[INFO] cloning repository https://github.com/leeh8911/every-jelly
[INFO] running `Command { std: "git" "-c" "credential.helper=" "-c" "credential.helper=/workspace/cargo-home/bin/git-credential-null" "clone" "--bare" "https://github.com/leeh8911/every-jelly" "/workspace/cache/git-repos/https%3A%2F%2Fgithub.com%2Fleeh8911%2Fevery-jelly", kill_on_drop: false }`
[INFO] [stderr] Cloning into bare repository '/workspace/cache/git-repos/https%3A%2F%2Fgithub.com%2Fleeh8911%2Fevery-jelly'...
[INFO] running `Command { std: "git" "rev-parse" "HEAD", kill_on_drop: false }`
[INFO] [stdout] 7a78846cd10eb4858a283a704c22e52ca070911b
[INFO] testing leeh8911/every-jelly against 1.83.0 for beta-1.84.0-4-retry
[INFO] running `Command { std: "git" "clone" "/workspace/cache/git-repos/https%3A%2F%2Fgithub.com%2Fleeh8911%2Fevery-jelly" "/workspace/builds/worker-6-tc1/source", kill_on_drop: false }`
[INFO] [stderr] Cloning into '/workspace/builds/worker-6-tc1/source'...
[INFO] [stderr] done.
[INFO] validating manifest of git repo https://github.com/leeh8911/every-jelly on toolchain 1.83.0
[INFO] running `Command { std: CARGO_HOME="/workspace/cargo-home" RUSTUP_HOME="/workspace/rustup-home" "/workspace/cargo-home/bin/cargo" "+1.83.0" "metadata" "--manifest-path" "Cargo.toml" "--no-deps", kill_on_drop: false }`
[INFO] started tweaking git repo https://github.com/leeh8911/every-jelly
[INFO] finished tweaking git repo https://github.com/leeh8911/every-jelly
[INFO] tweaked toml for git repo https://github.com/leeh8911/every-jelly written to /workspace/builds/worker-6-tc1/source/Cargo.toml
[INFO] crate git repo https://github.com/leeh8911/every-jelly already has a lockfile, it will not be regenerated
[INFO] running `Command { std: CARGO_HOME="/workspace/cargo-home" RUSTUP_HOME="/workspace/rustup-home" "/workspace/cargo-home/bin/cargo" "+1.83.0" "fetch" "--manifest-path" "Cargo.toml", kill_on_drop: false }`
[INFO] [stderr]     Blocking waiting for file lock on package cache
[INFO] [stderr]     Updating crates.io index
[INFO] [stderr]  Downloading crates ...
[INFO] [stderr]   Downloaded pistoncore-glutin_window v0.72.0
[INFO] [stderr]   Downloaded interpolation v0.3.0
[INFO] [stderr]   Downloaded quaternion v1.0.0
[INFO] [stderr]   Downloaded piston v0.55.0
[INFO] [stderr]   Downloaded camera_controllers v0.34.0
[INFO] [stderr]   Downloaded piston2d-graphics v0.44.0
[INFO] [stderr]   Downloaded piston3d-cam v0.6.0
[INFO] [stderr]   Downloaded pistoncore-event_loop v0.55.0
[INFO] [stderr]   Downloaded piston2d-deform_grid v0.14.0
[INFO] [stderr]   Downloaded piston2d-opengl_graphics v0.82.0
[INFO] [stderr]   Downloaded piston-ai_behavior v0.33.0
[INFO] [stderr]   Downloaded piston2d-sprite v0.68.0
[INFO] [stderr]   Downloaded piston_window v0.131.0
[INFO] [stderr]   Downloaded piston2d-gfx_graphics v0.80.0
[INFO] [stderr]   Downloaded libloading v0.8.2
[INFO] [stderr]   Downloaded piston2d-drag_controller v0.30.0
[INFO] [stderr]   Downloaded pistoncore-window v1.0.0
[INFO] running `Command { std: "docker" "create" "-v" "/var/lib/crater-agent-workspace/builds/worker-6-tc1/target:/opt/rustwide/target:rw,Z" "-v" "/var/lib/crater-agent-workspace/builds/worker-6-tc1/source:/opt/rustwide/workdir:ro,Z" "-v" "/var/lib/crater-agent-workspace/cargo-home:/opt/rustwide/cargo-home:ro,Z" "-v" "/var/lib/crater-agent-workspace/rustup-home:/opt/rustwide/rustup-home:ro,Z" "-e" "SOURCE_DIR=/opt/rustwide/workdir" "-e" "CARGO_TARGET_DIR=/opt/rustwide/target" "-e" "CARGO_HOME=/opt/rustwide/cargo-home" "-e" "RUSTUP_HOME=/opt/rustwide/rustup-home" "-w" "/opt/rustwide/workdir" "-m" "1610612736" "--user" "0:0" "--network" "none" "ghcr.io/rust-lang/crates-build-env/linux@sha256:f3a9d4ad9d972b27faf3965f35b62e55ba32bbce8f20bc8fe909558a86702fde" "/opt/rustwide/cargo-home/bin/cargo" "+1.83.0" "metadata" "--no-deps" "--format-version=1", kill_on_drop: false }`
[INFO] [stdout] 7534388682fe93bf7d720b7f618690c98a04056804a1377dc4329cab48ffc7bf
[INFO] running `Command { std: "docker" "start" "-a" "7534388682fe93bf7d720b7f618690c98a04056804a1377dc4329cab48ffc7bf", kill_on_drop: false }`
[INFO] running `Command { std: "docker" "inspect" "7534388682fe93bf7d720b7f618690c98a04056804a1377dc4329cab48ffc7bf", kill_on_drop: false }`
[INFO] running `Command { std: "docker" "rm" "-f" "7534388682fe93bf7d720b7f618690c98a04056804a1377dc4329cab48ffc7bf", kill_on_drop: false }`
[INFO] [stdout] 7534388682fe93bf7d720b7f618690c98a04056804a1377dc4329cab48ffc7bf
[INFO] running `Command { std: "docker" "create" "-v" "/var/lib/crater-agent-workspace/builds/worker-6-tc1/target:/opt/rustwide/target:rw,Z" "-v" "/var/lib/crater-agent-workspace/builds/worker-6-tc1/source:/opt/rustwide/workdir:ro,Z" "-v" "/var/lib/crater-agent-workspace/cargo-home:/opt/rustwide/cargo-home:ro,Z" "-v" "/var/lib/crater-agent-workspace/rustup-home:/opt/rustwide/rustup-home:ro,Z" "-e" "SOURCE_DIR=/opt/rustwide/workdir" "-e" "CARGO_TARGET_DIR=/opt/rustwide/target" "-e" "CARGO_INCREMENTAL=0" "-e" "RUST_BACKTRACE=full" "-e" "RUSTFLAGS=--cap-lints=warn" "-e" "RUSTDOCFLAGS=--cap-lints=warn" "-e" "CARGO_HOME=/opt/rustwide/cargo-home" "-e" "RUSTUP_HOME=/opt/rustwide/rustup-home" "-w" "/opt/rustwide/workdir" "-m" "1610612736" "--user" "0:0" "--network" "none" "ghcr.io/rust-lang/crates-build-env/linux@sha256:f3a9d4ad9d972b27faf3965f35b62e55ba32bbce8f20bc8fe909558a86702fde" "/opt/rustwide/cargo-home/bin/cargo" "+1.83.0" "build" "--frozen" "--message-format=json", kill_on_drop: false }`
[INFO] [stdout] a8e7d6828c7a79cfec6ac4573d5c9b1539718f35f4afb48deba74bf0a307c12d
[INFO] running `Command { std: "docker" "start" "-a" "a8e7d6828c7a79cfec6ac4573d5c9b1539718f35f4afb48deba74bf0a307c12d", kill_on_drop: false }`
[INFO] [stderr]    Compiling bitflags v1.3.2
[INFO] [stderr]    Compiling proc-macro2 v1.0.78
[INFO] [stderr]    Compiling cfg-if v1.0.0
[INFO] [stderr]    Compiling unicode-ident v1.0.12
[INFO] [stderr]    Compiling xml-rs v0.8.19
[INFO] [stderr]    Compiling log v0.4.21
[INFO] [stderr]    Compiling autocfg v1.1.0
[INFO] [stderr]    Compiling libc v0.2.153
[INFO] [stderr]    Compiling pkg-config v0.3.30
[INFO] [stderr]    Compiling piston-float v1.0.1
[INFO] [stderr]    Compiling khronos_api v3.1.0
[INFO] [stderr]    Compiling simd-adler32 v0.3.7
[INFO] [stderr]    Compiling smallvec v1.13.1
[INFO] [stderr]    Compiling serde v1.0.197
[INFO] [stderr]    Compiling crc32fast v1.4.0
[INFO] [stderr]    Compiling adler v1.0.2
[INFO] [stderr]    Compiling lazy_static v1.4.0
[INFO] [stderr]    Compiling piston-viewport v1.0.2
[INFO] [stderr]    Compiling libloading v0.8.2
[INFO] [stderr]    Compiling once_cell v1.19.0
[INFO] [stderr]    Compiling miniz_oxide v0.7.2
[INFO] [stderr]    Compiling crossbeam-utils v0.8.19
[INFO] [stderr]    Compiling ab_glyph_rasterizer v0.1.8
[INFO] [stderr]    Compiling bytemuck v1.14.3
[INFO] [stderr]    Compiling dlib v0.5.2
[INFO] [stderr]    Compiling fdeflate v0.3.4
[INFO] [stderr]    Compiling piston-graphics_api_version v1.0.1
[INFO] [stderr]    Compiling memoffset v0.6.5
[INFO] [stderr]    Compiling cfg_aliases v0.1.1
[INFO] [stderr]    Compiling version_check v0.9.4
[INFO] [stderr]    Compiling rayon-core v1.12.1
[INFO] [stderr]    Compiling lock_api v0.4.11
[INFO] [stderr]    Compiling vecmath v1.0.0
[INFO] [stderr]    Compiling downcast-rs v1.2.0
[INFO] [stderr]    Compiling thiserror v1.0.57
[INFO] [stderr]    Compiling scoped-tls v1.0.1
[INFO] [stderr]    Compiling scopeguard v1.2.0
[INFO] [stderr]    Compiling ttf-parser v0.15.2
[INFO] [stderr]    Compiling ttf-parser v0.20.0
[INFO] [stderr]    Compiling quote v1.0.35
[INFO] [stderr]    Compiling gl_generator v0.14.0
[INFO] [stderr]    Compiling xcursor v0.3.5
[INFO] [stderr]    Compiling flate2 v1.0.28
[INFO] [stderr]    Compiling wayland-sys v0.29.5
[INFO] [stderr]    Compiling syn v2.0.52
[INFO] [stderr]    Compiling wayland-scanner v0.29.5
[INFO] [stderr]    Compiling crossbeam-epoch v0.9.18
[INFO] [stderr]    Compiling slotmap v1.0.7
[INFO] [stderr]    Compiling x11-dl v2.21.0
[INFO] [stderr]    Compiling smithay-client-toolkit v0.16.1
[INFO] [stderr]    Compiling either v1.10.0
[INFO] [stderr]    Compiling piston-texture v0.9.0
[INFO] [stderr]    Compiling arrayref v0.3.7
[INFO] [stderr]    Compiling png v0.17.13
[INFO] [stderr]    Compiling vec_map v0.8.2
[INFO] [stderr]    Compiling strict-num v0.1.1
[INFO] [stderr]    Compiling spin v0.9.8
[INFO] [stderr]    Compiling crossbeam-deque v0.8.5
[INFO] [stderr]    Compiling glutin_egl_sys v0.5.1
[INFO] [stderr]    Compiling tiny-skia-path v0.8.4
[INFO] [stderr]    Compiling glutin_glx_sys v0.4.0
[INFO] [stderr]    Compiling wayland-sys v0.30.1
[INFO] [stderr]    Compiling gl_generator v0.13.1
[INFO] [stderr]    Compiling owned_ttf_parser v0.20.0
[INFO] [stderr]    Compiling num-traits v0.2.18
[INFO] [stderr]    Compiling rayon v1.9.0
[INFO] [stderr]    Compiling nix v0.24.3
[INFO] [stderr]    Compiling owned_ttf_parser v0.15.2
[INFO] [stderr]    Compiling nix v0.25.1
[INFO] [stderr]    Compiling rusttype v0.9.3
[INFO] [stderr]    Compiling memmap2 v0.5.10
[INFO] [stderr]    Compiling arrayvec v0.7.4
[INFO] [stderr]    Compiling weezl v0.1.8
[INFO] [stderr]    Compiling read_color v1.0.0
[INFO] [stderr]    Compiling fnv v1.0.7
[INFO] [stderr]    Compiling ab_glyph v0.2.23
[INFO] [stderr]    Compiling tiny-skia v0.8.4
[INFO] [stderr]    Compiling gl v0.13.0
[INFO] [stderr]    Compiling flume v0.11.0
[INFO] [stderr]    Compiling glutin v0.30.10
[INFO] [stderr]    Compiling zune-inflate v0.2.54
[INFO] [stderr]    Compiling half v2.4.0
[INFO] [stderr]    Compiling draw_state v0.8.0
[INFO] [stderr]    Compiling lebe v0.5.2
[INFO] [stderr]    Compiling wayland-client v0.29.5
[INFO] [stderr]    Compiling wayland-protocols v0.29.5
[INFO] [stderr]    Compiling winit v0.28.7
[INFO] [stderr]    Compiling color_quant v1.1.0
[INFO] [stderr]    Compiling raw-window-handle v0.5.2
[INFO] [stderr]    Compiling bit_field v0.10.2
[INFO] [stderr]    Compiling gif v0.13.1
[INFO] [stderr] rustc-LLVM ERROR: IO failure on output stream: No space left on device
[INFO] [stdout] error: failed to build archive at `/opt/rustwide/target/debug/deps/libttf_parser-554f4208936fa79e.rlib`: No space left on device (os error 28)
[INFO] [stdout] 
[INFO] [stdout] 
[INFO] [stderr]    Compiling gfx_core v0.9.2
[INFO] [stdout] error: linking with `cc` failed: exit status: 1
[INFO] [stdout]   |
[INFO] [stdout]   = note: LC_ALL="C" PATH="/opt/rustwide/rustup-home/toolchains/1.83.0-x86_64-unknown-linux-gnu/lib/rustlib/x86_64-unknown-linux-gnu/bin:/opt/rustwide/cargo-home/bin:/usr/local/sbin:/usr/local/bin:/usr/sbin:/usr/bin:/sbin:/bin" VSLANG="1033" "cc" "-m64" "/tmp/rustcEFCA31/symbols.o" "/opt/rustwide/target/debug/build/glutin-25ebd500df513a4c/build_script_build-25ebd500df513a4c.build_script_build.9f73eec773bf1f1c-cgu.0.rcgu.o" "/opt/rustwide/target/debug/build/glutin-25ebd500df513a4c/build_script_build-25ebd500df513a4c.build_script_build.9f73eec773bf1f1c-cgu.1.rcgu.o" "/opt/rustwide/target/debug/build/glutin-25ebd500df513a4c/build_script_build-25ebd500df513a4c.build_script_build.9f73eec773bf1f1c-cgu.2.rcgu.o" "/opt/rustwide/target/debug/build/glutin-25ebd500df513a4c/build_script_build-25ebd500df513a4c.bsqk1cok2dze0lzuar6szje3w.rcgu.o" "-Wl,--as-needed" "-Wl,-Bstatic" "/opt/rustwide/target/debug/deps/libcfg_aliases-1f13698e8658435a.rlib" "/opt/rustwide/rustup-home/toolchains/1.83.0-x86_64-unknown-linux-gnu/lib/rustlib/x86_64-unknown-linux-gnu/lib/libstd-ca74a2d9c5166d9f.rlib" "/opt/rustwide/rustup-home/toolchains/1.83.0-x86_64-unknown-linux-gnu/lib/rustlib/x86_64-unknown-linux-gnu/lib/libpanic_unwind-e31ab23316ed5080.rlib" "/opt/rustwide/rustup-home/toolchains/1.83.0-x86_64-unknown-linux-gnu/lib/rustlib/x86_64-unknown-linux-gnu/lib/libobject-27dc4aa955912662.rlib" "/opt/rustwide/rustup-home/toolchains/1.83.0-x86_64-unknown-linux-gnu/lib/rustlib/x86_64-unknown-linux-gnu/lib/libmemchr-bd0d6cccce077b99.rlib" "/opt/rustwide/rustup-home/toolchains/1.83.0-x86_64-unknown-linux-gnu/lib/rustlib/x86_64-unknown-linux-gnu/lib/libaddr2line-8d001680935b5e3c.rlib" "/opt/rustwide/rustup-home/toolchains/1.83.0-x86_64-unknown-linux-gnu/lib/rustlib/x86_64-unknown-linux-gnu/lib/libgimli-ba8ce71964f984f4.rlib" "/opt/rustwide/rustup-home/toolchains/1.83.0-x86_64-unknown-linux-gnu/lib/rustlib/x86_64-unknown-linux-gnu/lib/librustc_demangle-99a73526abcec14b.rlib" "/opt/rustwide/rustup-home/toolchains/1.83.0-x86_64-unknown-linux-gnu/lib/rustlib/x86_64-unknown-linux-gnu/lib/libstd_detect-63ac0d22cff92579.rlib" "/opt/rustwide/rustup-home/toolchains/1.83.0-x86_64-unknown-linux-gnu/lib/rustlib/x86_64-unknown-linux-gnu/lib/libhashbrown-9057355c92c922d5.rlib" "/opt/rustwide/rustup-home/toolchains/1.83.0-x86_64-unknown-linux-gnu/lib/rustlib/x86_64-unknown-linux-gnu/lib/librustc_std_workspace_alloc-358be9bc1f6bab04.rlib" "/opt/rustwide/rustup-home/toolchains/1.83.0-x86_64-unknown-linux-gnu/lib/rustlib/x86_64-unknown-linux-gnu/lib/libminiz_oxide-aca15549d5bff974.rlib" "/opt/rustwide/rustup-home/toolchains/1.83.0-x86_64-unknown-linux-gnu/lib/rustlib/x86_64-unknown-linux-gnu/lib/libadler-8251d2cef7072448.rlib" "/opt/rustwide/rustup-home/toolchains/1.83.0-x86_64-unknown-linux-gnu/lib/rustlib/x86_64-unknown-linux-gnu/lib/libunwind-7d50b86011c66411.rlib" "/opt/rustwide/rustup-home/toolchains/1.83.0-x86_64-unknown-linux-gnu/lib/rustlib/x86_64-unknown-linux-gnu/lib/libcfg_if-51ea098fce5006bf.rlib" "/opt/rustwide/rustup-home/toolchains/1.83.0-x86_64-unknown-linux-gnu/lib/rustlib/x86_64-unknown-linux-gnu/lib/liblibc-5a14e0d0b712e731.rlib" "/opt/rustwide/rustup-home/toolchains/1.83.0-x86_64-unknown-linux-gnu/lib/rustlib/x86_64-unknown-linux-gnu/lib/liballoc-8b83dbf3a7b8f999.rlib" "/opt/rustwide/rustup-home/toolchains/1.83.0-x86_64-unknown-linux-gnu/lib/rustlib/x86_64-unknown-linux-gnu/lib/librustc_std_workspace_core-c6fd227bdc7b39ff.rlib" "/opt/rustwide/rustup-home/toolchains/1.83.0-x86_64-unknown-linux-gnu/lib/rustlib/x86_64-unknown-linux-gnu/lib/libcore-959d3389fa3da8a5.rlib" "/opt/rustwide/rustup-home/toolchains/1.83.0-x86_64-unknown-linux-gnu/lib/rustlib/x86_64-unknown-linux-gnu/lib/libcompiler_builtins-abe05db089cc2c62.rlib" "-Wl,-Bdynamic" "-lgcc_s" "-lutil" "-lrt" "-lpthread" "-lm" "-ldl" "-lc" "-Wl,--eh-frame-hdr" "-Wl,-z,noexecstack" "-L" "/opt/rustwide/rustup-home/toolchains/1.83.0-x86_64-unknown-linux-gnu/lib/rustlib/x86_64-unknown-linux-gnu/lib" "-o" "/opt/rustwide/target/debug/build/glutin-25ebd500df513a4c/build_script_build-25ebd500df513a4c" "-Wl,--gc-sections" "-pie" "-Wl,-z,relro,-z,now" "-nodefaultlibs"
[INFO] [stdout]   = note: /usr/bin/ld: final link failed: No space left on device
[INFO] [stdout]           collect2: error: ld returned 1 exit status
[INFO] [stdout]           
[INFO] [stdout] 
[INFO] [stdout] 
[INFO] [stderr] error: could not compile `ttf-parser` (lib) due to 1 previous error
[INFO] [stderr] warning: build failed, waiting for other jobs to finish...
[INFO] [stderr] error: could not compile `glutin` (build script) due to 1 previous error
[INFO] [stderr] error: could not compile `winit` (build script)
[INFO] [stderr] 
[INFO] [stderr] Caused by:
[INFO] [stderr]   process didn't exit successfully: `/opt/rustwide/rustup-home/toolchains/1.83.0-x86_64-unknown-linux-gnu/bin/rustc --crate-name build_script_build --edition=2021 /opt/rustwide/cargo-home/registry/src/index.crates.io-6f17d22bba15001f/winit-0.28.7/build.rs --error-format=json --json=diagnostic-rendered-ansi,artifacts,future-incompat --crate-type bin --emit=dep-info,link -C embed-bitcode=no --cfg 'feature="default"' --cfg 'feature="mio"' --cfg 'feature="percent-encoding"' --cfg 'feature="sctk"' --cfg 'feature="sctk-adwaita"' --cfg 'feature="wayland"' --cfg 'feature="wayland-client"' --cfg 'feature="wayland-commons"' --cfg 'feature="wayland-csd-adwaita"' --cfg 'feature="wayland-dlopen"' --cfg 'feature="wayland-protocols"' --cfg 'feature="x11"' --cfg 'feature="x11-dl"' --check-cfg 'cfg(docsrs)' --check-cfg 'cfg(feature, values("android-game-activity", "android-native-activity", "default", "mint", "mio", "percent-encoding", "sctk", "sctk-adwaita", "serde", "wayland", "wayland-client", "wayland-commons", "wayland-csd-adwaita", "wayland-csd-adwaita-crossfont", "wayland-csd-adwaita-notitle", "wayland-dlopen", "wayland-protocols", "x11", "x11-dl"))' -C metadata=13b39abbb5a80d9e -C extra-filename=-13b39abbb5a80d9e --out-dir /opt/rustwide/target/debug/build/winit-13b39abbb5a80d9e -L dependency=/opt/rustwide/target/debug/deps --extern cfg_aliases=/opt/rustwide/target/debug/deps/libcfg_aliases-1f13698e8658435a.rlib --extern wayland_scanner=/opt/rustwide/target/debug/deps/libwayland_scanner-69a34304c867d430.rlib --cap-lints allow --cap-lints=warn` (exit status: 101)
[INFO] [stderr] rustc-LLVM ERROR: IO failure on output stream: No space left on device
[INFO] [stderr] error: could not compile `wayland-protocols` (build script)
[INFO] [stdout] error: couldn't create a temp dir: No space left on device (os error 28) at path "/opt/rustwide/target/debug/deps/rmetaBH6vEn"
[INFO] [stdout] 
[INFO] [stdout] 
[INFO] [stderr] 
[INFO] [stderr] Caused by:
[INFO] [stderr]   No space left on device (os error 28)
[INFO] [stderr] 
[INFO] [stderr] Caused by:
[INFO] [stderr]   failed to parse process output: `/opt/rustwide/rustup-home/toolchains/1.83.0-x86_64-unknown-linux-gnu/bin/rustc --crate-name build_script_build --edition=2018 /opt/rustwide/cargo-home/registry/src/index.crates.io-6f17d22bba15001f/wayland-protocols-0.29.5/build.rs --error-format=json --json=diagnostic-rendered-ansi,artifacts,future-incompat --crate-type bin --emit=dep-info,link -C embed-bitcode=no --cfg 'feature="client"' --cfg 'feature="staging_protocols"' --cfg 'feature="unstable_protocols"' --cfg 'feature="wayland-client"' --check-cfg 'cfg(docsrs)' --check-cfg 'cfg(feature, values("client", "server", "staging_protocols", "unstable_protocols", "wayland-client", "wayland-server"))' -C metadata=a88284781e71c3c6 -C extra-filename=-a88284781e71c3c6 --out-dir /opt/rustwide/target/debug/build/wayland-protocols-a88284781e71c3c6 -L dependency=/opt/rustwide/target/debug/deps --extern wayland_scanner=/opt/rustwide/target/debug/deps/libwayland_scanner-69a34304c867d430.rlib --cap-lints allow --cap-lints=warn` (exit status: 101)
[INFO] [stderr] error: could not compile `bit_field` (lib) due to 1 previous error
[INFO] [stdout] error: linking with `cc` failed: exit status: 1
[INFO] [stdout]   |
[INFO] [stdout]   = note: LC_ALL="C" PATH="/opt/rustwide/rustup-home/toolchains/1.83.0-x86_64-unknown-linux-gnu/lib/rustlib/x86_64-unknown-linux-gnu/bin:/opt/rustwide/cargo-home/bin:/usr/local/sbin:/usr/local/bin:/usr/sbin:/usr/bin:/sbin:/bin" VSLANG="1033" "cc" "-m64" "/tmp/rustcFHClmH/symbols.o" "/opt/rustwide/target/debug/build/wayland-client-408a7ebb52d3af3f/build_script_build-408a7ebb52d3af3f.build_script_build.60205df6e6d04d4c-cgu.0.rcgu.o" "/opt/rustwide/target/debug/build/wayland-client-408a7ebb52d3af3f/build_script_build-408a7ebb52d3af3f.build_script_build.60205df6e6d04d4c-cgu.1.rcgu.o" "/opt/rustwide/target/debug/build/wayland-client-408a7ebb52d3af3f/build_script_build-408a7ebb52d3af3f.build_script_build.60205df6e6d04d4c-cgu.2.rcgu.o" "/opt/rustwide/target/debug/build/wayland-client-408a7ebb52d3af3f/build_script_build-408a7ebb52d3af3f.build_script_build.60205df6e6d04d4c-cgu.3.rcgu.o" "/opt/rustwide/target/debug/build/wayland-client-408a7ebb52d3af3f/build_script_build-408a7ebb52d3af3f.0b6mc4iyl7obi0y1zn8pg85tg.rcgu.o" "-Wl,--as-needed" "-Wl,-Bstatic" "/opt/rustwide/target/debug/deps/libwayland_scanner-69a34304c867d430.rlib" "/opt/rustwide/target/debug/deps/libxml-d9f18fb7bb891a12.rlib" "/opt/rustwide/target/debug/deps/libquote-2ade2a50eb1bc340.rlib" "/opt/rustwide/target/debug/deps/libproc_macro2-2e7f74933d95c32b.rlib" "/opt/rustwide/target/debug/deps/libunicode_ident-616f471ecab70653.rlib" "/opt/rustwide/rustup-home/toolchains/1.83.0-x86_64-unknown-linux-gnu/lib/rustlib/x86_64-unknown-linux-gnu/lib/libproc_macro-a2fc9021817a412b.rlib" "/opt/rustwide/rustup-home/toolchains/1.83.0-x86_64-unknown-linux-gnu/lib/rustlib/x86_64-unknown-linux-gnu/lib/libstd-ca74a2d9c5166d9f.rlib" "/opt/rustwide/rustup-home/toolchains/1.83.0-x86_64-unknown-linux-gnu/lib/rustlib/x86_64-unknown-linux-gnu/lib/libpanic_unwind-e31ab23316ed5080.rlib" "/opt/rustwide/rustup-home/toolchains/1.83.0-x86_64-unknown-linux-gnu/lib/rustlib/x86_64-unknown-linux-gnu/lib/libobject-27dc4aa955912662.rlib" "/opt/rustwide/rustup-home/toolchains/1.83.0-x86_64-unknown-linux-gnu/lib/rustlib/x86_64-unknown-linux-gnu/lib/libmemchr-bd0d6cccce077b99.rlib" "/opt/rustwide/rustup-home/toolchains/1.83.0-x86_64-unknown-linux-gnu/lib/rustlib/x86_64-unknown-linux-gnu/lib/libaddr2line-8d001680935b5e3c.rlib" "/opt/rustwide/rustup-home/toolchains/1.83.0-x86_64-unknown-linux-gnu/lib/rustlib/x86_64-unknown-linux-gnu/lib/libgimli-ba8ce71964f984f4.rlib" "/opt/rustwide/rustup-home/toolchains/1.83.0-x86_64-unknown-linux-gnu/lib/rustlib/x86_64-unknown-linux-gnu/lib/librustc_demangle-99a73526abcec14b.rlib" "/opt/rustwide/rustup-home/toolchains/1.83.0-x86_64-unknown-linux-gnu/lib/rustlib/x86_64-unknown-linux-gnu/lib/libstd_detect-63ac0d22cff92579.rlib" "/opt/rustwide/rustup-home/toolchains/1.83.0-x86_64-unknown-linux-gnu/lib/rustlib/x86_64-unknown-linux-gnu/lib/libhashbrown-9057355c92c922d5.rlib" "/opt/rustwide/rustup-home/toolchains/1.83.0-x86_64-unknown-linux-gnu/lib/rustlib/x86_64-unknown-linux-gnu/lib/librustc_std_workspace_alloc-358be9bc1f6bab04.rlib" "/opt/rustwide/rustup-home/toolchains/1.83.0-x86_64-unknown-linux-gnu/lib/rustlib/x86_64-unknown-linux-gnu/lib/libminiz_oxide-aca15549d5bff974.rlib" "/opt/rustwide/rustup-home/toolchains/1.83.0-x86_64-unknown-linux-gnu/lib/rustlib/x86_64-unknown-linux-gnu/lib/libadler-8251d2cef7072448.rlib" "/opt/rustwide/rustup-home/toolchains/1.83.0-x86_64-unknown-linux-gnu/lib/rustlib/x86_64-unknown-linux-gnu/lib/libunwind-7d50b86011c66411.rlib" "/opt/rustwide/rustup-home/toolchains/1.83.0-x86_64-unknown-linux-gnu/lib/rustlib/x86_64-unknown-linux-gnu/lib/libcfg_if-51ea098fce5006bf.rlib" "/opt/rustwide/rustup-home/toolchains/1.83.0-x86_64-unknown-linux-gnu/lib/rustlib/x86_64-unknown-linux-gnu/lib/liblibc-5a14e0d0b712e731.rlib" "/opt/rustwide/rustup-home/toolchains/1.83.0-x86_64-unknown-linux-gnu/lib/rustlib/x86_64-unknown-linux-gnu/lib/liballoc-8b83dbf3a7b8f999.rlib" "/opt/rustwide/rustup-home/toolchains/1.83.0-x86_64-unknown-linux-gnu/lib/rustlib/x86_64-unknown-linux-gnu/lib/librustc_std_workspace_core-c6fd227bdc7b39ff.rlib" "/opt/rustwide/rustup-home/toolchains/1.83.0-x86_64-unknown-linux-gnu/lib/rustlib/x86_64-unknown-linux-gnu/lib/libcore-959d3389fa3da8a5.rlib" "/opt/rustwide/rustup-home/toolchains/1.83.0-x86_64-unknown-linux-gnu/lib/rustlib/x86_64-unknown-linux-gnu/lib/libcompiler_builtins-abe05db089cc2c62.rlib" "-Wl,-Bdynamic" "-lgcc_s" "-lutil" "-lrt" "-lpthread" "-lm" "-ldl" "-lc" "-Wl,--eh-frame-hdr" "-Wl,-z,noexecstack" "-L" "/opt/rustwide/rustup-home/toolchains/1.83.0-x86_64-unknown-linux-gnu/lib/rustlib/x86_64-unknown-linux-gnu/lib" "-o" "/opt/rustwide/target/debug/build/wayland-client-408a7ebb52d3af3f/build_script_build-408a7ebb52d3af3f" "-Wl,--gc-sections" "-pie" "-Wl,-z,relro,-z,now" "-nodefaultlibs"
[INFO] [stdout]   = note: /usr/bin/ld: final link failed: No space left on device
[INFO] [stdout]           collect2: error: ld returned 1 exit status
[INFO] [stdout]           
[INFO] [stdout] 
[INFO] [stdout] 
[INFO] [stderr] error: could not compile `wayland-client` (build script) due to 1 previous error
[INFO] [stdout] error: linking with `cc` failed: exit status: 1
[INFO] [stdout]   |
[INFO] [stdout]   = note: LC_ALL="C" PATH="/opt/rustwide/rustup-home/toolchains/1.83.0-x86_64-unknown-linux-gnu/lib/rustlib/x86_64-unknown-linux-gnu/bin:/opt/rustwide/cargo-home/bin:/usr/local/sbin:/usr/local/bin:/usr/sbin:/usr/bin:/sbin:/bin" VSLANG="1033" "cc" "-m64" "/tmp/rustc3INQnb/symbols.o" "/opt/rustwide/target/debug/build/gl-9720cdafc7b83e17/build_script_build-9720cdafc7b83e17.build_script_build.336642ce22daf9dc-cgu.00.rcgu.o" "/opt/rustwide/target/debug/build/gl-9720cdafc7b83e17/build_script_build-9720cdafc7b83e17.build_script_build.336642ce22daf9dc-cgu.01.rcgu.o" "/opt/rustwide/target/debug/build/gl-9720cdafc7b83e17/build_script_build-9720cdafc7b83e17.build_script_build.336642ce22daf9dc-cgu.02.rcgu.o" "/opt/rustwide/target/debug/build/gl-9720cdafc7b83e17/build_script_build-9720cdafc7b83e17.build_script_build.336642ce22daf9dc-cgu.03.rcgu.o" "/opt/rustwide/target/debug/build/gl-9720cdafc7b83e17/build_script_build-9720cdafc7b83e17.build_script_build.336642ce22daf9dc-cgu.04.rcgu.o" "/opt/rustwide/target/debug/build/gl-9720cdafc7b83e17/build_script_build-9720cdafc7b83e17.build_script_build.336642ce22daf9dc-cgu.05.rcgu.o" "/opt/rustwide/target/debug/build/gl-9720cdafc7b83e17/build_script_build-9720cdafc7b83e17.build_script_build.336642ce22daf9dc-cgu.06.rcgu.o" "/opt/rustwide/target/debug/build/gl-9720cdafc7b83e17/build_script_build-9720cdafc7b83e17.build_script_build.336642ce22daf9dc-cgu.07.rcgu.o" "/opt/rustwide/target/debug/build/gl-9720cdafc7b83e17/build_script_build-9720cdafc7b83e17.build_script_build.336642ce22daf9dc-cgu.08.rcgu.o" "/opt/rustwide/target/debug/build/gl-9720cdafc7b83e17/build_script_build-9720cdafc7b83e17.build_script_build.336642ce22daf9dc-cgu.09.rcgu.o" "/opt/rustwide/target/debug/build/gl-9720cdafc7b83e17/build_script_build-9720cdafc7b83e17.build_script_build.336642ce22daf9dc-cgu.10.rcgu.o" "/opt/rustwide/target/debug/build/gl-9720cdafc7b83e17/build_script_build-9720cdafc7b83e17.build_script_build.336642ce22daf9dc-cgu.11.rcgu.o" "/opt/rustwide/target/debug/build/gl-9720cdafc7b83e17/build_script_build-9720cdafc7b83e17.build_script_build.336642ce22daf9dc-cgu.12.rcgu.o" "/opt/rustwide/target/debug/build/gl-9720cdafc7b83e17/build_script_build-9720cdafc7b83e17.build_script_build.336642ce22daf9dc-cgu.13.rcgu.o" "/opt/rustwide/target/debug/build/gl-9720cdafc7b83e17/build_script_build-9720cdafc7b83e17.build_script_build.336642ce22daf9dc-cgu.14.rcgu.o" "/opt/rustwide/target/debug/build/gl-9720cdafc7b83e17/build_script_build-9720cdafc7b83e17.build_script_build.336642ce22daf9dc-cgu.15.rcgu.o" "/opt/rustwide/target/debug/build/gl-9720cdafc7b83e17/build_script_build-9720cdafc7b83e17.dxxlmk271m1rkb3lym78k7nc5.rcgu.o" "-Wl,--as-needed" "-Wl,-Bstatic" "/opt/rustwide/target/debug/deps/libgl_generator-b861d1a8d7f154bc.rlib" "/opt/rustwide/target/debug/deps/libkhronos_api-f22df7fc08c1185d.rlib" "/opt/rustwide/target/debug/deps/libxml-d9f18fb7bb891a12.rlib" "/opt/rustwide/target/debug/deps/liblog-bd1ea87464e2b14f.rlib" "/opt/rustwide/rustup-home/toolchains/1.83.0-x86_64-unknown-linux-gnu/lib/rustlib/x86_64-unknown-linux-gnu/lib/libstd-ca74a2d9c5166d9f.rlib" "/opt/rustwide/rustup-home/toolchains/1.83.0-x86_64-unknown-linux-gnu/lib/rustlib/x86_64-unknown-linux-gnu/lib/libpanic_unwind-e31ab23316ed5080.rlib" "/opt/rustwide/rustup-home/toolchains/1.83.0-x86_64-unknown-linux-gnu/lib/rustlib/x86_64-unknown-linux-gnu/lib/libobject-27dc4aa955912662.rlib" "/opt/rustwide/rustup-home/toolchains/1.83.0-x86_64-unknown-linux-gnu/lib/rustlib/x86_64-unknown-linux-gnu/lib/libmemchr-bd0d6cccce077b99.rlib" "/opt/rustwide/rustup-home/toolchains/1.83.0-x86_64-unknown-linux-gnu/lib/rustlib/x86_64-unknown-linux-gnu/lib/libaddr2line-8d001680935b5e3c.rlib" "/opt/rustwide/rustup-home/toolchains/1.83.0-x86_64-unknown-linux-gnu/lib/rustlib/x86_64-unknown-linux-gnu/lib/libgimli-ba8ce71964f984f4.rlib" "/opt/rustwide/rustup-home/toolchains/1.83.0-x86_64-unknown-linux-gnu/lib/rustlib/x86_64-unknown-linux-gnu/lib/librustc_demangle-99a73526abcec14b.rlib" "/opt/rustwide/rustup-home/toolchains/1.83.0-x86_64-unknown-linux-gnu/lib/rustlib/x86_64-unknown-linux-gnu/lib/libstd_detect-63ac0d22cff92579.rlib" "/opt/rustwide/rustup-home/toolchains/1.83.0-x86_64-unknown-linux-gnu/lib/rustlib/x86_64-unknown-linux-gnu/lib/libhashbrown-9057355c92c922d5.rlib" "/opt/rustwide/rustup-home/toolchains/1.83.0-x86_64-unknown-linux-gnu/lib/rustlib/x86_64-unknown-linux-gnu/lib/librustc_std_workspace_alloc-358be9bc1f6bab04.rlib" "/opt/rustwide/rustup-home/toolchains/1.83.0-x86_64-unknown-linux-gnu/lib/rustlib/x86_64-unknown-linux-gnu/lib/libminiz_oxide-aca15549d5bff974.rlib" "/opt/rustwide/rustup-home/toolchains/1.83.0-x86_64-unknown-linux-gnu/lib/rustlib/x86_64-unknown-linux-gnu/lib/libadler-8251d2cef7072448.rlib" "/opt/rustwide/rustup-home/toolchains/1.83.0-x86_64-unknown-linux-gnu/lib/rustlib/x86_64-unknown-linux-gnu/lib/libunwind-7d50b86011c66411.rlib" "/opt/rustwide/rustup-home/toolchains/1.83.0-x86_64-unknown-linux-gnu/lib/rustlib/x86_64-unknown-linux-gnu/lib/libcfg_if-51ea098fce5006bf.rlib" "/opt/rustwide/rustup-home/toolchains/1.83.0-x86_64-unknown-linux-gnu/lib/rustlib/x86_64-unknown-linux-gnu/lib/liblibc-5a14e0d0b712e731.rlib" "/opt/rustwide/rustup-home/toolchains/1.83.0-x86_64-unknown-linux-gnu/lib/rustlib/x86_64-unknown-linux-gnu/lib/liballoc-8b83dbf3a7b8f999.rlib" "/opt/rustwide/rustup-home/toolchains/1.83.0-x86_64-unknown-linux-gnu/lib/rustlib/x86_64-unknown-linux-gnu/lib/librustc_std_workspace_core-c6fd227bdc7b39ff.rlib" "/opt/rustwide/rustup-home/toolchains/1.83.0-x86_64-unknown-linux-gnu/lib/rustlib/x86_64-unknown-linux-gnu/lib/libcore-959d3389fa3da8a5.rlib" "/opt/rustwide/rustup-home/toolchains/1.83.0-x86_64-unknown-linux-gnu/lib/rustlib/x86_64-unknown-linux-gnu/lib/libcompiler_builtins-abe05db089cc2c62.rlib" "-Wl,-Bdynamic" "-lgcc_s" "-lutil" "-lrt" "-lpthread" "-lm" "-ldl" "-lc" "-Wl,--eh-frame-hdr" "-Wl,-z,noexecstack" "-L" "/opt/rustwide/rustup-home/toolchains/1.83.0-x86_64-unknown-linux-gnu/lib/rustlib/x86_64-unknown-linux-gnu/lib" "-o" "/opt/rustwide/target/debug/build/gl-9720cdafc7b83e17/build_script_build-9720cdafc7b83e17" "-Wl,--gc-sections" "-pie" "-Wl,-z,relro,-z,now" "-nodefaultlibs"
[INFO] [stdout]   = note: /usr/bin/ld: final link failed: No space left on device
[INFO] [stdout]           collect2: error: ld returned 1 exit status
[INFO] [stdout]           
[INFO] [stdout] 
[INFO] [stdout] 
[INFO] [stderr] error: could not compile `gl` (build script) due to 1 previous error
[INFO] [stdout] error: failed to write to `/opt/rustwide/target/debug/deps/rmetasTvC47/lib.rmeta`: No space left on device (os error 28)
[INFO] [stdout] 
[INFO] [stdout] 
[INFO] [stderr] error: could not compile `nix` (lib) due to 1 previous error
[INFO] [stderr] rustc-LLVM ERROR: IO failure on output stream: No space left on device
[INFO] [stderr] error: could not compile `x11-dl` (lib)
[INFO] [stderr] 
[INFO] [stderr] Caused by:
[INFO] [stderr]   No space left on device (os error 28)
[INFO] [stderr] 
[INFO] [stderr] Caused by:
[INFO] [stderr]   failed to parse process output: `/opt/rustwide/rustup-home/toolchains/1.83.0-x86_64-unknown-linux-gnu/bin/rustc --crate-name x11_dl --edition=2021 /opt/rustwide/cargo-home/registry/src/index.crates.io-6f17d22bba15001f/x11-dl-2.21.0/src/lib.rs --error-format=json --json=diagnostic-rendered-ansi,artifacts,future-incompat --crate-type lib --emit=dep-info,metadata,link -C embed-bitcode=no -C debuginfo=2 --check-cfg 'cfg(docsrs)' --check-cfg 'cfg(feature, values())' -C metadata=de2e787539d302a9 -C extra-filename=-de2e787539d302a9 --out-dir /opt/rustwide/target/debug/deps -L dependency=/opt/rustwide/target/debug/deps --extern libc=/opt/rustwide/target/debug/deps/liblibc-d15b41172e7e3881.rmeta --extern once_cell=/opt/rustwide/target/debug/deps/libonce_cell-dd4734ba15c3811e.rmeta --cap-lints allow --cap-lints=warn -l dl` (exit status: 101)
[INFO] running `Command { std: "docker" "inspect" "a8e7d6828c7a79cfec6ac4573d5c9b1539718f35f4afb48deba74bf0a307c12d", kill_on_drop: false }`
[INFO] running `Command { std: "docker" "rm" "-f" "a8e7d6828c7a79cfec6ac4573d5c9b1539718f35f4afb48deba74bf0a307c12d", kill_on_drop: false }`
[INFO] [stdout] a8e7d6828c7a79cfec6ac4573d5c9b1539718f35f4afb48deba74bf0a307c12d
