[INFO] cloning repository https://github.com/koompi/translation-platform
[INFO] running `Command { std: "git" "-c" "credential.helper=" "-c" "credential.helper=/workspace/cargo-home/bin/git-credential-null" "clone" "--bare" "https://github.com/koompi/translation-platform" "/workspace/cache/git-repos/https%3A%2F%2Fgithub.com%2Fkoompi%2Ftranslation-platform", kill_on_drop: false }`
[INFO] [stderr] Cloning into bare repository '/workspace/cache/git-repos/https%3A%2F%2Fgithub.com%2Fkoompi%2Ftranslation-platform'...
[INFO] running `Command { std: "git" "rev-parse" "HEAD", kill_on_drop: false }`
[INFO] [stdout] 5167f0b56279934efdac122d31c3517ce025299a
[INFO] testing koompi/translation-platform against 1.83.0 for beta-1.84.0-4-retry
[INFO] running `Command { std: "git" "clone" "/workspace/cache/git-repos/https%3A%2F%2Fgithub.com%2Fkoompi%2Ftranslation-platform" "/workspace/builds/worker-3-tc1/source", kill_on_drop: false }`
[INFO] [stderr] Cloning into '/workspace/builds/worker-3-tc1/source'...
[INFO] [stderr] done.
[INFO] validating manifest of git repo https://github.com/koompi/translation-platform on toolchain 1.83.0
[INFO] running `Command { std: CARGO_HOME="/workspace/cargo-home" RUSTUP_HOME="/workspace/rustup-home" "/workspace/cargo-home/bin/cargo" "+1.83.0" "metadata" "--manifest-path" "Cargo.toml" "--no-deps", kill_on_drop: false }`
[INFO] started tweaking git repo https://github.com/koompi/translation-platform
[INFO] finished tweaking git repo https://github.com/koompi/translation-platform
[INFO] tweaked toml for git repo https://github.com/koompi/translation-platform written to /workspace/builds/worker-3-tc1/source/Cargo.toml
[INFO] crate git repo https://github.com/koompi/translation-platform already has a lockfile, it will not be regenerated
[INFO] running `Command { std: CARGO_HOME="/workspace/cargo-home" RUSTUP_HOME="/workspace/rustup-home" "/workspace/cargo-home/bin/cargo" "+1.83.0" "fetch" "--manifest-path" "Cargo.toml", kill_on_drop: false }`
[INFO] [stderr]     Blocking waiting for file lock on package cache
[INFO] [stderr]     Updating crates.io index
[INFO] [stderr]     Blocking waiting for file lock on package cache
[INFO] [stderr]      Locking 242 packages to latest compatible versions
[INFO] [stderr]       Adding actix-codec v0.3.0
[INFO] [stderr]       Adding actix-connect v2.0.0
[INFO] [stderr]       Adding actix-http v2.2.2
[INFO] [stderr]       Adding actix-macros v0.1.3
[INFO] [stderr]       Adding actix-router v0.2.7
[INFO] [stderr]       Adding actix-rt v1.1.1 (available: v2.10.0)
[INFO] [stderr]       Adding actix-server v1.0.4
[INFO] [stderr]       Adding actix-service v1.0.6
[INFO] [stderr]       Adding actix-testing v1.0.1
[INFO] [stderr]       Adding actix-threadpool v0.3.3
[INFO] [stderr]       Adding actix-tls v2.0.0
[INFO] [stderr]       Adding actix-utils v2.0.0
[INFO] [stderr]       Adding actix-web v3.3.3 (available: v4.9.0)
[INFO] [stderr]       Adding actix-web-codegen v0.4.0
[INFO] [stderr]       Adding adler2 v2.0.0
[INFO] [stderr]       Adding aho-corasick v1.1.3
[INFO] [stderr]       Adding alloc-no-stdlib v2.0.4
[INFO] [stderr]       Adding alloc-stdlib v0.2.2
[INFO] [stderr]       Adding android-tzdata v0.1.1
[INFO] [stderr]       Adding android_system_properties v0.1.5
[INFO] [stderr]       Adding anyhow v1.0.94
[INFO] [stderr]       Adding async-trait v0.1.83
[INFO] [stderr]       Adding autocfg v1.4.0
[INFO] [stderr]       Adding awc v2.0.3
[INFO] [stderr]       Adding base-x v0.2.11
[INFO] [stderr]       Adding base64 v0.13.1
[INFO] [stderr]       Adding bitflags v1.3.2
[INFO] [stderr]       Adding bitflags v2.6.0
[INFO] [stderr]       Adding block-buffer v0.9.0
[INFO] [stderr]       Adding brotli v3.5.0
[INFO] [stderr]       Adding brotli-decompressor v2.5.1
[INFO] [stderr]       Adding bumpalo v3.16.0
[INFO] [stderr]       Adding byteorder v1.5.0
[INFO] [stderr]       Adding bytes v0.5.6
[INFO] [stderr]       Adding bytes v1.9.0
[INFO] [stderr]       Adding bytestring v1.4.0
[INFO] [stderr]       Adding cc v1.2.4
[INFO] [stderr]       Adding cfg-if v0.1.10
[INFO] [stderr]       Adding cfg-if v1.0.0
[INFO] [stderr]       Adding chrono v0.4.39
[INFO] [stderr]       Adding const_fn v0.4.10
[INFO] [stderr]       Adding convert_case v0.4.0
[INFO] [stderr]       Adding cookie v0.14.4
[INFO] [stderr]       Adding copyless v0.1.5
[INFO] [stderr]       Adding core-foundation-sys v0.8.7
[INFO] [stderr]       Adding cpufeatures v0.2.16
[INFO] [stderr]       Adding crc32fast v1.4.2
[INFO] [stderr]       Adding derive_more v0.99.18
[INFO] [stderr]       Adding diesel v1.4.8 (available: v2.2.6)
[INFO] [stderr]       Adding diesel_derives v1.4.1
[INFO] [stderr]       Adding digest v0.9.0
[INFO] [stderr]       Adding discard v1.0.4
[INFO] [stderr]       Adding displaydoc v0.2.5
[INFO] [stderr]       Adding dotenv v0.15.0
[INFO] [stderr]       Adding either v1.13.0
[INFO] [stderr]       Adding encoding_rs v0.8.35
[INFO] [stderr]       Adding enum-as-inner v0.3.4
[INFO] [stderr]       Adding flate2 v1.0.35
[INFO] [stderr]       Adding fnv v1.0.7
[INFO] [stderr]       Adding form_urlencoded v1.2.1
[INFO] [stderr]       Adding fuchsia-zircon v0.3.3
[INFO] [stderr]       Adding fuchsia-zircon-sys v0.3.3
[INFO] [stderr]       Adding futures v0.3.31
[INFO] [stderr]       Adding futures-channel v0.3.31
[INFO] [stderr]       Adding futures-core v0.3.31
[INFO] [stderr]       Adding futures-io v0.3.31
[INFO] [stderr]       Adding futures-macro v0.3.31
[INFO] [stderr]       Adding futures-sink v0.3.31
[INFO] [stderr]       Adding futures-task v0.3.31
[INFO] [stderr]       Adding futures-util v0.3.31
[INFO] [stderr]       Adding fxhash v0.2.1
[INFO] [stderr]       Adding generic-array v0.14.7
[INFO] [stderr]       Adding getrandom v0.1.16
[INFO] [stderr]       Adding h2 v0.2.7
[INFO] [stderr]       Adding hashbrown v0.12.3
[INFO] [stderr]       Adding heck v0.4.1
[INFO] [stderr]       Adding hermit-abi v0.3.9
[INFO] [stderr]       Adding hostname v0.3.1
[INFO] [stderr]       Adding http v0.2.12
[INFO] [stderr]       Adding httparse v1.9.5
[INFO] [stderr]       Adding iana-time-zone v0.1.61
[INFO] [stderr]       Adding iana-time-zone-haiku v0.1.2
[INFO] [stderr]       Adding icu_collections v1.5.0
[INFO] [stderr]       Adding icu_locid v1.5.0
[INFO] [stderr]       Adding icu_locid_transform v1.5.0
[INFO] [stderr]       Adding icu_locid_transform_data v1.5.0
[INFO] [stderr]       Adding icu_normalizer v1.5.0
[INFO] [stderr]       Adding icu_normalizer_data v1.5.0
[INFO] [stderr]       Adding icu_properties v1.5.1
[INFO] [stderr]       Adding icu_properties_data v1.5.0
[INFO] [stderr]       Adding icu_provider v1.5.0
[INFO] [stderr]       Adding icu_provider_macros v1.5.0
[INFO] [stderr]       Adding idna v0.2.3
[INFO] [stderr]       Adding idna v1.0.3
[INFO] [stderr]       Adding idna_adapter v1.2.0
[INFO] [stderr]       Adding indexmap v1.9.3
[INFO] [stderr]       Adding instant v0.1.13
[INFO] [stderr]       Adding iovec v0.1.4
[INFO] [stderr]       Adding ipconfig v0.2.2
[INFO] [stderr]       Adding itoa v0.4.8
[INFO] [stderr]       Adding itoa v1.0.14
[INFO] [stderr]       Adding js-sys v0.3.76
[INFO] [stderr]       Adding kernel32-sys v0.2.2
[INFO] [stderr]       Adding language-tags v0.2.2
[INFO] [stderr]       Adding lazy_static v1.5.0
[INFO] [stderr]       Adding libc v0.2.168
[INFO] [stderr]       Adding libsqlite3-sys v0.22.2
[INFO] [stderr]       Adding linked-hash-map v0.5.6
[INFO] [stderr]       Adding litemap v0.7.4
[INFO] [stderr]       Adding lock_api v0.4.12
[INFO] [stderr]       Adding log v0.4.22
[INFO] [stderr]       Adding lru-cache v0.1.2
[INFO] [stderr]       Adding match_cfg v0.1.0
[INFO] [stderr]       Adding matches v0.1.10
[INFO] [stderr]       Adding memchr v2.7.4
[INFO] [stderr]       Adding mime v0.3.17
[INFO] [stderr]       Adding miniz_oxide v0.8.0
[INFO] [stderr]       Adding mio v0.6.23
[INFO] [stderr]       Adding mio-uds v0.6.8
[INFO] [stderr]       Adding miow v0.2.2
[INFO] [stderr]       Adding net2 v0.2.39
[INFO] [stderr]       Adding num-traits v0.2.19
[INFO] [stderr]       Adding num_cpus v1.16.0
[INFO] [stderr]       Adding once_cell v1.20.2
[INFO] [stderr]       Adding opaque-debug v0.3.1
[INFO] [stderr]       Adding parking_lot v0.11.2
[INFO] [stderr]       Adding parking_lot v0.12.3
[INFO] [stderr]       Adding parking_lot_core v0.8.6
[INFO] [stderr]       Adding parking_lot_core v0.9.10
[INFO] [stderr]       Adding percent-encoding v2.3.1
[INFO] [stderr]       Adding pin-project v0.4.30
[INFO] [stderr]       Adding pin-project v1.1.7
[INFO] [stderr]       Adding pin-project-internal v0.4.30
[INFO] [stderr]       Adding pin-project-internal v1.1.7
[INFO] [stderr]       Adding pin-project-lite v0.1.12
[INFO] [stderr]       Adding pin-project-lite v0.2.15
[INFO] [stderr]       Adding pin-utils v0.1.0
[INFO] [stderr]       Adding pkg-config v0.3.31
[INFO] [stderr]       Adding ppv-lite86 v0.2.20
[INFO] [stderr]       Adding proc-macro-hack v0.5.20+deprecated
[INFO] [stderr]       Adding proc-macro2 v1.0.92
[INFO] [stderr]       Adding quick-error v1.2.3
[INFO] [stderr]       Adding quote v1.0.37
[INFO] [stderr]       Adding r2d2 v0.8.10
[INFO] [stderr]       Adding rand v0.7.3
[INFO] [stderr]       Adding rand_chacha v0.2.2
[INFO] [stderr]       Adding rand_core v0.5.1
[INFO] [stderr]       Adding rand_hc v0.2.0
[INFO] [stderr]       Adding redox_syscall v0.2.16
[INFO] [stderr]       Adding redox_syscall v0.5.8
[INFO] [stderr]       Adding regex v1.11.1
[INFO] [stderr]       Adding regex-automata v0.4.9
[INFO] [stderr]       Adding regex-syntax v0.8.5
[INFO] [stderr]       Adding resolv-conf v0.7.0
[INFO] [stderr]       Adding rustc_version v0.2.3
[INFO] [stderr]       Adding rustc_version v0.4.1
[INFO] [stderr]       Adding ryu v1.0.18
[INFO] [stderr]       Adding scheduled-thread-pool v0.2.7
[INFO] [stderr]       Adding scopeguard v1.2.0
[INFO] [stderr]       Adding semver v0.9.0
[INFO] [stderr]       Adding semver v1.0.24
[INFO] [stderr]       Adding semver-parser v0.7.0
[INFO] [stderr]       Adding serde v1.0.216
[INFO] [stderr]       Adding serde_derive v1.0.216
[INFO] [stderr]       Adding serde_json v1.0.133
[INFO] [stderr]       Adding serde_urlencoded v0.7.1
[INFO] [stderr]       Adding sha-1 v0.9.8
[INFO] [stderr]       Adding sha1 v0.6.1
[INFO] [stderr]       Adding sha1_smol v1.0.1
[INFO] [stderr]       Adding shlex v1.3.0
[INFO] [stderr]       Adding signal-hook-registry v1.4.2
[INFO] [stderr]       Adding slab v0.4.9
[INFO] [stderr]       Adding smallvec v1.13.2
[INFO] [stderr]       Adding socket2 v0.3.19
[INFO] [stderr]       Adding stable_deref_trait v1.2.0
[INFO] [stderr]       Adding standback v0.2.17
[INFO] [stderr]       Adding stdweb v0.4.20
[INFO] [stderr]       Adding stdweb-derive v0.5.3
[INFO] [stderr]       Adding stdweb-internal-macros v0.2.9
[INFO] [stderr]       Adding stdweb-internal-runtime v0.1.5
[INFO] [stderr]       Adding syn v1.0.109
[INFO] [stderr]       Adding syn v2.0.90
[INFO] [stderr]       Adding synstructure v0.13.1
[INFO] [stderr]       Adding thiserror v1.0.69
[INFO] [stderr]       Adding thiserror-impl v1.0.69
[INFO] [stderr]       Adding threadpool v1.8.1
[INFO] [stderr]       Adding time v0.2.27
[INFO] [stderr]       Adding time-macros v0.1.1
[INFO] [stderr]       Adding time-macros-impl v0.1.2
[INFO] [stderr]       Adding tinystr v0.7.6
[INFO] [stderr]       Adding tinyvec v1.8.0
[INFO] [stderr]       Adding tinyvec_macros v0.1.1
[INFO] [stderr]       Adding tokio v0.2.25
[INFO] [stderr]       Adding tokio-util v0.3.1
[INFO] [stderr]       Adding tracing v0.1.41
[INFO] [stderr]       Adding tracing-core v0.1.33
[INFO] [stderr]       Adding tracing-futures v0.2.5
[INFO] [stderr]       Adding trust-dns-proto v0.19.7
[INFO] [stderr]       Adding trust-dns-resolver v0.19.7
[INFO] [stderr]       Adding typenum v1.17.0
[INFO] [stderr]       Adding unicode-bidi v0.3.17
[INFO] [stderr]       Adding unicode-ident v1.0.14
[INFO] [stderr]       Adding unicode-normalization v0.1.24
[INFO] [stderr]       Adding url v2.5.4
[INFO] [stderr]       Adding utf16_iter v1.0.5
[INFO] [stderr]       Adding utf8_iter v1.0.4
[INFO] [stderr]       Adding vcpkg v0.2.15
[INFO] [stderr]       Adding version_check v0.9.5
[INFO] [stderr]       Adding wasi v0.9.0+wasi-snapshot-preview1
[INFO] [stderr]       Adding wasm-bindgen v0.2.99
[INFO] [stderr]       Adding wasm-bindgen-backend v0.2.99
[INFO] [stderr]       Adding wasm-bindgen-macro v0.2.99
[INFO] [stderr]       Adding wasm-bindgen-macro-support v0.2.99
[INFO] [stderr]       Adding wasm-bindgen-shared v0.2.99
[INFO] [stderr]       Adding widestring v0.4.3
[INFO] [stderr]       Adding winapi v0.2.8
[INFO] [stderr]       Adding winapi v0.3.9
[INFO] [stderr]       Adding winapi-build v0.1.1
[INFO] [stderr]       Adding winapi-i686-pc-windows-gnu v0.4.0
[INFO] [stderr]       Adding winapi-x86_64-pc-windows-gnu v0.4.0
[INFO] [stderr]       Adding windows-core v0.52.0
[INFO] [stderr]       Adding windows-targets v0.52.6
[INFO] [stderr]       Adding windows_aarch64_gnullvm v0.52.6
[INFO] [stderr]       Adding windows_aarch64_msvc v0.52.6
[INFO] [stderr]       Adding windows_i686_gnu v0.52.6
[INFO] [stderr]       Adding windows_i686_gnullvm v0.52.6
[INFO] [stderr]       Adding windows_i686_msvc v0.52.6
[INFO] [stderr]       Adding windows_x86_64_gnu v0.52.6
[INFO] [stderr]       Adding windows_x86_64_gnullvm v0.52.6
[INFO] [stderr]       Adding windows_x86_64_msvc v0.52.6
[INFO] [stderr]       Adding winreg v0.6.2
[INFO] [stderr]       Adding write16 v1.0.0
[INFO] [stderr]       Adding writeable v0.5.5
[INFO] [stderr]       Adding ws2_32-sys v0.2.1
[INFO] [stderr]       Adding yoke v0.7.5
[INFO] [stderr]       Adding yoke-derive v0.7.5
[INFO] [stderr]       Adding zerocopy v0.7.35
[INFO] [stderr]       Adding zerocopy-derive v0.7.35
[INFO] [stderr]       Adding zerofrom v0.1.5
[INFO] [stderr]       Adding zerofrom-derive v0.1.5
[INFO] [stderr]       Adding zerovec v0.10.4
[INFO] [stderr]       Adding zerovec-derive v0.10.3
[INFO] [stderr]     Blocking waiting for file lock on package cache
[INFO] running `Command { std: "docker" "create" "-v" "/var/lib/crater-agent-workspace/builds/worker-3-tc1/target:/opt/rustwide/target:rw,Z" "-v" "/var/lib/crater-agent-workspace/builds/worker-3-tc1/source:/opt/rustwide/workdir:ro,Z" "-v" "/var/lib/crater-agent-workspace/cargo-home:/opt/rustwide/cargo-home:ro,Z" "-v" "/var/lib/crater-agent-workspace/rustup-home:/opt/rustwide/rustup-home:ro,Z" "-e" "SOURCE_DIR=/opt/rustwide/workdir" "-e" "CARGO_TARGET_DIR=/opt/rustwide/target" "-e" "CARGO_HOME=/opt/rustwide/cargo-home" "-e" "RUSTUP_HOME=/opt/rustwide/rustup-home" "-w" "/opt/rustwide/workdir" "-m" "1610612736" "--user" "0:0" "--network" "none" "ghcr.io/rust-lang/crates-build-env/linux@sha256:f3a9d4ad9d972b27faf3965f35b62e55ba32bbce8f20bc8fe909558a86702fde" "/opt/rustwide/cargo-home/bin/cargo" "+1.83.0" "metadata" "--no-deps" "--format-version=1", kill_on_drop: false }`
[INFO] [stdout] c3156e353c8477ee6262624ef399dec53307157828f0568d51ad4015dd405dfd
[INFO] running `Command { std: "docker" "start" "-a" "c3156e353c8477ee6262624ef399dec53307157828f0568d51ad4015dd405dfd", kill_on_drop: false }`
[INFO] running `Command { std: "docker" "inspect" "c3156e353c8477ee6262624ef399dec53307157828f0568d51ad4015dd405dfd", kill_on_drop: false }`
[INFO] running `Command { std: "docker" "rm" "-f" "c3156e353c8477ee6262624ef399dec53307157828f0568d51ad4015dd405dfd", kill_on_drop: false }`
[INFO] [stdout] c3156e353c8477ee6262624ef399dec53307157828f0568d51ad4015dd405dfd
[INFO] running `Command { std: "docker" "create" "-v" "/var/lib/crater-agent-workspace/builds/worker-3-tc1/target:/opt/rustwide/target:rw,Z" "-v" "/var/lib/crater-agent-workspace/builds/worker-3-tc1/source:/opt/rustwide/workdir:ro,Z" "-v" "/var/lib/crater-agent-workspace/cargo-home:/opt/rustwide/cargo-home:ro,Z" "-v" "/var/lib/crater-agent-workspace/rustup-home:/opt/rustwide/rustup-home:ro,Z" "-e" "SOURCE_DIR=/opt/rustwide/workdir" "-e" "CARGO_TARGET_DIR=/opt/rustwide/target" "-e" "CARGO_INCREMENTAL=0" "-e" "RUST_BACKTRACE=full" "-e" "RUSTFLAGS=--cap-lints=warn" "-e" "RUSTDOCFLAGS=--cap-lints=warn" "-e" "CARGO_HOME=/opt/rustwide/cargo-home" "-e" "RUSTUP_HOME=/opt/rustwide/rustup-home" "-w" "/opt/rustwide/workdir" "-m" "1610612736" "--user" "0:0" "--network" "none" "ghcr.io/rust-lang/crates-build-env/linux@sha256:f3a9d4ad9d972b27faf3965f35b62e55ba32bbce8f20bc8fe909558a86702fde" "/opt/rustwide/cargo-home/bin/cargo" "+1.83.0" "build" "--frozen" "--message-format=json", kill_on_drop: false }`
[INFO] [stdout] d52066207f7c7a926e0359bf2ee973f47b51d9d758b68d2b7bcce9bc8a08864d
[INFO] running `Command { std: "docker" "start" "-a" "d52066207f7c7a926e0359bf2ee973f47b51d9d758b68d2b7bcce9bc8a08864d", kill_on_drop: false }`
[INFO] [stderr]    Compiling proc-macro2 v1.0.92
[INFO] [stderr]    Compiling unicode-ident v1.0.14
[INFO] [stderr]    Compiling libc v0.2.168
[INFO] [stderr]    Compiling autocfg v1.4.0
[INFO] [stderr]    Compiling cfg-if v1.0.0
[INFO] [stderr]    Compiling syn v1.0.109
[INFO] [stderr]    Compiling memchr v2.7.4
[INFO] [stderr]    Compiling smallvec v1.13.2
[INFO] [stderr]    Compiling log v0.4.22
[INFO] [stderr]    Compiling futures-core v0.3.31
[INFO] [stderr]    Compiling version_check v0.9.5
[INFO] [stderr]    Compiling futures-sink v0.3.31
[INFO] [stderr]    Compiling cfg-if v0.1.10
[INFO] [stderr]    Compiling stable_deref_trait v1.2.0
[INFO] [stderr]    Compiling pin-project-lite v0.2.15
[INFO] [stderr]    Compiling lazy_static v1.5.0
[INFO] [stderr]    Compiling scopeguard v1.2.0
[INFO] [stderr]    Compiling futures-task v0.3.31
[INFO] [stderr]    Compiling futures-io v0.3.31
[INFO] [stderr]    Compiling pin-utils v0.1.0
[INFO] [stderr]    Compiling bytes v0.5.6
[INFO] [stderr]    Compiling pin-project-lite v0.1.12
[INFO] [stderr]    Compiling litemap v0.7.4
[INFO] [stderr]    Compiling writeable v0.5.5
[INFO] [stderr]    Compiling futures-channel v0.3.31
[INFO] [stderr]    Compiling parking_lot_core v0.8.6
[INFO] [stderr]    Compiling pin-project-internal v0.4.30
[INFO] [stderr]    Compiling instant v0.1.13
[INFO] [stderr]    Compiling icu_locid_transform_data v1.5.0
[INFO] [stderr]    Compiling byteorder v1.5.0
[INFO] [stderr]    Compiling getrandom v0.1.16
[INFO] [stderr]    Compiling icu_properties_data v1.5.0
[INFO] [stderr]    Compiling convert_case v0.4.0
[INFO] [stderr]    Compiling utf16_iter v1.0.5
[INFO] [stderr]    Compiling write16 v1.0.0
[INFO] [stderr]    Compiling percent-encoding v2.3.1
[INFO] [stderr]    Compiling utf8_iter v1.0.4
[INFO] [stderr]    Compiling icu_normalizer_data v1.5.0
[INFO] [stderr]    Compiling standback v0.2.17
[INFO] [stderr]    Compiling proc-macro-hack v0.5.20+deprecated
[INFO] [stderr]    Compiling slab v0.4.9
[INFO] [stderr]    Compiling lock_api v0.4.12
[INFO] [stderr]    Compiling bitflags v1.3.2
[INFO] [stderr]    Compiling itoa v1.0.14
[INFO] [stderr]    Compiling tinyvec_macros v0.1.1
[INFO] [stderr]    Compiling copyless v0.1.5
[INFO] [stderr]    Compiling typenum v1.17.0
[INFO] [stderr]    Compiling form_urlencoded v1.2.1
[INFO] [stderr]    Compiling tinyvec v1.8.0
[INFO] [stderr]    Compiling generic-array v0.14.7
[INFO] [stderr]    Compiling thiserror v1.0.69
[INFO] [stderr] rustc-LLVM ERROR: IO failure on output stream: No space left on device
[INFO] [stdout] error: linking with `cc` failed: exit status: 1
[INFO] [stdout]   |
[INFO] [stdout]   = note: LC_ALL="C" PATH="/opt/rustwide/rustup-home/toolchains/1.83.0-x86_64-unknown-linux-gnu/lib/rustlib/x86_64-unknown-linux-gnu/bin:/opt/rustwide/cargo-home/bin:/usr/local/sbin:/usr/local/bin:/usr/sbin:/usr/bin:/sbin:/bin" VSLANG="1033" "cc" "-m64" "/tmp/rustcQxR6jP/symbols.o" "/opt/rustwide/target/debug/build/slab-b9b2712f4550c533/build_script_build-b9b2712f4550c533.build_script_build.8b9ef15f2f8a7371-cgu.0.rcgu.o" "/opt/rustwide/target/debug/build/slab-b9b2712f4550c533/build_script_build-b9b2712f4550c533.aazlclqwpgq9d2tx75j8weh0s.rcgu.o" "-Wl,--as-needed" "-Wl,-Bstatic" "/opt/rustwide/target/debug/deps/libautocfg-fa673ec83f7410be.rlib" "/opt/rustwide/rustup-home/toolchains/1.83.0-x86_64-unknown-linux-gnu/lib/rustlib/x86_64-unknown-linux-gnu/lib/libstd-ca74a2d9c5166d9f.rlib" "/opt/rustwide/rustup-home/toolchains/1.83.0-x86_64-unknown-linux-gnu/lib/rustlib/x86_64-unknown-linux-gnu/lib/libpanic_unwind-e31ab23316ed5080.rlib" "/opt/rustwide/rustup-home/toolchains/1.83.0-x86_64-unknown-linux-gnu/lib/rustlib/x86_64-unknown-linux-gnu/lib/libobject-27dc4aa955912662.rlib" "/opt/rustwide/rustup-home/toolchains/1.83.0-x86_64-unknown-linux-gnu/lib/rustlib/x86_64-unknown-linux-gnu/lib/libmemchr-bd0d6cccce077b99.rlib" "/opt/rustwide/rustup-home/toolchains/1.83.0-x86_64-unknown-linux-gnu/lib/rustlib/x86_64-unknown-linux-gnu/lib/libaddr2line-8d001680935b5e3c.rlib" "/opt/rustwide/rustup-home/toolchains/1.83.0-x86_64-unknown-linux-gnu/lib/rustlib/x86_64-unknown-linux-gnu/lib/libgimli-ba8ce71964f984f4.rlib" "/opt/rustwide/rustup-home/toolchains/1.83.0-x86_64-unknown-linux-gnu/lib/rustlib/x86_64-unknown-linux-gnu/lib/librustc_demangle-99a73526abcec14b.rlib" "/opt/rustwide/rustup-home/toolchains/1.83.0-x86_64-unknown-linux-gnu/lib/rustlib/x86_64-unknown-linux-gnu/lib/libstd_detect-63ac0d22cff92579.rlib" "/opt/rustwide/rustup-home/toolchains/1.83.0-x86_64-unknown-linux-gnu/lib/rustlib/x86_64-unknown-linux-gnu/lib/libhashbrown-9057355c92c922d5.rlib" "/opt/rustwide/rustup-home/toolchains/1.83.0-x86_64-unknown-linux-gnu/lib/rustlib/x86_64-unknown-linux-gnu/lib/librustc_std_workspace_alloc-358be9bc1f6bab04.rlib" "/opt/rustwide/rustup-home/toolchains/1.83.0-x86_64-unknown-linux-gnu/lib/rustlib/x86_64-unknown-linux-gnu/lib/libminiz_oxide-aca15549d5bff974.rlib" "/opt/rustwide/rustup-home/toolchains/1.83.0-x86_64-unknown-linux-gnu/lib/rustlib/x86_64-unknown-linux-gnu/lib/libadler-8251d2cef7072448.rlib" "/opt/rustwide/rustup-home/toolchains/1.83.0-x86_64-unknown-linux-gnu/lib/rustlib/x86_64-unknown-linux-gnu/lib/libunwind-7d50b86011c66411.rlib" "/opt/rustwide/rustup-home/toolchains/1.83.0-x86_64-unknown-linux-gnu/lib/rustlib/x86_64-unknown-linux-gnu/lib/libcfg_if-51ea098fce5006bf.rlib" "/opt/rustwide/rustup-home/toolchains/1.83.0-x86_64-unknown-linux-gnu/lib/rustlib/x86_64-unknown-linux-gnu/lib/liblibc-5a14e0d0b712e731.rlib" "/opt/rustwide/rustup-home/toolchains/1.83.0-x86_64-unknown-linux-gnu/lib/rustlib/x86_64-unknown-linux-gnu/lib/liballoc-8b83dbf3a7b8f999.rlib" "/opt/rustwide/rustup-home/toolchains/1.83.0-x86_64-unknown-linux-gnu/lib/rustlib/x86_64-unknown-linux-gnu/lib/librustc_std_workspace_core-c6fd227bdc7b39ff.rlib" "/opt/rustwide/rustup-home/toolchains/1.83.0-x86_64-unknown-linux-gnu/lib/rustlib/x86_64-unknown-linux-gnu/lib/libcore-959d3389fa3da8a5.rlib" "/opt/rustwide/rustup-home/toolchains/1.83.0-x86_64-unknown-linux-gnu/lib/rustlib/x86_64-unknown-linux-gnu/lib/libcompiler_builtins-abe05db089cc2c62.rlib" "-Wl,-Bdynamic" "-lgcc_s" "-lutil" "-lrt" "-lpthread" "-lm" "-ldl" "-lc" "-Wl,--eh-frame-hdr" "-Wl,-z,noexecstack" "-L" "/opt/rustwide/rustup-home/toolchains/1.83.0-x86_64-unknown-linux-gnu/lib/rustlib/x86_64-unknown-linux-gnu/lib" "-o" "/opt/rustwide/target/debug/build/slab-b9b2712f4550c533/build_script_build-b9b2712f4550c533" "-Wl,--gc-sections" "-pie" "-Wl,-z,relro,-z,now" "-nodefaultlibs"
[INFO] [stdout]   = note: /usr/bin/ld: final link failed: No space left on device
[INFO] [stdout]           collect2: error: ld returned 1 exit status
[INFO] [stdout]           
[INFO] [stdout] 
[INFO] [stdout] 
[INFO] [stderr] error: could not compile `slab` (build script) due to 1 previous error
[INFO] [stderr] warning: build failed, waiting for other jobs to finish...
[INFO] [stdout] error: linking with `cc` failed: exit status: 1
[INFO] [stdout]   |
[INFO] [stdout]   = note: LC_ALL="C" PATH="/opt/rustwide/rustup-home/toolchains/1.83.0-x86_64-unknown-linux-gnu/lib/rustlib/x86_64-unknown-linux-gnu/bin:/opt/rustwide/cargo-home/bin:/usr/local/sbin:/usr/local/bin:/usr/sbin:/usr/bin:/sbin:/bin" VSLANG="1033" "cc" "-m64" "/tmp/rustcDtv6No/symbols.o" "/opt/rustwide/target/debug/build/proc-macro2-1be6258861b9bf85/build_script_build-1be6258861b9bf85.build_script_build.739cc1490c5e5434-cgu.0.rcgu.o" "/opt/rustwide/target/debug/build/proc-macro2-1be6258861b9bf85/build_script_build-1be6258861b9bf85.build_script_build.739cc1490c5e5434-cgu.1.rcgu.o" "/opt/rustwide/target/debug/build/proc-macro2-1be6258861b9bf85/build_script_build-1be6258861b9bf85.3au5suyae9tlvheulrcbuass3.rcgu.o" "-Wl,--as-needed" "-Wl,-Bstatic" "/opt/rustwide/rustup-home/toolchains/1.83.0-x86_64-unknown-linux-gnu/lib/rustlib/x86_64-unknown-linux-gnu/lib/libstd-ca74a2d9c5166d9f.rlib" "/opt/rustwide/rustup-home/toolchains/1.83.0-x86_64-unknown-linux-gnu/lib/rustlib/x86_64-unknown-linux-gnu/lib/libpanic_unwind-e31ab23316ed5080.rlib" "/opt/rustwide/rustup-home/toolchains/1.83.0-x86_64-unknown-linux-gnu/lib/rustlib/x86_64-unknown-linux-gnu/lib/libobject-27dc4aa955912662.rlib" "/opt/rustwide/rustup-home/toolchains/1.83.0-x86_64-unknown-linux-gnu/lib/rustlib/x86_64-unknown-linux-gnu/lib/libmemchr-bd0d6cccce077b99.rlib" "/opt/rustwide/rustup-home/toolchains/1.83.0-x86_64-unknown-linux-gnu/lib/rustlib/x86_64-unknown-linux-gnu/lib/libaddr2line-8d001680935b5e3c.rlib" "/opt/rustwide/rustup-home/toolchains/1.83.0-x86_64-unknown-linux-gnu/lib/rustlib/x86_64-unknown-linux-gnu/lib/libgimli-ba8ce71964f984f4.rlib" "/opt/rustwide/rustup-home/toolchains/1.83.0-x86_64-unknown-linux-gnu/lib/rustlib/x86_64-unknown-linux-gnu/lib/librustc_demangle-99a73526abcec14b.rlib" "/opt/rustwide/rustup-home/toolchains/1.83.0-x86_64-unknown-linux-gnu/lib/rustlib/x86_64-unknown-linux-gnu/lib/libstd_detect-63ac0d22cff92579.rlib" "/opt/rustwide/rustup-home/toolchains/1.83.0-x86_64-unknown-linux-gnu/lib/rustlib/x86_64-unknown-linux-gnu/lib/libhashbrown-9057355c92c922d5.rlib" "/opt/rustwide/rustup-home/toolchains/1.83.0-x86_64-unknown-linux-gnu/lib/rustlib/x86_64-unknown-linux-gnu/lib/librustc_std_workspace_alloc-358be9bc1f6bab04.rlib" "/opt/rustwide/rustup-home/toolchains/1.83.0-x86_64-unknown-linux-gnu/lib/rustlib/x86_64-unknown-linux-gnu/lib/libminiz_oxide-aca15549d5bff974.rlib" "/opt/rustwide/rustup-home/toolchains/1.83.0-x86_64-unknown-linux-gnu/lib/rustlib/x86_64-unknown-linux-gnu/lib/libadler-8251d2cef7072448.rlib" "/opt/rustwide/rustup-home/toolchains/1.83.0-x86_64-unknown-linux-gnu/lib/rustlib/x86_64-unknown-linux-gnu/lib/libunwind-7d50b86011c66411.rlib" "/opt/rustwide/rustup-home/toolchains/1.83.0-x86_64-unknown-linux-gnu/lib/rustlib/x86_64-unknown-linux-gnu/lib/libcfg_if-51ea098fce5006bf.rlib" "/opt/rustwide/rustup-home/toolchains/1.83.0-x86_64-unknown-linux-gnu/lib/rustlib/x86_64-unknown-linux-gnu/lib/liblibc-5a14e0d0b712e731.rlib" "/opt/rustwide/rustup-home/toolchains/1.83.0-x86_64-unknown-linux-gnu/lib/rustlib/x86_64-unknown-linux-gnu/lib/liballoc-8b83dbf3a7b8f999.rlib" "/opt/rustwide/rustup-home/toolchains/1.83.0-x86_64-unknown-linux-gnu/lib/rustlib/x86_64-unknown-linux-gnu/lib/librustc_std_workspace_core-c6fd227bdc7b39ff.rlib" "/opt/rustwide/rustup-home/toolchains/1.83.0-x86_64-unknown-linux-gnu/lib/rustlib/x86_64-unknown-linux-gnu/lib/libcore-959d3389fa3da8a5.rlib" "/opt/rustwide/rustup-home/toolchains/1.83.0-x86_64-unknown-linux-gnu/lib/rustlib/x86_64-unknown-linux-gnu/lib/libcompiler_builtins-abe05db089cc2c62.rlib" "-Wl,-Bdynamic" "-lgcc_s" "-lutil" "-lrt" "-lpthread" "-lm" "-ldl" "-lc" "-Wl,--eh-frame-hdr" "-Wl,-z,noexecstack" "-L" "/opt/rustwide/rustup-home/toolchains/1.83.0-x86_64-unknown-linux-gnu/lib/rustlib/x86_64-unknown-linux-gnu/lib" "-o" "/opt/rustwide/target/debug/build/proc-macro2-1be6258861b9bf85/build_script_build-1be6258861b9bf85" "-Wl,--gc-sections" "-pie" "-Wl,-z,relro,-z,now" "-nodefaultlibs"
[INFO] [stdout]   = note: /usr/bin/ld: final link failed: No space left on device
[INFO] [stdout]           collect2: error: ld returned 1 exit status
[INFO] [stdout]           
[INFO] [stdout] 
[INFO] [stdout] 
[INFO] [stderr] error: could not compile `proc-macro-hack` (build script)
[INFO] [stderr] 
[INFO] [stderr] Caused by:
[INFO] [stderr]   No space left on device (os error 28)
[INFO] [stderr] 
[INFO] [stderr] Caused by:
[INFO] [stderr]   failed to parse process output: `/opt/rustwide/rustup-home/toolchains/1.83.0-x86_64-unknown-linux-gnu/bin/rustc --crate-name build_script_build --edition=2018 /opt/rustwide/cargo-home/registry/src/index.crates.io-6f17d22bba15001f/proc-macro-hack-0.5.20+deprecated/build.rs --error-format=json --json=diagnostic-rendered-ansi,artifacts,future-incompat --crate-type bin --emit=dep-info,link -C embed-bitcode=no --check-cfg 'cfg(docsrs)' --check-cfg 'cfg(feature, values())' -C metadata=47e9b0f51e1fe623 -C extra-filename=-47e9b0f51e1fe623 --out-dir /opt/rustwide/target/debug/build/proc-macro-hack-47e9b0f51e1fe623 -L dependency=/opt/rustwide/target/debug/deps --cap-lints allow --cap-lints=warn` (exit status: 101)
[INFO] [stderr] error: could not compile `proc-macro2` (build script) due to 1 previous error
[INFO] [stdout] error: failed to write to `/opt/rustwide/target/debug/deps/rmetaDGF4cL/lib.rmeta`: No space left on device (os error 28)
[INFO] [stdout] 
[INFO] [stdout] 
[INFO] [stdout] error: failed to build archive at `/opt/rustwide/target/debug/deps/libbytes-38bb560d6e6bc42b.rlib`: No space left on device (os error 28)
[INFO] [stdout] 
[INFO] [stdout] 
[INFO] [stderr] error: could not compile `bytes` (lib) due to 1 previous error
[INFO] [stderr] error: could not compile `memchr` (lib) due to 1 previous error
[INFO] [stdout] error: linking with `cc` failed: exit status: 1
[INFO] [stdout]   |
[INFO] [stdout]   = note: LC_ALL="C" PATH="/opt/rustwide/rustup-home/toolchains/1.83.0-x86_64-unknown-linux-gnu/lib/rustlib/x86_64-unknown-linux-gnu/bin:/opt/rustwide/cargo-home/bin:/usr/local/sbin:/usr/local/bin:/usr/sbin:/usr/bin:/sbin:/bin" VSLANG="1033" "cc" "-m64" "/tmp/rustcJYwgJl/symbols.o" "/opt/rustwide/target/debug/build/lock_api-266d0879f4b96f3a/build_script_build-266d0879f4b96f3a.build_script_build.80b849e074082429-cgu.0.rcgu.o" "/opt/rustwide/target/debug/build/lock_api-266d0879f4b96f3a/build_script_build-266d0879f4b96f3a.0nlsouqqrw6b3kxo3qh4zjbwl.rcgu.o" "-Wl,--as-needed" "-Wl,-Bstatic" "/opt/rustwide/target/debug/deps/libautocfg-fa673ec83f7410be.rlib" "/opt/rustwide/rustup-home/toolchains/1.83.0-x86_64-unknown-linux-gnu/lib/rustlib/x86_64-unknown-linux-gnu/lib/libstd-ca74a2d9c5166d9f.rlib" "/opt/rustwide/rustup-home/toolchains/1.83.0-x86_64-unknown-linux-gnu/lib/rustlib/x86_64-unknown-linux-gnu/lib/libpanic_unwind-e31ab23316ed5080.rlib" "/opt/rustwide/rustup-home/toolchains/1.83.0-x86_64-unknown-linux-gnu/lib/rustlib/x86_64-unknown-linux-gnu/lib/libobject-27dc4aa955912662.rlib" "/opt/rustwide/rustup-home/toolchains/1.83.0-x86_64-unknown-linux-gnu/lib/rustlib/x86_64-unknown-linux-gnu/lib/libmemchr-bd0d6cccce077b99.rlib" "/opt/rustwide/rustup-home/toolchains/1.83.0-x86_64-unknown-linux-gnu/lib/rustlib/x86_64-unknown-linux-gnu/lib/libaddr2line-8d001680935b5e3c.rlib" "/opt/rustwide/rustup-home/toolchains/1.83.0-x86_64-unknown-linux-gnu/lib/rustlib/x86_64-unknown-linux-gnu/lib/libgimli-ba8ce71964f984f4.rlib" "/opt/rustwide/rustup-home/toolchains/1.83.0-x86_64-unknown-linux-gnu/lib/rustlib/x86_64-unknown-linux-gnu/lib/librustc_demangle-99a73526abcec14b.rlib" "/opt/rustwide/rustup-home/toolchains/1.83.0-x86_64-unknown-linux-gnu/lib/rustlib/x86_64-unknown-linux-gnu/lib/libstd_detect-63ac0d22cff92579.rlib" "/opt/rustwide/rustup-home/toolchains/1.83.0-x86_64-unknown-linux-gnu/lib/rustlib/x86_64-unknown-linux-gnu/lib/libhashbrown-9057355c92c922d5.rlib" "/opt/rustwide/rustup-home/toolchains/1.83.0-x86_64-unknown-linux-gnu/lib/rustlib/x86_64-unknown-linux-gnu/lib/librustc_std_workspace_alloc-358be9bc1f6bab04.rlib" "/opt/rustwide/rustup-home/toolchains/1.83.0-x86_64-unknown-linux-gnu/lib/rustlib/x86_64-unknown-linux-gnu/lib/libminiz_oxide-aca15549d5bff974.rlib" "/opt/rustwide/rustup-home/toolchains/1.83.0-x86_64-unknown-linux-gnu/lib/rustlib/x86_64-unknown-linux-gnu/lib/libadler-8251d2cef7072448.rlib" "/opt/rustwide/rustup-home/toolchains/1.83.0-x86_64-unknown-linux-gnu/lib/rustlib/x86_64-unknown-linux-gnu/lib/libunwind-7d50b86011c66411.rlib" "/opt/rustwide/rustup-home/toolchains/1.83.0-x86_64-unknown-linux-gnu/lib/rustlib/x86_64-unknown-linux-gnu/lib/libcfg_if-51ea098fce5006bf.rlib" "/opt/rustwide/rustup-home/toolchains/1.83.0-x86_64-unknown-linux-gnu/lib/rustlib/x86_64-unknown-linux-gnu/lib/liblibc-5a14e0d0b712e731.rlib" "/opt/rustwide/rustup-home/toolchains/1.83.0-x86_64-unknown-linux-gnu/lib/rustlib/x86_64-unknown-linux-gnu/lib/liballoc-8b83dbf3a7b8f999.rlib" "/opt/rustwide/rustup-home/toolchains/1.83.0-x86_64-unknown-linux-gnu/lib/rustlib/x86_64-unknown-linux-gnu/lib/librustc_std_workspace_core-c6fd227bdc7b39ff.rlib" "/opt/rustwide/rustup-home/toolchains/1.83.0-x86_64-unknown-linux-gnu/lib/rustlib/x86_64-unknown-linux-gnu/lib/libcore-959d3389fa3da8a5.rlib" "/opt/rustwide/rustup-home/toolchains/1.83.0-x86_64-unknown-linux-gnu/lib/rustlib/x86_64-unknown-linux-gnu/lib/libcompiler_builtins-abe05db089cc2c62.rlib" "-Wl,-Bdynamic" "-lgcc_s" "-lutil" "-lrt" "-lpthread" "-lm" "-ldl" "-lc" "-Wl,--eh-frame-hdr" "-Wl,-z,noexecstack" "-L" "/opt/rustwide/rustup-home/toolchains/1.83.0-x86_64-unknown-linux-gnu/lib/rustlib/x86_64-unknown-linux-gnu/lib" "-o" "/opt/rustwide/target/debug/build/lock_api-266d0879f4b96f3a/build_script_build-266d0879f4b96f3a" "-Wl,--gc-sections" "-pie" "-Wl,-z,relro,-z,now" "-nodefaultlibs"
[INFO] [stdout]   = note: /usr/bin/ld: final link failed: No space left on device
[INFO] [stdout]           collect2: error: ld returned 1 exit status
[INFO] [stdout]           
[INFO] [stdout] 
[INFO] [stdout] 
[INFO] [stdout] error: couldn't create a temp dir: No space left on device (os error 28) at path "/opt/rustwide/target/debug/deps/rmetaP81dq1"
[INFO] [stdout] 
[INFO] [stdout] 
[INFO] [stdout] error: linking with `cc` failed: exit status: 1
[INFO] [stdout]   |
[INFO] [stdout]   = note: LC_ALL="C" PATH="/opt/rustwide/rustup-home/toolchains/1.83.0-x86_64-unknown-linux-gnu/lib/rustlib/x86_64-unknown-linux-gnu/bin:/opt/rustwide/cargo-home/bin:/usr/local/sbin:/usr/local/bin:/usr/sbin:/usr/bin:/sbin:/bin" VSLANG="1033" "cc" "-m64" "/tmp/rustcMSG4mF/symbols.o" "/opt/rustwide/target/debug/build/getrandom-6c0732f5625e5eef/build_script_build-6c0732f5625e5eef.build_script_build.c7b94d72738cef61-cgu.0.rcgu.o" "/opt/rustwide/target/debug/build/getrandom-6c0732f5625e5eef/build_script_build-6c0732f5625e5eef.7zimhn44dn9m7qdskfqd63be3.rcgu.o" "-Wl,--as-needed" "-Wl,-Bstatic" "/opt/rustwide/rustup-home/toolchains/1.83.0-x86_64-unknown-linux-gnu/lib/rustlib/x86_64-unknown-linux-gnu/lib/libstd-ca74a2d9c5166d9f.rlib" "/opt/rustwide/rustup-home/toolchains/1.83.0-x86_64-unknown-linux-gnu/lib/rustlib/x86_64-unknown-linux-gnu/lib/libpanic_unwind-e31ab23316ed5080.rlib" "/opt/rustwide/rustup-home/toolchains/1.83.0-x86_64-unknown-linux-gnu/lib/rustlib/x86_64-unknown-linux-gnu/lib/libobject-27dc4aa955912662.rlib" "/opt/rustwide/rustup-home/toolchains/1.83.0-x86_64-unknown-linux-gnu/lib/rustlib/x86_64-unknown-linux-gnu/lib/libmemchr-bd0d6cccce077b99.rlib" "/opt/rustwide/rustup-home/toolchains/1.83.0-x86_64-unknown-linux-gnu/lib/rustlib/x86_64-unknown-linux-gnu/lib/libaddr2line-8d001680935b5e3c.rlib" "/opt/rustwide/rustup-home/toolchains/1.83.0-x86_64-unknown-linux-gnu/lib/rustlib/x86_64-unknown-linux-gnu/lib/libgimli-ba8ce71964f984f4.rlib" "/opt/rustwide/rustup-home/toolchains/1.83.0-x86_64-unknown-linux-gnu/lib/rustlib/x86_64-unknown-linux-gnu/lib/librustc_demangle-99a73526abcec14b.rlib" "/opt/rustwide/rustup-home/toolchains/1.83.0-x86_64-unknown-linux-gnu/lib/rustlib/x86_64-unknown-linux-gnu/lib/libstd_detect-63ac0d22cff92579.rlib" "/opt/rustwide/rustup-home/toolchains/1.83.0-x86_64-unknown-linux-gnu/lib/rustlib/x86_64-unknown-linux-gnu/lib/libhashbrown-9057355c92c922d5.rlib" "/opt/rustwide/rustup-home/toolchains/1.83.0-x86_64-unknown-linux-gnu/lib/rustlib/x86_64-unknown-linux-gnu/lib/librustc_std_workspace_alloc-358be9bc1f6bab04.rlib" "/opt/rustwide/rustup-home/toolchains/1.83.0-x86_64-unknown-linux-gnu/lib/rustlib/x86_64-unknown-linux-gnu/lib/libminiz_oxide-aca15549d5bff974.rlib" "/opt/rustwide/rustup-home/toolchains/1.83.0-x86_64-unknown-linux-gnu/lib/rustlib/x86_64-unknown-linux-gnu/lib/libadler-8251d2cef7072448.rlib" "/opt/rustwide/rustup-home/toolchains/1.83.0-x86_64-unknown-linux-gnu/lib/rustlib/x86_64-unknown-linux-gnu/lib/libunwind-7d50b86011c66411.rlib" "/opt/rustwide/rustup-home/toolchains/1.83.0-x86_64-unknown-linux-gnu/lib/rustlib/x86_64-unknown-linux-gnu/lib/libcfg_if-51ea098fce5006bf.rlib" "/opt/rustwide/rustup-home/toolchains/1.83.0-x86_64-unknown-linux-gnu/lib/rustlib/x86_64-unknown-linux-gnu/lib/liblibc-5a14e0d0b712e731.rlib" "/opt/rustwide/rustup-home/toolchains/1.83.0-x86_64-unknown-linux-gnu/lib/rustlib/x86_64-unknown-linux-gnu/lib/liballoc-8b83dbf3a7b8f999.rlib" "/opt/rustwide/rustup-home/toolchains/1.83.0-x86_64-unknown-linux-gnu/lib/rustlib/x86_64-unknown-linux-gnu/lib/librustc_std_workspace_core-c6fd227bdc7b39ff.rlib" "/opt/rustwide/rustup-home/toolchains/1.83.0-x86_64-unknown-linux-gnu/lib/rustlib/x86_64-unknown-linux-gnu/lib/libcore-959d3389fa3da8a5.rlib" "/opt/rustwide/rustup-home/toolchains/1.83.0-x86_64-unknown-linux-gnu/lib/rustlib/x86_64-unknown-linux-gnu/lib/libcompiler_builtins-abe05db089cc2c62.rlib" "-Wl,-Bdynamic" "-lgcc_s" "-lutil" "-lrt" "-lpthread" "-lm" "-ldl" "-lc" "-Wl,--eh-frame-hdr" "-Wl,-z,noexecstack" "-L" "/opt/rustwide/rustup-home/toolchains/1.83.0-x86_64-unknown-linux-gnu/lib/rustlib/x86_64-unknown-linux-gnu/lib" "-o" "/opt/rustwide/target/debug/build/getrandom-6c0732f5625e5eef/build_script_build-6c0732f5625e5eef" "-Wl,--gc-sections" "-pie" "-Wl,-z,relro,-z,now" "-nodefaultlibs"
[INFO] [stdout]   = note: /usr/bin/ld: final link failed: No space left on device
[INFO] [stdout]           collect2: error: ld returned 1 exit status
[INFO] [stdout]           
[INFO] [stdout] 
[INFO] [stdout] 
[INFO] [stderr] error: could not compile `lock_api` (build script) due to 1 previous error
[INFO] [stderr] error: could not compile `itoa` (lib) due to 1 previous error
[INFO] [stderr] error: could not compile `getrandom` (build script) due to 1 previous error
[INFO] [stderr] rustc-LLVM ERROR: IO failure on output stream: No space left on device
[INFO] [stderr] rustc-LLVM ERROR: IO failure on output stream: No space left on device
[INFO] [stderr] error: could not compile `thiserror` (build script)
[INFO] [stderr] 
[INFO] [stderr] Caused by:
[INFO] [stderr]   No space left on device (os error 28)
[INFO] [stderr] 
[INFO] [stderr] Caused by:
[INFO] [stderr]   failed to parse process output: `/opt/rustwide/rustup-home/toolchains/1.83.0-x86_64-unknown-linux-gnu/bin/rustc --crate-name build_script_build --edition=2021 /opt/rustwide/cargo-home/registry/src/index.crates.io-6f17d22bba15001f/thiserror-1.0.69/build.rs --error-format=json --json=diagnostic-rendered-ansi,artifacts,future-incompat --crate-type bin --emit=dep-info,link -C embed-bitcode=no --check-cfg 'cfg(docsrs)' --check-cfg 'cfg(feature, values())' -C metadata=40f811ca39870f46 -C extra-filename=-40f811ca39870f46 --out-dir /opt/rustwide/target/debug/build/thiserror-40f811ca39870f46 -L dependency=/opt/rustwide/target/debug/deps --cap-lints allow --cap-lints=warn` (exit status: 101)
[INFO] [stderr] error: could not compile `typenum` (build script)
[INFO] [stderr] 
[INFO] [stderr] Caused by:
[INFO] [stderr]   No space left on device (os error 28)
[INFO] [stderr] 
[INFO] [stderr] Caused by:
[INFO] [stderr]   failed to parse process output: `/opt/rustwide/rustup-home/toolchains/1.83.0-x86_64-unknown-linux-gnu/bin/rustc --crate-name build_script_main --edition=2018 /opt/rustwide/cargo-home/registry/src/index.crates.io-6f17d22bba15001f/typenum-1.17.0/build/main.rs --error-format=json --json=diagnostic-rendered-ansi,artifacts,future-incompat --crate-type bin --emit=dep-info,link -C embed-bitcode=no --check-cfg 'cfg(docsrs)' --check-cfg 'cfg(feature, values("const-generics", "force_unix_path_separator", "i128", "no_std", "scale-info", "scale_info", "strict"))' -C metadata=33b8c57cdad9ac6e -C extra-filename=-33b8c57cdad9ac6e --out-dir /opt/rustwide/target/debug/build/typenum-33b8c57cdad9ac6e -L dependency=/opt/rustwide/target/debug/deps --cap-lints allow --cap-lints=warn` (exit status: 101)
[INFO] [stdout] error: failed to build archive at `/opt/rustwide/target/debug/deps/libconvert_case-fb5a98decc3103b1.rlib`: No space left on device (os error 28)
[INFO] [stdout] 
[INFO] [stdout] 
[INFO] [stdout] error: linking with `cc` failed: exit status: 1
[INFO] [stdout]   |
[INFO] [stdout]   = note: LC_ALL="C" PATH="/opt/rustwide/rustup-home/toolchains/1.83.0-x86_64-unknown-linux-gnu/lib/rustlib/x86_64-unknown-linux-gnu/bin:/opt/rustwide/cargo-home/bin:/usr/local/sbin:/usr/local/bin:/usr/sbin:/usr/bin:/sbin:/bin" VSLANG="1033" "cc" "-m64" "/tmp/rustcssbc9q/symbols.o" "/opt/rustwide/target/debug/build/standback-04dab9764e9be6ff/build_script_build-04dab9764e9be6ff.build_script_build.3834b422cfb6bb06-cgu.0.rcgu.o" "/opt/rustwide/target/debug/build/standback-04dab9764e9be6ff/build_script_build-04dab9764e9be6ff.7533fyyk3mwttapxxp4rndykh.rcgu.o" "-Wl,--as-needed" "-Wl,-Bstatic" "/opt/rustwide/target/debug/deps/libversion_check-9abc66c17a44fcfb.rlib" "/opt/rustwide/rustup-home/toolchains/1.83.0-x86_64-unknown-linux-gnu/lib/rustlib/x86_64-unknown-linux-gnu/lib/libstd-ca74a2d9c5166d9f.rlib" "/opt/rustwide/rustup-home/toolchains/1.83.0-x86_64-unknown-linux-gnu/lib/rustlib/x86_64-unknown-linux-gnu/lib/libpanic_unwind-e31ab23316ed5080.rlib" "/opt/rustwide/rustup-home/toolchains/1.83.0-x86_64-unknown-linux-gnu/lib/rustlib/x86_64-unknown-linux-gnu/lib/libobject-27dc4aa955912662.rlib" "/opt/rustwide/rustup-home/toolchains/1.83.0-x86_64-unknown-linux-gnu/lib/rustlib/x86_64-unknown-linux-gnu/lib/libmemchr-bd0d6cccce077b99.rlib" "/opt/rustwide/rustup-home/toolchains/1.83.0-x86_64-unknown-linux-gnu/lib/rustlib/x86_64-unknown-linux-gnu/lib/libaddr2line-8d001680935b5e3c.rlib" "/opt/rustwide/rustup-home/toolchains/1.83.0-x86_64-unknown-linux-gnu/lib/rustlib/x86_64-unknown-linux-gnu/lib/libgimli-ba8ce71964f984f4.rlib" "/opt/rustwide/rustup-home/toolchains/1.83.0-x86_64-unknown-linux-gnu/lib/rustlib/x86_64-unknown-linux-gnu/lib/librustc_demangle-99a73526abcec14b.rlib" "/opt/rustwide/rustup-home/toolchains/1.83.0-x86_64-unknown-linux-gnu/lib/rustlib/x86_64-unknown-linux-gnu/lib/libstd_detect-63ac0d22cff92579.rlib" "/opt/rustwide/rustup-home/toolchains/1.83.0-x86_64-unknown-linux-gnu/lib/rustlib/x86_64-unknown-linux-gnu/lib/libhashbrown-9057355c92c922d5.rlib" "/opt/rustwide/rustup-home/toolchains/1.83.0-x86_64-unknown-linux-gnu/lib/rustlib/x86_64-unknown-linux-gnu/lib/librustc_std_workspace_alloc-358be9bc1f6bab04.rlib" "/opt/rustwide/rustup-home/toolchains/1.83.0-x86_64-unknown-linux-gnu/lib/rustlib/x86_64-unknown-linux-gnu/lib/libminiz_oxide-aca15549d5bff974.rlib" "/opt/rustwide/rustup-home/toolchains/1.83.0-x86_64-unknown-linux-gnu/lib/rustlib/x86_64-unknown-linux-gnu/lib/libadler-8251d2cef7072448.rlib" "/opt/rustwide/rustup-home/toolchains/1.83.0-x86_64-unknown-linux-gnu/lib/rustlib/x86_64-unknown-linux-gnu/lib/libunwind-7d50b86011c66411.rlib" "/opt/rustwide/rustup-home/toolchains/1.83.0-x86_64-unknown-linux-gnu/lib/rustlib/x86_64-unknown-linux-gnu/lib/libcfg_if-51ea098fce5006bf.rlib" "/opt/rustwide/rustup-home/toolchains/1.83.0-x86_64-unknown-linux-gnu/lib/rustlib/x86_64-unknown-linux-gnu/lib/liblibc-5a14e0d0b712e731.rlib" "/opt/rustwide/rustup-home/toolchains/1.83.0-x86_64-unknown-linux-gnu/lib/rustlib/x86_64-unknown-linux-gnu/lib/liballoc-8b83dbf3a7b8f999.rlib" "/opt/rustwide/rustup-home/toolchains/1.83.0-x86_64-unknown-linux-gnu/lib/rustlib/x86_64-unknown-linux-gnu/lib/librustc_std_workspace_core-c6fd227bdc7b39ff.rlib" "/opt/rustwide/rustup-home/toolchains/1.83.0-x86_64-unknown-linux-gnu/lib/rustlib/x86_64-unknown-linux-gnu/lib/libcore-959d3389fa3da8a5.rlib" "/opt/rustwide/rustup-home/toolchains/1.83.0-x86_64-unknown-linux-gnu/lib/rustlib/x86_64-unknown-linux-gnu/lib/libcompiler_builtins-abe05db089cc2c62.rlib" "-Wl,-Bdynamic" "-lgcc_s" "-lutil" "-lrt" "-lpthread" "-lm" "-ldl" "-lc" "-Wl,--eh-frame-hdr" "-Wl,-z,noexecstack" "-L" "/opt/rustwide/rustup-home/toolchains/1.83.0-x86_64-unknown-linux-gnu/lib/rustlib/x86_64-unknown-linux-gnu/lib" "-o" "/opt/rustwide/target/debug/build/standback-04dab9764e9be6ff/build_script_build-04dab9764e9be6ff" "-Wl,--gc-sections" "-pie" "-Wl,-z,relro,-z,now" "-nodefaultlibs"
[INFO] [stdout]   = note: /usr/bin/ld: final link failed: No space left on device
[INFO] [stdout]           collect2: error: ld returned 1 exit status
[INFO] [stdout]           
[INFO] [stdout] 
[INFO] [stdout] 
[INFO] [stderr] error: could not compile `standback` (build script) due to 1 previous error
[INFO] [stderr] error: could not compile `convert_case` (lib) due to 1 previous error
[INFO] [stdout] error: couldn't create a temp dir: No space left on device (os error 28) at path "/tmp/rustcjxOGDn"
[INFO] [stdout] 
[INFO] [stdout] 
[INFO] [stdout] error: linking with `cc` failed: exit status: 1
[INFO] [stdout]   |
[INFO] [stdout]   = note: LC_ALL="C" PATH="/opt/rustwide/rustup-home/toolchains/1.83.0-x86_64-unknown-linux-gnu/lib/rustlib/x86_64-unknown-linux-gnu/bin:/opt/rustwide/cargo-home/bin:/usr/local/sbin:/usr/local/bin:/usr/sbin:/usr/bin:/sbin:/bin" VSLANG="1033" "cc" "-m64" "/tmp/rustcSxsyq6/symbols.o" "/opt/rustwide/target/debug/build/generic-array-576409b896ecf17f/build_script_build-576409b896ecf17f.build_script_build.30cbad1c31f6d5a4-cgu.0.rcgu.o" "/opt/rustwide/target/debug/build/generic-array-576409b896ecf17f/build_script_build-576409b896ecf17f.13zdw9qo4vd7tjxg7j6bp7pys.rcgu.o" "-Wl,--as-needed" "-Wl,-Bstatic" "/opt/rustwide/target/debug/deps/libversion_check-9abc66c17a44fcfb.rlib" "/opt/rustwide/rustup-home/toolchains/1.83.0-x86_64-unknown-linux-gnu/lib/rustlib/x86_64-unknown-linux-gnu/lib/libstd-ca74a2d9c5166d9f.rlib" "/opt/rustwide/rustup-home/toolchains/1.83.0-x86_64-unknown-linux-gnu/lib/rustlib/x86_64-unknown-linux-gnu/lib/libpanic_unwind-e31ab23316ed5080.rlib" "/opt/rustwide/rustup-home/toolchains/1.83.0-x86_64-unknown-linux-gnu/lib/rustlib/x86_64-unknown-linux-gnu/lib/libobject-27dc4aa955912662.rlib" "/opt/rustwide/rustup-home/toolchains/1.83.0-x86_64-unknown-linux-gnu/lib/rustlib/x86_64-unknown-linux-gnu/lib/libmemchr-bd0d6cccce077b99.rlib" "/opt/rustwide/rustup-home/toolchains/1.83.0-x86_64-unknown-linux-gnu/lib/rustlib/x86_64-unknown-linux-gnu/lib/libaddr2line-8d001680935b5e3c.rlib" "/opt/rustwide/rustup-home/toolchains/1.83.0-x86_64-unknown-linux-gnu/lib/rustlib/x86_64-unknown-linux-gnu/lib/libgimli-ba8ce71964f984f4.rlib" "/opt/rustwide/rustup-home/toolchains/1.83.0-x86_64-unknown-linux-gnu/lib/rustlib/x86_64-unknown-linux-gnu/lib/librustc_demangle-99a73526abcec14b.rlib" "/opt/rustwide/rustup-home/toolchains/1.83.0-x86_64-unknown-linux-gnu/lib/rustlib/x86_64-unknown-linux-gnu/lib/libstd_detect-63ac0d22cff92579.rlib" "/opt/rustwide/rustup-home/toolchains/1.83.0-x86_64-unknown-linux-gnu/lib/rustlib/x86_64-unknown-linux-gnu/lib/libhashbrown-9057355c92c922d5.rlib" "/opt/rustwide/rustup-home/toolchains/1.83.0-x86_64-unknown-linux-gnu/lib/rustlib/x86_64-unknown-linux-gnu/lib/librustc_std_workspace_alloc-358be9bc1f6bab04.rlib" "/opt/rustwide/rustup-home/toolchains/1.83.0-x86_64-unknown-linux-gnu/lib/rustlib/x86_64-unknown-linux-gnu/lib/libminiz_oxide-aca15549d5bff974.rlib" "/opt/rustwide/rustup-home/toolchains/1.83.0-x86_64-unknown-linux-gnu/lib/rustlib/x86_64-unknown-linux-gnu/lib/libadler-8251d2cef7072448.rlib" "/opt/rustwide/rustup-home/toolchains/1.83.0-x86_64-unknown-linux-gnu/lib/rustlib/x86_64-unknown-linux-gnu/lib/libunwind-7d50b86011c66411.rlib" "/opt/rustwide/rustup-home/toolchains/1.83.0-x86_64-unknown-linux-gnu/lib/rustlib/x86_64-unknown-linux-gnu/lib/libcfg_if-51ea098fce5006bf.rlib" "/opt/rustwide/rustup-home/toolchains/1.83.0-x86_64-unknown-linux-gnu/lib/rustlib/x86_64-unknown-linux-gnu/lib/liblibc-5a14e0d0b712e731.rlib" "/opt/rustwide/rustup-home/toolchains/1.83.0-x86_64-unknown-linux-gnu/lib/rustlib/x86_64-unknown-linux-gnu/lib/liballoc-8b83dbf3a7b8f999.rlib" "/opt/rustwide/rustup-home/toolchains/1.83.0-x86_64-unknown-linux-gnu/lib/rustlib/x86_64-unknown-linux-gnu/lib/librustc_std_workspace_core-c6fd227bdc7b39ff.rlib" "/opt/rustwide/rustup-home/toolchains/1.83.0-x86_64-unknown-linux-gnu/lib/rustlib/x86_64-unknown-linux-gnu/lib/libcore-959d3389fa3da8a5.rlib" "/opt/rustwide/rustup-home/toolchains/1.83.0-x86_64-unknown-linux-gnu/lib/rustlib/x86_64-unknown-linux-gnu/lib/libcompiler_builtins-abe05db089cc2c62.rlib" "-Wl,-Bdynamic" "-lgcc_s" "-lutil" "-lrt" "-lpthread" "-lm" "-ldl" "-lc" "-Wl,--eh-frame-hdr" "-Wl,-z,noexecstack" "-L" "/opt/rustwide/rustup-home/toolchains/1.83.0-x86_64-unknown-linux-gnu/lib/rustlib/x86_64-unknown-linux-gnu/lib" "-o" "/opt/rustwide/target/debug/build/generic-array-576409b896ecf17f/build_script_build-576409b896ecf17f" "-Wl,--gc-sections" "-pie" "-Wl,-z,relro,-z,now" "-nodefaultlibs"
[INFO] [stdout]   = note: /usr/bin/ld: final link failed: No space left on device
[INFO] [stdout]           collect2: error: ld returned 1 exit status
[INFO] [stdout]           
[INFO] [stdout] 
[INFO] [stdout] 
[INFO] [stderr] error: could not compile `form_urlencoded` (lib) due to 1 previous error
[INFO] [stderr] error: could not compile `generic-array` (build script) due to 1 previous error
[INFO] [stdout] error: couldn't create a temp dir: No space left on device (os error 28) at path "/opt/rustwide/target/debug/deps/rmetage9kgq"
[INFO] [stdout] 
[INFO] [stdout] 
[INFO] [stderr] error: could not compile `libc` (lib) due to 1 previous error
[INFO] running `Command { std: "docker" "inspect" "d52066207f7c7a926e0359bf2ee973f47b51d9d758b68d2b7bcce9bc8a08864d", kill_on_drop: false }`
[INFO] running `Command { std: "docker" "rm" "-f" "d52066207f7c7a926e0359bf2ee973f47b51d9d758b68d2b7bcce9bc8a08864d", kill_on_drop: false }`
[INFO] [stdout] d52066207f7c7a926e0359bf2ee973f47b51d9d758b68d2b7bcce9bc8a08864d
