[INFO] cloning repository https://github.com/kenkomu/blog_app
[INFO] running `Command { std: "git" "-c" "credential.helper=" "-c" "credential.helper=/workspace/cargo-home/bin/git-credential-null" "clone" "--bare" "https://github.com/kenkomu/blog_app" "/workspace/cache/git-repos/https%3A%2F%2Fgithub.com%2Fkenkomu%2Fblog_app", kill_on_drop: false }`
[INFO] [stderr] Cloning into bare repository '/workspace/cache/git-repos/https%3A%2F%2Fgithub.com%2Fkenkomu%2Fblog_app'...
[INFO] running `Command { std: "git" "rev-parse" "HEAD", kill_on_drop: false }`
[INFO] [stdout] f4e402249d0b5ee22bce397a52bf9480029578ea
[INFO] testing kenkomu/blog_app against beta-2024-12-08 for beta-1.84.0-4-retry
[INFO] running `Command { std: "git" "clone" "/workspace/cache/git-repos/https%3A%2F%2Fgithub.com%2Fkenkomu%2Fblog_app" "/workspace/builds/worker-3-tc2/source", kill_on_drop: false }`
[INFO] [stderr] Cloning into '/workspace/builds/worker-3-tc2/source'...
[INFO] [stderr] done.
[INFO] [stderr] Updating files:  61% (2131/3442)
Updating files:  62% (2135/3442)
Updating files:  63% (2169/3442)
Updating files:  64% (2203/3442)
Updating files:  65% (2238/3442)
Updating files:  66% (2272/3442)
Updating files:  67% (2307/3442)
Updating files:  68% (2341/3442)
Updating files:  69% (2375/3442)
Updating files:  70% (2410/3442)
Updating files:  70% (2413/3442)
Updating files:  71% (2444/3442)
Updating files:  72% (2479/3442)
Updating files:  73% (2513/3442)
Updating files:  73% (2535/3442)
Updating files:  74% (2548/3442)
Updating files:  75% (2582/3442)
Updating files:  76% (2616/3442)
Updating files:  77% (2651/3442)
Updating files:  77% (2670/3442)
Updating files:  78% (2685/3442)
Updating files:  79% (2720/3442)
Updating files:  80% (2754/3442)
Updating files:  80% (2771/3442)
Updating files:  81% (2789/3442)
Updating files:  82% (2823/3442)
Updating files:  83% (2857/3442)
Updating files:  83% (2860/3442)
Updating files:  84% (2892/3442)
error: unable to write file target/debug/deps/libsyn-259667d79fd4b189.rlib
[INFO] [stderr] Updating files:  84% (2915/3442)
error: unable to write file target/debug/deps/libsyn-259667d79fd4b189.rmeta
[INFO] [stderr] error: unable to write file target/debug/deps/libtime-b76b478f6bc86770.rlib
[INFO] [stderr] error: unable to write file target/debug/deps/libtime-b76b478f6bc86770.rmeta
[INFO] [stderr] error: unable to write file target/debug/deps/libtime-c192a89fca1c4629.rmeta
[INFO] [stderr] error: unable to write file target/debug/deps/libtime_core-8e0df186628a8893.rmeta
[INFO] [stderr] error: unable to write file target/debug/deps/libtime_core-969228accd65cca4.rlib
[INFO] [stderr] error: unable to write file target/debug/deps/libtime_core-969228accd65cca4.rmeta
[INFO] [stderr] error: unable to write file target/debug/deps/libtime_core-bb9ca4ba71fa0300.rlib
[INFO] [stderr] error: unable to write file target/debug/deps/libtime_core-bb9ca4ba71fa0300.rmeta
[INFO] [stderr] error: unable to write file target/debug/deps/libtime_macros-0cb8d26ff5f31454.so
[INFO] [stderr] error: unable to write file target/debug/deps/libtime_macros-205113ba2eaebcd3.so
[INFO] [stderr] Updating files:  85% (2926/3442)
error: unable to write file target/debug/deps/libtinyvec-1e7b26af7f8e1df0.rmeta
[INFO] [stderr] error: unable to write file target/debug/deps/libtinyvec-672acc1547e4b073.rlib
[INFO] [stderr] error: unable to write file target/debug/deps/libtinyvec-672acc1547e4b073.rmeta
[INFO] [stderr] error: unable to write file target/debug/deps/libtinyvec_macros-8b6d6a6b187efa4e.rmeta
[INFO] [stderr] error: unable to write file target/debug/deps/libtinyvec_macros-c9f75476864bb3ca.rlib
[INFO] [stderr] error: unable to write file target/debug/deps/libtinyvec_macros-c9f75476864bb3ca.rmeta
[INFO] [stderr] error: unable to write file target/debug/deps/libtokio-5a669ac1e0174a51.rlib
[INFO] [stderr] error: unable to create file target/debug/deps/libtokio-5a669ac1e0174a51.rmeta: No space left on device
[INFO] [stderr] error: unable to create file target/debug/deps/libtokio-b9ea15e71bf54707.rmeta: No space left on device
[INFO] [stderr] error: unable to write file target/debug/deps/libtokio_macros-c14aed9ebf589634.so
[INFO] [stderr] error: unable to write file target/debug/deps/libtokio_stream-b0767bc99970ff70.rmeta
[INFO] [stderr] error: unable to write file target/debug/deps/libtokio_stream-d245192f007b27ae.rlib
[INFO] [stderr] error: unable to write file target/debug/deps/libtokio_stream-d245192f007b27ae.rmeta
[INFO] [stderr] error: unable to write file target/debug/deps/libtokio_util-3372893f3ebc7f75.rmeta
[INFO] [stderr] error: unable to write file target/debug/deps/libtokio_util-d09e50d17b07feac.rlib
[INFO] [stderr] error: unable to create file target/debug/deps/libtokio_util-d09e50d17b07feac.rmeta: No space left on device
[INFO] [stderr] error: unable to write file target/debug/deps/libtracing-39b27cbcb8a59128.rmeta
[INFO] [stderr] error: unable to write file target/debug/deps/libtracing-9682eb07ccb2fd0d.rlib
[INFO] [stderr] error: unable to write file target/debug/deps/libtracing-9682eb07ccb2fd0d.rmeta
[INFO] [stderr] error: unable to write file target/debug/deps/libtracing-cec13748effb5edd.rlib
[INFO] [stderr] error: unable to write file target/debug/deps/libtracing-cec13748effb5edd.rmeta
[INFO] [stderr] error: unable to write file target/debug/deps/libtracing-f13303bf968e0687.rlib
[INFO] [stderr] error: unable to write file target/debug/deps/libtracing-f13303bf968e0687.rmeta
[INFO] [stderr] error: unable to write file target/debug/deps/libtracing_attributes-d1ebcb758c7b7c04.so
[INFO] [stderr] error: unable to write file target/debug/deps/libtracing_core-a5e0f2ec86cacf10.rmeta
[INFO] [stderr] error: unable to write file target/debug/deps/libtracing_core-b567b786b4085cc7.rlib
[INFO] [stderr] error: unable to write file target/debug/deps/libtracing_core-b567b786b4085cc7.rmeta
[INFO] [stderr] error: unable to write file target/debug/deps/libtracing_core-fd6ae0de1ff2f52c.rlib
[INFO] [stderr] error: unable to write file target/debug/deps/libtracing_core-fd6ae0de1ff2f52c.rmeta
[INFO] [stderr] Updating files:  86% (2961/3442)
Updating files:  87% (2995/3442)
Updating files:  88% (3029/3442)
Updating files:  89% (3064/3442)
Updating files:  90% (3098/3442)
Updating files:  91% (3133/3442)
Updating files:  91% (3164/3442)
Updating files:  92% (3167/3442)
Updating files:  93% (3202/3442)
Updating files:  94% (3236/3442)
Updating files:  95% (3270/3442)
Updating files:  96% (3305/3442)
Updating files:  97% (3339/3442)
Updating files:  98% (3374/3442)
Updating files:  99% (3408/3442)
Updating files: 100% (3442/3442)
Updating files: 100% (3442/3442), done.
[INFO] [stderr] fatal: unable to checkout working tree
[INFO] [stderr] warning: Clone succeeded, but checkout failed.
[INFO] [stderr] You can inspect what was checked out with 'git status'
[INFO] [stderr] and retry with 'git restore --source=HEAD :/'
[INFO] [stderr] 
[INFO] testing kenkomu/blog_app against beta-2024-12-08 for beta-1.84.0-4-retry
[INFO] running `Command { std: "git" "clone" "/workspace/cache/git-repos/https%3A%2F%2Fgithub.com%2Fkenkomu%2Fblog_app" "/workspace/builds/worker-3-tc2/source", kill_on_drop: false }`
[INFO] [stderr] Cloning into '/workspace/builds/worker-3-tc2/source'...
[INFO] [stderr] done.
[INFO] [stderr] Updating files:  60% (2099/3442)
Updating files:  61% (2100/3442)
Updating files:  62% (2135/3442)
Updating files:  63% (2169/3442)
Updating files:  64% (2203/3442)
Updating files:  65% (2238/3442)
Updating files:  66% (2272/3442)
Updating files:  67% (2307/3442)
Updating files:  68% (2341/3442)
Updating files:  69% (2375/3442)
Updating files:  70% (2410/3442)
Updating files:  70% (2430/3442)
Updating files:  71% (2444/3442)
Updating files:  72% (2479/3442)
Updating files:  73% (2513/3442)
Updating files:  74% (2548/3442)
Updating files:  75% (2582/3442)
Updating files:  75% (2613/3442)
Updating files:  76% (2616/3442)
Updating files:  77% (2651/3442)
Updating files:  78% (2685/3442)
Updating files:  79% (2720/3442)
Updating files:  80% (2754/3442)
Updating files:  81% (2789/3442)
Updating files:  81% (2792/3442)
Updating files:  82% (2823/3442)
Updating files:  83% (2857/3442)
Updating files:  84% (2892/3442)
Updating files:  85% (2926/3442)
Updating files:  86% (2961/3442)
Updating files:  87% (2995/3442)
Updating files:  88% (3029/3442)
Updating files:  89% (3064/3442)
Updating files:  90% (3098/3442)
Updating files:  91% (3133/3442)
Updating files:  91% (3159/3442)
Updating files:  92% (3167/3442)
Updating files:  93% (3202/3442)
Updating files:  94% (3236/3442)
Updating files:  95% (3270/3442)
Updating files:  96% (3305/3442)
Updating files:  97% (3339/3442)
Updating files:  98% (3374/3442)
Updating files:  99% (3408/3442)
Updating files: 100% (3442/3442)
Updating files: 100% (3442/3442), done.
[INFO] validating manifest of git repo https://github.com/kenkomu/blog_app on toolchain beta-2024-12-08
[INFO] running `Command { std: CARGO_HOME="/workspace/cargo-home" RUSTUP_HOME="/workspace/rustup-home" "/workspace/cargo-home/bin/cargo" "+beta-2024-12-08" "metadata" "--manifest-path" "Cargo.toml" "--no-deps", kill_on_drop: false }`
[INFO] started tweaking git repo https://github.com/kenkomu/blog_app
[INFO] finished tweaking git repo https://github.com/kenkomu/blog_app
[INFO] tweaked toml for git repo https://github.com/kenkomu/blog_app written to /workspace/builds/worker-3-tc2/source/Cargo.toml
[INFO] crate git repo https://github.com/kenkomu/blog_app already has a lockfile, it will not be regenerated
[INFO] running `Command { std: CARGO_HOME="/workspace/cargo-home" RUSTUP_HOME="/workspace/rustup-home" "/workspace/cargo-home/bin/cargo" "+beta-2024-12-08" "fetch" "--manifest-path" "Cargo.toml", kill_on_drop: false }`
[INFO] [stderr]  Downloading crates ...
[INFO] [stderr]   Downloaded actix-web-lab-derive v0.20.0
[INFO] [stderr]   Downloaded actix-identity v0.7.1
[INFO] [stderr]   Downloaded actix-web-lab v0.20.2
[INFO] running `Command { std: "docker" "create" "-v" "/var/lib/crater-agent-workspace/builds/worker-3-tc2/target:/opt/rustwide/target:rw,Z" "-v" "/var/lib/crater-agent-workspace/builds/worker-3-tc2/source:/opt/rustwide/workdir:ro,Z" "-v" "/var/lib/crater-agent-workspace/cargo-home:/opt/rustwide/cargo-home:ro,Z" "-v" "/var/lib/crater-agent-workspace/rustup-home:/opt/rustwide/rustup-home:ro,Z" "-e" "SOURCE_DIR=/opt/rustwide/workdir" "-e" "CARGO_TARGET_DIR=/opt/rustwide/target" "-e" "CARGO_HOME=/opt/rustwide/cargo-home" "-e" "RUSTUP_HOME=/opt/rustwide/rustup-home" "-w" "/opt/rustwide/workdir" "-m" "1610612736" "--user" "0:0" "--network" "none" "ghcr.io/rust-lang/crates-build-env/linux@sha256:f3a9d4ad9d972b27faf3965f35b62e55ba32bbce8f20bc8fe909558a86702fde" "/opt/rustwide/cargo-home/bin/cargo" "+beta-2024-12-08" "metadata" "--no-deps" "--format-version=1", kill_on_drop: false }`
[INFO] [stdout] cbd11192a697ca58380989c797ce07f998e7a6bd015984c4adf2dd40bd3a7ef0
[INFO] running `Command { std: "docker" "start" "-a" "cbd11192a697ca58380989c797ce07f998e7a6bd015984c4adf2dd40bd3a7ef0", kill_on_drop: false }`
[INFO] running `Command { std: "docker" "inspect" "cbd11192a697ca58380989c797ce07f998e7a6bd015984c4adf2dd40bd3a7ef0", kill_on_drop: false }`
[INFO] running `Command { std: "docker" "rm" "-f" "cbd11192a697ca58380989c797ce07f998e7a6bd015984c4adf2dd40bd3a7ef0", kill_on_drop: false }`
[INFO] [stdout] cbd11192a697ca58380989c797ce07f998e7a6bd015984c4adf2dd40bd3a7ef0
[INFO] running `Command { std: "docker" "create" "-v" "/var/lib/crater-agent-workspace/builds/worker-3-tc2/target:/opt/rustwide/target:rw,Z" "-v" "/var/lib/crater-agent-workspace/builds/worker-3-tc2/source:/opt/rustwide/workdir:ro,Z" "-v" "/var/lib/crater-agent-workspace/cargo-home:/opt/rustwide/cargo-home:ro,Z" "-v" "/var/lib/crater-agent-workspace/rustup-home:/opt/rustwide/rustup-home:ro,Z" "-e" "SOURCE_DIR=/opt/rustwide/workdir" "-e" "CARGO_TARGET_DIR=/opt/rustwide/target" "-e" "CARGO_INCREMENTAL=0" "-e" "RUST_BACKTRACE=full" "-e" "RUSTFLAGS=--cap-lints=warn" "-e" "RUSTDOCFLAGS=--cap-lints=warn" "-e" "CARGO_HOME=/opt/rustwide/cargo-home" "-e" "RUSTUP_HOME=/opt/rustwide/rustup-home" "-w" "/opt/rustwide/workdir" "-m" "1610612736" "--user" "0:0" "--network" "none" "ghcr.io/rust-lang/crates-build-env/linux@sha256:f3a9d4ad9d972b27faf3965f35b62e55ba32bbce8f20bc8fe909558a86702fde" "/opt/rustwide/cargo-home/bin/cargo" "+beta-2024-12-08" "build" "--frozen" "--message-format=json", kill_on_drop: false }`
[INFO] [stdout] 06f23ddda09cd690ea5dc97c54c5a5d4f6680ee76558cacc5bd6d86e06eac581
[INFO] running `Command { std: "docker" "start" "-a" "06f23ddda09cd690ea5dc97c54c5a5d4f6680ee76558cacc5bd6d86e06eac581", kill_on_drop: false }`
[INFO] [stderr]    Compiling libc v0.2.155
[INFO] [stderr]    Compiling proc-macro2 v1.0.86
[INFO] [stderr]    Compiling unicode-ident v1.0.12
[INFO] [stderr]    Compiling cfg-if v1.0.0
[INFO] [stderr]    Compiling version_check v0.9.4
[INFO] [stderr]    Compiling typenum v1.17.0
[INFO] [stderr]    Compiling autocfg v1.3.0
[INFO] [stderr]    Compiling pin-project-lite v0.2.14
[INFO] [stderr]    Compiling serde v1.0.204
[INFO] [stderr]    Compiling log v0.4.22
[INFO] [stderr]    Compiling subtle v2.6.1
[INFO] [stderr]    Compiling parking_lot_core v0.9.10
[INFO] [stderr]    Compiling bytes v1.6.1
[INFO] [stderr]    Compiling futures-core v0.3.30
[INFO] [stderr]    Compiling itoa v1.0.11
[INFO] [stderr]    Compiling fnv v1.0.7
[INFO] [stderr]    Compiling memchr v2.7.4
[INFO] [stderr]    Compiling smallvec v1.13.2
[INFO] [stderr]    Compiling scopeguard v1.2.0
[INFO] [stderr]    Compiling once_cell v1.19.0
[INFO] [stderr]    Compiling cpufeatures v0.2.12
[INFO] [stderr]    Compiling pkg-config v0.3.30
[INFO] [stderr]    Compiling percent-encoding v2.3.1
[INFO] [stderr]    Compiling futures-sink v0.3.30
[INFO] [stderr]    Compiling paste v1.0.15
[INFO] [stderr]    Compiling regex-syntax v0.8.4
[INFO] [stderr]    Compiling hashbrown v0.14.5
[INFO] [stderr]    Compiling tracing-core v0.1.32
[INFO] [stderr]    Compiling opaque-debug v0.3.1
[INFO] [stderr]    Compiling zstd-safe v7.2.0
[INFO] [stderr]    Compiling tinyvec_macros v0.1.1
[INFO] [stderr]    Compiling generic-array v0.14.7
[INFO] [stderr]    Compiling ryu v1.0.18
[INFO] [stderr]    Compiling local-waker v0.1.4
[INFO] [stderr]    Compiling lock_api v0.4.12
[INFO] [stderr]    Compiling slab v0.4.9
[INFO] [stderr]    Compiling ppv-lite86 v0.2.17
[INFO] [stderr]    Compiling futures-task v0.3.30
[INFO] [stderr]    Compiling alloc-no-stdlib v2.0.4
[INFO] [stderr]    Compiling pin-utils v0.1.0
[INFO] [stderr]    Compiling mime v0.3.17
[INFO] [stderr]    Compiling equivalent v1.0.1
[INFO] [stderr]    Compiling alloc-stdlib v0.2.2
[INFO] [stderr]    Compiling http v0.2.12
[INFO] [stderr]    Compiling aho-corasick v1.1.3
[INFO] [stderr]    Compiling tinyvec v1.8.0
[INFO] [stderr]    Compiling ahash v0.8.11
[INFO] [stderr]    Compiling futures-util v0.3.30
[INFO] [stderr]    Compiling getrandom v0.2.15
[INFO] [stderr]    Compiling jobserver v0.1.31
[INFO] [stderr]    Compiling mio v0.8.11
[INFO] [stderr]    Compiling signal-hook-registry v1.4.2
[INFO] [stderr]    Compiling rand_core v0.6.4
[INFO] [stderr]    Compiling quote v1.0.36
[INFO] [stderr]    Compiling parking_lot v0.12.3
[INFO] [stderr]    Compiling socket2 v0.5.7
[INFO] [stderr]    Compiling cc v1.1.6
[INFO] [stderr]    Compiling indexmap v2.2.6
[INFO] [stderr]    Compiling rand_chacha v0.3.1
[INFO] [stderr]    Compiling syn v2.0.71
[INFO] [stderr]    Compiling unicase v2.7.0
[INFO] [stderr]    Compiling form_urlencoded v1.2.1
[INFO] [stderr]    Compiling powerfmt v0.2.0
[INFO] [stderr]    Compiling time-core v0.1.2
[INFO] [stderr]    Compiling regex-lite v0.1.6
[INFO] [stderr]    Compiling bitflags v2.6.0
[INFO] [stderr]    Compiling httparse v1.9.4
[INFO] [stderr]    Compiling adler v1.0.2
[INFO] [stderr]    Compiling num-conv v0.1.0
[INFO] [stderr]    Compiling crypto-common v0.1.6
[INFO] [stderr]    Compiling inout v0.1.3
[INFO] [stderr]    Compiling block-buffer v0.10.4
[INFO] [stderr]    Compiling time-macros v0.2.18
[INFO] [stderr]    Compiling cipher v0.4.4
[INFO] [stderr]    Compiling universal-hash v0.5.1
[INFO] [stderr]    Compiling digest v0.10.7
[INFO] [stderr]    Compiling aead v0.5.2
[INFO] [stderr]    Compiling tracing v0.1.40
[INFO] [stderr]    Compiling polyval v0.6.2
[INFO] [stderr]    Compiling miniz_oxide v0.7.4
[INFO] [stderr]    Compiling aes v0.8.4
[INFO] [stderr]    Compiling ctr v0.9.2
[INFO] [stderr]    Compiling deranged v0.3.11
[INFO] [stderr]    Compiling bytestring v1.3.1
[INFO] [stderr]    Compiling hmac v0.12.1
[INFO] [stderr]    Compiling ghash v0.5.1
[INFO] [stderr]    Compiling unicode-normalization v0.1.23
[INFO] [stderr]    Compiling rand v0.8.5
[INFO] [stderr]    Compiling actix-service v2.0.2
[INFO] [stderr]    Compiling brotli-decompressor v4.0.1
[INFO] [stderr]    Compiling regex-automata v0.4.7
[INFO] [stderr]    Compiling actix-utils v3.0.1
[INFO] [stderr]    Compiling cookie v0.16.2
[INFO] [stderr]    Compiling crc32fast v1.4.2
[INFO] [stderr]    Compiling unicode-bidi v0.3.15
[INFO] [stderr]    Compiling serde_json v1.0.120
[INFO] [stderr]    Compiling convert_case v0.4.0
[INFO] [stderr]    Compiling zerocopy v0.7.35
[INFO] [stderr]    Compiling base64 v0.22.1
[INFO] [stderr]    Compiling zstd-sys v2.0.12+zstd.1.5.6
[INFO] [stderr]    Compiling brotli v6.0.0
[INFO] [stderr]    Compiling flate2 v1.0.30
[INFO] [stderr]    Compiling aes-gcm v0.10.3
[INFO] [stderr]    Compiling hkdf v0.12.4
[INFO] [stderr]    Compiling sha1 v0.10.6
[INFO] [stderr]    Compiling sha2 v0.10.8
[INFO] [stderr]    Compiling idna v0.5.0
[INFO] [stderr]    Compiling local-channel v0.1.5
[INFO] [stderr]    Compiling encoding_rs v0.8.34
[INFO] [stderr]    Compiling httpdate v1.0.3
[INFO] [stderr]    Compiling language-tags v0.3.2
[INFO] [stderr]    Compiling ident_case v1.0.1
[INFO] [stderr]    Compiling strsim v0.11.1
[INFO] [stderr]    Compiling base64 v0.20.0
[INFO] [stderr]    Compiling mime_guess v2.0.5
[INFO] [stderr]    Compiling num-traits v0.2.19
[INFO] [stderr]    Compiling anyhow v1.0.86
[INFO] [stderr]    Compiling libm v0.2.8
[INFO] [stderr]    Compiling minimal-lexical v0.2.1
[INFO] [stderr]    Compiling either v1.13.0
[INFO] [stderr]    Compiling utf8parse v0.2.2
[INFO] [stderr]    Compiling url v2.5.2
[INFO] [stderr]    Compiling byteorder v1.5.0
[INFO] [stderr]    Compiling v_htmlescape v0.15.8
[INFO] [stderr]    Compiling time v0.3.36
[INFO] [stderr]    Compiling heck v0.5.0
[INFO] [stderr]    Compiling pq-sys v0.6.1
[INFO] [stderr]    Compiling anstyle-parse v0.2.4
[INFO] [stdout] error: error writing dependencies to `/opt/rustwide/target/debug/deps/time-bbd4a6480130db4d.d`: No space left on device (os error 28)
[INFO] [stdout] 
[INFO] [stdout] 
[INFO] [stderr] rustc-LLVM ERROR: IO failure on output stream: No space left on device
[INFO] [stderr] error: could not compile `heck` (lib)
[INFO] [stderr] 
[INFO] [stderr] Caused by:
[INFO] [stderr]   No space left on device (os error 28)
[INFO] [stderr] 
[INFO] [stderr] Caused by:
[INFO] [stderr]   failed to parse process output: `/opt/rustwide/rustup-home/toolchains/beta-2024-12-08-x86_64-unknown-linux-gnu/bin/rustc --crate-name heck --edition=2021 /opt/rustwide/cargo-home/registry/src/index.crates.io-6f17d22bba15001f/heck-0.5.0/src/lib.rs --error-format=json --json=diagnostic-rendered-ansi,artifacts,future-incompat --crate-type lib --emit=dep-info,metadata,link -C embed-bitcode=no --check-cfg 'cfg(docsrs)' --check-cfg 'cfg(feature, values())' -C metadata=18952a1ab4b10a52 -C extra-filename=-18952a1ab4b10a52 --out-dir /opt/rustwide/target/debug/deps -L dependency=/opt/rustwide/target/debug/deps --cap-lints allow --cap-lints=warn` (exit status: 101)
[INFO] [stderr] warning: build failed, waiting for other jobs to finish...
[INFO] [stderr] error: could not compile `time` (lib) due to 1 previous error
[INFO] [stderr] rustc-LLVM ERROR: IO failure on output stream: No space left on device
[INFO] [stderr] rustc-LLVM ERROR: IO failure on output stream: No space left on device
[INFO] [stdout] error: failed to write to `/opt/rustwide/target/debug/deps/rmetaYhXeV8/lib.rmeta`: No space left on device (os error 28)
[INFO] [stdout] 
[INFO] [stdout] 
[INFO] [stderr] rustc-LLVM ERROR: IO failure on output stream: No space left on device
[INFO] [stderr] error: could not compile `idna` (lib)
[INFO] [stderr] 
[INFO] [stderr] Caused by:
[INFO] [stderr]   No space left on device (os error 28)
[INFO] [stderr] 
[INFO] [stderr] Caused by:
[INFO] [stderr]   failed to parse process output: `/opt/rustwide/rustup-home/toolchains/beta-2024-12-08-x86_64-unknown-linux-gnu/bin/rustc --crate-name idna --edition=2018 /opt/rustwide/cargo-home/registry/src/index.crates.io-6f17d22bba15001f/idna-0.5.0/src/lib.rs --error-format=json --json=diagnostic-rendered-ansi,artifacts,future-incompat --crate-type lib --emit=dep-info,metadata,link -C embed-bitcode=no -C debuginfo=2 --cfg 'feature="alloc"' --cfg 'feature="default"' --cfg 'feature="std"' --check-cfg 'cfg(docsrs)' --check-cfg 'cfg(feature, values("alloc", "default", "std"))' -C metadata=555360950660fd15 -C extra-filename=-555360950660fd15 --out-dir /opt/rustwide/target/debug/deps -L dependency=/opt/rustwide/target/debug/deps --extern unicode_bidi=/opt/rustwide/target/debug/deps/libunicode_bidi-9b64cff028edaa87.rmeta --extern unicode_normalization=/opt/rustwide/target/debug/deps/libunicode_normalization-458c836aa10de74f.rmeta --cap-lints allow --cap-lints=warn` (exit status: 101)
[INFO] [stderr] error: could not compile `aho-corasick` (lib)
[INFO] [stderr] 
[INFO] [stderr] Caused by:
[INFO] [stderr]   No space left on device (os error 28)
[INFO] [stderr] 
[INFO] [stderr] Caused by:
[INFO] [stderr]   failed to parse process output: `/opt/rustwide/rustup-home/toolchains/beta-2024-12-08-x86_64-unknown-linux-gnu/bin/rustc --crate-name aho_corasick --edition=2021 /opt/rustwide/cargo-home/registry/src/index.crates.io-6f17d22bba15001f/aho-corasick-1.1.3/src/lib.rs --error-format=json --json=diagnostic-rendered-ansi,artifacts,future-incompat --crate-type lib --emit=dep-info,metadata,link -C embed-bitcode=no -C debuginfo=2 --cfg 'feature="perf-literal"' --cfg 'feature="std"' --check-cfg 'cfg(docsrs)' --check-cfg 'cfg(feature, values("default", "logging", "perf-literal", "std"))' -C metadata=b7cbf506a5c4f18e -C extra-filename=-b7cbf506a5c4f18e --out-dir /opt/rustwide/target/debug/deps -L dependency=/opt/rustwide/target/debug/deps --extern memchr=/opt/rustwide/target/debug/deps/libmemchr-412d53cbfea52259.rmeta --cap-lints allow --cap-lints=warn` (exit status: 101)
[INFO] [stderr] error: could not compile `memchr` (lib) due to 1 previous error
[INFO] [stderr] error: could not compile `pq-sys` (build script)
[INFO] [stderr] 
[INFO] [stderr] Caused by:
[INFO] [stderr]   No space left on device (os error 28)
[INFO] [stderr] 
[INFO] [stderr] Caused by:
[INFO] [stderr]   failed to parse process output: `/opt/rustwide/rustup-home/toolchains/beta-2024-12-08-x86_64-unknown-linux-gnu/bin/rustc --crate-name build_script_build --edition=2015 /opt/rustwide/cargo-home/registry/src/index.crates.io-6f17d22bba15001f/pq-sys-0.6.1/build.rs --error-format=json --json=diagnostic-rendered-ansi,artifacts,future-incompat --crate-type bin --emit=dep-info,link -C embed-bitcode=no --cfg 'feature="default"' --check-cfg 'cfg(docsrs)' --check-cfg 'cfg(feature, values("buildtime_bindgen", "bundled", "default", "pkg-config", "pq-src"))' -C metadata=eabea1bf313d547e -C extra-filename=-eabea1bf313d547e --out-dir /opt/rustwide/target/debug/build/pq-sys-eabea1bf313d547e -L dependency=/opt/rustwide/target/debug/deps --cap-lints allow --cap-lints=warn` (exit status: 101)
[INFO] [stdout] error: couldn't create a temp dir: No space left on device (os error 28) at path "/opt/rustwide/target/debug/deps/rmetadjyp5p"
[INFO] [stdout] 
[INFO] [stdout] 
[INFO] [stderr] error: could not compile `anstyle-parse` (lib) due to 1 previous error
[INFO] [stdout] error: error writing dependencies to `/opt/rustwide/target/debug/deps/libm-2926f8ca05f777c2.d`: No space left on device (os error 28)
[INFO] [stdout] 
[INFO] [stdout] 
[INFO] [stderr] error: could not compile `libm` (lib) due to 1 previous error
[INFO] [stdout] error: couldn't create a temp dir: No space left on device (os error 28) at path "/opt/rustwide/target/debug/deps/rmetaoiJuTo"
[INFO] [stdout] 
[INFO] [stdout] 
[INFO] [stderr] error: could not compile `url` (lib) due to 1 previous error
[INFO] [stdout] error: failed to write to `/opt/rustwide/target/debug/deps/rmetaip41rK/lib.rmeta`: No space left on device (os error 28)
[INFO] [stdout] 
[INFO] [stdout] 
[INFO] [stderr] error: could not compile `mime_guess` (lib) due to 1 previous error
[INFO] [stdout] error: failed to write to `/opt/rustwide/target/debug/deps/rmeta37qMgH/lib.rmeta`: No space left on device (os error 28)
[INFO] [stdout] 
[INFO] [stdout] 
[INFO] [stderr] error: could not compile `encoding_rs` (lib) due to 1 previous error
[INFO] [stdout] error: failed to write to `/opt/rustwide/target/debug/deps/rmeta3sPYFT/lib.rmeta`: No space left on device (os error 28)
[INFO] [stdout] 
[INFO] [stdout] 
[INFO] [stderr] error: could not compile `regex-automata` (lib) due to 1 previous error
[INFO] [stderr] warning: zstd-sys@2.0.12+zstd.1.5.6: zstd/lib/common/zstd_common.c:48:1: fatal error: error writing to /tmp/ccw6wQpE.s: No space left on device
[INFO] [stderr] warning: zstd-sys@2.0.12+zstd.1.5.6:    48 | const char* ZSTD_getErrorString(ZSTD_ErrorCode code) { return ERR_getErrorString(code); }
[INFO] [stderr] warning: zstd-sys@2.0.12+zstd.1.5.6:       | ^~~~~
[INFO] [stderr] warning: zstd-sys@2.0.12+zstd.1.5.6: compilation terminated.
[INFO] [stderr] warning: zstd-sys@2.0.12+zstd.1.5.6: ToolExecError: Command "cc" "-O0" "-ffunction-sections" "-fdata-sections" "-fPIC" "-gdwarf-4" "-fno-omit-frame-pointer" "-m64" "-I" "zstd/lib/" "-I" "zstd/lib/common" "-I" "zstd/lib/legacy" "-fvisibility=hidden" "-ffunction-sections" "-fdata-sections" "-fmerge-all-constants" "-DZSTD_LIB_DEPRECATED=0" "-DXXH_PRIVATE_API=" "-DZSTDLIB_VISIBILITY=" "-DZDICTLIB_VISIBILITY=" "-DZSTDERRORLIB_VISIBILITY=" "-DZSTD_LEGACY_SUPPORT=1" "-o" "/opt/rustwide/target/debug/build/zstd-sys-e740051933e2b26f/out/8957a4c8b028b07b-zstd_common.o" "-c" "zstd/lib/common/zstd_common.c" with args cc did not execute successfully (status code exit status: 1).cargo:warning=zstd/lib/compress/hist.c:180:1: fatal error: error writing to /tmp/cc7wp6gJ.s: No space left on device
[INFO] [stderr] warning: zstd-sys@2.0.12+zstd.1.5.6:   180 | }
[INFO] [stderr] warning: zstd-sys@2.0.12+zstd.1.5.6:       | ^
[INFO] [stderr] warning: zstd-sys@2.0.12+zstd.1.5.6: compilation terminated.
[INFO] [stderr] warning: zstd-sys@2.0.12+zstd.1.5.6: ToolExecError: Command "cc" "-O0" "-ffunction-sections" "-fdata-sections" "-fPIC" "-gdwarf-4" "-fno-omit-frame-pointer" "-m64" "-I" "zstd/lib/" "-I" "zstd/lib/common" "-I" "zstd/lib/legacy" "-fvisibility=hidden" "-ffunction-sections" "-fdata-sections" "-fmerge-all-constants" "-DZSTD_LIB_DEPRECATED=0" "-DXXH_PRIVATE_API=" "-DZSTDLIB_VISIBILITY=" "-DZDICTLIB_VISIBILITY=" "-DZSTDERRORLIB_VISIBILITY=" "-DZSTD_LEGACY_SUPPORT=1" "-o" "/opt/rustwide/target/debug/build/zstd-sys-e740051933e2b26f/out/1ddd1489cc625d97-hist.o" "-c" "zstd/lib/compress/hist.c" with args cc did not execute successfully (status code exit status: 1).cargo:warning=zstd/lib/compress/fse_compress.c:623:1: fatal error: error writing to /tmp/ccOn3iVm.s: No space left on device
[INFO] [stderr] warning: zstd-sys@2.0.12+zstd.1.5.6:   623 | size_t FSE_compressBound(size_t size) { return FSE_COMPRESSBOUND(size); }
[INFO] [stderr] warning: zstd-sys@2.0.12+zstd.1.5.6:       | ^~~~~~
[INFO] [stderr] warning: zstd-sys@2.0.12+zstd.1.5.6: compilation terminated.
[INFO] [stderr] warning: zstd-sys@2.0.12+zstd.1.5.6: ToolExecError: Command "cc" "-O0" "-ffunction-sections" "-fdata-sections" "-fPIC" "-gdwarf-4" "-fno-omit-frame-pointer" "-m64" "-I" "zstd/lib/" "-I" "zstd/lib/common" "-I" "zstd/lib/legacy" "-fvisibility=hidden" "-ffunction-sections" "-fdata-sections" "-fmerge-all-constants" "-DZSTD_LIB_DEPRECATED=0" "-DXXH_PRIVATE_API=" "-DZSTDLIB_VISIBILITY=" "-DZDICTLIB_VISIBILITY=" "-DZSTDERRORLIB_VISIBILITY=" "-DZSTD_LEGACY_SUPPORT=1" "-o" "/opt/rustwide/target/debug/build/zstd-sys-e740051933e2b26f/out/1ddd1489cc625d97-fse_compress.o" "-c" "zstd/lib/compress/fse_compress.c" with args cc did not execute successfully (status code exit status: 1).cargo:warning=zstd/lib/compress/zstd_compress_literals.c:235:1: fatal error: error writing to /tmp/cc3yX5O9.s: No space left on device
[INFO] [stderr] warning: zstd-sys@2.0.12+zstd.1.5.6:   235 | }
[INFO] [stderr] warning: zstd-sys@2.0.12+zstd.1.5.6:       | ^
[INFO] [stderr] warning: zstd-sys@2.0.12+zstd.1.5.6: compilation terminated.
[INFO] [stderr] warning: zstd-sys@2.0.12+zstd.1.5.6: ToolExecError: Command "cc" "-O0" "-ffunction-sections" "-fdata-sections" "-fPIC" "-gdwarf-4" "-fno-omit-frame-pointer" "-m64" "-I" "zstd/lib/" "-I" "zstd/lib/common" "-I" "zstd/lib/legacy" "-fvisibility=hidden" "-ffunction-sections" "-fdata-sections" "-fmerge-all-constants" "-DZSTD_LIB_DEPRECATED=0" "-DXXH_PRIVATE_API=" "-DZSTDLIB_VISIBILITY=" "-DZDICTLIB_VISIBILITY=" "-DZSTDERRORLIB_VISIBILITY=" "-DZSTD_LEGACY_SUPPORT=1" "-o" "/opt/rustwide/target/debug/build/zstd-sys-e740051933e2b26f/out/1ddd1489cc625d97-zstd_compress_literals.o" "-c" "zstd/lib/compress/zstd_compress_literals.c" with args cc did not execute successfully (status code exit status: 1).cargo:warning=zstd/lib/compress/zstd_compress_sequences.c:442:1: fatal error: error writing to /tmp/ccl5QiXR.s: No space left on device
[INFO] [stderr] warning: zstd-sys@2.0.12+zstd.1.5.6:   442 | }
[INFO] [stderr] warning: zstd-sys@2.0.12+zstd.1.5.6:       | ^
[INFO] [stderr] warning: zstd-sys@2.0.12+zstd.1.5.6: compilation terminated.
[INFO] [stderr] warning: zstd-sys@2.0.12+zstd.1.5.6: ToolExecError: Command "cc" "-O0" "-ffunction-sections" "-fdata-sections" "-fPIC" "-gdwarf-4" "-fno-omit-frame-pointer" "-m64" "-I" "zstd/lib/" "-I" "zstd/lib/common" "-I" "zstd/lib/legacy" "-fvisibility=hidden" "-ffunction-sections" "-fdata-sections" "-fmerge-all-constants" "-DZSTD_LIB_DEPRECATED=0" "-DXXH_PRIVATE_API=" "-DZSTDLIB_VISIBILITY=" "-DZDICTLIB_VISIBILITY=" "-DZSTDERRORLIB_VISIBILITY=" "-DZSTD_LEGACY_SUPPORT=1" "-o" "/opt/rustwide/target/debug/build/zstd-sys-e740051933e2b26f/out/1ddd1489cc625d97-zstd_compress_sequences.o" "-c" "zstd/lib/compress/zstd_compress_sequences.c" with args cc did not execute successfully (status code exit status: 1).cargo:warning=zstd/lib/compress/zstd_compress_superblock.c:688:1: fatal error: error writing to /tmp/ccFON24M.s: No space left on device
[INFO] [stderr] warning: zstd-sys@2.0.12+zstd.1.5.6:   688 | }
[INFO] [stderr] warning: zstd-sys@2.0.12+zstd.1.5.6:       | ^
[INFO] [stderr] warning: zstd-sys@2.0.12+zstd.1.5.6: compilation terminated.
[INFO] [stderr] warning: zstd-sys@2.0.12+zstd.1.5.6: ToolExecError: Command "cc" "-O0" "-ffunction-sections" "-fdata-sections" "-fPIC" "-gdwarf-4" "-fno-omit-frame-pointer" "-m64" "-I" "zstd/lib/" "-I" "zstd/lib/common" "-I" "zstd/lib/legacy" "-fvisibility=hidden" "-ffunction-sections" "-fdata-sections" "-fmerge-all-constants" "-DZSTD_LIB_DEPRECATED=0" "-DXXH_PRIVATE_API=" "-DZSTDLIB_VISIBILITY=" "-DZDICTLIB_VISIBILITY=" "-DZSTDERRORLIB_VISIBILITY=" "-DZSTD_LEGACY_SUPPORT=1" "-o" "/opt/rustwide/target/debug/build/zstd-sys-e740051933e2b26f/out/1ddd1489cc625d97-zstd_compress_superblock.o" "-c" "zstd/lib/compress/zstd_compress_superblock.c" with args cc did not execute successfully (status code exit status: 1).cargo:warning=zstd/lib/compress/zstd_ldm.c:730:1: fatal error: error writing to /tmp/cc6D1zIt.s: No space left on device
[INFO] [stderr] warning: zstd-sys@2.0.12+zstd.1.5.6:   730 | }
[INFO] [stderr] warning: zstd-sys@2.0.12+zstd.1.5.6:       | ^
[INFO] [stderr] warning: zstd-sys@2.0.12+zstd.1.5.6: compilation terminated.
[INFO] [stderr] warning: zstd-sys@2.0.12+zstd.1.5.6: ToolExecError: Command "cc" "-O0" "-ffunction-sections" "-fdata-sections" "-fPIC" "-gdwarf-4" "-fno-omit-frame-pointer" "-m64" "-I" "zstd/lib/" "-I" "zstd/lib/common" "-I" "zstd/lib/legacy" "-fvisibility=hidden" "-ffunction-sections" "-fdata-sections" "-fmerge-all-constants" "-DZSTD_LIB_DEPRECATED=0" "-DXXH_PRIVATE_API=" "-DZSTDLIB_VISIBILITY=" "-DZDICTLIB_VISIBILITY=" "-DZSTDERRORLIB_VISIBILITY=" "-DZSTD_LEGACY_SUPPORT=1" "-o" "/opt/rustwide/target/debug/build/zstd-sys-e740051933e2b26f/out/1ddd1489cc625d97-zstd_ldm.o" "-c" "zstd/lib/compress/zstd_ldm.c" with args cc did not execute successfully (status code exit status: 1).cargo:warning=zstd/lib/compress/zstdmt_compress.c:1882:1: fatal error: error writing to /tmp/cc2D8E5O.s: No space left on device
[INFO] [stderr] warning: zstd-sys@2.0.12+zstd.1.5.6:  1882 | }
[INFO] [stderr] warning: zstd-sys@2.0.12+zstd.1.5.6:       | ^
[INFO] [stderr] warning: zstd-sys@2.0.12+zstd.1.5.6: compilation terminated.
[INFO] [stderr] warning: zstd-sys@2.0.12+zstd.1.5.6: ToolExecError: Command "cc" "-O0" "-ffunction-sections" "-fdata-sections" "-fPIC" "-gdwarf-4" "-fno-omit-frame-pointer" "-m64" "-I" "zstd/lib/" "-I" "zstd/lib/common" "-I" "zstd/lib/legacy" "-fvisibility=hidden" "-ffunction-sections" "-fdata-sections" "-fmerge-all-constants" "-DZSTD_LIB_DEPRECATED=0" "-DXXH_PRIVATE_API=" "-DZSTDLIB_VISIBILITY=" "-DZDICTLIB_VISIBILITY=" "-DZSTDERRORLIB_VISIBILITY=" "-DZSTD_LEGACY_SUPPORT=1" "-o" "/opt/rustwide/target/debug/build/zstd-sys-e740051933e2b26f/out/1ddd1489cc625d97-zstdmt_compress.o" "-c" "zstd/lib/compress/zstdmt_compress.c" with args cc did not execute successfully (status code exit status: 1).cargo:warning=zstd/lib/compress/huf_compress.c:1464:1: fatal error: error writing to /tmp/ccSUljbj.s: No space left on device
[INFO] [stderr] warning: zstd-sys@2.0.12+zstd.1.5.6:  1464 | }
[INFO] [stderr] warning: zstd-sys@2.0.12+zstd.1.5.6:       | ^
[INFO] [stderr] warning: zstd-sys@2.0.12+zstd.1.5.6: compilation terminated.
[INFO] [stderr] warning: zstd-sys@2.0.12+zstd.1.5.6: zstd/lib/compress/zstd_double_fast.c:768:1: fatal error: error writing to /tmp/ccNNrclB.s: No space left on device
[INFO] [stderr] warning: zstd-sys@2.0.12+zstd.1.5.6:   768 | }
[INFO] [stderr] warning: zstd-sys@2.0.12+zstd.1.5.6:       | ^
[INFO] [stderr] warning: zstd-sys@2.0.12+zstd.1.5.6: compilation terminated.
[INFO] [stderr] warning: zstd-sys@2.0.12+zstd.1.5.6: ToolExecError: Command "cc" "-O0" "-ffunction-sections" "-fdata-sections" "-fPIC" "-gdwarf-4" "-fno-omit-frame-pointer" "-m64" "-I" "zstd/lib/" "-I" "zstd/lib/common" "-I" "zstd/lib/legacy" "-fvisibility=hidden" "-ffunction-sections" "-fdata-sections" "-fmerge-all-constants" "-DZSTD_LIB_DEPRECATED=0" "-DXXH_PRIVATE_API=" "-DZSTDLIB_VISIBILITY=" "-DZDICTLIB_VISIBILITY=" "-DZSTDERRORLIB_VISIBILITY=" "-DZSTD_LEGACY_SUPPORT=1" "-o" "/opt/rustwide/target/debug/build/zstd-sys-e740051933e2b26f/out/1ddd1489cc625d97-zstd_double_fast.o" "-c" "zstd/lib/compress/zstd_double_fast.c" with args cc did not execute successfully (status code exit status: 1).cargo:warning=zstd/lib/compress/zstd_fast.c:968:1: fatal error: error writing to /tmp/ccvVlczK.s: No space left on device
[INFO] [stderr] warning: zstd-sys@2.0.12+zstd.1.5.6:   968 | }
[INFO] [stderr] warning: zstd-sys@2.0.12+zstd.1.5.6:       | ^
[INFO] [stderr] warning: zstd-sys@2.0.12+zstd.1.5.6: compilation terminated.
[INFO] [stderr] warning: zstd-sys@2.0.12+zstd.1.5.6: ToolExecError: Command "cc" "-O0" "-ffunction-sections" "-fdata-sections" "-fPIC" "-gdwarf-4" "-fno-omit-frame-pointer" "-m64" "-I" "zstd/lib/" "-I" "zstd/lib/common" "-I" "zstd/lib/legacy" "-fvisibility=hidden" "-ffunction-sections" "-fdata-sections" "-fmerge-all-constants" "-DZSTD_LIB_DEPRECATED=0" "-DXXH_PRIVATE_API=" "-DZSTDLIB_VISIBILITY=" "-DZDICTLIB_VISIBILITY=" "-DZSTDERRORLIB_VISIBILITY=" "-DZSTD_LEGACY_SUPPORT=1" "-o" "/opt/rustwide/target/debug/build/zstd-sys-e740051933e2b26f/out/1ddd1489cc625d97-zstd_fast.o" "-c" "zstd/lib/compress/zstd_fast.c" with args cc did not execute successfully (status code exit status: 1).
[INFO] [stderr] warning: zstd-sys@2.0.12+zstd.1.5.6: ToolExecError: Command "cc" "-O0" "-ffunction-sections" "-fdata-sections" "-fPIC" "-gdwarf-4" "-fno-omit-frame-pointer" "-m64" "-I" "zstd/lib/" "-I" "zstd/lib/common" "-I" "zstd/lib/legacy" "-fvisibility=hidden" "-ffunction-sections" "-fdata-sections" "-fmerge-all-constants" "-DZSTD_LIB_DEPRECATED=0" "-DXXH_PRIVATE_API=" "-DZSTDLIB_VISIBILITY=" "-DZDICTLIB_VISIBILITY=" "-DZSTDERRORLIB_VISIBILITY=" "-DZSTD_LEGACY_SUPPORT=1" "-o" "/opt/rustwide/target/debug/build/zstd-sys-e740051933e2b26f/out/1ddd1489cc625d97-huf_compress.o" "-c" "zstd/lib/compress/huf_compress.c" with args cc did not execute successfully (status code exit status: 1).cargo:warning=zstd/lib/compress/zstd_opt.c:1571:1: fatal error: error writing to /tmp/ccIDfBw3.s: No space left on device
[INFO] [stderr] warning: zstd-sys@2.0.12+zstd.1.5.6:  1571 | }
[INFO] [stderr] warning: zstd-sys@2.0.12+zstd.1.5.6:       | ^
[INFO] [stderr] warning: zstd-sys@2.0.12+zstd.1.5.6: compilation terminated.
[INFO] [stderr] warning: zstd-sys@2.0.12+zstd.1.5.6: ToolExecError: Command "cc" "-O0" "-ffunction-sections" "-fdata-sections" "-fPIC" "-gdwarf-4" "-fno-omit-frame-pointer" "-m64" "-I" "zstd/lib/" "-I" "zstd/lib/common" "-I" "zstd/lib/legacy" "-fvisibility=hidden" "-ffunction-sections" "-fdata-sections" "-fmerge-all-constants" "-DZSTD_LIB_DEPRECATED=0" "-DXXH_PRIVATE_API=" "-DZSTDLIB_VISIBILITY=" "-DZDICTLIB_VISIBILITY=" "-DZSTDERRORLIB_VISIBILITY=" "-DZSTD_LEGACY_SUPPORT=1" "-o" "/opt/rustwide/target/debug/build/zstd-sys-e740051933e2b26f/out/1ddd1489cc625d97-zstd_opt.o" "-c" "zstd/lib/compress/zstd_opt.c" with args cc did not execute successfully (status code exit status: 1).cargo:warning=zstd/lib/compress/zstd_compress.c:7153:1: fatal error: error writing to /tmp/cctAvrhJ.s: No space left on device
[INFO] [stderr] warning: zstd-sys@2.0.12+zstd.1.5.6:  7153 | }
[INFO] [stderr] warning: zstd-sys@2.0.12+zstd.1.5.6:       | ^
[INFO] [stderr] warning: zstd-sys@2.0.12+zstd.1.5.6: compilation terminated.
[INFO] [stderr] warning: zstd-sys@2.0.12+zstd.1.5.6: ToolExecError: Command "cc" "-O0" "-ffunction-sections" "-fdata-sections" "-fPIC" "-gdwarf-4" "-fno-omit-frame-pointer" "-m64" "-I" "zstd/lib/" "-I" "zstd/lib/common" "-I" "zstd/lib/legacy" "-fvisibility=hidden" "-ffunction-sections" "-fdata-sections" "-fmerge-all-constants" "-DZSTD_LIB_DEPRECATED=0" "-DXXH_PRIVATE_API=" "-DZSTDLIB_VISIBILITY=" "-DZDICTLIB_VISIBILITY=" "-DZSTDERRORLIB_VISIBILITY=" "-DZSTD_LEGACY_SUPPORT=1" "-o" "/opt/rustwide/target/debug/build/zstd-sys-e740051933e2b26f/out/1ddd1489cc625d97-zstd_compress.o" "-c" "zstd/lib/compress/zstd_compress.c" with args cc did not execute successfully (status code exit status: 1).
[INFO] [stderr] error: failed to run custom build command for `zstd-sys v2.0.12+zstd.1.5.6`
[INFO] [stderr] note: To improve backtraces for build dependencies, set the CARGO_PROFILE_DEV_BUILD_OVERRIDE_DEBUG=true environment variable to enable debug information generation.
[INFO] [stderr] 
[INFO] [stderr] Caused by:
[INFO] [stderr]   process didn't exit successfully: `/opt/rustwide/target/debug/build/zstd-sys-7b790323e89ae477/build-script-build` (exit status: 1)
[INFO] [stderr]   --- stdout
[INFO] [stderr]   cargo:rerun-if-env-changed=ZSTD_SYS_USE_PKG_CONFIG
[INFO] [stderr]   OUT_DIR = Some(/opt/rustwide/target/debug/build/zstd-sys-e740051933e2b26f/out)
[INFO] [stderr]   TARGET = Some(x86_64-unknown-linux-gnu)
[INFO] [stderr]   OPT_LEVEL = Some(0)
[INFO] [stderr]   HOST = Some(x86_64-unknown-linux-gnu)
[INFO] [stderr]   cargo:rerun-if-env-changed=CC_x86_64-unknown-linux-gnu
[INFO] [stderr]   CC_x86_64-unknown-linux-gnu = None
[INFO] [stderr]   cargo:rerun-if-env-changed=CC_x86_64_unknown_linux_gnu
[INFO] [stderr]   CC_x86_64_unknown_linux_gnu = None
[INFO] [stderr]   cargo:rerun-if-env-changed=HOST_CC
[INFO] [stderr]   HOST_CC = None
[INFO] [stderr]   cargo:rerun-if-env-changed=CC
[INFO] [stderr]   CC = None
[INFO] [stderr]   cargo:rerun-if-env-changed=CC_ENABLE_DEBUG_OUTPUT
[INFO] [stderr]   RUSTC_WRAPPER = None
[INFO] [stderr]   cargo:rerun-if-env-changed=CRATE_CC_NO_DEFAULTS
[INFO] [stderr]   CRATE_CC_NO_DEFAULTS = None
[INFO] [stderr]   DEBUG = Some(true)
[INFO] [stderr]   CARGO_CFG_TARGET_FEATURE = Some(fxsr,sse,sse2)
[INFO] [stderr]   cargo:rerun-if-env-changed=CFLAGS_x86_64-unknown-linux-gnu
[INFO] [stderr]   CFLAGS_x86_64-unknown-linux-gnu = None
[INFO] [stderr]   cargo:rerun-if-env-changed=CFLAGS_x86_64_unknown_linux_gnu
[INFO] [stderr]   CFLAGS_x86_64_unknown_linux_gnu = None
[INFO] [stderr]   cargo:rerun-if-env-changed=HOST_CFLAGS
[INFO] [stderr]   HOST_CFLAGS = None
[INFO] [stderr]   cargo:rerun-if-env-changed=CFLAGS
[INFO] [stderr]   CFLAGS = None
[INFO] [stderr]   OUT_DIR = Some(/opt/rustwide/target/debug/build/zstd-sys-e740051933e2b26f/out)
[INFO] [stderr]   cargo:rerun-if-env-changed=CC_ENABLE_DEBUG_OUTPUT
[INFO] [stderr]   cargo:rerun-if-env-changed=CRATE_CC_NO_DEFAULTS
[INFO] [stderr]   CRATE_CC_NO_DEFAULTS = None
[INFO] [stderr]   CARGO_CFG_TARGET_FEATURE = Some(fxsr,sse,sse2)
[INFO] [stderr]   cargo:rerun-if-env-changed=CFLAGS_x86_64-unknown-linux-gnu
[INFO] [stderr]   CFLAGS_x86_64-unknown-linux-gnu = None
[INFO] [stderr]   cargo:rerun-if-env-changed=CFLAGS_x86_64_unknown_linux_gnu
[INFO] [stderr]   CFLAGS_x86_64_unknown_linux_gnu = None
[INFO] [stderr]   cargo:rerun-if-env-changed=HOST_CFLAGS
[INFO] [stderr]   HOST_CFLAGS = None
[INFO] [stderr]   cargo:rerun-if-env-changed=CFLAGS
[INFO] [stderr]   CFLAGS = None
[INFO] [stderr]   OUT_DIR = Some(/opt/rustwide/target/debug/build/zstd-sys-e740051933e2b26f/out)
[INFO] [stderr]   cargo:rerun-if-env-changed=CC_ENABLE_DEBUG_OUTPUT
[INFO] [stderr]   cargo:rerun-if-env-changed=CRATE_CC_NO_DEFAULTS
[INFO] [stderr]   CRATE_CC_NO_DEFAULTS = None
[INFO] [stderr]   CARGO_CFG_TARGET_FEATURE = Some(fxsr,sse,sse2)
[INFO] [stderr]   cargo:rerun-if-env-changed=CFLAGS_x86_64-unknown-linux-gnu
[INFO] [stderr]   CFLAGS_x86_64-unknown-linux-gnu = None
[INFO] [stderr]   cargo:rerun-if-env-changed=CFLAGS_x86_64_unknown_linux_gnu
[INFO] [stderr]   CFLAGS_x86_64_unknown_linux_gnu = None
[INFO] [stderr]   cargo:rerun-if-env-changed=HOST_CFLAGS
[INFO] [stderr]   HOST_CFLAGS = None
[INFO] [stderr]   cargo:rerun-if-env-changed=CFLAGS
[INFO] [stderr]   CFLAGS = None
[INFO] [stderr]   OUT_DIR = Some(/opt/rustwide/target/debug/build/zstd-sys-e740051933e2b26f/out)
[INFO] [stderr]   cargo:rerun-if-env-changed=CC_ENABLE_DEBUG_OUTPUT
[INFO] [stderr]   cargo:rerun-if-env-changed=CRATE_CC_NO_DEFAULTS
[INFO] [stderr]   CRATE_CC_NO_DEFAULTS = None
[INFO] [stderr]   CARGO_CFG_TARGET_FEATURE = Some(fxsr,sse,sse2)
[INFO] [stderr]   cargo:rerun-if-env-changed=CFLAGS_x86_64-unknown-linux-gnu
[INFO] [stderr]   CFLAGS_x86_64-unknown-linux-gnu = None
[INFO] [stderr]   cargo:rerun-if-env-changed=CFLAGS_x86_64_unknown_linux_gnu
[INFO] [stderr]   CFLAGS_x86_64_unknown_linux_gnu = None
[INFO] [stderr]   cargo:rerun-if-env-changed=HOST_CFLAGS
[INFO] [stderr]   HOST_CFLAGS = None
[INFO] [stderr]   cargo:rerun-if-env-changed=CFLAGS
[INFO] [stderr]   CFLAGS = None
[INFO] [stderr]   cargo:warning=zstd/lib/common/zstd_common.c:48:1: fatal error: error writing to /tmp/ccw6wQpE.s: No space left on device
[INFO] [stderr]   cargo:warning=   48 | const char* ZSTD_getErrorString(ZSTD_ErrorCode code) { return ERR_getErrorString(code); }
[INFO] [stderr]   cargo:warning=      | ^~~~~
[INFO] [stderr]   cargo:warning=compilation terminated.
[INFO] [stderr]   exit status: 0
[INFO] [stderr]   exit status: 0
[INFO] [stderr]   exit status: 0
[INFO] [stderr]   exit status: 0
[INFO] [stderr]   exit status: 0
[INFO] [stderr]   exit status: 0
[INFO] [stderr]   exit status: 1
[INFO] [stderr]   cargo:warning=ToolExecError: Command "cc" "-O0" "-ffunction-sections" "-fdata-sections" "-fPIC" "-gdwarf-4" "-fno-omit-frame-pointer" "-m64" "-I" "zstd/lib/" "-I" "zstd/lib/common" "-I" "zstd/lib/legacy" "-fvisibility=hidden" "-ffunction-sections" "-fdata-sections" "-fmerge-all-constants" "-DZSTD_LIB_DEPRECATED=0" "-DXXH_PRIVATE_API=" "-DZSTDLIB_VISIBILITY=" "-DZDICTLIB_VISIBILITY=" "-DZSTDERRORLIB_VISIBILITY=" "-DZSTD_LEGACY_SUPPORT=1" "-o" "/opt/rustwide/target/debug/build/zstd-sys-e740051933e2b26f/out/8957a4c8b028b07b-zstd_common.o" "-c" "zstd/lib/common/zstd_common.c" with args cc did not execute successfully (status code exit status: 1).cargo:warning=zstd/lib/compress/hist.c:180:1: fatal error: error writing to /tmp/cc7wp6gJ.s: No space left on device
[INFO] [stderr]   cargo:warning=  180 | }
[INFO] [stderr]   cargo:warning=      | ^
[INFO] [stderr]   cargo:warning=compilation terminated.
[INFO] [stderr] 
[INFO] [stderr]   exit status: 1
[INFO] [stderr]   cargo:warning=ToolExecError: Command "cc" "-O0" "-ffunction-sections" "-fdata-sections" "-fPIC" "-gdwarf-4" "-fno-omit-frame-pointer" "-m64" "-I" "zstd/lib/" "-I" "zstd/lib/common" "-I" "zstd/lib/legacy" "-fvisibility=hidden" "-ffunction-sections" "-fdata-sections" "-fmerge-all-constants" "-DZSTD_LIB_DEPRECATED=0" "-DXXH_PRIVATE_API=" "-DZSTDLIB_VISIBILITY=" "-DZDICTLIB_VISIBILITY=" "-DZSTDERRORLIB_VISIBILITY=" "-DZSTD_LEGACY_SUPPORT=1" "-o" "/opt/rustwide/target/debug/build/zstd-sys-e740051933e2b26f/out/1ddd1489cc625d97-hist.o" "-c" "zstd/lib/compress/hist.c" with args cc did not execute successfully (status code exit status: 1).cargo:warning=zstd/lib/compress/fse_compress.c:623:1: fatal error: error writing to /tmp/ccOn3iVm.s: No space left on device
[INFO] [stderr]   cargo:warning=  623 | size_t FSE_compressBound(size_t size) { return FSE_COMPRESSBOUND(size); }
[INFO] [stderr]   cargo:warning=      | ^~~~~~
[INFO] [stderr]   cargo:warning=compilation terminated.
[INFO] [stderr] 
[INFO] [stderr]   exit status: 1
[INFO] [stderr]   cargo:warning=ToolExecError: Command "cc" "-O0" "-ffunction-sections" "-fdata-sections" "-fPIC" "-gdwarf-4" "-fno-omit-frame-pointer" "-m64" "-I" "zstd/lib/" "-I" "zstd/lib/common" "-I" "zstd/lib/legacy" "-fvisibility=hidden" "-ffunction-sections" "-fdata-sections" "-fmerge-all-constants" "-DZSTD_LIB_DEPRECATED=0" "-DXXH_PRIVATE_API=" "-DZSTDLIB_VISIBILITY=" "-DZDICTLIB_VISIBILITY=" "-DZSTDERRORLIB_VISIBILITY=" "-DZSTD_LEGACY_SUPPORT=1" "-o" "/opt/rustwide/target/debug/build/zstd-sys-e740051933e2b26f/out/1ddd1489cc625d97-fse_compress.o" "-c" "zstd/lib/compress/fse_compress.c" with args cc did not execute successfully (status code exit status: 1).cargo:warning=zstd/lib/compress/zstd_compress_literals.c:235:1: fatal error: error writing to /tmp/cc3yX5O9.s: No space left on device
[INFO] [stderr]   cargo:warning=  235 | }
[INFO] [stderr]   cargo:warning=      | ^
[INFO] [stderr]   cargo:warning=compilation terminated.
[INFO] [stderr] 
[INFO] [stderr]   exit status: 1
[INFO] [stderr]   cargo:warning=ToolExecError: Command "cc" "-O0" "-ffunction-sections" "-fdata-sections" "-fPIC" "-gdwarf-4" "-fno-omit-frame-pointer" "-m64" "-I" "zstd/lib/" "-I" "zstd/lib/common" "-I" "zstd/lib/legacy" "-fvisibility=hidden" "-ffunction-sections" "-fdata-sections" "-fmerge-all-constants" "-DZSTD_LIB_DEPRECATED=0" "-DXXH_PRIVATE_API=" "-DZSTDLIB_VISIBILITY=" "-DZDICTLIB_VISIBILITY=" "-DZSTDERRORLIB_VISIBILITY=" "-DZSTD_LEGACY_SUPPORT=1" "-o" "/opt/rustwide/target/debug/build/zstd-sys-e740051933e2b26f/out/1ddd1489cc625d97-zstd_compress_literals.o" "-c" "zstd/lib/compress/zstd_compress_literals.c" with args cc did not execute successfully (status code exit status: 1).cargo:warning=zstd/lib/compress/zstd_compress_sequences.c:442:1: fatal error: error writing to /tmp/ccl5QiXR.s: No space left on device
[INFO] [stderr]   cargo:warning=  442 | }
[INFO] [stderr]   cargo:warning=      | ^
[INFO] [stderr]   cargo:warning=compilation terminated.
[INFO] [stderr] 
[INFO] [stderr]   exit status: 1
[INFO] [stderr]   cargo:warning=ToolExecError: Command "cc" "-O0" "-ffunction-sections" "-fdata-sections" "-fPIC" "-gdwarf-4" "-fno-omit-frame-pointer" "-m64" "-I" "zstd/lib/" "-I" "zstd/lib/common" "-I" "zstd/lib/legacy" "-fvisibility=hidden" "-ffunction-sections" "-fdata-sections" "-fmerge-all-constants" "-DZSTD_LIB_DEPRECATED=0" "-DXXH_PRIVATE_API=" "-DZSTDLIB_VISIBILITY=" "-DZDICTLIB_VISIBILITY=" "-DZSTDERRORLIB_VISIBILITY=" "-DZSTD_LEGACY_SUPPORT=1" "-o" "/opt/rustwide/target/debug/build/zstd-sys-e740051933e2b26f/out/1ddd1489cc625d97-zstd_compress_sequences.o" "-c" "zstd/lib/compress/zstd_compress_sequences.c" with args cc did not execute successfully (status code exit status: 1).cargo:warning=zstd/lib/compress/zstd_compress_superblock.c:688:1: fatal error: error writing to /tmp/ccFON24M.s: No space left on device
[INFO] [stderr]   cargo:warning=  688 | }
[INFO] [stderr]   cargo:warning=      | ^
[INFO] [stderr]   cargo:warning=compilation terminated.
[INFO] [stderr] 
[INFO] [stderr]   exit status: 1
[INFO] [stderr]   cargo:warning=ToolExecError: Command "cc" "-O0" "-ffunction-sections" "-fdata-sections" "-fPIC" "-gdwarf-4" "-fno-omit-frame-pointer" "-m64" "-I" "zstd/lib/" "-I" "zstd/lib/common" "-I" "zstd/lib/legacy" "-fvisibility=hidden" "-ffunction-sections" "-fdata-sections" "-fmerge-all-constants" "-DZSTD_LIB_DEPRECATED=0" "-DXXH_PRIVATE_API=" "-DZSTDLIB_VISIBILITY=" "-DZDICTLIB_VISIBILITY=" "-DZSTDERRORLIB_VISIBILITY=" "-DZSTD_LEGACY_SUPPORT=1" "-o" "/opt/rustwide/target/debug/build/zstd-sys-e740051933e2b26f/out/1ddd1489cc625d97-zstd_compress_superblock.o" "-c" "zstd/lib/compress/zstd_compress_superblock.c" with args cc did not execute successfully (status code exit status: 1).cargo:warning=zstd/lib/compress/zstd_ldm.c:730:1: fatal error: error writing to /tmp/cc6D1zIt.s: No space left on device
[INFO] [stderr]   cargo:warning=  730 | }
[INFO] [stderr]   cargo:warning=      | ^
[INFO] [stderr]   cargo:warning=compilation terminated.
[INFO] [stderr] 
[INFO] [stderr]   exit status: 1
[INFO] [stderr]   cargo:warning=ToolExecError: Command "cc" "-O0" "-ffunction-sections" "-fdata-sections" "-fPIC" "-gdwarf-4" "-fno-omit-frame-pointer" "-m64" "-I" "zstd/lib/" "-I" "zstd/lib/common" "-I" "zstd/lib/legacy" "-fvisibility=hidden" "-ffunction-sections" "-fdata-sections" "-fmerge-all-constants" "-DZSTD_LIB_DEPRECATED=0" "-DXXH_PRIVATE_API=" "-DZSTDLIB_VISIBILITY=" "-DZDICTLIB_VISIBILITY=" "-DZSTDERRORLIB_VISIBILITY=" "-DZSTD_LEGACY_SUPPORT=1" "-o" "/opt/rustwide/target/debug/build/zstd-sys-e740051933e2b26f/out/1ddd1489cc625d97-zstd_ldm.o" "-c" "zstd/lib/compress/zstd_ldm.c" with args cc did not execute successfully (status code exit status: 1).cargo:warning=zstd/lib/compress/zstdmt_compress.c:1882:1: fatal error: error writing to /tmp/cc2D8E5O.s: No space left on device
[INFO] [stderr]   cargo:warning= 1882 | }
[INFO] [stderr]   cargo:warning=      | ^
[INFO] [stderr]   cargo:warning=compilation terminated.
[INFO] [stderr] 
[INFO] [stderr]   exit status: 1
[INFO] [stderr]   cargo:warning=ToolExecError: Command "cc" "-O0" "-ffunction-sections" "-fdata-sections" "-fPIC" "-gdwarf-4" "-fno-omit-frame-pointer" "-m64" "-I" "zstd/lib/" "-I" "zstd/lib/common" "-I" "zstd/lib/legacy" "-fvisibility=hidden" "-ffunction-sections" "-fdata-sections" "-fmerge-all-constants" "-DZSTD_LIB_DEPRECATED=0" "-DXXH_PRIVATE_API=" "-DZSTDLIB_VISIBILITY=" "-DZDICTLIB_VISIBILITY=" "-DZSTDERRORLIB_VISIBILITY=" "-DZSTD_LEGACY_SUPPORT=1" "-o" "/opt/rustwide/target/debug/build/zstd-sys-e740051933e2b26f/out/1ddd1489cc625d97-zstdmt_compress.o" "-c" "zstd/lib/compress/zstdmt_compress.c" with args cc did not execute successfully (status code exit status: 1).cargo:warning=zstd/lib/compress/huf_compress.c:1464:1: fatal error: error writing to /tmp/ccSUljbj.s: No space left on device
[INFO] [stderr]   cargo:warning= 1464 | }
[INFO] [stderr]   cargo:warning=      | ^
[INFO] [stderr]   cargo:warning=compilation terminated.
[INFO] [stderr]   cargo:warning=zstd/lib/compress/zstd_double_fast.c:768:1: fatal error: error writing to /tmp/ccNNrclB.s: No space left on device
[INFO] [stderr]   cargo:warning=  768 | }
[INFO] [stderr]   cargo:warning=      | ^
[INFO] [stderr]   cargo:warning=compilation terminated.
[INFO] [stderr] 
[INFO] [stderr]   exit status: 1
[INFO] [stderr]   cargo:warning=ToolExecError: Command "cc" "-O0" "-ffunction-sections" "-fdata-sections" "-fPIC" "-gdwarf-4" "-fno-omit-frame-pointer" "-m64" "-I" "zstd/lib/" "-I" "zstd/lib/common" "-I" "zstd/lib/legacy" "-fvisibility=hidden" "-ffunction-sections" "-fdata-sections" "-fmerge-all-constants" "-DZSTD_LIB_DEPRECATED=0" "-DXXH_PRIVATE_API=" "-DZSTDLIB_VISIBILITY=" "-DZDICTLIB_VISIBILITY=" "-DZSTDERRORLIB_VISIBILITY=" "-DZSTD_LEGACY_SUPPORT=1" "-o" "/opt/rustwide/target/debug/build/zstd-sys-e740051933e2b26f/out/1ddd1489cc625d97-zstd_double_fast.o" "-c" "zstd/lib/compress/zstd_double_fast.c" with args cc did not execute successfully (status code exit status: 1).cargo:warning=zstd/lib/compress/zstd_fast.c:968:1: fatal error: error writing to /tmp/ccvVlczK.s: No space left on device
[INFO] [stderr]   cargo:warning=  968 | }
[INFO] [stderr]   cargo:warning=      | ^
[INFO] [stderr]   cargo:warning=compilation terminated.
[INFO] [stderr] 
[INFO] [stderr]   exit status: 1
[INFO] [stderr]   cargo:warning=ToolExecError: Command "cc" "-O0" "-ffunction-sections" "-fdata-sections" "-fPIC" "-gdwarf-4" "-fno-omit-frame-pointer" "-m64" "-I" "zstd/lib/" "-I" "zstd/lib/common" "-I" "zstd/lib/legacy" "-fvisibility=hidden" "-ffunction-sections" "-fdata-sections" "-fmerge-all-constants" "-DZSTD_LIB_DEPRECATED=0" "-DXXH_PRIVATE_API=" "-DZSTDLIB_VISIBILITY=" "-DZDICTLIB_VISIBILITY=" "-DZSTDERRORLIB_VISIBILITY=" "-DZSTD_LEGACY_SUPPORT=1" "-o" "/opt/rustwide/target/debug/build/zstd-sys-e740051933e2b26f/out/1ddd1489cc625d97-zstd_fast.o" "-c" "zstd/lib/compress/zstd_fast.c" with args cc did not execute successfully (status code exit status: 1).
[INFO] [stderr]   exit status: 1
[INFO] [stderr]   cargo:warning=ToolExecError: Command "cc" "-O0" "-ffunction-sections" "-fdata-sections" "-fPIC" "-gdwarf-4" "-fno-omit-frame-pointer" "-m64" "-I" "zstd/lib/" "-I" "zstd/lib/common" "-I" "zstd/lib/legacy" "-fvisibility=hidden" "-ffunction-sections" "-fdata-sections" "-fmerge-all-constants" "-DZSTD_LIB_DEPRECATED=0" "-DXXH_PRIVATE_API=" "-DZSTDLIB_VISIBILITY=" "-DZDICTLIB_VISIBILITY=" "-DZSTDERRORLIB_VISIBILITY=" "-DZSTD_LEGACY_SUPPORT=1" "-o" "/opt/rustwide/target/debug/build/zstd-sys-e740051933e2b26f/out/1ddd1489cc625d97-huf_compress.o" "-c" "zstd/lib/compress/huf_compress.c" with args cc did not execute successfully (status code exit status: 1).cargo:warning=zstd/lib/compress/zstd_opt.c:1571:1: fatal error: error writing to /tmp/ccIDfBw3.s: No space left on device
[INFO] [stderr]   cargo:warning= 1571 | }
[INFO] [stderr]   cargo:warning=      | ^
[INFO] [stderr]   cargo:warning=compilation terminated.
[INFO] [stderr] 
[INFO] [stderr]   exit status: 1
[INFO] [stderr]   cargo:warning=ToolExecError: Command "cc" "-O0" "-ffunction-sections" "-fdata-sections" "-fPIC" "-gdwarf-4" "-fno-omit-frame-pointer" "-m64" "-I" "zstd/lib/" "-I" "zstd/lib/common" "-I" "zstd/lib/legacy" "-fvisibility=hidden" "-ffunction-sections" "-fdata-sections" "-fmerge-all-constants" "-DZSTD_LIB_DEPRECATED=0" "-DXXH_PRIVATE_API=" "-DZSTDLIB_VISIBILITY=" "-DZDICTLIB_VISIBILITY=" "-DZSTDERRORLIB_VISIBILITY=" "-DZSTD_LEGACY_SUPPORT=1" "-o" "/opt/rustwide/target/debug/build/zstd-sys-e740051933e2b26f/out/1ddd1489cc625d97-zstd_opt.o" "-c" "zstd/lib/compress/zstd_opt.c" with args cc did not execute successfully (status code exit status: 1).cargo:warning=zstd/lib/compress/zstd_compress.c:7153:1: fatal error: error writing to /tmp/cctAvrhJ.s: No space left on device
[INFO] [stderr]   cargo:warning= 7153 | }
[INFO] [stderr]   cargo:warning=      | ^
[INFO] [stderr]   cargo:warning=compilation terminated.
[INFO] [stderr] 
[INFO] [stderr]   exit status: 0
[INFO] [stderr]   exit status: 0
[INFO] [stderr]   exit status: 0
[INFO] [stderr]   exit status: 0
[INFO] [stderr]   exit status: 0
[INFO] [stderr]   exit status: 0
[INFO] [stderr]   exit status: 0
[INFO] [stderr]   exit status: 0
[INFO] [stderr]   exit status: 1
[INFO] [stderr]   cargo:warning=ToolExecError: Command "cc" "-O0" "-ffunction-sections" "-fdata-sections" "-fPIC" "-gdwarf-4" "-fno-omit-frame-pointer" "-m64" "-I" "zstd/lib/" "-I" "zstd/lib/common" "-I" "zstd/lib/legacy" "-fvisibility=hidden" "-ffunction-sections" "-fdata-sections" "-fmerge-all-constants" "-DZSTD_LIB_DEPRECATED=0" "-DXXH_PRIVATE_API=" "-DZSTDLIB_VISIBILITY=" "-DZDICTLIB_VISIBILITY=" "-DZSTDERRORLIB_VISIBILITY=" "-DZSTD_LEGACY_SUPPORT=1" "-o" "/opt/rustwide/target/debug/build/zstd-sys-e740051933e2b26f/out/1ddd1489cc625d97-zstd_compress.o" "-c" "zstd/lib/compress/zstd_compress.c" with args cc did not execute successfully (status code exit status: 1).
[INFO] [stderr]   exit status: 0
[INFO] [stderr]   exit status: 0
[INFO] [stderr]   exit status: 0
[INFO] [stderr]   exit status: 0
[INFO] [stderr]   exit status: 0
[INFO] [stderr]   exit status: 0
[INFO] [stderr]   exit status: 0
[INFO] [stderr]   exit status: 0
[INFO] [stderr]   exit status: 0
[INFO] [stderr] 
[INFO] [stderr]   --- stderr
[INFO] [stderr] 
[INFO] [stderr] 
[INFO] [stderr]   error occurred: Command "cc" "-O0" "-ffunction-sections" "-fdata-sections" "-fPIC" "-gdwarf-4" "-fno-omit-frame-pointer" "-m64" "-I" "zstd/lib/" "-I" "zstd/lib/common" "-I" "zstd/lib/legacy" "-fvisibility=hidden" "-ffunction-sections" "-fdata-sections" "-fmerge-all-constants" "-DZSTD_LIB_DEPRECATED=0" "-DXXH_PRIVATE_API=" "-DZSTDLIB_VISIBILITY=" "-DZDICTLIB_VISIBILITY=" "-DZSTDERRORLIB_VISIBILITY=" "-DZSTD_LEGACY_SUPPORT=1" "-o" "/opt/rustwide/target/debug/build/zstd-sys-e740051933e2b26f/out/1ddd1489cc625d97-zstd_compress.o" "-c" "zstd/lib/compress/zstd_compress.c" with args cc did not execute successfully (status code exit status: 1).
[INFO] [stderr] 
[INFO] [stderr] 
[INFO] running `Command { std: "docker" "inspect" "06f23ddda09cd690ea5dc97c54c5a5d4f6680ee76558cacc5bd6d86e06eac581", kill_on_drop: false }`
[INFO] running `Command { std: "docker" "rm" "-f" "06f23ddda09cd690ea5dc97c54c5a5d4f6680ee76558cacc5bd6d86e06eac581", kill_on_drop: false }`
[INFO] [stdout] 06f23ddda09cd690ea5dc97c54c5a5d4f6680ee76558cacc5bd6d86e06eac581
