[INFO] cloning repository https://github.com/just-worker/substrate-node-template
[INFO] running `Command { std: "git" "-c" "credential.helper=" "-c" "credential.helper=/workspace/cargo-home/bin/git-credential-null" "clone" "--bare" "https://github.com/just-worker/substrate-node-template" "/workspace/cache/git-repos/https%3A%2F%2Fgithub.com%2Fjust-worker%2Fsubstrate-node-template", kill_on_drop: false }`
[INFO] [stderr] Cloning into bare repository '/workspace/cache/git-repos/https%3A%2F%2Fgithub.com%2Fjust-worker%2Fsubstrate-node-template'...
[INFO] running `Command { std: "git" "rev-parse" "HEAD", kill_on_drop: false }`
[INFO] [stdout] 3411313610c7837ea1dd991b62c98a8c38e48825
[INFO] testing just-worker/substrate-node-template/3411313610c7837ea1dd991b62c98a8c38e48825 against beta-2024-12-08 for beta-1.84.0-4-retry
[INFO] running `Command { std: "git" "clone" "/workspace/cache/git-repos/https%3A%2F%2Fgithub.com%2Fjust-worker%2Fsubstrate-node-template" "/workspace/builds/worker-4-tc2/source", kill_on_drop: false }`
[INFO] [stderr] Cloning into '/workspace/builds/worker-4-tc2/source'...
[INFO] [stderr] done.
[INFO] validating manifest of git repo https://github.com/just-worker/substrate-node-template on toolchain beta-2024-12-08
[INFO] running `Command { std: CARGO_HOME="/workspace/cargo-home" RUSTUP_HOME="/workspace/rustup-home" "/workspace/cargo-home/bin/cargo" "+beta-2024-12-08" "metadata" "--manifest-path" "Cargo.toml" "--no-deps", kill_on_drop: false }`
[INFO] started tweaking git repo https://github.com/just-worker/substrate-node-template
[INFO] finished tweaking git repo https://github.com/just-worker/substrate-node-template
[INFO] tweaked toml for git repo https://github.com/just-worker/substrate-node-template written to /workspace/builds/worker-4-tc2/source/Cargo.toml
[INFO] crate git repo https://github.com/just-worker/substrate-node-template already has a lockfile, it will not be regenerated
[INFO] running `Command { std: CARGO_HOME="/workspace/cargo-home" RUSTUP_HOME="/workspace/rustup-home" "/workspace/cargo-home/bin/cargo" "+beta-2024-12-08" "fetch" "--manifest-path" "Cargo.toml", kill_on_drop: false }`
[INFO] [stderr] warning: virtual workspace defaulting to `resolver = "1"` despite one or more workspace members being on edition 2021 which implies `resolver = "2"`
[INFO] [stderr] note: to keep the current resolver, specify `workspace.resolver = "1"` in the workspace root's manifest
[INFO] [stderr] note: to use the edition 2021 resolver, specify `workspace.resolver = "2"` in the workspace root's manifest
[INFO] [stderr] note: for more details see https://doc.rust-lang.org/cargo/reference/resolver.html#resolver-versions
[INFO] [stderr] warning: /workspace/builds/worker-4-tc2/source/runtime/Cargo.toml: unused manifest key: dependencies.frame-benchmarking. branch
[INFO] [stderr] warning: /workspace/builds/worker-4-tc2/source/runtime/Cargo.toml: unused manifest key: dependencies.frame-executive. branch
[INFO] [stderr] warning: /workspace/builds/worker-4-tc2/source/runtime/Cargo.toml: unused manifest key: dependencies.frame-support. branch
[INFO] [stderr] warning: /workspace/builds/worker-4-tc2/source/runtime/Cargo.toml: unused manifest key: dependencies.frame-system. branch
[INFO] [stderr] warning: /workspace/builds/worker-4-tc2/source/runtime/Cargo.toml: unused manifest key: dependencies.frame-system-benchmarking. branch
[INFO] [stderr] warning: /workspace/builds/worker-4-tc2/source/runtime/Cargo.toml: unused manifest key: dependencies.frame-system-rpc-runtime-api. branch
[INFO] [stderr] warning: /workspace/builds/worker-4-tc2/source/runtime/Cargo.toml: unused manifest key: dependencies.frame-try-runtime. branch
[INFO] [stderr] warning: /workspace/builds/worker-4-tc2/source/runtime/Cargo.toml: unused manifest key: dependencies.pallet-aura. branch
[INFO] [stderr] warning: /workspace/builds/worker-4-tc2/source/runtime/Cargo.toml: unused manifest key: dependencies.pallet-balances. branch
[INFO] [stderr] warning: /workspace/builds/worker-4-tc2/source/runtime/Cargo.toml: unused manifest key: dependencies.pallet-grandpa. branch
[INFO] [stderr] warning: /workspace/builds/worker-4-tc2/source/runtime/Cargo.toml: unused manifest key: dependencies.pallet-randomness-collective-flip. branch
[INFO] [stderr] warning: /workspace/builds/worker-4-tc2/source/runtime/Cargo.toml: unused manifest key: dependencies.pallet-sudo. branch
[INFO] [stderr] warning: /workspace/builds/worker-4-tc2/source/runtime/Cargo.toml: unused manifest key: dependencies.pallet-timestamp. branch
[INFO] [stderr] warning: /workspace/builds/worker-4-tc2/source/runtime/Cargo.toml: unused manifest key: dependencies.pallet-transaction-payment. branch
[INFO] [stderr] warning: /workspace/builds/worker-4-tc2/source/runtime/Cargo.toml: unused manifest key: dependencies.pallet-transaction-payment-rpc-runtime-api. branch
[INFO] [stderr] warning: /workspace/builds/worker-4-tc2/source/runtime/Cargo.toml: unused manifest key: dependencies.sp-api. branch
[INFO] [stderr] warning: /workspace/builds/worker-4-tc2/source/runtime/Cargo.toml: unused manifest key: dependencies.sp-block-builder. branch
[INFO] [stderr] warning: /workspace/builds/worker-4-tc2/source/runtime/Cargo.toml: unused manifest key: dependencies.sp-consensus-aura. branch
[INFO] [stderr] warning: /workspace/builds/worker-4-tc2/source/runtime/Cargo.toml: unused manifest key: dependencies.sp-core. branch
[INFO] [stderr] warning: /workspace/builds/worker-4-tc2/source/runtime/Cargo.toml: unused manifest key: dependencies.sp-inherents. branch
[INFO] [stderr] warning: /workspace/builds/worker-4-tc2/source/runtime/Cargo.toml: unused manifest key: dependencies.sp-offchain. branch
[INFO] [stderr] warning: /workspace/builds/worker-4-tc2/source/runtime/Cargo.toml: unused manifest key: dependencies.sp-runtime. branch
[INFO] [stderr] warning: /workspace/builds/worker-4-tc2/source/runtime/Cargo.toml: unused manifest key: dependencies.sp-session. branch
[INFO] [stderr] warning: /workspace/builds/worker-4-tc2/source/runtime/Cargo.toml: unused manifest key: dependencies.sp-std. branch
[INFO] [stderr] warning: /workspace/builds/worker-4-tc2/source/runtime/Cargo.toml: unused manifest key: dependencies.sp-transaction-pool. branch
[INFO] [stderr] warning: /workspace/builds/worker-4-tc2/source/runtime/Cargo.toml: unused manifest key: dependencies.sp-version. branch
[INFO] [stderr] warning: /workspace/builds/worker-4-tc2/source/runtime/Cargo.toml: unused manifest key: build-dependencies.substrate-wasm-builder. branch
[INFO] [stderr] warning: /workspace/builds/worker-4-tc2/source/node/Cargo.toml: unused manifest key: dependencies.frame-benchmarking. branch
[INFO] [stderr] warning: /workspace/builds/worker-4-tc2/source/node/Cargo.toml: unused manifest key: dependencies.frame-benchmarking-cli. branch
[INFO] [stderr] warning: /workspace/builds/worker-4-tc2/source/node/Cargo.toml: unused manifest key: dependencies.frame-system. branch
[INFO] [stderr] warning: /workspace/builds/worker-4-tc2/source/node/Cargo.toml: unused manifest key: dependencies.pallet-transaction-payment. branch
[INFO] [stderr] warning: /workspace/builds/worker-4-tc2/source/node/Cargo.toml: unused manifest key: dependencies.pallet-transaction-payment-rpc. branch
[INFO] [stderr] warning: /workspace/builds/worker-4-tc2/source/node/Cargo.toml: unused manifest key: dependencies.sc-basic-authorship. branch
[INFO] [stderr] warning: /workspace/builds/worker-4-tc2/source/node/Cargo.toml: unused manifest key: dependencies.sc-cli. branch
[INFO] [stderr] warning: /workspace/builds/worker-4-tc2/source/node/Cargo.toml: unused manifest key: dependencies.sc-client-api. branch
[INFO] [stderr] warning: /workspace/builds/worker-4-tc2/source/node/Cargo.toml: unused manifest key: dependencies.sc-consensus. branch
[INFO] [stderr] warning: /workspace/builds/worker-4-tc2/source/node/Cargo.toml: unused manifest key: dependencies.sc-consensus-aura. branch
[INFO] [stderr] warning: /workspace/builds/worker-4-tc2/source/node/Cargo.toml: unused manifest key: dependencies.sc-executor. branch
[INFO] [stderr] warning: /workspace/builds/worker-4-tc2/source/node/Cargo.toml: unused manifest key: dependencies.sc-finality-grandpa. branch
[INFO] [stderr] warning: /workspace/builds/worker-4-tc2/source/node/Cargo.toml: unused manifest key: dependencies.sc-keystore. branch
[INFO] [stderr] warning: /workspace/builds/worker-4-tc2/source/node/Cargo.toml: unused manifest key: dependencies.sc-rpc. branch
[INFO] [stderr] warning: /workspace/builds/worker-4-tc2/source/node/Cargo.toml: unused manifest key: dependencies.sc-rpc-api. branch
[INFO] [stderr] warning: /workspace/builds/worker-4-tc2/source/node/Cargo.toml: unused manifest key: dependencies.sc-service. branch
[INFO] [stderr] warning: /workspace/builds/worker-4-tc2/source/node/Cargo.toml: unused manifest key: dependencies.sc-telemetry. branch
[INFO] [stderr] warning: /workspace/builds/worker-4-tc2/source/node/Cargo.toml: unused manifest key: dependencies.sc-transaction-pool. branch
[INFO] [stderr] warning: /workspace/builds/worker-4-tc2/source/node/Cargo.toml: unused manifest key: dependencies.sc-transaction-pool-api. branch
[INFO] [stderr] warning: /workspace/builds/worker-4-tc2/source/node/Cargo.toml: unused manifest key: dependencies.sp-api. branch
[INFO] [stderr] warning: /workspace/builds/worker-4-tc2/source/node/Cargo.toml: unused manifest key: dependencies.sp-block-builder. branch
[INFO] [stderr] warning: /workspace/builds/worker-4-tc2/source/node/Cargo.toml: unused manifest key: dependencies.sp-blockchain. branch
[INFO] [stderr] warning: /workspace/builds/worker-4-tc2/source/node/Cargo.toml: unused manifest key: dependencies.sp-consensus. branch
[INFO] [stderr] warning: /workspace/builds/worker-4-tc2/source/node/Cargo.toml: unused manifest key: dependencies.sp-consensus-aura. branch
[INFO] [stderr] warning: /workspace/builds/worker-4-tc2/source/node/Cargo.toml: unused manifest key: dependencies.sp-core. branch
[INFO] [stderr] warning: /workspace/builds/worker-4-tc2/source/node/Cargo.toml: unused manifest key: dependencies.sp-finality-grandpa. branch
[INFO] [stderr] warning: /workspace/builds/worker-4-tc2/source/node/Cargo.toml: unused manifest key: dependencies.sp-inherents. branch
[INFO] [stderr] warning: /workspace/builds/worker-4-tc2/source/node/Cargo.toml: unused manifest key: dependencies.sp-keyring. branch
[INFO] [stderr] warning: /workspace/builds/worker-4-tc2/source/node/Cargo.toml: unused manifest key: dependencies.sp-runtime. branch
[INFO] [stderr] warning: /workspace/builds/worker-4-tc2/source/node/Cargo.toml: unused manifest key: dependencies.sp-timestamp. branch
[INFO] [stderr] warning: /workspace/builds/worker-4-tc2/source/node/Cargo.toml: unused manifest key: dependencies.substrate-frame-rpc-system. branch
[INFO] [stderr] warning: /workspace/builds/worker-4-tc2/source/node/Cargo.toml: unused manifest key: dependencies.try-runtime-cli. branch
[INFO] [stderr] warning: /workspace/builds/worker-4-tc2/source/node/Cargo.toml: unused manifest key: build-dependencies.substrate-build-script-utils. branch
[INFO] [stderr] warning: /workspace/builds/worker-4-tc2/source/pallets/poe/Cargo.toml: unused manifest key: dependencies.frame-benchmarking. branch
[INFO] [stderr] warning: /workspace/builds/worker-4-tc2/source/pallets/poe/Cargo.toml: unused manifest key: dependencies.frame-support. branch
[INFO] [stderr] warning: /workspace/builds/worker-4-tc2/source/pallets/poe/Cargo.toml: unused manifest key: dependencies.frame-system. branch
[INFO] [stderr] warning: /workspace/builds/worker-4-tc2/source/pallets/poe/Cargo.toml: unused manifest key: dependencies.sp-std. branch
[INFO] [stderr] warning: /workspace/builds/worker-4-tc2/source/pallets/poe/Cargo.toml: unused manifest key: dev-dependencies.sp-core. branch
[INFO] [stderr] warning: /workspace/builds/worker-4-tc2/source/pallets/poe/Cargo.toml: unused manifest key: dev-dependencies.sp-io. branch
[INFO] [stderr] warning: /workspace/builds/worker-4-tc2/source/pallets/poe/Cargo.toml: unused manifest key: dev-dependencies.sp-runtime. branch
[INFO] [stderr] warning: /workspace/builds/worker-4-tc2/source/pallets/template/Cargo.toml: unused manifest key: dependencies.frame-benchmarking. branch
[INFO] [stderr] warning: /workspace/builds/worker-4-tc2/source/pallets/template/Cargo.toml: unused manifest key: dependencies.frame-support. branch
[INFO] [stderr] warning: /workspace/builds/worker-4-tc2/source/pallets/template/Cargo.toml: unused manifest key: dependencies.frame-system. branch
[INFO] [stderr] warning: /workspace/builds/worker-4-tc2/source/pallets/template/Cargo.toml: unused manifest key: dev-dependencies.sp-core. branch
[INFO] [stderr] warning: /workspace/builds/worker-4-tc2/source/pallets/template/Cargo.toml: unused manifest key: dev-dependencies.sp-io. branch
[INFO] [stderr] warning: /workspace/builds/worker-4-tc2/source/pallets/template/Cargo.toml: unused manifest key: dev-dependencies.sp-runtime. branch
[INFO] [stderr]     Blocking waiting for file lock on package cache
[INFO] [stderr]     Blocking waiting for file lock on package cache
[ERROR] error running command: no output for 300 seconds
[INFO] testing just-worker/substrate-node-template/3411313610c7837ea1dd991b62c98a8c38e48825 against beta-2024-12-08 for beta-1.84.0-4-retry
[INFO] running `Command { std: "git" "clone" "/workspace/cache/git-repos/https%3A%2F%2Fgithub.com%2Fjust-worker%2Fsubstrate-node-template" "/workspace/builds/worker-4-tc2/source", kill_on_drop: false }`
[INFO] [stderr] Cloning into '/workspace/builds/worker-4-tc2/source'...
[INFO] [stderr] done.
[INFO] validating manifest of git repo https://github.com/just-worker/substrate-node-template on toolchain beta-2024-12-08
[INFO] running `Command { std: CARGO_HOME="/workspace/cargo-home" RUSTUP_HOME="/workspace/rustup-home" "/workspace/cargo-home/bin/cargo" "+beta-2024-12-08" "metadata" "--manifest-path" "Cargo.toml" "--no-deps", kill_on_drop: false }`
[INFO] started tweaking git repo https://github.com/just-worker/substrate-node-template
[INFO] finished tweaking git repo https://github.com/just-worker/substrate-node-template
[INFO] tweaked toml for git repo https://github.com/just-worker/substrate-node-template written to /workspace/builds/worker-4-tc2/source/Cargo.toml
[INFO] crate git repo https://github.com/just-worker/substrate-node-template already has a lockfile, it will not be regenerated
[INFO] running `Command { std: CARGO_HOME="/workspace/cargo-home" RUSTUP_HOME="/workspace/rustup-home" "/workspace/cargo-home/bin/cargo" "+beta-2024-12-08" "fetch" "--manifest-path" "Cargo.toml", kill_on_drop: false }`
[INFO] [stderr] warning: virtual workspace defaulting to `resolver = "1"` despite one or more workspace members being on edition 2021 which implies `resolver = "2"`
[INFO] [stderr] note: to keep the current resolver, specify `workspace.resolver = "1"` in the workspace root's manifest
[INFO] [stderr] note: to use the edition 2021 resolver, specify `workspace.resolver = "2"` in the workspace root's manifest
[INFO] [stderr] note: for more details see https://doc.rust-lang.org/cargo/reference/resolver.html#resolver-versions
[INFO] [stderr] warning: /workspace/builds/worker-4-tc2/source/node/Cargo.toml: unused manifest key: dependencies.frame-benchmarking. branch
[INFO] [stderr] warning: /workspace/builds/worker-4-tc2/source/node/Cargo.toml: unused manifest key: dependencies.frame-benchmarking-cli. branch
[INFO] [stderr] warning: /workspace/builds/worker-4-tc2/source/node/Cargo.toml: unused manifest key: dependencies.frame-system. branch
[INFO] [stderr] warning: /workspace/builds/worker-4-tc2/source/node/Cargo.toml: unused manifest key: dependencies.pallet-transaction-payment. branch
[INFO] [stderr] warning: /workspace/builds/worker-4-tc2/source/node/Cargo.toml: unused manifest key: dependencies.pallet-transaction-payment-rpc. branch
[INFO] [stderr] warning: /workspace/builds/worker-4-tc2/source/node/Cargo.toml: unused manifest key: dependencies.sc-basic-authorship. branch
[INFO] [stderr] warning: /workspace/builds/worker-4-tc2/source/node/Cargo.toml: unused manifest key: dependencies.sc-cli. branch
[INFO] [stderr] warning: /workspace/builds/worker-4-tc2/source/node/Cargo.toml: unused manifest key: dependencies.sc-client-api. branch
[INFO] [stderr] warning: /workspace/builds/worker-4-tc2/source/node/Cargo.toml: unused manifest key: dependencies.sc-consensus. branch
[INFO] [stderr] warning: /workspace/builds/worker-4-tc2/source/node/Cargo.toml: unused manifest key: dependencies.sc-consensus-aura. branch
[INFO] [stderr] warning: /workspace/builds/worker-4-tc2/source/node/Cargo.toml: unused manifest key: dependencies.sc-executor. branch
[INFO] [stderr] warning: /workspace/builds/worker-4-tc2/source/node/Cargo.toml: unused manifest key: dependencies.sc-finality-grandpa. branch
[INFO] [stderr] warning: /workspace/builds/worker-4-tc2/source/node/Cargo.toml: unused manifest key: dependencies.sc-keystore. branch
[INFO] [stderr] warning: /workspace/builds/worker-4-tc2/source/node/Cargo.toml: unused manifest key: dependencies.sc-rpc. branch
[INFO] [stderr] warning: /workspace/builds/worker-4-tc2/source/node/Cargo.toml: unused manifest key: dependencies.sc-rpc-api. branch
[INFO] [stderr] warning: /workspace/builds/worker-4-tc2/source/node/Cargo.toml: unused manifest key: dependencies.sc-service. branch
[INFO] [stderr] warning: /workspace/builds/worker-4-tc2/source/node/Cargo.toml: unused manifest key: dependencies.sc-telemetry. branch
[INFO] [stderr] warning: /workspace/builds/worker-4-tc2/source/node/Cargo.toml: unused manifest key: dependencies.sc-transaction-pool. branch
[INFO] [stderr] warning: /workspace/builds/worker-4-tc2/source/node/Cargo.toml: unused manifest key: dependencies.sc-transaction-pool-api. branch
[INFO] [stderr] warning: /workspace/builds/worker-4-tc2/source/node/Cargo.toml: unused manifest key: dependencies.sp-api. branch
[INFO] [stderr] warning: /workspace/builds/worker-4-tc2/source/node/Cargo.toml: unused manifest key: dependencies.sp-block-builder. branch
[INFO] [stderr] warning: /workspace/builds/worker-4-tc2/source/node/Cargo.toml: unused manifest key: dependencies.sp-blockchain. branch
[INFO] [stderr] warning: /workspace/builds/worker-4-tc2/source/node/Cargo.toml: unused manifest key: dependencies.sp-consensus. branch
[INFO] [stderr] warning: /workspace/builds/worker-4-tc2/source/node/Cargo.toml: unused manifest key: dependencies.sp-consensus-aura. branch
[INFO] [stderr] warning: /workspace/builds/worker-4-tc2/source/node/Cargo.toml: unused manifest key: dependencies.sp-core. branch
[INFO] [stderr] warning: /workspace/builds/worker-4-tc2/source/node/Cargo.toml: unused manifest key: dependencies.sp-finality-grandpa. branch
[INFO] [stderr] warning: /workspace/builds/worker-4-tc2/source/node/Cargo.toml: unused manifest key: dependencies.sp-inherents. branch
[INFO] [stderr] warning: /workspace/builds/worker-4-tc2/source/node/Cargo.toml: unused manifest key: dependencies.sp-keyring. branch
[INFO] [stderr] warning: /workspace/builds/worker-4-tc2/source/node/Cargo.toml: unused manifest key: dependencies.sp-runtime. branch
[INFO] [stderr] warning: /workspace/builds/worker-4-tc2/source/node/Cargo.toml: unused manifest key: dependencies.sp-timestamp. branch
[INFO] [stderr] warning: /workspace/builds/worker-4-tc2/source/node/Cargo.toml: unused manifest key: dependencies.substrate-frame-rpc-system. branch
[INFO] [stderr] warning: /workspace/builds/worker-4-tc2/source/node/Cargo.toml: unused manifest key: dependencies.try-runtime-cli. branch
[INFO] [stderr] warning: /workspace/builds/worker-4-tc2/source/node/Cargo.toml: unused manifest key: build-dependencies.substrate-build-script-utils. branch
[INFO] [stderr] warning: /workspace/builds/worker-4-tc2/source/pallets/poe/Cargo.toml: unused manifest key: dependencies.frame-benchmarking. branch
[INFO] [stderr] warning: /workspace/builds/worker-4-tc2/source/pallets/poe/Cargo.toml: unused manifest key: dependencies.frame-support. branch
[INFO] [stderr] warning: /workspace/builds/worker-4-tc2/source/pallets/poe/Cargo.toml: unused manifest key: dependencies.frame-system. branch
[INFO] [stderr] warning: /workspace/builds/worker-4-tc2/source/pallets/poe/Cargo.toml: unused manifest key: dependencies.sp-std. branch
[INFO] [stderr] warning: /workspace/builds/worker-4-tc2/source/pallets/poe/Cargo.toml: unused manifest key: dev-dependencies.sp-core. branch
[INFO] [stderr] warning: /workspace/builds/worker-4-tc2/source/pallets/poe/Cargo.toml: unused manifest key: dev-dependencies.sp-io. branch
[INFO] [stderr] warning: /workspace/builds/worker-4-tc2/source/pallets/poe/Cargo.toml: unused manifest key: dev-dependencies.sp-runtime. branch
[INFO] [stderr] warning: /workspace/builds/worker-4-tc2/source/pallets/template/Cargo.toml: unused manifest key: dependencies.frame-benchmarking. branch
[INFO] [stderr] warning: /workspace/builds/worker-4-tc2/source/pallets/template/Cargo.toml: unused manifest key: dependencies.frame-support. branch
[INFO] [stderr] warning: /workspace/builds/worker-4-tc2/source/pallets/template/Cargo.toml: unused manifest key: dependencies.frame-system. branch
[INFO] [stderr] warning: /workspace/builds/worker-4-tc2/source/pallets/template/Cargo.toml: unused manifest key: dev-dependencies.sp-core. branch
[INFO] [stderr] warning: /workspace/builds/worker-4-tc2/source/pallets/template/Cargo.toml: unused manifest key: dev-dependencies.sp-io. branch
[INFO] [stderr] warning: /workspace/builds/worker-4-tc2/source/pallets/template/Cargo.toml: unused manifest key: dev-dependencies.sp-runtime. branch
[INFO] [stderr] warning: /workspace/builds/worker-4-tc2/source/runtime/Cargo.toml: unused manifest key: dependencies.frame-benchmarking. branch
[INFO] [stderr] warning: /workspace/builds/worker-4-tc2/source/runtime/Cargo.toml: unused manifest key: dependencies.frame-executive. branch
[INFO] [stderr] warning: /workspace/builds/worker-4-tc2/source/runtime/Cargo.toml: unused manifest key: dependencies.frame-support. branch
[INFO] [stderr] warning: /workspace/builds/worker-4-tc2/source/runtime/Cargo.toml: unused manifest key: dependencies.frame-system. branch
[INFO] [stderr] warning: /workspace/builds/worker-4-tc2/source/runtime/Cargo.toml: unused manifest key: dependencies.frame-system-benchmarking. branch
[INFO] [stderr] warning: /workspace/builds/worker-4-tc2/source/runtime/Cargo.toml: unused manifest key: dependencies.frame-system-rpc-runtime-api. branch
[INFO] [stderr] warning: /workspace/builds/worker-4-tc2/source/runtime/Cargo.toml: unused manifest key: dependencies.frame-try-runtime. branch
[INFO] [stderr] warning: /workspace/builds/worker-4-tc2/source/runtime/Cargo.toml: unused manifest key: dependencies.pallet-aura. branch
[INFO] [stderr] warning: /workspace/builds/worker-4-tc2/source/runtime/Cargo.toml: unused manifest key: dependencies.pallet-balances. branch
[INFO] [stderr] warning: /workspace/builds/worker-4-tc2/source/runtime/Cargo.toml: unused manifest key: dependencies.pallet-grandpa. branch
[INFO] [stderr] warning: /workspace/builds/worker-4-tc2/source/runtime/Cargo.toml: unused manifest key: dependencies.pallet-randomness-collective-flip. branch
[INFO] [stderr] warning: /workspace/builds/worker-4-tc2/source/runtime/Cargo.toml: unused manifest key: dependencies.pallet-sudo. branch
[INFO] [stderr] warning: /workspace/builds/worker-4-tc2/source/runtime/Cargo.toml: unused manifest key: dependencies.pallet-timestamp. branch
[INFO] [stderr] warning: /workspace/builds/worker-4-tc2/source/runtime/Cargo.toml: unused manifest key: dependencies.pallet-transaction-payment. branch
[INFO] [stderr] warning: /workspace/builds/worker-4-tc2/source/runtime/Cargo.toml: unused manifest key: dependencies.pallet-transaction-payment-rpc-runtime-api. branch
[INFO] [stderr] warning: /workspace/builds/worker-4-tc2/source/runtime/Cargo.toml: unused manifest key: dependencies.sp-api. branch
[INFO] [stderr] warning: /workspace/builds/worker-4-tc2/source/runtime/Cargo.toml: unused manifest key: dependencies.sp-block-builder. branch
[INFO] [stderr] warning: /workspace/builds/worker-4-tc2/source/runtime/Cargo.toml: unused manifest key: dependencies.sp-consensus-aura. branch
[INFO] [stderr] warning: /workspace/builds/worker-4-tc2/source/runtime/Cargo.toml: unused manifest key: dependencies.sp-core. branch
[INFO] [stderr] warning: /workspace/builds/worker-4-tc2/source/runtime/Cargo.toml: unused manifest key: dependencies.sp-inherents. branch
[INFO] [stderr] warning: /workspace/builds/worker-4-tc2/source/runtime/Cargo.toml: unused manifest key: dependencies.sp-offchain. branch
[INFO] [stderr] warning: /workspace/builds/worker-4-tc2/source/runtime/Cargo.toml: unused manifest key: dependencies.sp-runtime. branch
[INFO] [stderr] warning: /workspace/builds/worker-4-tc2/source/runtime/Cargo.toml: unused manifest key: dependencies.sp-session. branch
[INFO] [stderr] warning: /workspace/builds/worker-4-tc2/source/runtime/Cargo.toml: unused manifest key: dependencies.sp-std. branch
[INFO] [stderr] warning: /workspace/builds/worker-4-tc2/source/runtime/Cargo.toml: unused manifest key: dependencies.sp-transaction-pool. branch
[INFO] [stderr] warning: /workspace/builds/worker-4-tc2/source/runtime/Cargo.toml: unused manifest key: dependencies.sp-version. branch
[INFO] [stderr] warning: /workspace/builds/worker-4-tc2/source/runtime/Cargo.toml: unused manifest key: build-dependencies.substrate-wasm-builder. branch
[INFO] [stderr]     Blocking waiting for file lock on package cache
[ERROR] error running command: no output for 300 seconds
[INFO] testing just-worker/substrate-node-template/3411313610c7837ea1dd991b62c98a8c38e48825 against beta-2024-12-08 for beta-1.84.0-4-retry
[INFO] running `Command { std: "git" "clone" "/workspace/cache/git-repos/https%3A%2F%2Fgithub.com%2Fjust-worker%2Fsubstrate-node-template" "/workspace/builds/worker-4-tc2/source", kill_on_drop: false }`
[INFO] [stderr] Cloning into '/workspace/builds/worker-4-tc2/source'...
[INFO] [stderr] done.
[INFO] validating manifest of git repo https://github.com/just-worker/substrate-node-template on toolchain beta-2024-12-08
[INFO] running `Command { std: CARGO_HOME="/workspace/cargo-home" RUSTUP_HOME="/workspace/rustup-home" "/workspace/cargo-home/bin/cargo" "+beta-2024-12-08" "metadata" "--manifest-path" "Cargo.toml" "--no-deps", kill_on_drop: false }`
[INFO] started tweaking git repo https://github.com/just-worker/substrate-node-template
[INFO] finished tweaking git repo https://github.com/just-worker/substrate-node-template
[INFO] tweaked toml for git repo https://github.com/just-worker/substrate-node-template written to /workspace/builds/worker-4-tc2/source/Cargo.toml
[INFO] crate git repo https://github.com/just-worker/substrate-node-template already has a lockfile, it will not be regenerated
[INFO] running `Command { std: CARGO_HOME="/workspace/cargo-home" RUSTUP_HOME="/workspace/rustup-home" "/workspace/cargo-home/bin/cargo" "+beta-2024-12-08" "fetch" "--manifest-path" "Cargo.toml", kill_on_drop: false }`
[INFO] [stderr] warning: virtual workspace defaulting to `resolver = "1"` despite one or more workspace members being on edition 2021 which implies `resolver = "2"`
[INFO] [stderr] note: to keep the current resolver, specify `workspace.resolver = "1"` in the workspace root's manifest
[INFO] [stderr] note: to use the edition 2021 resolver, specify `workspace.resolver = "2"` in the workspace root's manifest
[INFO] [stderr] note: for more details see https://doc.rust-lang.org/cargo/reference/resolver.html#resolver-versions
[INFO] [stderr] warning: /workspace/builds/worker-4-tc2/source/pallets/poe/Cargo.toml: unused manifest key: dependencies.frame-benchmarking. branch
[INFO] [stderr] warning: /workspace/builds/worker-4-tc2/source/pallets/poe/Cargo.toml: unused manifest key: dependencies.frame-support. branch
[INFO] [stderr] warning: /workspace/builds/worker-4-tc2/source/pallets/poe/Cargo.toml: unused manifest key: dependencies.frame-system. branch
[INFO] [stderr] warning: /workspace/builds/worker-4-tc2/source/pallets/poe/Cargo.toml: unused manifest key: dependencies.sp-std. branch
[INFO] [stderr] warning: /workspace/builds/worker-4-tc2/source/pallets/poe/Cargo.toml: unused manifest key: dev-dependencies.sp-core. branch
[INFO] [stderr] warning: /workspace/builds/worker-4-tc2/source/pallets/poe/Cargo.toml: unused manifest key: dev-dependencies.sp-io. branch
[INFO] [stderr] warning: /workspace/builds/worker-4-tc2/source/pallets/poe/Cargo.toml: unused manifest key: dev-dependencies.sp-runtime. branch
[INFO] [stderr] warning: /workspace/builds/worker-4-tc2/source/node/Cargo.toml: unused manifest key: dependencies.frame-benchmarking. branch
[INFO] [stderr] warning: /workspace/builds/worker-4-tc2/source/node/Cargo.toml: unused manifest key: dependencies.frame-benchmarking-cli. branch
[INFO] [stderr] warning: /workspace/builds/worker-4-tc2/source/node/Cargo.toml: unused manifest key: dependencies.frame-system. branch
[INFO] [stderr] warning: /workspace/builds/worker-4-tc2/source/node/Cargo.toml: unused manifest key: dependencies.pallet-transaction-payment. branch
[INFO] [stderr] warning: /workspace/builds/worker-4-tc2/source/node/Cargo.toml: unused manifest key: dependencies.pallet-transaction-payment-rpc. branch
[INFO] [stderr] warning: /workspace/builds/worker-4-tc2/source/node/Cargo.toml: unused manifest key: dependencies.sc-basic-authorship. branch
[INFO] [stderr] warning: /workspace/builds/worker-4-tc2/source/node/Cargo.toml: unused manifest key: dependencies.sc-cli. branch
[INFO] [stderr] warning: /workspace/builds/worker-4-tc2/source/node/Cargo.toml: unused manifest key: dependencies.sc-client-api. branch
[INFO] [stderr] warning: /workspace/builds/worker-4-tc2/source/node/Cargo.toml: unused manifest key: dependencies.sc-consensus. branch
[INFO] [stderr] warning: /workspace/builds/worker-4-tc2/source/node/Cargo.toml: unused manifest key: dependencies.sc-consensus-aura. branch
[INFO] [stderr] warning: /workspace/builds/worker-4-tc2/source/node/Cargo.toml: unused manifest key: dependencies.sc-executor. branch
[INFO] [stderr] warning: /workspace/builds/worker-4-tc2/source/node/Cargo.toml: unused manifest key: dependencies.sc-finality-grandpa. branch
[INFO] [stderr] warning: /workspace/builds/worker-4-tc2/source/node/Cargo.toml: unused manifest key: dependencies.sc-keystore. branch
[INFO] [stderr] warning: /workspace/builds/worker-4-tc2/source/node/Cargo.toml: unused manifest key: dependencies.sc-rpc. branch
[INFO] [stderr] warning: /workspace/builds/worker-4-tc2/source/node/Cargo.toml: unused manifest key: dependencies.sc-rpc-api. branch
[INFO] [stderr] warning: /workspace/builds/worker-4-tc2/source/node/Cargo.toml: unused manifest key: dependencies.sc-service. branch
[INFO] [stderr] warning: /workspace/builds/worker-4-tc2/source/node/Cargo.toml: unused manifest key: dependencies.sc-telemetry. branch
[INFO] [stderr] warning: /workspace/builds/worker-4-tc2/source/node/Cargo.toml: unused manifest key: dependencies.sc-transaction-pool. branch
[INFO] [stderr] warning: /workspace/builds/worker-4-tc2/source/node/Cargo.toml: unused manifest key: dependencies.sc-transaction-pool-api. branch
[INFO] [stderr] warning: /workspace/builds/worker-4-tc2/source/node/Cargo.toml: unused manifest key: dependencies.sp-api. branch
[INFO] [stderr] warning: /workspace/builds/worker-4-tc2/source/node/Cargo.toml: unused manifest key: dependencies.sp-block-builder. branch
[INFO] [stderr] warning: /workspace/builds/worker-4-tc2/source/node/Cargo.toml: unused manifest key: dependencies.sp-blockchain. branch
[INFO] [stderr] warning: /workspace/builds/worker-4-tc2/source/node/Cargo.toml: unused manifest key: dependencies.sp-consensus. branch
[INFO] [stderr] warning: /workspace/builds/worker-4-tc2/source/node/Cargo.toml: unused manifest key: dependencies.sp-consensus-aura. branch
[INFO] [stderr] warning: /workspace/builds/worker-4-tc2/source/node/Cargo.toml: unused manifest key: dependencies.sp-core. branch
[INFO] [stderr] warning: /workspace/builds/worker-4-tc2/source/node/Cargo.toml: unused manifest key: dependencies.sp-finality-grandpa. branch
[INFO] [stderr] warning: /workspace/builds/worker-4-tc2/source/node/Cargo.toml: unused manifest key: dependencies.sp-inherents. branch
[INFO] [stderr] warning: /workspace/builds/worker-4-tc2/source/node/Cargo.toml: unused manifest key: dependencies.sp-keyring. branch
[INFO] [stderr] warning: /workspace/builds/worker-4-tc2/source/node/Cargo.toml: unused manifest key: dependencies.sp-runtime. branch
[INFO] [stderr] warning: /workspace/builds/worker-4-tc2/source/node/Cargo.toml: unused manifest key: dependencies.sp-timestamp. branch
[INFO] [stderr] warning: /workspace/builds/worker-4-tc2/source/node/Cargo.toml: unused manifest key: dependencies.substrate-frame-rpc-system. branch
[INFO] [stderr] warning: /workspace/builds/worker-4-tc2/source/node/Cargo.toml: unused manifest key: dependencies.try-runtime-cli. branch
[INFO] [stderr] warning: /workspace/builds/worker-4-tc2/source/node/Cargo.toml: unused manifest key: build-dependencies.substrate-build-script-utils. branch
[INFO] [stderr] warning: /workspace/builds/worker-4-tc2/source/runtime/Cargo.toml: unused manifest key: dependencies.frame-benchmarking. branch
[INFO] [stderr] warning: /workspace/builds/worker-4-tc2/source/runtime/Cargo.toml: unused manifest key: dependencies.frame-executive. branch
[INFO] [stderr] warning: /workspace/builds/worker-4-tc2/source/runtime/Cargo.toml: unused manifest key: dependencies.frame-support. branch
[INFO] [stderr] warning: /workspace/builds/worker-4-tc2/source/runtime/Cargo.toml: unused manifest key: dependencies.frame-system. branch
[INFO] [stderr] warning: /workspace/builds/worker-4-tc2/source/runtime/Cargo.toml: unused manifest key: dependencies.frame-system-benchmarking. branch
[INFO] [stderr] warning: /workspace/builds/worker-4-tc2/source/runtime/Cargo.toml: unused manifest key: dependencies.frame-system-rpc-runtime-api. branch
[INFO] [stderr] warning: /workspace/builds/worker-4-tc2/source/runtime/Cargo.toml: unused manifest key: dependencies.frame-try-runtime. branch
[INFO] [stderr] warning: /workspace/builds/worker-4-tc2/source/runtime/Cargo.toml: unused manifest key: dependencies.pallet-aura. branch
[INFO] [stderr] warning: /workspace/builds/worker-4-tc2/source/runtime/Cargo.toml: unused manifest key: dependencies.pallet-balances. branch
[INFO] [stderr] warning: /workspace/builds/worker-4-tc2/source/runtime/Cargo.toml: unused manifest key: dependencies.pallet-grandpa. branch
[INFO] [stderr] warning: /workspace/builds/worker-4-tc2/source/runtime/Cargo.toml: unused manifest key: dependencies.pallet-randomness-collective-flip. branch
[INFO] [stderr] warning: /workspace/builds/worker-4-tc2/source/runtime/Cargo.toml: unused manifest key: dependencies.pallet-sudo. branch
[INFO] [stderr] warning: /workspace/builds/worker-4-tc2/source/runtime/Cargo.toml: unused manifest key: dependencies.pallet-timestamp. branch
[INFO] [stderr] warning: /workspace/builds/worker-4-tc2/source/runtime/Cargo.toml: unused manifest key: dependencies.pallet-transaction-payment. branch
[INFO] [stderr] warning: /workspace/builds/worker-4-tc2/source/runtime/Cargo.toml: unused manifest key: dependencies.pallet-transaction-payment-rpc-runtime-api. branch
[INFO] [stderr] warning: /workspace/builds/worker-4-tc2/source/runtime/Cargo.toml: unused manifest key: dependencies.sp-api. branch
[INFO] [stderr] warning: /workspace/builds/worker-4-tc2/source/runtime/Cargo.toml: unused manifest key: dependencies.sp-block-builder. branch
[INFO] [stderr] warning: /workspace/builds/worker-4-tc2/source/runtime/Cargo.toml: unused manifest key: dependencies.sp-consensus-aura. branch
[INFO] [stderr] warning: /workspace/builds/worker-4-tc2/source/runtime/Cargo.toml: unused manifest key: dependencies.sp-core. branch
[INFO] [stderr] warning: /workspace/builds/worker-4-tc2/source/runtime/Cargo.toml: unused manifest key: dependencies.sp-inherents. branch
[INFO] [stderr] warning: /workspace/builds/worker-4-tc2/source/runtime/Cargo.toml: unused manifest key: dependencies.sp-offchain. branch
[INFO] [stderr] warning: /workspace/builds/worker-4-tc2/source/runtime/Cargo.toml: unused manifest key: dependencies.sp-runtime. branch
[INFO] [stderr] warning: /workspace/builds/worker-4-tc2/source/runtime/Cargo.toml: unused manifest key: dependencies.sp-session. branch
[INFO] [stderr] warning: /workspace/builds/worker-4-tc2/source/runtime/Cargo.toml: unused manifest key: dependencies.sp-std. branch
[INFO] [stderr] warning: /workspace/builds/worker-4-tc2/source/runtime/Cargo.toml: unused manifest key: dependencies.sp-transaction-pool. branch
[INFO] [stderr] warning: /workspace/builds/worker-4-tc2/source/runtime/Cargo.toml: unused manifest key: dependencies.sp-version. branch
[INFO] [stderr] warning: /workspace/builds/worker-4-tc2/source/runtime/Cargo.toml: unused manifest key: build-dependencies.substrate-wasm-builder. branch
[INFO] [stderr] warning: /workspace/builds/worker-4-tc2/source/pallets/template/Cargo.toml: unused manifest key: dependencies.frame-benchmarking. branch
[INFO] [stderr] warning: /workspace/builds/worker-4-tc2/source/pallets/template/Cargo.toml: unused manifest key: dependencies.frame-support. branch
[INFO] [stderr] warning: /workspace/builds/worker-4-tc2/source/pallets/template/Cargo.toml: unused manifest key: dependencies.frame-system. branch
[INFO] [stderr] warning: /workspace/builds/worker-4-tc2/source/pallets/template/Cargo.toml: unused manifest key: dev-dependencies.sp-core. branch
[INFO] [stderr] warning: /workspace/builds/worker-4-tc2/source/pallets/template/Cargo.toml: unused manifest key: dev-dependencies.sp-io. branch
[INFO] [stderr] warning: /workspace/builds/worker-4-tc2/source/pallets/template/Cargo.toml: unused manifest key: dev-dependencies.sp-runtime. branch
[INFO] [stderr]     Blocking waiting for file lock on package cache
[INFO] [stderr]     Blocking waiting for file lock on package cache
[ERROR] error running command: no output for 300 seconds
[INFO] testing just-worker/substrate-node-template/3411313610c7837ea1dd991b62c98a8c38e48825 against beta-2024-12-08 for beta-1.84.0-4-retry
[INFO] running `Command { std: "git" "clone" "/workspace/cache/git-repos/https%3A%2F%2Fgithub.com%2Fjust-worker%2Fsubstrate-node-template" "/workspace/builds/worker-4-tc2/source", kill_on_drop: false }`
[INFO] [stderr] Cloning into '/workspace/builds/worker-4-tc2/source'...
[INFO] [stderr] done.
[INFO] validating manifest of git repo https://github.com/just-worker/substrate-node-template on toolchain beta-2024-12-08
[INFO] running `Command { std: CARGO_HOME="/workspace/cargo-home" RUSTUP_HOME="/workspace/rustup-home" "/workspace/cargo-home/bin/cargo" "+beta-2024-12-08" "metadata" "--manifest-path" "Cargo.toml" "--no-deps", kill_on_drop: false }`
[INFO] started tweaking git repo https://github.com/just-worker/substrate-node-template
[INFO] finished tweaking git repo https://github.com/just-worker/substrate-node-template
[INFO] tweaked toml for git repo https://github.com/just-worker/substrate-node-template written to /workspace/builds/worker-4-tc2/source/Cargo.toml
[INFO] crate git repo https://github.com/just-worker/substrate-node-template already has a lockfile, it will not be regenerated
[INFO] running `Command { std: CARGO_HOME="/workspace/cargo-home" RUSTUP_HOME="/workspace/rustup-home" "/workspace/cargo-home/bin/cargo" "+beta-2024-12-08" "fetch" "--manifest-path" "Cargo.toml", kill_on_drop: false }`
[INFO] [stderr] warning: virtual workspace defaulting to `resolver = "1"` despite one or more workspace members being on edition 2021 which implies `resolver = "2"`
[INFO] [stderr] note: to keep the current resolver, specify `workspace.resolver = "1"` in the workspace root's manifest
[INFO] [stderr] note: to use the edition 2021 resolver, specify `workspace.resolver = "2"` in the workspace root's manifest
[INFO] [stderr] note: for more details see https://doc.rust-lang.org/cargo/reference/resolver.html#resolver-versions
[INFO] [stderr] warning: /workspace/builds/worker-4-tc2/source/pallets/poe/Cargo.toml: unused manifest key: dependencies.frame-benchmarking. branch
[INFO] [stderr] warning: /workspace/builds/worker-4-tc2/source/pallets/poe/Cargo.toml: unused manifest key: dependencies.frame-support. branch
[INFO] [stderr] warning: /workspace/builds/worker-4-tc2/source/pallets/poe/Cargo.toml: unused manifest key: dependencies.frame-system. branch
[INFO] [stderr] warning: /workspace/builds/worker-4-tc2/source/pallets/poe/Cargo.toml: unused manifest key: dependencies.sp-std. branch
[INFO] [stderr] warning: /workspace/builds/worker-4-tc2/source/pallets/poe/Cargo.toml: unused manifest key: dev-dependencies.sp-core. branch
[INFO] [stderr] warning: /workspace/builds/worker-4-tc2/source/pallets/poe/Cargo.toml: unused manifest key: dev-dependencies.sp-io. branch
[INFO] [stderr] warning: /workspace/builds/worker-4-tc2/source/pallets/poe/Cargo.toml: unused manifest key: dev-dependencies.sp-runtime. branch
[INFO] [stderr] warning: /workspace/builds/worker-4-tc2/source/runtime/Cargo.toml: unused manifest key: dependencies.frame-benchmarking. branch
[INFO] [stderr] warning: /workspace/builds/worker-4-tc2/source/runtime/Cargo.toml: unused manifest key: dependencies.frame-executive. branch
[INFO] [stderr] warning: /workspace/builds/worker-4-tc2/source/runtime/Cargo.toml: unused manifest key: dependencies.frame-support. branch
[INFO] [stderr] warning: /workspace/builds/worker-4-tc2/source/runtime/Cargo.toml: unused manifest key: dependencies.frame-system. branch
[INFO] [stderr] warning: /workspace/builds/worker-4-tc2/source/runtime/Cargo.toml: unused manifest key: dependencies.frame-system-benchmarking. branch
[INFO] [stderr] warning: /workspace/builds/worker-4-tc2/source/runtime/Cargo.toml: unused manifest key: dependencies.frame-system-rpc-runtime-api. branch
[INFO] [stderr] warning: /workspace/builds/worker-4-tc2/source/runtime/Cargo.toml: unused manifest key: dependencies.frame-try-runtime. branch
[INFO] [stderr] warning: /workspace/builds/worker-4-tc2/source/runtime/Cargo.toml: unused manifest key: dependencies.pallet-aura. branch
[INFO] [stderr] warning: /workspace/builds/worker-4-tc2/source/runtime/Cargo.toml: unused manifest key: dependencies.pallet-balances. branch
[INFO] [stderr] warning: /workspace/builds/worker-4-tc2/source/runtime/Cargo.toml: unused manifest key: dependencies.pallet-grandpa. branch
[INFO] [stderr] warning: /workspace/builds/worker-4-tc2/source/runtime/Cargo.toml: unused manifest key: dependencies.pallet-randomness-collective-flip. branch
[INFO] [stderr] warning: /workspace/builds/worker-4-tc2/source/runtime/Cargo.toml: unused manifest key: dependencies.pallet-sudo. branch
[INFO] [stderr] warning: /workspace/builds/worker-4-tc2/source/runtime/Cargo.toml: unused manifest key: dependencies.pallet-timestamp. branch
[INFO] [stderr] warning: /workspace/builds/worker-4-tc2/source/runtime/Cargo.toml: unused manifest key: dependencies.pallet-transaction-payment. branch
[INFO] [stderr] warning: /workspace/builds/worker-4-tc2/source/runtime/Cargo.toml: unused manifest key: dependencies.pallet-transaction-payment-rpc-runtime-api. branch
[INFO] [stderr] warning: /workspace/builds/worker-4-tc2/source/runtime/Cargo.toml: unused manifest key: dependencies.sp-api. branch
[INFO] [stderr] warning: /workspace/builds/worker-4-tc2/source/runtime/Cargo.toml: unused manifest key: dependencies.sp-block-builder. branch
[INFO] [stderr] warning: /workspace/builds/worker-4-tc2/source/runtime/Cargo.toml: unused manifest key: dependencies.sp-consensus-aura. branch
[INFO] [stderr] warning: /workspace/builds/worker-4-tc2/source/runtime/Cargo.toml: unused manifest key: dependencies.sp-core. branch
[INFO] [stderr] warning: /workspace/builds/worker-4-tc2/source/runtime/Cargo.toml: unused manifest key: dependencies.sp-inherents. branch
[INFO] [stderr] warning: /workspace/builds/worker-4-tc2/source/runtime/Cargo.toml: unused manifest key: dependencies.sp-offchain. branch
[INFO] [stderr] warning: /workspace/builds/worker-4-tc2/source/runtime/Cargo.toml: unused manifest key: dependencies.sp-runtime. branch
[INFO] [stderr] warning: /workspace/builds/worker-4-tc2/source/runtime/Cargo.toml: unused manifest key: dependencies.sp-session. branch
[INFO] [stderr] warning: /workspace/builds/worker-4-tc2/source/runtime/Cargo.toml: unused manifest key: dependencies.sp-std. branch
[INFO] [stderr] warning: /workspace/builds/worker-4-tc2/source/runtime/Cargo.toml: unused manifest key: dependencies.sp-transaction-pool. branch
[INFO] [stderr] warning: /workspace/builds/worker-4-tc2/source/runtime/Cargo.toml: unused manifest key: dependencies.sp-version. branch
[INFO] [stderr] warning: /workspace/builds/worker-4-tc2/source/runtime/Cargo.toml: unused manifest key: build-dependencies.substrate-wasm-builder. branch
[INFO] [stderr] warning: /workspace/builds/worker-4-tc2/source/pallets/template/Cargo.toml: unused manifest key: dependencies.frame-benchmarking. branch
[INFO] [stderr] warning: /workspace/builds/worker-4-tc2/source/pallets/template/Cargo.toml: unused manifest key: dependencies.frame-support. branch
[INFO] [stderr] warning: /workspace/builds/worker-4-tc2/source/pallets/template/Cargo.toml: unused manifest key: dependencies.frame-system. branch
[INFO] [stderr] warning: /workspace/builds/worker-4-tc2/source/pallets/template/Cargo.toml: unused manifest key: dev-dependencies.sp-core. branch
[INFO] [stderr] warning: /workspace/builds/worker-4-tc2/source/pallets/template/Cargo.toml: unused manifest key: dev-dependencies.sp-io. branch
[INFO] [stderr] warning: /workspace/builds/worker-4-tc2/source/pallets/template/Cargo.toml: unused manifest key: dev-dependencies.sp-runtime. branch
[INFO] [stderr] warning: /workspace/builds/worker-4-tc2/source/node/Cargo.toml: unused manifest key: dependencies.frame-benchmarking. branch
[INFO] [stderr] warning: /workspace/builds/worker-4-tc2/source/node/Cargo.toml: unused manifest key: dependencies.frame-benchmarking-cli. branch
[INFO] [stderr] warning: /workspace/builds/worker-4-tc2/source/node/Cargo.toml: unused manifest key: dependencies.frame-system. branch
[INFO] [stderr] warning: /workspace/builds/worker-4-tc2/source/node/Cargo.toml: unused manifest key: dependencies.pallet-transaction-payment. branch
[INFO] [stderr] warning: /workspace/builds/worker-4-tc2/source/node/Cargo.toml: unused manifest key: dependencies.pallet-transaction-payment-rpc. branch
[INFO] [stderr] warning: /workspace/builds/worker-4-tc2/source/node/Cargo.toml: unused manifest key: dependencies.sc-basic-authorship. branch
[INFO] [stderr] warning: /workspace/builds/worker-4-tc2/source/node/Cargo.toml: unused manifest key: dependencies.sc-cli. branch
[INFO] [stderr] warning: /workspace/builds/worker-4-tc2/source/node/Cargo.toml: unused manifest key: dependencies.sc-client-api. branch
[INFO] [stderr] warning: /workspace/builds/worker-4-tc2/source/node/Cargo.toml: unused manifest key: dependencies.sc-consensus. branch
[INFO] [stderr] warning: /workspace/builds/worker-4-tc2/source/node/Cargo.toml: unused manifest key: dependencies.sc-consensus-aura. branch
[INFO] [stderr] warning: /workspace/builds/worker-4-tc2/source/node/Cargo.toml: unused manifest key: dependencies.sc-executor. branch
[INFO] [stderr] warning: /workspace/builds/worker-4-tc2/source/node/Cargo.toml: unused manifest key: dependencies.sc-finality-grandpa. branch
[INFO] [stderr] warning: /workspace/builds/worker-4-tc2/source/node/Cargo.toml: unused manifest key: dependencies.sc-keystore. branch
[INFO] [stderr] warning: /workspace/builds/worker-4-tc2/source/node/Cargo.toml: unused manifest key: dependencies.sc-rpc. branch
[INFO] [stderr] warning: /workspace/builds/worker-4-tc2/source/node/Cargo.toml: unused manifest key: dependencies.sc-rpc-api. branch
[INFO] [stderr] warning: /workspace/builds/worker-4-tc2/source/node/Cargo.toml: unused manifest key: dependencies.sc-service. branch
[INFO] [stderr] warning: /workspace/builds/worker-4-tc2/source/node/Cargo.toml: unused manifest key: dependencies.sc-telemetry. branch
[INFO] [stderr] warning: /workspace/builds/worker-4-tc2/source/node/Cargo.toml: unused manifest key: dependencies.sc-transaction-pool. branch
[INFO] [stderr] warning: /workspace/builds/worker-4-tc2/source/node/Cargo.toml: unused manifest key: dependencies.sc-transaction-pool-api. branch
[INFO] [stderr] warning: /workspace/builds/worker-4-tc2/source/node/Cargo.toml: unused manifest key: dependencies.sp-api. branch
[INFO] [stderr] warning: /workspace/builds/worker-4-tc2/source/node/Cargo.toml: unused manifest key: dependencies.sp-block-builder. branch
[INFO] [stderr] warning: /workspace/builds/worker-4-tc2/source/node/Cargo.toml: unused manifest key: dependencies.sp-blockchain. branch
[INFO] [stderr] warning: /workspace/builds/worker-4-tc2/source/node/Cargo.toml: unused manifest key: dependencies.sp-consensus. branch
[INFO] [stderr] warning: /workspace/builds/worker-4-tc2/source/node/Cargo.toml: unused manifest key: dependencies.sp-consensus-aura. branch
[INFO] [stderr] warning: /workspace/builds/worker-4-tc2/source/node/Cargo.toml: unused manifest key: dependencies.sp-core. branch
[INFO] [stderr] warning: /workspace/builds/worker-4-tc2/source/node/Cargo.toml: unused manifest key: dependencies.sp-finality-grandpa. branch
[INFO] [stderr] warning: /workspace/builds/worker-4-tc2/source/node/Cargo.toml: unused manifest key: dependencies.sp-inherents. branch
[INFO] [stderr] warning: /workspace/builds/worker-4-tc2/source/node/Cargo.toml: unused manifest key: dependencies.sp-keyring. branch
[INFO] [stderr] warning: /workspace/builds/worker-4-tc2/source/node/Cargo.toml: unused manifest key: dependencies.sp-runtime. branch
[INFO] [stderr] warning: /workspace/builds/worker-4-tc2/source/node/Cargo.toml: unused manifest key: dependencies.sp-timestamp. branch
[INFO] [stderr] warning: /workspace/builds/worker-4-tc2/source/node/Cargo.toml: unused manifest key: dependencies.substrate-frame-rpc-system. branch
[INFO] [stderr] warning: /workspace/builds/worker-4-tc2/source/node/Cargo.toml: unused manifest key: dependencies.try-runtime-cli. branch
[INFO] [stderr] warning: /workspace/builds/worker-4-tc2/source/node/Cargo.toml: unused manifest key: build-dependencies.substrate-build-script-utils. branch
[INFO] [stderr]     Blocking waiting for file lock on package cache
[INFO] [stderr]     Blocking waiting for file lock on package cache
[INFO] [stderr]  Downloading crates ...
[INFO] [stderr]   Downloaded parity-db v0.4.2
[INFO] [stderr]   Downloaded wasm-opt-cxx-sys v0.110.2
[INFO] [stderr]   Downloaded wasm-opt v0.110.2
[INFO] [stderr]   Downloaded wasm-opt-sys v0.110.2
[INFO] running `Command { std: "docker" "create" "-v" "/var/lib/crater-agent-workspace/builds/worker-4-tc2/target:/opt/rustwide/target:rw,Z" "-v" "/var/lib/crater-agent-workspace/builds/worker-4-tc2/source:/opt/rustwide/workdir:ro,Z" "-v" "/var/lib/crater-agent-workspace/cargo-home:/opt/rustwide/cargo-home:ro,Z" "-v" "/var/lib/crater-agent-workspace/rustup-home:/opt/rustwide/rustup-home:ro,Z" "-e" "SOURCE_DIR=/opt/rustwide/workdir" "-e" "CARGO_TARGET_DIR=/opt/rustwide/target" "-e" "CARGO_HOME=/opt/rustwide/cargo-home" "-e" "RUSTUP_HOME=/opt/rustwide/rustup-home" "-w" "/opt/rustwide/workdir" "-m" "1610612736" "--user" "0:0" "--network" "none" "ghcr.io/rust-lang/crates-build-env/linux@sha256:f3a9d4ad9d972b27faf3965f35b62e55ba32bbce8f20bc8fe909558a86702fde" "/opt/rustwide/cargo-home/bin/cargo" "+beta-2024-12-08" "metadata" "--no-deps" "--format-version=1", kill_on_drop: false }`
[INFO] [stdout] 72656ff4ce3f66054e5886cea48960e6b97953fc97208427a45f56ce88b6128c
[INFO] running `Command { std: "docker" "start" "-a" "72656ff4ce3f66054e5886cea48960e6b97953fc97208427a45f56ce88b6128c", kill_on_drop: false }`
[INFO] running `Command { std: "docker" "inspect" "72656ff4ce3f66054e5886cea48960e6b97953fc97208427a45f56ce88b6128c", kill_on_drop: false }`
[INFO] running `Command { std: "docker" "rm" "-f" "72656ff4ce3f66054e5886cea48960e6b97953fc97208427a45f56ce88b6128c", kill_on_drop: false }`
[INFO] [stdout] 72656ff4ce3f66054e5886cea48960e6b97953fc97208427a45f56ce88b6128c
[INFO] running `Command { std: "docker" "create" "-v" "/var/lib/crater-agent-workspace/builds/worker-4-tc2/target:/opt/rustwide/target:rw,Z" "-v" "/var/lib/crater-agent-workspace/builds/worker-4-tc2/source:/opt/rustwide/workdir:ro,Z" "-v" "/var/lib/crater-agent-workspace/cargo-home:/opt/rustwide/cargo-home:ro,Z" "-v" "/var/lib/crater-agent-workspace/rustup-home:/opt/rustwide/rustup-home:ro,Z" "-e" "SOURCE_DIR=/opt/rustwide/workdir" "-e" "CARGO_TARGET_DIR=/opt/rustwide/target" "-e" "CARGO_INCREMENTAL=0" "-e" "RUST_BACKTRACE=full" "-e" "RUSTFLAGS=--cap-lints=warn" "-e" "RUSTDOCFLAGS=--cap-lints=warn" "-e" "CARGO_HOME=/opt/rustwide/cargo-home" "-e" "RUSTUP_HOME=/opt/rustwide/rustup-home" "-w" "/opt/rustwide/workdir" "-m" "1610612736" "--user" "0:0" "--network" "none" "ghcr.io/rust-lang/crates-build-env/linux@sha256:f3a9d4ad9d972b27faf3965f35b62e55ba32bbce8f20bc8fe909558a86702fde" "/opt/rustwide/cargo-home/bin/cargo" "+beta-2024-12-08" "build" "--frozen" "--message-format=json", kill_on_drop: false }`
[INFO] [stdout] df843041c174ad61efd02e048b356638af30deaa609c36cbfc743607d7b1bc5c
[INFO] running `Command { std: "docker" "start" "-a" "df843041c174ad61efd02e048b356638af30deaa609c36cbfc743607d7b1bc5c", kill_on_drop: false }`
[INFO] [stderr] warning: virtual workspace defaulting to `resolver = "1"` despite one or more workspace members being on edition 2021 which implies `resolver = "2"`
[INFO] [stderr] note: to keep the current resolver, specify `workspace.resolver = "1"` in the workspace root's manifest
[INFO] [stderr] note: to use the edition 2021 resolver, specify `workspace.resolver = "2"` in the workspace root's manifest
[INFO] [stderr] note: for more details see https://doc.rust-lang.org/cargo/reference/resolver.html#resolver-versions
[INFO] [stderr] warning: /opt/rustwide/workdir/pallets/poe/Cargo.toml: unused manifest key: dependencies.frame-benchmarking. branch
[INFO] [stderr] warning: /opt/rustwide/workdir/pallets/poe/Cargo.toml: unused manifest key: dependencies.frame-support. branch
[INFO] [stderr] warning: /opt/rustwide/workdir/pallets/poe/Cargo.toml: unused manifest key: dependencies.frame-system. branch
[INFO] [stderr] warning: /opt/rustwide/workdir/pallets/poe/Cargo.toml: unused manifest key: dependencies.sp-std. branch
[INFO] [stderr] warning: /opt/rustwide/workdir/pallets/poe/Cargo.toml: unused manifest key: dev-dependencies.sp-core. branch
[INFO] [stderr] warning: /opt/rustwide/workdir/pallets/poe/Cargo.toml: unused manifest key: dev-dependencies.sp-io. branch
[INFO] [stderr] warning: /opt/rustwide/workdir/pallets/poe/Cargo.toml: unused manifest key: dev-dependencies.sp-runtime. branch
[INFO] [stderr] warning: /opt/rustwide/workdir/pallets/template/Cargo.toml: unused manifest key: dependencies.frame-benchmarking. branch
[INFO] [stderr] warning: /opt/rustwide/workdir/pallets/template/Cargo.toml: unused manifest key: dependencies.frame-support. branch
[INFO] [stderr] warning: /opt/rustwide/workdir/pallets/template/Cargo.toml: unused manifest key: dependencies.frame-system. branch
[INFO] [stderr] warning: /opt/rustwide/workdir/pallets/template/Cargo.toml: unused manifest key: dev-dependencies.sp-core. branch
[INFO] [stderr] warning: /opt/rustwide/workdir/pallets/template/Cargo.toml: unused manifest key: dev-dependencies.sp-io. branch
[INFO] [stderr] warning: /opt/rustwide/workdir/pallets/template/Cargo.toml: unused manifest key: dev-dependencies.sp-runtime. branch
[INFO] [stderr] warning: /opt/rustwide/workdir/node/Cargo.toml: unused manifest key: dependencies.frame-benchmarking. branch
[INFO] [stderr] warning: /opt/rustwide/workdir/node/Cargo.toml: unused manifest key: dependencies.frame-benchmarking-cli. branch
[INFO] [stderr] warning: /opt/rustwide/workdir/node/Cargo.toml: unused manifest key: dependencies.frame-system. branch
[INFO] [stderr] warning: /opt/rustwide/workdir/node/Cargo.toml: unused manifest key: dependencies.pallet-transaction-payment. branch
[INFO] [stderr] warning: /opt/rustwide/workdir/node/Cargo.toml: unused manifest key: dependencies.pallet-transaction-payment-rpc. branch
[INFO] [stderr] warning: /opt/rustwide/workdir/node/Cargo.toml: unused manifest key: dependencies.sc-basic-authorship. branch
[INFO] [stderr] warning: /opt/rustwide/workdir/node/Cargo.toml: unused manifest key: dependencies.sc-cli. branch
[INFO] [stderr] warning: /opt/rustwide/workdir/node/Cargo.toml: unused manifest key: dependencies.sc-client-api. branch
[INFO] [stderr] warning: /opt/rustwide/workdir/node/Cargo.toml: unused manifest key: dependencies.sc-consensus. branch
[INFO] [stderr] warning: /opt/rustwide/workdir/node/Cargo.toml: unused manifest key: dependencies.sc-consensus-aura. branch
[INFO] [stderr] warning: /opt/rustwide/workdir/node/Cargo.toml: unused manifest key: dependencies.sc-executor. branch
[INFO] [stderr] warning: /opt/rustwide/workdir/node/Cargo.toml: unused manifest key: dependencies.sc-finality-grandpa. branch
[INFO] [stderr] warning: /opt/rustwide/workdir/node/Cargo.toml: unused manifest key: dependencies.sc-keystore. branch
[INFO] [stderr] warning: /opt/rustwide/workdir/node/Cargo.toml: unused manifest key: dependencies.sc-rpc. branch
[INFO] [stderr] warning: /opt/rustwide/workdir/node/Cargo.toml: unused manifest key: dependencies.sc-rpc-api. branch
[INFO] [stderr] warning: /opt/rustwide/workdir/node/Cargo.toml: unused manifest key: dependencies.sc-service. branch
[INFO] [stderr] warning: /opt/rustwide/workdir/node/Cargo.toml: unused manifest key: dependencies.sc-telemetry. branch
[INFO] [stderr] warning: /opt/rustwide/workdir/node/Cargo.toml: unused manifest key: dependencies.sc-transaction-pool. branch
[INFO] [stderr] warning: /opt/rustwide/workdir/node/Cargo.toml: unused manifest key: dependencies.sc-transaction-pool-api. branch
[INFO] [stderr] warning: /opt/rustwide/workdir/node/Cargo.toml: unused manifest key: dependencies.sp-api. branch
[INFO] [stderr] warning: /opt/rustwide/workdir/node/Cargo.toml: unused manifest key: dependencies.sp-block-builder. branch
[INFO] [stderr] warning: /opt/rustwide/workdir/node/Cargo.toml: unused manifest key: dependencies.sp-blockchain. branch
[INFO] [stderr] warning: /opt/rustwide/workdir/node/Cargo.toml: unused manifest key: dependencies.sp-consensus. branch
[INFO] [stderr] warning: /opt/rustwide/workdir/node/Cargo.toml: unused manifest key: dependencies.sp-consensus-aura. branch
[INFO] [stderr] warning: /opt/rustwide/workdir/node/Cargo.toml: unused manifest key: dependencies.sp-core. branch
[INFO] [stderr] warning: /opt/rustwide/workdir/node/Cargo.toml: unused manifest key: dependencies.sp-finality-grandpa. branch
[INFO] [stderr] warning: /opt/rustwide/workdir/node/Cargo.toml: unused manifest key: dependencies.sp-inherents. branch
[INFO] [stderr] warning: /opt/rustwide/workdir/node/Cargo.toml: unused manifest key: dependencies.sp-keyring. branch
[INFO] [stderr] warning: /opt/rustwide/workdir/node/Cargo.toml: unused manifest key: dependencies.sp-runtime. branch
[INFO] [stderr] warning: /opt/rustwide/workdir/node/Cargo.toml: unused manifest key: dependencies.sp-timestamp. branch
[INFO] [stderr] warning: /opt/rustwide/workdir/node/Cargo.toml: unused manifest key: dependencies.substrate-frame-rpc-system. branch
[INFO] [stderr] warning: /opt/rustwide/workdir/node/Cargo.toml: unused manifest key: dependencies.try-runtime-cli. branch
[INFO] [stderr] warning: /opt/rustwide/workdir/node/Cargo.toml: unused manifest key: build-dependencies.substrate-build-script-utils. branch
[INFO] [stderr] warning: /opt/rustwide/workdir/runtime/Cargo.toml: unused manifest key: dependencies.frame-benchmarking. branch
[INFO] [stderr] warning: /opt/rustwide/workdir/runtime/Cargo.toml: unused manifest key: dependencies.frame-executive. branch
[INFO] [stderr] warning: /opt/rustwide/workdir/runtime/Cargo.toml: unused manifest key: dependencies.frame-support. branch
[INFO] [stderr] warning: /opt/rustwide/workdir/runtime/Cargo.toml: unused manifest key: dependencies.frame-system. branch
[INFO] [stderr] warning: /opt/rustwide/workdir/runtime/Cargo.toml: unused manifest key: dependencies.frame-system-benchmarking. branch
[INFO] [stderr] warning: /opt/rustwide/workdir/runtime/Cargo.toml: unused manifest key: dependencies.frame-system-rpc-runtime-api. branch
[INFO] [stderr] warning: /opt/rustwide/workdir/runtime/Cargo.toml: unused manifest key: dependencies.frame-try-runtime. branch
[INFO] [stderr] warning: /opt/rustwide/workdir/runtime/Cargo.toml: unused manifest key: dependencies.pallet-aura. branch
[INFO] [stderr] warning: /opt/rustwide/workdir/runtime/Cargo.toml: unused manifest key: dependencies.pallet-balances. branch
[INFO] [stderr] warning: /opt/rustwide/workdir/runtime/Cargo.toml: unused manifest key: dependencies.pallet-grandpa. branch
[INFO] [stderr] warning: /opt/rustwide/workdir/runtime/Cargo.toml: unused manifest key: dependencies.pallet-randomness-collective-flip. branch
[INFO] [stderr] warning: /opt/rustwide/workdir/runtime/Cargo.toml: unused manifest key: dependencies.pallet-sudo. branch
[INFO] [stderr] warning: /opt/rustwide/workdir/runtime/Cargo.toml: unused manifest key: dependencies.pallet-timestamp. branch
[INFO] [stderr] warning: /opt/rustwide/workdir/runtime/Cargo.toml: unused manifest key: dependencies.pallet-transaction-payment. branch
[INFO] [stderr] warning: /opt/rustwide/workdir/runtime/Cargo.toml: unused manifest key: dependencies.pallet-transaction-payment-rpc-runtime-api. branch
[INFO] [stderr] warning: /opt/rustwide/workdir/runtime/Cargo.toml: unused manifest key: dependencies.sp-api. branch
[INFO] [stderr] warning: /opt/rustwide/workdir/runtime/Cargo.toml: unused manifest key: dependencies.sp-block-builder. branch
[INFO] [stderr] warning: /opt/rustwide/workdir/runtime/Cargo.toml: unused manifest key: dependencies.sp-consensus-aura. branch
[INFO] [stderr] warning: /opt/rustwide/workdir/runtime/Cargo.toml: unused manifest key: dependencies.sp-core. branch
[INFO] [stderr] warning: /opt/rustwide/workdir/runtime/Cargo.toml: unused manifest key: dependencies.sp-inherents. branch
[INFO] [stderr] warning: /opt/rustwide/workdir/runtime/Cargo.toml: unused manifest key: dependencies.sp-offchain. branch
[INFO] [stderr] warning: /opt/rustwide/workdir/runtime/Cargo.toml: unused manifest key: dependencies.sp-runtime. branch
[INFO] [stderr] warning: /opt/rustwide/workdir/runtime/Cargo.toml: unused manifest key: dependencies.sp-session. branch
[INFO] [stderr] warning: /opt/rustwide/workdir/runtime/Cargo.toml: unused manifest key: dependencies.sp-std. branch
[INFO] [stderr] warning: /opt/rustwide/workdir/runtime/Cargo.toml: unused manifest key: dependencies.sp-transaction-pool. branch
[INFO] [stderr] warning: /opt/rustwide/workdir/runtime/Cargo.toml: unused manifest key: dependencies.sp-version. branch
[INFO] [stderr] warning: /opt/rustwide/workdir/runtime/Cargo.toml: unused manifest key: build-dependencies.substrate-wasm-builder. branch
[INFO] [stderr]    Compiling libc v0.2.138
[INFO] [stderr]    Compiling proc-macro2 v1.0.49
[INFO] [stderr]    Compiling quote v1.0.23
[INFO] [stderr]    Compiling unicode-ident v1.0.6
[INFO] [stderr]    Compiling syn v1.0.107
[INFO] [stderr]    Compiling cfg-if v1.0.0
[INFO] [stderr]    Compiling autocfg v1.1.0
[INFO] [stderr]    Compiling once_cell v1.16.0
[INFO] [stderr]    Compiling version_check v0.9.4
[INFO] [stderr]    Compiling memchr v2.5.0
[INFO] [stderr]    Compiling serde_derive v1.0.151
[INFO] [stderr]    Compiling serde v1.0.151
[INFO] [stderr]    Compiling log v0.4.17
[INFO] [stderr]    Compiling typenum v1.16.0
[INFO] [stderr]    Compiling thiserror v1.0.38
[INFO] [stderr]    Compiling bytes v1.3.0
[INFO] [stderr]    Compiling regex-syntax v0.6.28
[INFO] [stderr]    Compiling subtle v2.4.1
[INFO] [stderr]    Compiling pin-project-lite v0.2.9
[INFO] [stderr]    Compiling anyhow v1.0.68
[INFO] [stderr]    Compiling smallvec v1.10.0
[INFO] [stderr]    Compiling futures-core v0.3.25
[INFO] [stderr]    Compiling lazy_static v1.4.0
[INFO] [stderr]    Compiling futures-io v0.3.25
[INFO] [stderr]    Compiling scopeguard v1.1.0
[INFO] [stderr]    Compiling indexmap v1.9.2
[INFO] [stderr]    Compiling generic-array v0.14.6
[INFO] [stderr]    Compiling ahash v0.7.6
[INFO] [stderr]    Compiling slab v0.4.7
[INFO] [stderr]    Compiling futures-sink v0.3.25
[INFO] [stderr]    Compiling futures-task v0.3.25
[INFO] [stderr]    Compiling futures-channel v0.3.25
[INFO] [stderr]    Compiling lock_api v0.4.9
[INFO] [stderr]    Compiling futures-util v0.3.25
[INFO] [stderr]    Compiling unicode-xid v0.2.4
[INFO] [stderr]    Compiling ppv-lite86 v0.2.17
[INFO] [stderr]    Compiling byteorder v1.4.3
[INFO] [stderr]    Compiling pin-utils v0.1.0
[INFO] [stderr]    Compiling arrayvec v0.7.2
[INFO] [stderr]    Compiling cpufeatures v0.2.5
[INFO] [stderr]    Compiling either v1.8.0
[INFO] [stderr]    Compiling parking_lot_core v0.9.5
[INFO] [stderr]    Compiling opaque-debug v0.3.0
[INFO] [stderr]    Compiling itoa v1.0.5
[INFO] [stderr]    Compiling itertools v0.10.5
[INFO] [stderr]    Compiling bitflags v1.3.2
[INFO] [stderr]    Compiling getrandom v0.1.16
[INFO] [stderr]    Compiling aho-corasick v0.7.20
[INFO] [stderr]    Compiling static_assertions v1.1.0
[INFO] [stderr]    Compiling libm v0.2.6
[INFO] [stderr]    Compiling num-traits v0.2.15
[INFO] [stderr]    Compiling tracing-core v0.1.30
[INFO] [stderr]    Compiling tinyvec_macros v0.1.0
[INFO] [stderr]    Compiling arrayref v0.3.6
[INFO] [stderr]    Compiling keccak v0.1.3
[INFO] [stderr]    Compiling tinyvec v1.6.0
[INFO] [stderr]    Compiling crossbeam-utils v0.8.14
[INFO] [stderr]    Compiling instant v0.1.12
[INFO] [stderr]    Compiling paste v1.0.11
[INFO] [stderr]    Compiling crc32fast v1.3.2
[INFO] [stderr]    Compiling serde_json v1.0.91
[INFO] [stderr]    Compiling ryu v1.0.12
[INFO] [stderr]    Compiling jobserver v0.1.25
[INFO] [stderr]    Compiling getrandom v0.2.8
[INFO] [stderr]    Compiling num_cpus v1.14.0
[INFO] [stderr]    Compiling cc v1.0.78
[INFO] [stderr]    Compiling regex v1.7.0
[INFO] [stderr]    Compiling parking_lot v0.12.1
[INFO] [stderr]    Compiling rand_core v0.6.4
[INFO] [stderr]    Compiling rand_core v0.5.1
[INFO] [stderr]    Compiling unicode-normalization v0.1.22
[INFO] [stderr]    Compiling hashbrown v0.12.3
[INFO] [stderr]    Compiling rand_chacha v0.3.1
[INFO] [stderr]    Compiling rand_chacha v0.2.2
[INFO] [stderr]    Compiling termcolor v1.1.3
[INFO] [stderr]    Compiling rand v0.8.5
[INFO] [stderr]    Compiling bumpalo v3.11.1
[INFO] [stderr]    Compiling rand v0.7.3
[INFO] [stderr]    Compiling base64 v0.13.1
[INFO] [stderr]    Compiling crunchy v0.2.2
[INFO] [stderr]    Compiling digest v0.9.0
[INFO] [stderr]    Compiling crypto-common v0.1.6
[INFO] [stderr]    Compiling block-buffer v0.10.3
[INFO] [stderr]    Compiling block-buffer v0.9.0
[INFO] [stderr]    Compiling num-integer v0.1.45
[INFO] [stderr]    Compiling sha2 v0.9.9
[INFO] [stderr]    Compiling byte-slice-cast v1.2.2
[INFO] [stderr]    Compiling stable_deref_trait v1.2.0
[INFO] [stderr]    Compiling fallible-iterator v0.2.0
[INFO] [stderr]    Compiling digest v0.10.6
[INFO] [stderr]    Compiling zstd-sys v2.0.4+zstd.1.5.2
[INFO] [stderr]    Compiling target-lexicon v0.12.5
[INFO] [stderr]    Compiling cranelift-isle v0.88.2
[INFO] [stderr]    Compiling rustc-hash v1.1.0
[INFO] [stderr]    Compiling cranelift-codegen-shared v0.88.2
[INFO] [stderr]    Compiling zstd-safe v5.0.2+zstd.1.5.2
[INFO] [stderr]    Compiling io-lifetimes v1.0.3
[INFO] [stderr]    Compiling cranelift-codegen-meta v0.88.2
[INFO] [stderr]    Compiling num-bigint v0.4.3
[INFO] [stderr]    Compiling io-lifetimes v0.7.5
[INFO] [stderr]    Compiling sha2 v0.10.6
[INFO] [stderr]    Compiling sha3 v0.10.6
[INFO] [stderr]    Compiling signature v1.6.4
[INFO] [stderr]    Compiling rustix v0.36.5
[INFO] [stderr]    Compiling blake2 v0.10.6
[INFO] [stderr]    Compiling fxhash v0.2.1
[INFO] [stderr]    Compiling num-rational v0.4.1
[INFO] [stderr]    Compiling memoffset v0.7.1
[INFO] [stderr]    Compiling parking_lot_core v0.8.6
[INFO] [stderr]    Compiling linux-raw-sys v0.1.4
[INFO] [stderr]    Compiling rustix v0.35.13
[INFO] [stderr]    Compiling hex v0.4.3
[INFO] [stderr]    Compiling slice-group-by v0.3.0
[INFO] [stderr]    Compiling errno v0.2.8
[INFO] [stderr]    Compiling crossbeam-epoch v0.9.13
[INFO] [stderr]    Compiling linux-raw-sys v0.0.46
[INFO] [stderr]    Compiling sp-std v5.0.0 (https://github.com/paritytech/substrate.git#8a3b2f2e)
[INFO] [stderr]    Compiling ed25519 v1.5.2
[INFO] [stderr]    Compiling memoffset v0.6.5
[INFO] [stderr]    Compiling uint v0.9.5
[INFO] [stderr]    Compiling wasmtime-runtime v1.0.2
[INFO] [stderr]    Compiling Inflector v0.11.4
[INFO] [stderr]    Compiling regalloc2 v0.3.2
[INFO] [stderr]    Compiling generic-array v0.12.4
[INFO] [stderr]    Compiling atty v0.2.14
[INFO] [stderr]    Compiling humantime v2.1.0
[INFO] [stderr]    Compiling parking_lot v0.11.2
[INFO] [stderr]    Compiling synstructure v0.12.6
[INFO] [stderr]    Compiling ansi_term v0.12.1
[INFO] [stderr]    Compiling cpp_demangle v0.3.5
[INFO] [stderr]    Compiling rustc-demangle v0.1.21
[INFO] [stderr]    Compiling rayon-core v1.10.1
[INFO] [stderr]    Compiling crossbeam-deque v0.8.2
[INFO] [stderr]    Compiling env_logger v0.9.3
[INFO] [stderr]    Compiling libsecp256k1-core v0.3.0
[INFO] [stderr]    Compiling psm v0.1.21
[INFO] [stderr]    Compiling crossbeam-channel v0.5.6
[INFO] [stderr]    Compiling dirs-sys-next v0.1.2
[INFO] [stderr]    Compiling time v0.1.45
[INFO] [stderr]    Compiling wasmtime-asm-macros v1.0.2
[INFO] [stderr]    Compiling wasmtime-cache v1.0.2
[INFO] [stderr]    Compiling iana-time-zone v0.1.53
[INFO] [stderr]    Compiling ref-cast v1.0.14
[INFO] [stderr]    Compiling parity-wasm v0.45.0
[INFO] [stderr]    Compiling byte-tools v0.3.1
[INFO] [stderr]    Compiling block-padding v0.1.5
[INFO] [stderr]    Compiling chrono v0.4.23
[INFO] [stderr]    Compiling file-per-thread-logger v0.1.5
[INFO] [stderr]    Compiling directories-next v2.0.0
[INFO] [stderr]    Compiling memfd v0.6.2
[INFO] [stderr]    Compiling digest v0.8.1
[INFO] [stderr]    Compiling hmac v0.12.1
[INFO] [stderr]    Compiling regex-automata v0.1.10
[INFO] [stderr]    Compiling rustc-hex v2.1.0
[INFO] [stderr]    Compiling memory_units v0.4.0
[INFO] [stderr]    Compiling downcast-rs v1.2.0
[INFO] [stderr]    Compiling wasmtime v1.0.2
[INFO] [stderr]    Compiling libsecp256k1-gen-ecmult v0.3.0
[INFO] [stderr]    Compiling wasmi_core v0.2.1
[INFO] [stderr]    Compiling libsecp256k1-gen-genmult v0.3.0
[INFO] [stderr]    Compiling rayon v1.6.1
[INFO] [stderr]    Compiling block-buffer v0.7.3
[INFO] [stderr]    Compiling secp256k1-sys v0.6.1
[INFO] [stderr]    Compiling crypto-mac v0.11.1
[INFO] [stderr]    Compiling crypto-mac v0.8.0
[INFO] [stderr]    Compiling tracing-log v0.1.3
[INFO] [stderr]    Compiling sharded-slab v0.1.4
[INFO] [stderr]    Compiling thread_local v1.1.4
[INFO] [stderr]    Compiling opaque-debug v0.2.3
[INFO] [stderr]    Compiling hash-db v0.15.2
[INFO] [stderr]    Compiling wasmi-validation v0.5.0
[INFO] [stderr]    Compiling fake-simd v0.1.2
[INFO] [stderr]    Compiling async-trait v0.1.60
[INFO] [stderr]    Compiling libsecp256k1 v0.7.1
[INFO] [stderr]    Compiling sha2 v0.8.2
[INFO] [stderr]    Compiling matchers v0.0.1
[INFO] [stderr]    Compiling thiserror-impl v1.0.38
[INFO] [stderr]    Compiling futures-macro v0.3.25
[INFO] [stderr]    Compiling zeroize_derive v1.3.3
[INFO] [stderr]    Compiling tracing-attributes v0.1.23
[INFO] [stderr]    Compiling impl-trait-for-tuples v0.2.2
[INFO] [stderr]    Compiling cranelift-codegen v0.88.2
[INFO] [stderr]    Compiling derive_more v0.99.17
[INFO] [stderr]    Compiling ref-cast-impl v1.0.14
[INFO] [stderr]    Compiling sp-debug-derive v5.0.0 (https://github.com/paritytech/substrate.git#8a3b2f2e)
[INFO] [stderr]    Compiling wasmi v0.13.2
[INFO] [stderr]    Compiling hmac v0.8.1
[INFO] [stderr]    Compiling fixed-hash v0.8.0
[INFO] [stderr]    Compiling twox-hash v1.6.3
[INFO] [stderr]    Compiling arrayvec v0.5.2
[INFO] [stderr]    Compiling environmental v1.1.4
[INFO] [stderr]    Compiling zeroize v1.5.7
[INFO] [stderr]    Compiling hmac-drbg v0.3.0
[INFO] [stderr]    Compiling curve25519-dalek v3.2.0
[INFO] [stderr]    Compiling merlin v2.0.1
[INFO] [stderr]    Compiling curve25519-dalek v2.1.3
[INFO] [stderr]    Compiling sp-core-hashing v5.0.0 (https://github.com/paritytech/substrate.git#8a3b2f2e)
[INFO] [stderr]    Compiling dyn-clonable-impl v0.9.0
[INFO] [stderr]    Compiling pbkdf2 v0.8.0
[INFO] [stderr]    Compiling schnorrkel v0.9.1
[INFO] [stderr]    Compiling hmac v0.11.0
[INFO] [stderr]    Compiling pbkdf2 v0.11.0
[INFO] [stderr]    Compiling num-format v0.4.4
[INFO] [stderr]    Compiling dyn-clone v1.0.10
[INFO] [stderr]    Compiling ed25519-zebra v3.1.0
[INFO] [stderr]    Compiling dyn-clonable v0.9.0
[INFO] [stderr]    Compiling secrecy v0.8.0
[INFO] [stderr]    Compiling hash256-std-hasher v0.15.2
[INFO] [stderr]    Compiling base58 v0.2.0
[INFO] [stderr]    Compiling array-bytes v4.2.0
[INFO] [stderr]    Compiling nohash-hasher v0.2.0
[INFO] [stderr]    Compiling lru v0.8.1
[INFO] [stderr]    Compiling backtrace v0.3.67
[INFO] [stderr]    Compiling heck v0.4.0
[INFO] [stderr]    Compiling substrate-bip39 v0.4.4
[INFO] [stderr]    Compiling gimli v0.27.0
[INFO] [stderr]    Compiling adler v1.0.2
[INFO] [stderr]    Compiling object v0.30.0
[INFO] [stderr]    Compiling tracing v0.1.37
[INFO] [stderr]    Compiling tiny-bip39 v1.0.0
[INFO] [stderr]    Compiling memory-db v0.31.0
[INFO] [stderr]    Compiling trie-root v0.17.0
[INFO] [stderr]    Compiling trie-db v0.24.0
[INFO] [stderr]    Compiling miniz_oxide v0.6.2
[INFO] [stderr]    Compiling fastrand v1.8.0
[INFO] [stderr]    Compiling integer-sqrt v0.1.5
[INFO] [stderr]    Compiling fnv v1.0.7
[INFO] [stderr]    Compiling remove_dir_all v0.5.3
[INFO] [stderr]    Compiling sp-core-hashing-proc-macro v5.0.0 (https://github.com/paritytech/substrate.git#8a3b2f2e)
[INFO] [stderr]    Compiling prost-derive v0.11.2
[INFO] [stderr]    Compiling prettyplease v0.1.22
[INFO] [stderr]    Compiling socket2 v0.4.7
[INFO] [stderr]    Compiling tempfile v3.3.0
[INFO] [stderr]    Compiling futures-timer v3.0.2
[INFO] [stderr]    Compiling fixedbitset v0.4.2
[INFO] [stderr]    Compiling which v4.3.0
[INFO] [stderr]    Compiling multimap v0.8.3
[INFO] [stderr]    Compiling tokio v1.23.0
[INFO] [stderr]    Compiling tokio-macros v1.8.2
[INFO] [stderr]    Compiling signal-hook-registry v1.4.0
[INFO] [stderr]    Compiling mio v0.8.5
[INFO] [stderr]    Compiling proc-macro-error-attr v1.0.4
[INFO] [stderr]    Compiling proc-macro-error v1.0.4
[INFO] [stderr]    Compiling data-encoding v2.3.3
[INFO] [stderr]    Compiling unicode-bidi v0.3.8
[INFO] [stderr]    Compiling http v0.2.8
[INFO] [stderr]    Compiling blake3 v1.3.3
[INFO] [stderr]    Compiling percent-encoding v2.2.0
[INFO] [stderr]    Compiling constant_time_eq v0.1.5
[INFO] [stderr]    Compiling form_urlencoded v1.1.0
[INFO] [stderr]    Compiling pin-project-internal v1.0.12
[INFO] [stderr]    Compiling httparse v1.8.0
[INFO] [stderr]    Compiling idna v0.3.0
[INFO] [stderr]    Compiling constant_time_eq v0.2.4
[INFO] [stderr]    Compiling futures-executor v0.3.25
[INFO] [stderr]    Compiling asynchronous-codec v0.6.1
[INFO] [stderr]    Compiling futures v0.3.25
[INFO] [stderr]    Compiling unsigned-varint v0.7.1
[INFO] [stderr]    Compiling blake2s_simd v1.0.0
[INFO] [stderr]    Compiling url v2.3.1
[INFO] [stderr]    Compiling blake2b_simd v1.0.0
[INFO] [stderr]    Compiling core2 v0.4.0
[INFO] [stderr]    Compiling addr2line v0.19.0
[INFO] [stderr]    Compiling prost v0.11.3
[INFO] [stderr]    Compiling bs58 v0.4.0
[INFO] [stderr]    Compiling ring v0.16.20
[INFO] [stderr]    Compiling prost-types v0.11.2
[INFO] [stderr]    Compiling void v1.0.2
[INFO] [stderr]    Compiling asn1_der v0.7.5
[INFO] [stderr]    Compiling event-listener v2.5.3
[INFO] [stderr]    Compiling parking v2.0.0
[INFO] [stderr]    Compiling waker-fn v1.1.0
[INFO] [stderr]    Compiling pkg-config v0.3.26
[INFO] [stderr]    Compiling tower-service v0.3.2
[INFO] [stderr]    Compiling semver v1.0.16
[INFO] [stderr]    Compiling futures-lite v1.12.0
[INFO] [stderr]    Compiling http-body v0.4.5
[INFO] [stderr]    Compiling concurrent-queue v2.0.0
[INFO] [stderr]    Compiling untrusted v0.7.1
[INFO] [stderr]    Compiling try-lock v0.2.3
[INFO] [stderr]    Compiling spin v0.5.2
[INFO] [stderr]    Compiling polling v2.5.2
[INFO] [stderr]    Compiling want v0.3.0
[INFO] [stderr]    Compiling httpdate v1.0.2
[INFO] [stderr]    Compiling async-io v1.12.0
[INFO] [stderr]    Compiling wasm-bindgen-shared v0.2.83
[INFO] [stderr]    Compiling sha-1 v0.9.8
[INFO] [stderr]    Compiling sp-panic-handler v5.0.0 (https://github.com/paritytech/substrate.git#8a3b2f2e)
[INFO] [stderr]    Compiling prometheus v0.13.3
[INFO] [stderr]    Compiling netlink-packet-utils v0.5.1
[INFO] [stderr]    Compiling universal-hash v0.4.1
[INFO] [stderr]    Compiling cipher v0.3.0
[INFO] [stderr]    Compiling libz-sys v1.1.8
[INFO] [stderr]    Compiling kvdb v0.13.0
[INFO] [stderr]    Compiling platforms v3.0.2
[INFO] [stderr]    Compiling async-task v4.3.0
[INFO] [stderr]    Compiling pin-project v1.0.12
[INFO] [stderr]    Compiling wasm-bindgen-backend v0.2.83
[INFO] [stderr]    Compiling rw-stream-sink v0.3.0
[INFO] [stderr]    Compiling multistream-select v0.12.1
[INFO] [stderr]    Compiling netlink-packet-core v0.4.2
[INFO] [stderr]    Compiling async-channel v1.8.0
[INFO] [stderr]    Compiling linked-hash-map v0.5.6
[INFO] [stderr]    Compiling atomic-waker v1.0.0
[INFO] [stderr]    Compiling ipnet v2.7.0
[INFO] [stderr]    Compiling flate2 v1.0.25
[INFO] [stderr]    Compiling rustls v0.20.7
[INFO] [stderr]    Compiling wasm-instrument v0.3.0
[INFO] [stderr]    Compiling quick-error v1.2.3
[INFO] [stderr]    Compiling wasm-bindgen v0.2.83
[INFO] [stderr] error: failed to write `/opt/rustwide/target/debug/.fingerprint/wasm-bindgen-744c2d7290d34cb7/invoked.timestamp`
[INFO] [stderr] 
[INFO] [stderr] Caused by:
[INFO] [stderr]   No space left on device (os error 28)
[INFO] [stderr] warning: build failed, waiting for other jobs to finish...
[INFO] [stderr] rustc-LLVM ERROR: IO failure on output stream: No space left on device
[INFO] [stderr] error: failed to run custom build command for `ring v0.16.20`
[INFO] [stderr] note: To improve backtraces for build dependencies, set the CARGO_PROFILE_DEV_BUILD_OVERRIDE_DEBUG=true environment variable to enable debug information generation.
[INFO] [stderr] 
[INFO] [stderr] Caused by:
[INFO] [stderr]   process didn't exit successfully: `/opt/rustwide/target/debug/build/ring-6a1111c9b8927a35/build-script-build` (exit status: 101)
[INFO] [stderr]   --- stdout
[INFO] [stderr]   OPT_LEVEL = Some("0")
[INFO] [stderr]   TARGET = Some("x86_64-unknown-linux-gnu")
[INFO] [stderr]   HOST = Some("x86_64-unknown-linux-gnu")
[INFO] [stderr]   cargo:rerun-if-env-changed=CC_x86_64-unknown-linux-gnu
[INFO] [stderr]   CC_x86_64-unknown-linux-gnu = None
[INFO] [stderr]   cargo:rerun-if-env-changed=CC_x86_64_unknown_linux_gnu
[INFO] [stderr]   CC_x86_64_unknown_linux_gnu = None
[INFO] [stderr]   cargo:rerun-if-env-changed=HOST_CC
[INFO] [stderr]   HOST_CC = None
[INFO] [stderr]   cargo:rerun-if-env-changed=CC
[INFO] [stderr]   CC = None
[INFO] [stderr]   cargo:rerun-if-env-changed=CFLAGS_x86_64-unknown-linux-gnu
[INFO] [stderr]   CFLAGS_x86_64-unknown-linux-gnu = None
[INFO] [stderr]   cargo:rerun-if-env-changed=CFLAGS_x86_64_unknown_linux_gnu
[INFO] [stderr]   CFLAGS_x86_64_unknown_linux_gnu = None
[INFO] [stderr]   cargo:rerun-if-env-changed=HOST_CFLAGS
[INFO] [stderr]   HOST_CFLAGS = None
[INFO] [stderr]   cargo:rerun-if-env-changed=CFLAGS
[INFO] [stderr]   CFLAGS = None
[INFO] [stderr]   cargo:rerun-if-env-changed=CRATE_CC_NO_DEFAULTS
[INFO] [stderr]   CRATE_CC_NO_DEFAULTS = None
[INFO] [stderr]   DEBUG = Some("true")
[INFO] [stderr]   CARGO_CFG_TARGET_FEATURE = Some("fxsr,sse,sse2")
[INFO] [stderr]   OPT_LEVEL = Some("0")
[INFO] [stderr]   TARGET = Some("x86_64-unknown-linux-gnu")
[INFO] [stderr]   HOST = Some("x86_64-unknown-linux-gnu")
[INFO] [stderr]   cargo:rerun-if-env-changed=CC_x86_64-unknown-linux-gnu
[INFO] [stderr]   CC_x86_64-unknown-linux-gnu = None
[INFO] [stderr]   cargo:rerun-if-env-changed=CC_x86_64_unknown_linux_gnu
[INFO] [stderr]   CC_x86_64_unknown_linux_gnu = None
[INFO] [stderr]   cargo:rerun-if-env-changed=HOST_CC
[INFO] [stderr]   HOST_CC = None
[INFO] [stderr]   cargo:rerun-if-env-changed=CC
[INFO] [stderr]   CC = None
[INFO] [stderr]   cargo:rerun-if-env-changed=CFLAGS_x86_64-unknown-linux-gnu
[INFO] [stderr]   CFLAGS_x86_64-unknown-linux-gnu = None
[INFO] [stderr]   cargo:rerun-if-env-changed=CFLAGS_x86_64_unknown_linux_gnu
[INFO] [stderr]   CFLAGS_x86_64_unknown_linux_gnu = None
[INFO] [stderr]   cargo:rerun-if-env-changed=HOST_CFLAGS
[INFO] [stderr]   HOST_CFLAGS = None
[INFO] [stderr]   cargo:rerun-if-env-changed=CFLAGS
[INFO] [stderr]   CFLAGS = None
[INFO] [stderr]   cargo:rerun-if-env-changed=CRATE_CC_NO_DEFAULTS
[INFO] [stderr]   CRATE_CC_NO_DEFAULTS = None
[INFO] [stderr]   DEBUG = Some("true")
[INFO] [stderr]   CARGO_CFG_TARGET_FEATURE = Some("fxsr,sse,sse2")
[INFO] [stderr]   OPT_LEVEL = Some("0")
[INFO] [stderr]   TARGET = Some("x86_64-unknown-linux-gnu")
[INFO] [stderr]   HOST = Some("x86_64-unknown-linux-gnu")
[INFO] [stderr]   cargo:rerun-if-env-changed=CC_x86_64-unknown-linux-gnu
[INFO] [stderr]   CC_x86_64-unknown-linux-gnu = None
[INFO] [stderr]   cargo:rerun-if-env-changed=CC_x86_64_unknown_linux_gnu
[INFO] [stderr]   CC_x86_64_unknown_linux_gnu = None
[INFO] [stderr]   cargo:rerun-if-env-changed=HOST_CC
[INFO] [stderr]   HOST_CC = None
[INFO] [stderr]   cargo:rerun-if-env-changed=CC
[INFO] [stderr]   CC = None
[INFO] [stderr]   cargo:rerun-if-env-changed=CFLAGS_x86_64-unknown-linux-gnu
[INFO] [stderr]   CFLAGS_x86_64-unknown-linux-gnu = None
[INFO] [stderr]   cargo:rerun-if-env-changed=CFLAGS_x86_64_unknown_linux_gnu
[INFO] [stderr]   CFLAGS_x86_64_unknown_linux_gnu = None
[INFO] [stderr]   cargo:rerun-if-env-changed=HOST_CFLAGS
[INFO] [stderr]   HOST_CFLAGS = None
[INFO] [stderr]   cargo:rerun-if-env-changed=CFLAGS
[INFO] [stderr]   CFLAGS = None
[INFO] [stderr]   cargo:rerun-if-env-changed=CRATE_CC_NO_DEFAULTS
[INFO] [stderr]   CRATE_CC_NO_DEFAULTS = None
[INFO] [stderr]   DEBUG = Some("true")
[INFO] [stderr]   CARGO_CFG_TARGET_FEATURE = Some("fxsr,sse,sse2")
[INFO] [stderr]   OPT_LEVEL = Some("0")
[INFO] [stderr]   TARGET = Some("x86_64-unknown-linux-gnu")
[INFO] [stderr]   HOST = Some("x86_64-unknown-linux-gnu")
[INFO] [stderr]   cargo:rerun-if-env-changed=CC_x86_64-unknown-linux-gnu
[INFO] [stderr]   CC_x86_64-unknown-linux-gnu = None
[INFO] [stderr]   cargo:rerun-if-env-changed=CC_x86_64_unknown_linux_gnu
[INFO] [stderr]   CC_x86_64_unknown_linux_gnu = None
[INFO] [stderr]   cargo:rerun-if-env-changed=HOST_CC
[INFO] [stderr]   HOST_CC = None
[INFO] [stderr]   cargo:rerun-if-env-changed=CC
[INFO] [stderr]   CC = None
[INFO] [stderr]   cargo:rerun-if-env-changed=CFLAGS_x86_64-unknown-linux-gnu
[INFO] [stderr]   CFLAGS_x86_64-unknown-linux-gnu = None
[INFO] [stderr]   cargo:rerun-if-env-changed=CFLAGS_x86_64_unknown_linux_gnu
[INFO] [stderr]   CFLAGS_x86_64_unknown_linux_gnu = None
[INFO] [stderr]   cargo:rerun-if-env-changed=HOST_CFLAGS
[INFO] [stderr]   HOST_CFLAGS = None
[INFO] [stderr]   cargo:rerun-if-env-changed=CFLAGS
[INFO] [stderr]   CFLAGS = None
[INFO] [stderr]   cargo:rerun-if-env-changed=CRATE_CC_NO_DEFAULTS
[INFO] [stderr]   CRATE_CC_NO_DEFAULTS = None
[INFO] [stderr]   DEBUG = Some("true")
[INFO] [stderr]   CARGO_CFG_TARGET_FEATURE = Some("fxsr,sse,sse2")
[INFO] [stderr]   OPT_LEVEL = Some("0")
[INFO] [stderr]   TARGET = Some("x86_64-unknown-linux-gnu")
[INFO] [stderr]   HOST = Some("x86_64-unknown-linux-gnu")
[INFO] [stderr]   cargo:rerun-if-env-changed=CC_x86_64-unknown-linux-gnu
[INFO] [stderr]   CC_x86_64-unknown-linux-gnu = None
[INFO] [stderr]   cargo:rerun-if-env-changed=CC_x86_64_unknown_linux_gnu
[INFO] [stderr]   CC_x86_64_unknown_linux_gnu = None
[INFO] [stderr]   cargo:rerun-if-env-changed=HOST_CC
[INFO] [stderr]   HOST_CC = None
[INFO] [stderr]   cargo:rerun-if-env-changed=CC
[INFO] [stderr]   CC = None
[INFO] [stderr]   cargo:rerun-if-env-changed=CFLAGS_x86_64-unknown-linux-gnu
[INFO] [stderr]   CFLAGS_x86_64-unknown-linux-gnu = None
[INFO] [stderr]   cargo:rerun-if-env-changed=CFLAGS_x86_64_unknown_linux_gnu
[INFO] [stderr]   CFLAGS_x86_64_unknown_linux_gnu = None
[INFO] [stderr]   cargo:rerun-if-env-changed=HOST_CFLAGS
[INFO] [stderr]   HOST_CFLAGS = None
[INFO] [stderr]   cargo:rerun-if-env-changed=CFLAGS
[INFO] [stderr]   CFLAGS = None
[INFO] [stderr]   cargo:rerun-if-env-changed=CRATE_CC_NO_DEFAULTS
[INFO] [stderr]   CRATE_CC_NO_DEFAULTS = None
[INFO] [stderr]   DEBUG = Some("true")
[INFO] [stderr]   CARGO_CFG_TARGET_FEATURE = Some("fxsr,sse,sse2")
[INFO] [stderr]   OPT_LEVEL = Some("0")
[INFO] [stderr]   TARGET = Some("x86_64-unknown-linux-gnu")
[INFO] [stderr]   HOST = Some("x86_64-unknown-linux-gnu")
[INFO] [stderr]   cargo:rerun-if-env-changed=CC_x86_64-unknown-linux-gnu
[INFO] [stderr]   CC_x86_64-unknown-linux-gnu = None
[INFO] [stderr]   cargo:rerun-if-env-changed=CC_x86_64_unknown_linux_gnu
[INFO] [stderr]   CC_x86_64_unknown_linux_gnu = None
[INFO] [stderr]   cargo:rerun-if-env-changed=HOST_CC
[INFO] [stderr]   HOST_CC = None
[INFO] [stderr]   cargo:rerun-if-env-changed=CC
[INFO] [stderr]   CC = None
[INFO] [stderr]   cargo:rerun-if-env-changed=CFLAGS_x86_64-unknown-linux-gnu
[INFO] [stderr]   CFLAGS_x86_64-unknown-linux-gnu = None
[INFO] [stderr]   cargo:rerun-if-env-changed=CFLAGS_x86_64_unknown_linux_gnu
[INFO] [stderr]   CFLAGS_x86_64_unknown_linux_gnu = None
[INFO] [stderr]   cargo:rerun-if-env-changed=HOST_CFLAGS
[INFO] [stderr]   HOST_CFLAGS = None
[INFO] [stderr]   cargo:rerun-if-env-changed=CFLAGS
[INFO] [stderr]   CFLAGS = None
[INFO] [stderr]   cargo:rerun-if-env-changed=CRATE_CC_NO_DEFAULTS
[INFO] [stderr]   CRATE_CC_NO_DEFAULTS = None
[INFO] [stderr]   DEBUG = Some("true")
[INFO] [stderr]   CARGO_CFG_TARGET_FEATURE = Some("fxsr,sse,sse2")
[INFO] [stderr]   OPT_LEVEL = Some("0")
[INFO] [stderr]   TARGET = Some("x86_64-unknown-linux-gnu")
[INFO] [stderr]   HOST = Some("x86_64-unknown-linux-gnu")
[INFO] [stderr]   cargo:rerun-if-env-changed=CC_x86_64-unknown-linux-gnu
[INFO] [stderr]   CC_x86_64-unknown-linux-gnu = None
[INFO] [stderr]   cargo:rerun-if-env-changed=CC_x86_64_unknown_linux_gnu
[INFO] [stderr]   CC_x86_64_unknown_linux_gnu = None
[INFO] [stderr]   cargo:rerun-if-env-changed=HOST_CC
[INFO] [stderr]   HOST_CC = None
[INFO] [stderr]   cargo:rerun-if-env-changed=CC
[INFO] [stderr]   CC = None
[INFO] [stderr]   cargo:rerun-if-env-changed=CFLAGS_x86_64-unknown-linux-gnu
[INFO] [stderr]   CFLAGS_x86_64-unknown-linux-gnu = None
[INFO] [stderr]   cargo:rerun-if-env-changed=CFLAGS_x86_64_unknown_linux_gnu
[INFO] [stderr]   CFLAGS_x86_64_unknown_linux_gnu = None
[INFO] [stderr]   cargo:rerun-if-env-changed=HOST_CFLAGS
[INFO] [stderr]   HOST_CFLAGS = None
[INFO] [stderr]   cargo:rerun-if-env-changed=CFLAGS
[INFO] [stderr]   CFLAGS = None
[INFO] [stderr]   cargo:rerun-if-env-changed=CRATE_CC_NO_DEFAULTS
[INFO] [stderr]   CRATE_CC_NO_DEFAULTS = None
[INFO] [stderr]   DEBUG = Some("true")
[INFO] [stderr]   CARGO_CFG_TARGET_FEATURE = Some("fxsr,sse,sse2")
[INFO] [stderr]   OPT_LEVEL = Some("0")
[INFO] [stderr]   TARGET = Some("x86_64-unknown-linux-gnu")
[INFO] [stderr]   HOST = Some("x86_64-unknown-linux-gnu")
[INFO] [stderr]   cargo:rerun-if-env-changed=CC_x86_64-unknown-linux-gnu
[INFO] [stderr]   CC_x86_64-unknown-linux-gnu = None
[INFO] [stderr]   cargo:rerun-if-env-changed=CC_x86_64_unknown_linux_gnu
[INFO] [stderr]   CC_x86_64_unknown_linux_gnu = None
[INFO] [stderr]   cargo:rerun-if-env-changed=HOST_CC
[INFO] [stderr]   HOST_CC = None
[INFO] [stderr]   cargo:rerun-if-env-changed=CC
[INFO] [stderr]   CC = None
[INFO] [stderr]   cargo:rerun-if-env-changed=CFLAGS_x86_64-unknown-linux-gnu
[INFO] [stderr]   CFLAGS_x86_64-unknown-linux-gnu = None
[INFO] [stderr]   cargo:rerun-if-env-changed=CFLAGS_x86_64_unknown_linux_gnu
[INFO] [stderr]   CFLAGS_x86_64_unknown_linux_gnu = None
[INFO] [stderr]   cargo:rerun-if-env-changed=HOST_CFLAGS
[INFO] [stderr]   HOST_CFLAGS = None
[INFO] [stderr]   cargo:rerun-if-env-changed=CFLAGS
[INFO] [stderr]   CFLAGS = None
[INFO] [stderr]   cargo:rerun-if-env-changed=CRATE_CC_NO_DEFAULTS
[INFO] [stderr]   CRATE_CC_NO_DEFAULTS = None
[INFO] [stderr]   DEBUG = Some("true")
[INFO] [stderr]   CARGO_CFG_TARGET_FEATURE = Some("fxsr,sse,sse2")
[INFO] [stderr]   OPT_LEVEL = Some("0")
[INFO] [stderr]   TARGET = Some("x86_64-unknown-linux-gnu")
[INFO] [stderr]   HOST = Some("x86_64-unknown-linux-gnu")
[INFO] [stderr]   cargo:rerun-if-env-changed=CC_x86_64-unknown-linux-gnu
[INFO] [stderr]   CC_x86_64-unknown-linux-gnu = None
[INFO] [stderr]   cargo:rerun-if-env-changed=CC_x86_64_unknown_linux_gnu
[INFO] [stderr]   CC_x86_64_unknown_linux_gnu = None
[INFO] [stderr]   cargo:rerun-if-env-changed=HOST_CC
[INFO] [stderr]   HOST_CC = None
[INFO] [stderr]   cargo:rerun-if-env-changed=CC
[INFO] [stderr]   CC = None
[INFO] [stderr]   cargo:rerun-if-env-changed=CFLAGS_x86_64-unknown-linux-gnu
[INFO] [stderr]   CFLAGS_x86_64-unknown-linux-gnu = None
[INFO] [stderr]   cargo:rerun-if-env-changed=CFLAGS_x86_64_unknown_linux_gnu
[INFO] [stderr]   CFLAGS_x86_64_unknown_linux_gnu = None
[INFO] [stderr]   cargo:rerun-if-env-changed=HOST_CFLAGS
[INFO] [stderr]   HOST_CFLAGS = None
[INFO] [stderr]   cargo:rerun-if-env-changed=CFLAGS
[INFO] [stderr]   CFLAGS = None
[INFO] [stderr]   cargo:rerun-if-env-changed=CRATE_CC_NO_DEFAULTS
[INFO] [stderr]   CRATE_CC_NO_DEFAULTS = None
[INFO] [stderr]   DEBUG = Some("true")
[INFO] [stderr]   CARGO_CFG_TARGET_FEATURE = Some("fxsr,sse,sse2")
[INFO] [stderr]   OPT_LEVEL = Some("0")
[INFO] [stderr]   TARGET = Some("x86_64-unknown-linux-gnu")
[INFO] [stderr]   HOST = Some("x86_64-unknown-linux-gnu")
[INFO] [stderr]   cargo:rerun-if-env-changed=CC_x86_64-unknown-linux-gnu
[INFO] [stderr]   CC_x86_64-unknown-linux-gnu = None
[INFO] [stderr]   cargo:rerun-if-env-changed=CC_x86_64_unknown_linux_gnu
[INFO] [stderr]   CC_x86_64_unknown_linux_gnu = None
[INFO] [stderr]   cargo:rerun-if-env-changed=HOST_CC
[INFO] [stderr]   HOST_CC = None
[INFO] [stderr]   cargo:rerun-if-env-changed=CC
[INFO] [stderr]   CC = None
[INFO] [stderr]   cargo:rerun-if-env-changed=CFLAGS_x86_64-unknown-linux-gnu
[INFO] [stderr]   CFLAGS_x86_64-unknown-linux-gnu = None
[INFO] [stderr]   cargo:rerun-if-env-changed=CFLAGS_x86_64_unknown_linux_gnu
[INFO] [stderr]   CFLAGS_x86_64_unknown_linux_gnu = None
[INFO] [stderr]   cargo:rerun-if-env-changed=HOST_CFLAGS
[INFO] [stderr]   HOST_CFLAGS = None
[INFO] [stderr]   cargo:rerun-if-env-changed=CFLAGS
[INFO] [stderr]   CFLAGS = None
[INFO] [stderr]   cargo:rerun-if-env-changed=CRATE_CC_NO_DEFAULTS
[INFO] [stderr]   CRATE_CC_NO_DEFAULTS = None
[INFO] [stderr]   DEBUG = Some("true")
[INFO] [stderr]   CARGO_CFG_TARGET_FEATURE = Some("fxsr,sse,sse2")
[INFO] [stderr]   OPT_LEVEL = Some("0")
[INFO] [stderr]   TARGET = Some("x86_64-unknown-linux-gnu")
[INFO] [stderr]   HOST = Some("x86_64-unknown-linux-gnu")
[INFO] [stderr]   cargo:rerun-if-env-changed=CC_x86_64-unknown-linux-gnu
[INFO] [stderr]   CC_x86_64-unknown-linux-gnu = None
[INFO] [stderr]   cargo:rerun-if-env-changed=CC_x86_64_unknown_linux_gnu
[INFO] [stderr]   CC_x86_64_unknown_linux_gnu = None
[INFO] [stderr]   cargo:rerun-if-env-changed=HOST_CC
[INFO] [stderr]   HOST_CC = None
[INFO] [stderr]   cargo:rerun-if-env-changed=CC
[INFO] [stderr]   CC = None
[INFO] [stderr]   cargo:rerun-if-env-changed=CFLAGS_x86_64-unknown-linux-gnu
[INFO] [stderr]   CFLAGS_x86_64-unknown-linux-gnu = None
[INFO] [stderr]   cargo:rerun-if-env-changed=CFLAGS_x86_64_unknown_linux_gnu
[INFO] [stderr]   CFLAGS_x86_64_unknown_linux_gnu = None
[INFO] [stderr]   cargo:rerun-if-env-changed=HOST_CFLAGS
[INFO] [stderr]   HOST_CFLAGS = None
[INFO] [stderr]   cargo:rerun-if-env-changed=CFLAGS
[INFO] [stderr]   CFLAGS = None
[INFO] [stderr]   cargo:rerun-if-env-changed=CRATE_CC_NO_DEFAULTS
[INFO] [stderr]   CRATE_CC_NO_DEFAULTS = None
[INFO] [stderr]   DEBUG = Some("true")
[INFO] [stderr]   CARGO_CFG_TARGET_FEATURE = Some("fxsr,sse,sse2")
[INFO] [stderr]   OPT_LEVEL = Some("0")
[INFO] [stderr]   TARGET = Some("x86_64-unknown-linux-gnu")
[INFO] [stderr]   HOST = Some("x86_64-unknown-linux-gnu")
[INFO] [stderr]   cargo:rerun-if-env-changed=CC_x86_64-unknown-linux-gnu
[INFO] [stderr]   CC_x86_64-unknown-linux-gnu = None
[INFO] [stderr]   cargo:rerun-if-env-changed=CC_x86_64_unknown_linux_gnu
[INFO] [stderr]   CC_x86_64_unknown_linux_gnu = None
[INFO] [stderr]   cargo:rerun-if-env-changed=HOST_CC
[INFO] [stderr]   HOST_CC = None
[INFO] [stderr]   cargo:rerun-if-env-changed=CC
[INFO] [stderr]   CC = None
[INFO] [stderr]   cargo:rerun-if-env-changed=CFLAGS_x86_64-unknown-linux-gnu
[INFO] [stderr]   CFLAGS_x86_64-unknown-linux-gnu = None
[INFO] [stderr]   cargo:rerun-if-env-changed=CFLAGS_x86_64_unknown_linux_gnu
[INFO] [stderr]   CFLAGS_x86_64_unknown_linux_gnu = None
[INFO] [stderr]   cargo:rerun-if-env-changed=HOST_CFLAGS
[INFO] [stderr]   HOST_CFLAGS = None
[INFO] [stderr]   cargo:rerun-if-env-changed=CFLAGS
[INFO] [stderr]   CFLAGS = None
[INFO] [stderr]   cargo:rerun-if-env-changed=CRATE_CC_NO_DEFAULTS
[INFO] [stderr]   CRATE_CC_NO_DEFAULTS = None
[INFO] [stderr]   DEBUG = Some("true")
[INFO] [stderr]   CARGO_CFG_TARGET_FEATURE = Some("fxsr,sse,sse2")
[INFO] [stderr]   OPT_LEVEL = Some("0")
[INFO] [stderr]   TARGET = Some("x86_64-unknown-linux-gnu")
[INFO] [stderr]   HOST = Some("x86_64-unknown-linux-gnu")
[INFO] [stderr]   cargo:rerun-if-env-changed=CC_x86_64-unknown-linux-gnu
[INFO] [stderr]   CC_x86_64-unknown-linux-gnu = None
[INFO] [stderr]   cargo:rerun-if-env-changed=CC_x86_64_unknown_linux_gnu
[INFO] [stderr]   CC_x86_64_unknown_linux_gnu = None
[INFO] [stderr]   cargo:rerun-if-env-changed=HOST_CC
[INFO] [stderr]   HOST_CC = None
[INFO] [stderr]   cargo:rerun-if-env-changed=CC
[INFO] [stderr]   CC = None
[INFO] [stderr]   cargo:rerun-if-env-changed=CFLAGS_x86_64-unknown-linux-gnu
[INFO] [stderr]   CFLAGS_x86_64-unknown-linux-gnu = None
[INFO] [stderr]   cargo:rerun-if-env-changed=CFLAGS_x86_64_unknown_linux_gnu
[INFO] [stderr]   CFLAGS_x86_64_unknown_linux_gnu = None
[INFO] [stderr]   cargo:rerun-if-env-changed=HOST_CFLAGS
[INFO] [stderr]   HOST_CFLAGS = None
[INFO] [stderr]   cargo:rerun-if-env-changed=CFLAGS
[INFO] [stderr]   CFLAGS = None
[INFO] [stderr]   cargo:rerun-if-env-changed=CRATE_CC_NO_DEFAULTS
[INFO] [stderr]   CRATE_CC_NO_DEFAULTS = None
[INFO] [stderr]   DEBUG = Some("true")
[INFO] [stderr]   CARGO_CFG_TARGET_FEATURE = Some("fxsr,sse,sse2")
[INFO] [stderr]   OPT_LEVEL = Some("0")
[INFO] [stderr]   TARGET = Some("x86_64-unknown-linux-gnu")
[INFO] [stderr]   HOST = Some("x86_64-unknown-linux-gnu")
[INFO] [stderr]   cargo:rerun-if-env-changed=CC_x86_64-unknown-linux-gnu
[INFO] [stderr]   CC_x86_64-unknown-linux-gnu = None
[INFO] [stderr]   cargo:rerun-if-env-changed=CC_x86_64_unknown_linux_gnu
[INFO] [stderr]   CC_x86_64_unknown_linux_gnu = None
[INFO] [stderr]   cargo:rerun-if-env-changed=HOST_CC
[INFO] [stderr]   HOST_CC = None
[INFO] [stderr]   cargo:rerun-if-env-changed=CC
[INFO] [stderr]   CC = None
[INFO] [stderr]   cargo:rerun-if-env-changed=CFLAGS_x86_64-unknown-linux-gnu
[INFO] [stderr]   CFLAGS_x86_64-unknown-linux-gnu = None
[INFO] [stderr]   cargo:rerun-if-env-changed=CFLAGS_x86_64_unknown_linux_gnu
[INFO] [stderr]   CFLAGS_x86_64_unknown_linux_gnu = None
[INFO] [stderr]   cargo:rerun-if-env-changed=HOST_CFLAGS
[INFO] [stderr]   HOST_CFLAGS = None
[INFO] [stderr]   cargo:rerun-if-env-changed=CFLAGS
[INFO] [stderr]   CFLAGS = None
[INFO] [stderr]   cargo:rerun-if-env-changed=CRATE_CC_NO_DEFAULTS
[INFO] [stderr]   CRATE_CC_NO_DEFAULTS = None
[INFO] [stderr]   DEBUG = Some("true")
[INFO] [stderr]   CARGO_CFG_TARGET_FEATURE = Some("fxsr,sse,sse2")
[INFO] [stderr]   OPT_LEVEL = Some("0")
[INFO] [stderr]   TARGET = Some("x86_64-unknown-linux-gnu")
[INFO] [stderr]   HOST = Some("x86_64-unknown-linux-gnu")
[INFO] [stderr]   cargo:rerun-if-env-changed=CC_x86_64-unknown-linux-gnu
[INFO] [stderr]   CC_x86_64-unknown-linux-gnu = None
[INFO] [stderr]   cargo:rerun-if-env-changed=CC_x86_64_unknown_linux_gnu
[INFO] [stderr]   CC_x86_64_unknown_linux_gnu = None
[INFO] [stderr]   cargo:rerun-if-env-changed=HOST_CC
[INFO] [stderr]   HOST_CC = None
[INFO] [stderr]   cargo:rerun-if-env-changed=CC
[INFO] [stderr]   CC = None
[INFO] [stderr]   cargo:rerun-if-env-changed=CFLAGS_x86_64-unknown-linux-gnu
[INFO] [stderr]   CFLAGS_x86_64-unknown-linux-gnu = None
[INFO] [stderr]   cargo:rerun-if-env-changed=CFLAGS_x86_64_unknown_linux_gnu
[INFO] [stderr]   CFLAGS_x86_64_unknown_linux_gnu = None
[INFO] [stderr]   cargo:rerun-if-env-changed=HOST_CFLAGS
[INFO] [stderr]   HOST_CFLAGS = None
[INFO] [stderr]   cargo:rerun-if-env-changed=CFLAGS
[INFO] [stderr]   CFLAGS = None
[INFO] [stderr]   cargo:rerun-if-env-changed=CRATE_CC_NO_DEFAULTS
[INFO] [stderr]   CRATE_CC_NO_DEFAULTS = None
[INFO] [stderr]   DEBUG = Some("true")
[INFO] [stderr]   CARGO_CFG_TARGET_FEATURE = Some("fxsr,sse,sse2")
[INFO] [stderr] 
[INFO] [stderr]   --- stderr
[INFO] [stderr]   running "cc" "-O0" "-ffunction-sections" "-fdata-sections" "-fPIC" "-gdwarf-4" "-fno-omit-frame-pointer" "-m64" "-I" "include" "-Wall" "-Wextra" "-pedantic" "-pedantic-errors" "-Wall" "-Wextra" "-Wcast-align" "-Wcast-qual" "-Wconversion" "-Wenum-compare" "-Wfloat-equal" "-Wformat=2" "-Winline" "-Winvalid-pch" "-Wmissing-field-initializers" "-Wmissing-include-dirs" "-Wredundant-decls" "-Wshadow" "-Wsign-compare" "-Wsign-conversion" "-Wundef" "-Wuninitialized" "-Wwrite-strings" "-fno-strict-aliasing" "-fvisibility=hidden" "-fstack-protector" "-g3" "-DNDEBUG" "-c" "-o/opt/rustwide/target/debug/build/ring-8cda651f654ac39c/out/aesni-x86_64-elf.o" "/opt/rustwide/cargo-home/registry/src/index.crates.io-6f17d22bba15001f/ring-0.16.20/pregenerated/aesni-x86_64-elf.S"
[INFO] [stderr]   running "cc" "-O0" "-ffunction-sections" "-fdata-sections" "-fPIC" "-gdwarf-4" "-fno-omit-frame-pointer" "-m64" "-I" "include" "-Wall" "-Wextra" "-pedantic" "-pedantic-errors" "-Wall" "-Wextra" "-Wcast-align" "-Wcast-qual" "-Wconversion" "-Wenum-compare" "-Wfloat-equal" "-Wformat=2" "-Winline" "-Winvalid-pch" "-Wmissing-field-initializers" "-Wmissing-include-dirs" "-Wredundant-decls" "-Wshadow" "-Wsign-compare" "-Wsign-conversion" "-Wundef" "-Wuninitialized" "-Wwrite-strings" "-fno-strict-aliasing" "-fvisibility=hidden" "-fstack-protector" "-g3" "-DNDEBUG" "-c" "-o/opt/rustwide/target/debug/build/ring-8cda651f654ac39c/out/vpaes-x86_64-elf.o" "/opt/rustwide/cargo-home/registry/src/index.crates.io-6f17d22bba15001f/ring-0.16.20/pregenerated/vpaes-x86_64-elf.S"
[INFO] [stderr]   running "cc" "-O0" "-ffunction-sections" "-fdata-sections" "-fPIC" "-gdwarf-4" "-fno-omit-frame-pointer" "-m64" "-I" "include" "-Wall" "-Wextra" "-pedantic" "-pedantic-errors" "-Wall" "-Wextra" "-Wcast-align" "-Wcast-qual" "-Wconversion" "-Wenum-compare" "-Wfloat-equal" "-Wformat=2" "-Winline" "-Winvalid-pch" "-Wmissing-field-initializers" "-Wmissing-include-dirs" "-Wredundant-decls" "-Wshadow" "-Wsign-compare" "-Wsign-conversion" "-Wundef" "-Wuninitialized" "-Wwrite-strings" "-fno-strict-aliasing" "-fvisibility=hidden" "-fstack-protector" "-g3" "-DNDEBUG" "-c" "-o/opt/rustwide/target/debug/build/ring-8cda651f654ac39c/out/x86_64-mont-elf.o" "/opt/rustwide/cargo-home/registry/src/index.crates.io-6f17d22bba15001f/ring-0.16.20/pregenerated/x86_64-mont-elf.S"
[INFO] [stderr]   running "cc" "-O0" "-ffunction-sections" "-fdata-sections" "-fPIC" "-gdwarf-4" "-fno-omit-frame-pointer" "-m64" "-I" "include" "-Wall" "-Wextra" "-pedantic" "-pedantic-errors" "-Wall" "-Wextra" "-Wcast-align" "-Wcast-qual" "-Wconversion" "-Wenum-compare" "-Wfloat-equal" "-Wformat=2" "-Winline" "-Winvalid-pch" "-Wmissing-field-initializers" "-Wmissing-include-dirs" "-Wredundant-decls" "-Wshadow" "-Wsign-compare" "-Wsign-conversion" "-Wundef" "-Wuninitialized" "-Wwrite-strings" "-fno-strict-aliasing" "-fvisibility=hidden" "-fstack-protector" "-g3" "-DNDEBUG" "-c" "-o/opt/rustwide/target/debug/build/ring-8cda651f654ac39c/out/x86_64-mont5-elf.o" "/opt/rustwide/cargo-home/registry/src/index.crates.io-6f17d22bba15001f/ring-0.16.20/pregenerated/x86_64-mont5-elf.S"
[INFO] [stderr]   running "cc" "-O0" "-ffunction-sections" "-fdata-sections" "-fPIC" "-gdwarf-4" "-fno-omit-frame-pointer" "-m64" "-I" "include" "-Wall" "-Wextra" "-pedantic" "-pedantic-errors" "-Wall" "-Wextra" "-Wcast-align" "-Wcast-qual" "-Wconversion" "-Wenum-compare" "-Wfloat-equal" "-Wformat=2" "-Winline" "-Winvalid-pch" "-Wmissing-field-initializers" "-Wmissing-include-dirs" "-Wredundant-decls" "-Wshadow" "-Wsign-compare" "-Wsign-conversion" "-Wundef" "-Wuninitialized" "-Wwrite-strings" "-fno-strict-aliasing" "-fvisibility=hidden" "-fstack-protector" "-g3" "-DNDEBUG" "-c" "-o/opt/rustwide/target/debug/build/ring-8cda651f654ac39c/out/chacha-x86_64-elf.o" "/opt/rustwide/cargo-home/registry/src/index.crates.io-6f17d22bba15001f/ring-0.16.20/pregenerated/chacha-x86_64-elf.S"
[INFO] [stderr]   running "cc" "-O0" "-ffunction-sections" "-fdata-sections" "-fPIC" "-gdwarf-4" "-fno-omit-frame-pointer" "-m64" "-I" "include" "-Wall" "-Wextra" "-pedantic" "-pedantic-errors" "-Wall" "-Wextra" "-Wcast-align" "-Wcast-qual" "-Wconversion" "-Wenum-compare" "-Wfloat-equal" "-Wformat=2" "-Winline" "-Winvalid-pch" "-Wmissing-field-initializers" "-Wmissing-include-dirs" "-Wredundant-decls" "-Wshadow" "-Wsign-compare" "-Wsign-conversion" "-Wundef" "-Wuninitialized" "-Wwrite-strings" "-fno-strict-aliasing" "-fvisibility=hidden" "-fstack-protector" "-g3" "-DNDEBUG" "-c" "-o/opt/rustwide/target/debug/build/ring-8cda651f654ac39c/out/p256-x86_64-asm-elf.o" "/opt/rustwide/cargo-home/registry/src/index.crates.io-6f17d22bba15001f/ring-0.16.20/pregenerated/p256-x86_64-asm-elf.S"
[INFO] [stderr]   running "cc" "-O0" "-ffunction-sections" "-fdata-sections" "-fPIC" "-gdwarf-4" "-fno-omit-frame-pointer" "-m64" "-I" "include" "-Wall" "-Wextra" "-pedantic" "-pedantic-errors" "-Wall" "-Wextra" "-Wcast-align" "-Wcast-qual" "-Wconversion" "-Wenum-compare" "-Wfloat-equal" "-Wformat=2" "-Winline" "-Winvalid-pch" "-Wmissing-field-initializers" "-Wmissing-include-dirs" "-Wredundant-decls" "-Wshadow" "-Wsign-compare" "-Wsign-conversion" "-Wundef" "-Wuninitialized" "-Wwrite-strings" "-fno-strict-aliasing" "-fvisibility=hidden" "-fstack-protector" "-g3" "-DNDEBUG" "-c" "-o/opt/rustwide/target/debug/build/ring-8cda651f654ac39c/out/aesni-gcm-x86_64-elf.o" "/opt/rustwide/cargo-home/registry/src/index.crates.io-6f17d22bba15001f/ring-0.16.20/pregenerated/aesni-gcm-x86_64-elf.S"
[INFO] [stderr]   running "cc" "-O0" "-ffunction-sections" "-fdata-sections" "-fPIC" "-gdwarf-4" "-fno-omit-frame-pointer" "-m64" "-I" "include" "-Wall" "-Wextra" "-pedantic" "-pedantic-errors" "-Wall" "-Wextra" "-Wcast-align" "-Wcast-qual" "-Wconversion" "-Wenum-compare" "-Wfloat-equal" "-Wformat=2" "-Winline" "-Winvalid-pch" "-Wmissing-field-initializers" "-Wmissing-include-dirs" "-Wredundant-decls" "-Wshadow" "-Wsign-compare" "-Wsign-conversion" "-Wundef" "-Wuninitialized" "-Wwrite-strings" "-fno-strict-aliasing" "-fvisibility=hidden" "-fstack-protector" "-g3" "-DNDEBUG" "-c" "-o/opt/rustwide/target/debug/build/ring-8cda651f654ac39c/out/ghash-x86_64-elf.o" "/opt/rustwide/cargo-home/registry/src/index.crates.io-6f17d22bba15001f/ring-0.16.20/pregenerated/ghash-x86_64-elf.S"
[INFO] [stderr]   running "cc" "-O0" "-ffunction-sections" "-fdata-sections" "-fPIC" "-gdwarf-4" "-fno-omit-frame-pointer" "-m64" "-I" "include" "-Wall" "-Wextra" "-pedantic" "-pedantic-errors" "-Wall" "-Wextra" "-Wcast-align" "-Wcast-qual" "-Wconversion" "-Wenum-compare" "-Wfloat-equal" "-Wformat=2" "-Winline" "-Winvalid-pch" "-Wmissing-field-initializers" "-Wmissing-include-dirs" "-Wredundant-decls" "-Wshadow" "-Wsign-compare" "-Wsign-conversion" "-Wundef" "-Wuninitialized" "-Wwrite-strings" "-fno-strict-aliasing" "-fvisibility=hidden" "-fstack-protector" "-g3" "-DNDEBUG" "-c" "-o/opt/rustwide/target/debug/build/ring-8cda651f654ac39c/out/sha512-x86_64-elf.o" "/opt/rustwide/cargo-home/registry/src/index.crates.io-6f17d22bba15001f/ring-0.16.20/pregenerated/sha512-x86_64-elf.S"
[INFO] [stderr]   running "cc" "-O0" "-ffunction-sections" "-fdata-sections" "-fPIC" "-gdwarf-4" "-fno-omit-frame-pointer" "-m64" "-I" "include" "-Wall" "-Wextra" "-pedantic" "-pedantic-errors" "-Wall" "-Wextra" "-Wcast-align" "-Wcast-qual" "-Wconversion" "-Wenum-compare" "-Wfloat-equal" "-Wformat=2" "-Winline" "-Winvalid-pch" "-Wmissing-field-initializers" "-Wmissing-include-dirs" "-Wredundant-decls" "-Wshadow" "-Wsign-compare" "-Wsign-conversion" "-Wundef" "-Wuninitialized" "-Wwrite-strings" "-fno-strict-aliasing" "-fvisibility=hidden" "-fstack-protector" "-g3" "-DNDEBUG" "-c" "-o/opt/rustwide/target/debug/build/ring-8cda651f654ac39c/out/chacha20_poly1305_x86_64-elf.o" "/opt/rustwide/cargo-home/registry/src/index.crates.io-6f17d22bba15001f/ring-0.16.20/pregenerated/chacha20_poly1305_x86_64-elf.S"
[INFO] [stderr]   running "cc" "-O0" "-ffunction-sections" "-fdata-sections" "-fPIC" "-gdwarf-4" "-fno-omit-frame-pointer" "-m64" "-I" "include" "-Wall" "-Wextra" "-pedantic" "-pedantic-errors" "-Wall" "-Wextra" "-Wcast-align" "-Wcast-qual" "-Wconversion" "-Wenum-compare" "-Wfloat-equal" "-Wformat=2" "-Winline" "-Winvalid-pch" "-Wmissing-field-initializers" "-Wmissing-include-dirs" "-Wredundant-decls" "-Wshadow" "-Wsign-compare" "-Wsign-conversion" "-Wundef" "-Wuninitialized" "-Wwrite-strings" "-fno-strict-aliasing" "-fvisibility=hidden" "-fstack-protector" "-g3" "-DNDEBUG" "-c" "-o/opt/rustwide/target/debug/build/ring-8cda651f654ac39c/out/sha256-x86_64-elf.o" "/opt/rustwide/cargo-home/registry/src/index.crates.io-6f17d22bba15001f/ring-0.16.20/pregenerated/sha256-x86_64-elf.S"
[INFO] [stderr]   running "cc" "-O0" "-ffunction-sections" "-fdata-sections" "-fPIC" "-gdwarf-4" "-fno-omit-frame-pointer" "-m64" "-I" "include" "-Wall" "-Wextra" "-std=c1x" "-Wbad-function-cast" "-Wnested-externs" "-Wstrict-prototypes" "-pedantic" "-pedantic-errors" "-Wall" "-Wextra" "-Wcast-align" "-Wcast-qual" "-Wconversion" "-Wenum-compare" "-Wfloat-equal" "-Wformat=2" "-Winline" "-Winvalid-pch" "-Wmissing-field-initializers" "-Wmissing-include-dirs" "-Wredundant-decls" "-Wshadow" "-Wsign-compare" "-Wsign-conversion" "-Wundef" "-Wuninitialized" "-Wwrite-strings" "-fno-strict-aliasing" "-fvisibility=hidden" "-fstack-protector" "-g3" "-DNDEBUG" "-c" "-o/opt/rustwide/target/debug/build/ring-8cda651f654ac39c/out/aes_nohw.o" "crypto/fipsmodule/aes/aes_nohw.c"
[INFO] [stderr]   running "cc" "-O0" "-ffunction-sections" "-fdata-sections" "-fPIC" "-gdwarf-4" "-fno-omit-frame-pointer" "-m64" "-I" "include" "-Wall" "-Wextra" "-std=c1x" "-Wbad-function-cast" "-Wnested-externs" "-Wstrict-prototypes" "-pedantic" "-pedantic-errors" "-Wall" "-Wextra" "-Wcast-align" "-Wcast-qual" "-Wconversion" "-Wenum-compare" "-Wfloat-equal" "-Wformat=2" "-Winline" "-Winvalid-pch" "-Wmissing-field-initializers" "-Wmissing-include-dirs" "-Wredundant-decls" "-Wshadow" "-Wsign-compare" "-Wsign-conversion" "-Wundef" "-Wuninitialized" "-Wwrite-strings" "-fno-strict-aliasing" "-fvisibility=hidden" "-fstack-protector" "-g3" "-DNDEBUG" "-c" "-o/opt/rustwide/target/debug/build/ring-8cda651f654ac39c/out/montgomery.o" "crypto/fipsmodule/bn/montgomery.c"
[INFO] [stderr]   running "cc" "-O0" "-ffunction-sections" "-fdata-sections" "-fPIC" "-gdwarf-4" "-fno-omit-frame-pointer" "-m64" "-I" "include" "-Wall" "-Wextra" "-std=c1x" "-Wbad-function-cast" "-Wnested-externs" "-Wstrict-prototypes" "-pedantic" "-pedantic-errors" "-Wall" "-Wextra" "-Wcast-align" "-Wcast-qual" "-Wconversion" "-Wenum-compare" "-Wfloat-equal" "-Wformat=2" "-Winline" "-Winvalid-pch" "-Wmissing-field-initializers" "-Wmissing-include-dirs" "-Wredundant-decls" "-Wshadow" "-Wsign-compare" "-Wsign-conversion" "-Wundef" "-Wuninitialized" "-Wwrite-strings" "-fno-strict-aliasing" "-fvisibility=hidden" "-fstack-protector" "-g3" "-DNDEBUG" "-c" "-o/opt/rustwide/target/debug/build/ring-8cda651f654ac39c/out/montgomery_inv.o" "crypto/fipsmodule/bn/montgomery_inv.c"
[INFO] [stderr]   running "cc" "-O0" "-ffunction-sections" "-fdata-sections" "-fPIC" "-gdwarf-4" "-fno-omit-frame-pointer" "-m64" "-I" "include" "-Wall" "-Wextra" "-std=c1x" "-Wbad-function-cast" "-Wnested-externs" "-Wstrict-prototypes" "-pedantic" "-pedantic-errors" "-Wall" "-Wextra" "-Wcast-align" "-Wcast-qual" "-Wconversion" "-Wenum-compare" "-Wfloat-equal" "-Wformat=2" "-Winline" "-Winvalid-pch" "-Wmissing-field-initializers" "-Wmissing-include-dirs" "-Wredundant-decls" "-Wshadow" "-Wsign-compare" "-Wsign-conversion" "-Wundef" "-Wuninitialized" "-Wwrite-strings" "-fno-strict-aliasing" "-fvisibility=hidden" "-fstack-protector" "-g3" "-DNDEBUG" "-c" "-o/opt/rustwide/target/debug/build/ring-8cda651f654ac39c/out/limbs.o" "crypto/limbs/limbs.c"
[INFO] [stderr]   crypto/limbs/limbs.c:198:1: fatal error: error writing to /tmp/ccxyb8c2.s: No space left on device
[INFO] [stderr]     198 | }
[INFO] [stderr]         | ^
[INFO] [stderr]   compilation terminated.
[INFO] [stderr]   thread 'main' panicked at /opt/rustwide/cargo-home/registry/src/index.crates.io-6f17d22bba15001f/ring-0.16.20/build.rs:656:9:
[INFO] [stderr]   execution failed
[INFO] [stderr]   stack backtrace:
[INFO] [stderr]      0:     0x5e9a5472a67a - std::backtrace_rs::backtrace::libunwind::trace::h8810477743020387
[INFO] [stderr]                                  at /rustc/202008a1b8de96d2e5b6bc02d379db03a877d34d/library/std/src/../../backtrace/src/backtrace/libunwind.rs:116:5
[INFO] [stderr]      1:     0x5e9a5472a67a - std::backtrace_rs::backtrace::trace_unsynchronized::h3aa55355dd6c54a6
[INFO] [stderr]                                  at /rustc/202008a1b8de96d2e5b6bc02d379db03a877d34d/library/std/src/../../backtrace/src/backtrace/mod.rs:66:5
[INFO] [stderr]      2:     0x5e9a5472a67a - std::sys::backtrace::_print_fmt::h8588b0f62410823f
[INFO] [stderr]                                  at /rustc/202008a1b8de96d2e5b6bc02d379db03a877d34d/library/std/src/sys/backtrace.rs:66:9
[INFO] [stderr]      3:     0x5e9a5472a67a - <std::sys::backtrace::BacktraceLock::print::DisplayBacktrace as core::fmt::Display>::fmt::h98c26ac25ffe89bb
[INFO] [stderr]                                  at /rustc/202008a1b8de96d2e5b6bc02d379db03a877d34d/library/std/src/sys/backtrace.rs:39:26
[INFO] [stderr]      4:     0x5e9a5474de13 - core::fmt::rt::Argument::fmt::hf95377f4aebd453b
[INFO] [stderr]                                  at /rustc/202008a1b8de96d2e5b6bc02d379db03a877d34d/library/core/src/fmt/rt.rs:177:76
[INFO] [stderr]      5:     0x5e9a5474de13 - core::fmt::write::h0dd5f6e2238c7982
[INFO] [stderr]                                  at /rustc/202008a1b8de96d2e5b6bc02d379db03a877d34d/library/core/src/fmt/mod.rs:1189:21
[INFO] [stderr]      6:     0x5e9a54726d93 - std::io::Write::write_fmt::hc00bff0a88e08857
[INFO] [stderr]                                  at /rustc/202008a1b8de96d2e5b6bc02d379db03a877d34d/library/std/src/io/mod.rs:1884:15
[INFO] [stderr]      7:     0x5e9a5472a4c2 - std::sys::backtrace::BacktraceLock::print::h5c19c1c038ee186d
[INFO] [stderr]                                  at /rustc/202008a1b8de96d2e5b6bc02d379db03a877d34d/library/std/src/sys/backtrace.rs:42:9
[INFO] [stderr]      8:     0x5e9a5472b6bc - std::panicking::default_hook::{{closure}}::h77172f079a1fcb13
[INFO] [stderr]                                  at /rustc/202008a1b8de96d2e5b6bc02d379db03a877d34d/library/std/src/panicking.rs:268:22
[INFO] [stderr]      9:     0x5e9a5472b502 - std::panicking::default_hook::he5f8e3b203ccddba
[INFO] [stderr]                                  at /rustc/202008a1b8de96d2e5b6bc02d379db03a877d34d/library/std/src/panicking.rs:295:9
[INFO] [stderr]     10:     0x5e9a5472bc97 - std::panicking::rust_panic_with_hook::h53863d4e9018df39
[INFO] [stderr]                                  at /rustc/202008a1b8de96d2e5b6bc02d379db03a877d34d/library/std/src/panicking.rs:801:13
[INFO] [stderr]     11:     0x5e9a546df99a - std::panicking::begin_panic::{{closure}}::h13ac29a32086307d
[INFO] [stderr]     12:     0x5e9a546e35ea - std::sys::backtrace::__rust_end_short_backtrace::h7d52345d7d8509a2
[INFO] [stderr]     13:     0x5e9a546df94c - std::panicking::begin_panic::h85d482b36d4ab855
[INFO] [stderr]     14:     0x5e9a5469fffa - build_script_build::run_command::hb5775d3fed5c9e9a
[INFO] [stderr]     15:     0x5e9a5469ea1a - build_script_build::compile::h8d6fc3e3f619ebc7
[INFO] [stderr]     16:     0x5e9a5469e51e - build_script_build::build_library::{{closure}}::h02d95ace23879c7b
[INFO] [stderr]     17:     0x5e9a54699d5b - core::ops::function::impls::<impl core::ops::function::FnOnce<A> for &mut F>::call_once::h61a69c8756632f07
[INFO] [stderr]     18:     0x5e9a546a7ce5 - <core::iter::adapters::map::Map<I,F> as core::iter::traits::iterator::Iterator>::next::h012411e019595f32
[INFO] [stderr]     19:     0x5e9a546a3775 - alloc::vec::Vec<T,A>::extend_desugared::hc8f15c2e62039a8d
[INFO] [stderr]     20:     0x5e9a546a4726 - <alloc::vec::Vec<T,A> as alloc::vec::spec_extend::SpecExtend<T,I>>::spec_extend::h3daa246cda35b05a
[INFO] [stderr]     21:     0x5e9a546a2824 - <alloc::vec::Vec<T> as alloc::vec::spec_from_iter_nested::SpecFromIterNested<T,I>>::from_iter::h7c684891c1da0109
[INFO] [stderr]     22:     0x5e9a546a47dd - <alloc::vec::Vec<T> as alloc::vec::spec_from_iter::SpecFromIter<T,I>>::from_iter::hc06475a21510e965
[INFO] [stderr]     23:     0x5e9a546a46d1 - <alloc::vec::Vec<T> as core::iter::traits::collect::FromIterator<T>>::from_iter::haa0b4f78d350cde9
[INFO] [stderr]     24:     0x5e9a546a8e24 - core::iter::traits::iterator::Iterator::collect::he50df2da779732e7
[INFO] [stderr]     25:     0x5e9a5469dca5 - build_script_build::build_library::h073c0146a4b55605
[INFO] [stderr]     26:     0x5e9a5469dade - build_script_build::build_c_code::{{closure}}::h7fb989d1d25b8e4f
[INFO] [stderr]     27:     0x5e9a5469b22f - <core::slice::iter::Iter<T> as core::iter::traits::iterator::Iterator>::for_each::hc5a4ba096d43f0ac
[INFO] [stderr]     28:     0x5e9a5469d6e1 - build_script_build::build_c_code::hc90c853cd8b3218e
[INFO] [stderr]     29:     0x5e9a5469c1bc - build_script_build::ring_build_rs_main::ha2250fa2a794b132
[INFO] [stderr]     30:     0x5e9a5469b56d - build_script_build::main::h6d1ba7600a347df8
[INFO] [stderr]     31:     0x5e9a546a57e3 - core::ops::function::FnOnce::call_once::h6d19c4a08c170e27
[INFO] [stderr]     32:     0x5e9a546a5286 - std::sys::backtrace::__rust_begin_short_backtrace::hbb28228f3b55d2ac
[INFO] [stderr]     33:     0x5e9a546a51c9 - std::rt::lang_start::{{closure}}::ha8652b0419c7da9e
[INFO] [stderr]     34:     0x5e9a54722997 - core::ops::function::impls::<impl core::ops::function::FnOnce<A> for &F>::call_once::hba2470d01d3f5e41
[INFO] [stderr]                                  at /rustc/202008a1b8de96d2e5b6bc02d379db03a877d34d/library/core/src/ops/function.rs:284:13
[INFO] [stderr]     35:     0x5e9a54722997 - std::panicking::try::do_call::hc063fb73159aab72
[INFO] [stderr]                                  at /rustc/202008a1b8de96d2e5b6bc02d379db03a877d34d/library/std/src/panicking.rs:557:40
[INFO] [stderr]     36:     0x5e9a54722997 - std::panicking::try::h2767c6d245d3a3bb
[INFO] [stderr]                                  at /rustc/202008a1b8de96d2e5b6bc02d379db03a877d34d/library/std/src/panicking.rs:520:19
[INFO] [stderr]     37:     0x5e9a54722997 - std::panic::catch_unwind::h061c6ef75790da63
[INFO] [stderr]                                  at /rustc/202008a1b8de96d2e5b6bc02d379db03a877d34d/library/std/src/panic.rs:358:14
[INFO] [stderr]     38:     0x5e9a54722997 - std::rt::lang_start_internal::{{closure}}::h5c5e35b11a4b8c4e
[INFO] [stderr]                                  at /rustc/202008a1b8de96d2e5b6bc02d379db03a877d34d/library/std/src/rt.rs:174:48
[INFO] [stderr]     39:     0x5e9a54722997 - std::panicking::try::do_call::h705e99690a8109cc
[INFO] [stderr]                                  at /rustc/202008a1b8de96d2e5b6bc02d379db03a877d34d/library/std/src/panicking.rs:557:40
[INFO] [stderr]     40:     0x5e9a54722997 - std::panicking::try::he5f4452754ed9a34
[INFO] [stderr]                                  at /rustc/202008a1b8de96d2e5b6bc02d379db03a877d34d/library/std/src/panicking.rs:520:19
[INFO] [stderr]     41:     0x5e9a54722997 - std::panic::catch_unwind::h5db61b3bcbe883e5
[INFO] [stderr]                                  at /rustc/202008a1b8de96d2e5b6bc02d379db03a877d34d/library/std/src/panic.rs:358:14
[INFO] [stderr]     42:     0x5e9a54722997 - std::rt::lang_start_internal::h81da9b59bab665c6
[INFO] [stderr]                                  at /rustc/202008a1b8de96d2e5b6bc02d379db03a877d34d/library/std/src/rt.rs:174:20
[INFO] [stderr]     43:     0x5e9a546a51a7 - std::rt::lang_start::h698782cab556dbdc
[INFO] [stderr]     44:     0x5e9a546a20d5 - main
[INFO] [stderr]     45:     0x7716b9afdd90 - <unknown>
[INFO] [stderr]     46:     0x7716b9afde40 - __libc_start_main
[INFO] [stderr]     47:     0x5e9a54699b85 - _start
[INFO] [stderr]     48:                0x0 - <unknown>
[INFO] [stderr] error: could not compile `backtrace` (lib)
[INFO] [stderr] 
[INFO] [stderr] Caused by:
[INFO] [stderr]   process didn't exit successfully: `/opt/rustwide/rustup-home/toolchains/beta-2024-12-08-x86_64-unknown-linux-gnu/bin/rustc --crate-name backtrace --edition=2018 /opt/rustwide/cargo-home/registry/src/index.crates.io-6f17d22bba15001f/backtrace-0.3.67/src/lib.rs --error-format=json --json=diagnostic-rendered-ansi,artifacts,future-incompat --crate-type lib --emit=dep-info,metadata,link -C embed-bitcode=no -C debuginfo=2 --cfg 'feature="default"' --cfg 'feature="std"' --check-cfg 'cfg(docsrs)' --check-cfg 'cfg(feature, values("coresymbolication", "cpp_demangle", "dbghelp", "default", "dladdr", "gimli-symbolize", "kernel32", "libbacktrace", "libunwind", "rustc-serialize", "serde", "serialize-rustc", "serialize-serde", "std", "unix-backtrace", "verify-winapi", "winapi"))' -C metadata=8600f234f6b6a913 -C extra-filename=-8600f234f6b6a913 --out-dir /opt/rustwide/target/debug/deps -L dependency=/opt/rustwide/target/debug/deps --extern addr2line=/opt/rustwide/target/debug/deps/libaddr2line-e13b55df076977fe.rmeta --extern cfg_if=/opt/rustwide/target/debug/deps/libcfg_if-a3e7e701fcd1f47b.rmeta --extern libc=/opt/rustwide/target/debug/deps/liblibc-0c76da938fb0702f.rmeta --extern miniz_oxide=/opt/rustwide/target/debug/deps/libminiz_oxide-42fe36ed8d543635.rmeta --extern object=/opt/rustwide/target/debug/deps/libobject-75b93f14300ac373.rmeta --extern rustc_demangle=/opt/rustwide/target/debug/deps/librustc_demangle-8659634cec09daf9.rmeta --cap-lints allow --cap-lints=warn` (exit status: 101)
[INFO] [stdout] error: linking with `cc` failed: exit status: 1
[INFO] [stdout]   |
[INFO] [stdout]   = note: LC_ALL="C" PATH="/opt/rustwide/rustup-home/toolchains/beta-2024-12-08-x86_64-unknown-linux-gnu/lib/rustlib/x86_64-unknown-linux-gnu/bin:/opt/rustwide/cargo-home/bin:/usr/local/sbin:/usr/local/bin:/usr/sbin:/usr/bin:/sbin:/bin" VSLANG="1033" "cc" "-m64" "/tmp/rustcpqIAZH/symbols.o" "/opt/rustwide/target/debug/build/rustls-949cc3ecba89e30e/build_script_build-949cc3ecba89e30e.build_script_build.a96f0bbb61fbf532-cgu.0.rcgu.o" "/opt/rustwide/target/debug/build/rustls-949cc3ecba89e30e/build_script_build-949cc3ecba89e30e.ez6hznzwbo21820dtbg9tpj1y.rcgu.o" "-Wl,--as-needed" "-Wl,-Bstatic" "/opt/rustwide/rustup-home/toolchains/beta-2024-12-08-x86_64-unknown-linux-gnu/lib/rustlib/x86_64-unknown-linux-gnu/lib/libstd-02dc84f49135b6b8.rlib" "/opt/rustwide/rustup-home/toolchains/beta-2024-12-08-x86_64-unknown-linux-gnu/lib/rustlib/x86_64-unknown-linux-gnu/lib/libpanic_unwind-a8f45b397fae3f81.rlib" "/opt/rustwide/rustup-home/toolchains/beta-2024-12-08-x86_64-unknown-linux-gnu/lib/rustlib/x86_64-unknown-linux-gnu/lib/libobject-089607133c180609.rlib" "/opt/rustwide/rustup-home/toolchains/beta-2024-12-08-x86_64-unknown-linux-gnu/lib/rustlib/x86_64-unknown-linux-gnu/lib/libmemchr-fc89f091bcd86cbb.rlib" "/opt/rustwide/rustup-home/toolchains/beta-2024-12-08-x86_64-unknown-linux-gnu/lib/rustlib/x86_64-unknown-linux-gnu/lib/libaddr2line-5a60949f01c7340c.rlib" "/opt/rustwide/rustup-home/toolchains/beta-2024-12-08-x86_64-unknown-linux-gnu/lib/rustlib/x86_64-unknown-linux-gnu/lib/libgimli-d29e6a55ca253c8c.rlib" "/opt/rustwide/rustup-home/toolchains/beta-2024-12-08-x86_64-unknown-linux-gnu/lib/rustlib/x86_64-unknown-linux-gnu/lib/librustc_demangle-273c078d5f65de7a.rlib" "/opt/rustwide/rustup-home/toolchains/beta-2024-12-08-x86_64-unknown-linux-gnu/lib/rustlib/x86_64-unknown-linux-gnu/lib/libstd_detect-413c950ffbdd4454.rlib" "/opt/rustwide/rustup-home/toolchains/beta-2024-12-08-x86_64-unknown-linux-gnu/lib/rustlib/x86_64-unknown-linux-gnu/lib/libhashbrown-1853c0976a1d88a6.rlib" "/opt/rustwide/rustup-home/toolchains/beta-2024-12-08-x86_64-unknown-linux-gnu/lib/rustlib/x86_64-unknown-linux-gnu/lib/librustc_std_workspace_alloc-ccb3384ddacb0f9e.rlib" "/opt/rustwide/rustup-home/toolchains/beta-2024-12-08-x86_64-unknown-linux-gnu/lib/rustlib/x86_64-unknown-linux-gnu/lib/libminiz_oxide-0b901dfb0ca849e0.rlib" "/opt/rustwide/rustup-home/toolchains/beta-2024-12-08-x86_64-unknown-linux-gnu/lib/rustlib/x86_64-unknown-linux-gnu/lib/libadler-eebeb8d7c64543ad.rlib" "/opt/rustwide/rustup-home/toolchains/beta-2024-12-08-x86_64-unknown-linux-gnu/lib/rustlib/x86_64-unknown-linux-gnu/lib/libunwind-4723ef81d6079867.rlib" "/opt/rustwide/rustup-home/toolchains/beta-2024-12-08-x86_64-unknown-linux-gnu/lib/rustlib/x86_64-unknown-linux-gnu/lib/libcfg_if-54442f8b422f5a54.rlib" "/opt/rustwide/rustup-home/toolchains/beta-2024-12-08-x86_64-unknown-linux-gnu/lib/rustlib/x86_64-unknown-linux-gnu/lib/liblibc-e0bbe034b5282553.rlib" "/opt/rustwide/rustup-home/toolchains/beta-2024-12-08-x86_64-unknown-linux-gnu/lib/rustlib/x86_64-unknown-linux-gnu/lib/liballoc-d0febb68c1c37b90.rlib" "/opt/rustwide/rustup-home/toolchains/beta-2024-12-08-x86_64-unknown-linux-gnu/lib/rustlib/x86_64-unknown-linux-gnu/lib/librustc_std_workspace_core-4cf833632aafa84c.rlib" "/opt/rustwide/rustup-home/toolchains/beta-2024-12-08-x86_64-unknown-linux-gnu/lib/rustlib/x86_64-unknown-linux-gnu/lib/libcore-65c2c6d2d6ae570b.rlib" "/opt/rustwide/rustup-home/toolchains/beta-2024-12-08-x86_64-unknown-linux-gnu/lib/rustlib/x86_64-unknown-linux-gnu/lib/libcompiler_builtins-97929cee0dcfe424.rlib" "-Wl,-Bdynamic" "-lgcc_s" "-lutil" "-lrt" "-lpthread" "-lm" "-ldl" "-lc" "-Wl,--eh-frame-hdr" "-Wl,-z,noexecstack" "-L" "/opt/rustwide/rustup-home/toolchains/beta-2024-12-08-x86_64-unknown-linux-gnu/lib/rustlib/x86_64-unknown-linux-gnu/lib" "-o" "/opt/rustwide/target/debug/build/rustls-949cc3ecba89e30e/build_script_build-949cc3ecba89e30e" "-Wl,--gc-sections" "-pie" "-Wl,-z,relro,-z,now" "-nodefaultlibs"
[INFO] [stdout]   = note: /usr/bin/ld: final link failed: No space left on device
[INFO] [stdout]           collect2: error: ld returned 1 exit status
[INFO] [stdout]           
[INFO] [stdout] 
[INFO] [stdout] 
[INFO] [stderr] error: could not compile `rustls` (build script) due to 1 previous error
[INFO] [stdout] error: failed to write to `/opt/rustwide/target/debug/deps/rmetaVqPJaZ/lib.rmeta`: No space left on device (os error 28)
[INFO] [stdout] 
[INFO] [stdout] 
[INFO] [stderr] warning: blake3@1.3.3: c/blake3_sse41_x86-64_unix.S:8: fatal error: when writing output to /tmp/ccZ1lUBK.s: No space left on device
[INFO] [stderr] warning: blake3@1.3.3:     8 | #endif
[INFO] [stderr] warning: blake3@1.3.3:       | 
[INFO] [stderr] warning: blake3@1.3.3: compilation terminated.
[INFO] [stderr] error: failed to run custom build command for `blake3 v1.3.3`
[INFO] [stderr] note: To improve backtraces for build dependencies, set the CARGO_PROFILE_DEV_BUILD_OVERRIDE_DEBUG=true environment variable to enable debug information generation.
[INFO] [stderr] 
[INFO] [stderr] Caused by:
[INFO] [stderr]   process didn't exit successfully: `/opt/rustwide/target/debug/build/blake3-f764f459df57dc28/build-script-build` (exit status: 1)
[INFO] [stderr]   --- stdout
[INFO] [stderr]   cargo:rerun-if-env-changed=CARGO_FEATURE_PURE
[INFO] [stderr]   cargo:rerun-if-env-changed=CARGO_FEATURE_NO_NEON
[INFO] [stderr]   TARGET = Some("x86_64-unknown-linux-gnu")
[INFO] [stderr]   HOST = Some("x86_64-unknown-linux-gnu")
[INFO] [stderr]   cargo:rerun-if-env-changed=CC_x86_64-unknown-linux-gnu
[INFO] [stderr]   CC_x86_64-unknown-linux-gnu = None
[INFO] [stderr]   cargo:rerun-if-env-changed=CC_x86_64_unknown_linux_gnu
[INFO] [stderr]   CC_x86_64_unknown_linux_gnu = None
[INFO] [stderr]   cargo:rerun-if-env-changed=HOST_CC
[INFO] [stderr]   HOST_CC = None
[INFO] [stderr]   cargo:rerun-if-env-changed=CC
[INFO] [stderr]   CC = None
[INFO] [stderr]   cargo:rerun-if-env-changed=CFLAGS_x86_64-unknown-linux-gnu
[INFO] [stderr]   CFLAGS_x86_64-unknown-linux-gnu = None
[INFO] [stderr]   cargo:rerun-if-env-changed=CFLAGS_x86_64_unknown_linux_gnu
[INFO] [stderr]   CFLAGS_x86_64_unknown_linux_gnu = None
[INFO] [stderr]   cargo:rerun-if-env-changed=HOST_CFLAGS
[INFO] [stderr]   HOST_CFLAGS = None
[INFO] [stderr]   cargo:rerun-if-env-changed=CFLAGS
[INFO] [stderr]   CFLAGS = None
[INFO] [stderr]   cargo:rerun-if-env-changed=CRATE_CC_NO_DEFAULTS
[INFO] [stderr]   CRATE_CC_NO_DEFAULTS = None
[INFO] [stderr]   CARGO_CFG_TARGET_FEATURE = Some("fxsr,sse,sse2")
[INFO] [stderr]   cargo:rerun-if-env-changed=CC_x86_64-unknown-linux-gnu
[INFO] [stderr]   CC_x86_64-unknown-linux-gnu = None
[INFO] [stderr]   cargo:rerun-if-env-changed=CC_x86_64_unknown_linux_gnu
[INFO] [stderr]   CC_x86_64_unknown_linux_gnu = None
[INFO] [stderr]   cargo:rerun-if-env-changed=HOST_CC
[INFO] [stderr]   HOST_CC = None
[INFO] [stderr]   cargo:rerun-if-env-changed=CC
[INFO] [stderr]   CC = None
[INFO] [stderr]   cargo:rerun-if-env-changed=CFLAGS_x86_64-unknown-linux-gnu
[INFO] [stderr]   CFLAGS_x86_64-unknown-linux-gnu = None
[INFO] [stderr]   cargo:rerun-if-env-changed=CFLAGS_x86_64_unknown_linux_gnu
[INFO] [stderr]   CFLAGS_x86_64_unknown_linux_gnu = None
[INFO] [stderr]   cargo:rerun-if-env-changed=HOST_CFLAGS
[INFO] [stderr]   HOST_CFLAGS = None
[INFO] [stderr]   cargo:rerun-if-env-changed=CFLAGS
[INFO] [stderr]   CFLAGS = None
[INFO] [stderr]   cargo:rerun-if-env-changed=CRATE_CC_NO_DEFAULTS
[INFO] [stderr]   CRATE_CC_NO_DEFAULTS = None
[INFO] [stderr]   CARGO_CFG_TARGET_FEATURE = Some("fxsr,sse,sse2")
[INFO] [stderr]   cargo:rerun-if-env-changed=CARGO_FEATURE_PREFER_INTRINSICS
[INFO] [stderr]   cargo:rerun-if-env-changed=CARGO_FEATURE_PURE
[INFO] [stderr]   cargo:rustc-cfg=blake3_sse2_ffi
[INFO] [stderr]   cargo:rustc-cfg=blake3_sse41_ffi
[INFO] [stderr]   cargo:rustc-cfg=blake3_avx2_ffi
[INFO] [stderr]   TARGET = Some("x86_64-unknown-linux-gnu")
[INFO] [stderr]   OPT_LEVEL = Some("0")
[INFO] [stderr]   HOST = Some("x86_64-unknown-linux-gnu")
[INFO] [stderr]   cargo:rerun-if-env-changed=CC_x86_64-unknown-linux-gnu
[INFO] [stderr]   CC_x86_64-unknown-linux-gnu = None
[INFO] [stderr]   cargo:rerun-if-env-changed=CC_x86_64_unknown_linux_gnu
[INFO] [stderr]   CC_x86_64_unknown_linux_gnu = None
[INFO] [stderr]   cargo:rerun-if-env-changed=HOST_CC
[INFO] [stderr]   HOST_CC = None
[INFO] [stderr]   cargo:rerun-if-env-changed=CC
[INFO] [stderr]   CC = None
[INFO] [stderr]   cargo:rerun-if-env-changed=CFLAGS_x86_64-unknown-linux-gnu
[INFO] [stderr]   CFLAGS_x86_64-unknown-linux-gnu = None
[INFO] [stderr]   cargo:rerun-if-env-changed=CFLAGS_x86_64_unknown_linux_gnu
[INFO] [stderr]   CFLAGS_x86_64_unknown_linux_gnu = None
[INFO] [stderr]   cargo:rerun-if-env-changed=HOST_CFLAGS
[INFO] [stderr]   HOST_CFLAGS = None
[INFO] [stderr]   cargo:rerun-if-env-changed=CFLAGS
[INFO] [stderr]   CFLAGS = None
[INFO] [stderr]   cargo:rerun-if-env-changed=CRATE_CC_NO_DEFAULTS
[INFO] [stderr]   CRATE_CC_NO_DEFAULTS = None
[INFO] [stderr]   DEBUG = Some("true")
[INFO] [stderr]   CARGO_CFG_TARGET_FEATURE = Some("fxsr,sse,sse2")
[INFO] [stderr]   running: "cc" "-O0" "-ffunction-sections" "-fdata-sections" "-fPIC" "-gdwarf-4" "-fno-omit-frame-pointer" "-m64" "-Wall" "-Wextra" "-std=c11" "-o" "/opt/rustwide/target/debug/build/blake3-749030f572aab93b/out/c/blake3_sse2_x86-64_unix.o" "-c" "c/blake3_sse2_x86-64_unix.S"
[INFO] [stderr]   exit status: 0
[INFO] [stderr]   running: "cc" "-O0" "-ffunction-sections" "-fdata-sections" "-fPIC" "-gdwarf-4" "-fno-omit-frame-pointer" "-m64" "-Wall" "-Wextra" "-std=c11" "-o" "/opt/rustwide/target/debug/build/blake3-749030f572aab93b/out/c/blake3_sse41_x86-64_unix.o" "-c" "c/blake3_sse41_x86-64_unix.S"
[INFO] [stderr]   cargo:warning=c/blake3_sse41_x86-64_unix.S:8: fatal error: when writing output to /tmp/ccZ1lUBK.s: No space left on device
[INFO] [stderr]   cargo:warning=    8 | #endif
[INFO] [stderr]   cargo:warning=      | 
[INFO] [stderr]   cargo:warning=compilation terminated.
[INFO] [stderr]   exit status: 1
[INFO] [stderr]   running: "cc" "-O0" "-ffunction-sections" "-fdata-sections" "-fPIC" "-gdwarf-4" "-fno-omit-frame-pointer" "-m64" "-Wall" "-Wextra" "-std=c11" "-o" "/opt/rustwide/target/debug/build/blake3-749030f572aab93b/out/c/blake3_avx2_x86-64_unix.o" "-c" "c/blake3_avx2_x86-64_unix.S"
[INFO] [stderr]   exit status: 0
[INFO] [stderr] 
[INFO] [stderr]   --- stderr
[INFO] [stderr] 
[INFO] [stderr] 
[INFO] [stderr]   error occurred: Command "cc" "-O0" "-ffunction-sections" "-fdata-sections" "-fPIC" "-gdwarf-4" "-fno-omit-frame-pointer" "-m64" "-Wall" "-Wextra" "-std=c11" "-o" "/opt/rustwide/target/debug/build/blake3-749030f572aab93b/out/c/blake3_sse41_x86-64_unix.o" "-c" "c/blake3_sse41_x86-64_unix.S" with args "cc" did not execute successfully (status code exit status: 1).
[INFO] [stderr] 
[INFO] [stderr] 
[INFO] [stderr] error: could not compile `futures-lite` (lib) due to 1 previous error
[INFO] [stdout] error: failed to write to `/opt/rustwide/target/debug/deps/rmetalpMIFJ/lib.rmeta`: No space left on device (os error 28)
[INFO] [stdout] 
[INFO] [stdout] 
[INFO] [stderr] error: could not compile `linked-hash-map` (lib) due to 1 previous error
[INFO] [stdout] error: failed to write to `/opt/rustwide/target/debug/deps/rmetaO7Z6Nv/lib.rmeta`: No space left on device (os error 28)
[INFO] [stdout] 
[INFO] [stdout] 
[INFO] [stderr] error: could not compile `platforms` (lib) due to 1 previous error
[INFO] [stderr] rustc-LLVM ERROR: IO failure on output stream: No space left on device
[INFO] [stderr] error: could not compile `multistream-select` (lib)
[INFO] [stderr] 
[INFO] [stderr] Caused by:
[INFO] [stderr]   No space left on device (os error 28)
[INFO] [stderr] 
[INFO] [stderr] Caused by:
[INFO] [stderr]   failed to parse process output: `/opt/rustwide/rustup-home/toolchains/beta-2024-12-08-x86_64-unknown-linux-gnu/bin/rustc --crate-name multistream_select --edition=2021 /opt/rustwide/cargo-home/registry/src/index.crates.io-6f17d22bba15001f/multistream-select-0.12.1/src/lib.rs --error-format=json --json=diagnostic-rendered-ansi,artifacts,future-incompat --crate-type lib --emit=dep-info,metadata,link -C embed-bitcode=no -C debuginfo=2 --check-cfg 'cfg(docsrs)' --check-cfg 'cfg(feature, values())' -C metadata=348298de7d47549f -C extra-filename=-348298de7d47549f --out-dir /opt/rustwide/target/debug/deps -L dependency=/opt/rustwide/target/debug/deps --extern bytes=/opt/rustwide/target/debug/deps/libbytes-34a79b63f509580e.rmeta --extern futures=/opt/rustwide/target/debug/deps/libfutures-92420b1127ba240a.rmeta --extern log=/opt/rustwide/target/debug/deps/liblog-bb758d8d3f33886b.rmeta --extern pin_project=/opt/rustwide/target/debug/deps/libpin_project-6673557601f6acb2.rmeta --extern smallvec=/opt/rustwide/target/debug/deps/libsmallvec-5f186dbb2829e135.rmeta --extern unsigned_varint=/opt/rustwide/target/debug/deps/libunsigned_varint-7d96bbe877ae7e76.rmeta --cap-lints allow --cap-lints=warn` (exit status: 101)
[INFO] [stdout] error: couldn't create a temp dir: No space left on device (os error 28) at path "/opt/rustwide/target/debug/deps/rmetaSiJNWx"
[INFO] [stdout] 
[INFO] [stdout] 
[INFO] [stderr] rustc-LLVM ERROR: IO failure on output stream: No space left on device
[INFO] [stderr] error: could not compile `flate2` (lib) due to 1 previous error
[INFO] [stderr] error: could not compile `ipnet` (lib)
[INFO] [stderr] 
[INFO] [stderr] Caused by:
[INFO] [stderr]   No space left on device (os error 28)
[INFO] [stderr] 
[INFO] [stderr] Caused by:
[INFO] [stderr]   failed to parse process output: `/opt/rustwide/rustup-home/toolchains/beta-2024-12-08-x86_64-unknown-linux-gnu/bin/rustc --crate-name ipnet --edition=2018 /opt/rustwide/cargo-home/registry/src/index.crates.io-6f17d22bba15001f/ipnet-2.7.0/src/lib.rs --error-format=json --json=diagnostic-rendered-ansi,artifacts,future-incompat --crate-type lib --emit=dep-info,metadata,link -C embed-bitcode=no -C debuginfo=2 --cfg 'feature="default"' --check-cfg 'cfg(docsrs)' --check-cfg 'cfg(feature, values("default", "json", "schemars", "serde"))' -C metadata=bdc9aab99c946370 -C extra-filename=-bdc9aab99c946370 --out-dir /opt/rustwide/target/debug/deps -L dependency=/opt/rustwide/target/debug/deps --cap-lints allow --cap-lints=warn` (exit status: 101)
[INFO] [stdout] error: failed to write to `/opt/rustwide/target/debug/deps/rmetaZRs2Sb/lib.rmeta`: No space left on device (os error 28)
[INFO] [stdout] 
[INFO] [stdout] 
[INFO] [stderr] error: could not compile `prometheus` (lib) due to 1 previous error
[INFO] [stdout] error: failed to write to `/opt/rustwide/target/debug/deps/rmetacvTdTd/lib.rmeta`: No space left on device (os error 28)
[INFO] [stdout] 
[INFO] [stdout] 
[INFO] [stderr] error: could not compile `serde` (lib) due to 1 previous error
[INFO] [stderr] warning: zstd-sys@2.0.4+zstd.1.5.2: zstd/lib/compress/fse_compress.c:738:1: fatal error: error writing to /tmp/ccWGVbPs.s: No space left on device
[INFO] [stderr] warning: zstd-sys@2.0.4+zstd.1.5.2:   738 | }
[INFO] [stderr] warning: zstd-sys@2.0.4+zstd.1.5.2:       | ^
[INFO] [stderr] warning: zstd-sys@2.0.4+zstd.1.5.2: compilation terminated.
[INFO] [stderr] warning: zstd-sys@2.0.4+zstd.1.5.2: zstd/lib/compress/zstd_compress_literals.c:159:1: fatal error: error writing to /tmp/ccwIYC4A.s: No space left on device
[INFO] [stderr] warning: zstd-sys@2.0.4+zstd.1.5.2:   159 | }
[INFO] [stderr] warning: zstd-sys@2.0.4+zstd.1.5.2:       | ^
[INFO] [stderr] warning: zstd-sys@2.0.4+zstd.1.5.2: compilation terminated.
[INFO] [stderr] warning: zstd-sys@2.0.4+zstd.1.5.2: zstd/lib/compress/huf_compress.c:1369:1: fatal error: error writing to /tmp/cc1h7Sfu.s: No space left on device
[INFO] [stderr] warning: zstd-sys@2.0.4+zstd.1.5.2:  1369 | }
[INFO] [stderr] warning: zstd-sys@2.0.4+zstd.1.5.2:       | ^
[INFO] [stderr] warning: zstd-sys@2.0.4+zstd.1.5.2: compilation terminated.
[INFO] [stderr] error: failed to run custom build command for `zstd-sys v2.0.4+zstd.1.5.2`
[INFO] [stderr] note: To improve backtraces for build dependencies, set the CARGO_PROFILE_DEV_BUILD_OVERRIDE_DEBUG=true environment variable to enable debug information generation.
[INFO] [stderr] 
[INFO] [stderr] Caused by:
[INFO] [stderr]   process didn't exit successfully: `/opt/rustwide/target/debug/build/zstd-sys-d3836dc0b195bbdd/build-script-build` (exit status: 1)
[INFO] [stderr]   --- stdout
[INFO] [stderr]   TARGET = Some("x86_64-unknown-linux-gnu")
[INFO] [stderr]   OPT_LEVEL = Some("0")
[INFO] [stderr]   HOST = Some("x86_64-unknown-linux-gnu")
[INFO] [stderr]   cargo:rerun-if-env-changed=CC_x86_64-unknown-linux-gnu
[INFO] [stderr]   CC_x86_64-unknown-linux-gnu = None
[INFO] [stderr]   cargo:rerun-if-env-changed=CC_x86_64_unknown_linux_gnu
[INFO] [stderr]   CC_x86_64_unknown_linux_gnu = None
[INFO] [stderr]   cargo:rerun-if-env-changed=HOST_CC
[INFO] [stderr]   HOST_CC = None
[INFO] [stderr]   cargo:rerun-if-env-changed=CC
[INFO] [stderr]   CC = None
[INFO] [stderr]   cargo:rerun-if-env-changed=CFLAGS_x86_64-unknown-linux-gnu
[INFO] [stderr]   CFLAGS_x86_64-unknown-linux-gnu = None
[INFO] [stderr]   cargo:rerun-if-env-changed=CFLAGS_x86_64_unknown_linux_gnu
[INFO] [stderr]   CFLAGS_x86_64_unknown_linux_gnu = None
[INFO] [stderr]   cargo:rerun-if-env-changed=HOST_CFLAGS
[INFO] [stderr]   HOST_CFLAGS = None
[INFO] [stderr]   cargo:rerun-if-env-changed=CFLAGS
[INFO] [stderr]   CFLAGS = None
[INFO] [stderr]   cargo:rerun-if-env-changed=CRATE_CC_NO_DEFAULTS
[INFO] [stderr]   CRATE_CC_NO_DEFAULTS = None
[INFO] [stderr]   DEBUG = Some("true")
[INFO] [stderr]   CARGO_CFG_TARGET_FEATURE = Some("fxsr,sse,sse2")
[INFO] [stderr]   running: "cc" "-O0" "-ffunction-sections" "-fdata-sections" "-fPIC" "-gdwarf-4" "-fno-omit-frame-pointer" "-m64" "-I" "zstd/lib/" "-I" "zstd/lib/common" "-fvisibility=hidden" "-DZSTD_LIB_DEPRECATED=0" "-DXXH_PRIVATE_API=" "-DZSTDLIB_VISIBILITY=" "-DZSTDERRORLIB_VISIBILITY=" "-o" "/opt/rustwide/target/debug/build/zstd-sys-09755f23a99b9440/out/zstd/lib/common/debug.o" "-c" "zstd/lib/common/debug.c"
[INFO] [stderr]   exit status: 0
[INFO] [stderr]   running: "cc" "-O0" "-ffunction-sections" "-fdata-sections" "-fPIC" "-gdwarf-4" "-fno-omit-frame-pointer" "-m64" "-I" "zstd/lib/" "-I" "zstd/lib/common" "-fvisibility=hidden" "-DZSTD_LIB_DEPRECATED=0" "-DXXH_PRIVATE_API=" "-DZSTDLIB_VISIBILITY=" "-DZSTDERRORLIB_VISIBILITY=" "-o" "/opt/rustwide/target/debug/build/zstd-sys-09755f23a99b9440/out/zstd/lib/common/entropy_common.o" "-c" "zstd/lib/common/entropy_common.c"
[INFO] [stderr]   exit status: 0
[INFO] [stderr]   running: "cc" "-O0" "-ffunction-sections" "-fdata-sections" "-fPIC" "-gdwarf-4" "-fno-omit-frame-pointer" "-m64" "-I" "zstd/lib/" "-I" "zstd/lib/common" "-fvisibility=hidden" "-DZSTD_LIB_DEPRECATED=0" "-DXXH_PRIVATE_API=" "-DZSTDLIB_VISIBILITY=" "-DZSTDERRORLIB_VISIBILITY=" "-o" "/opt/rustwide/target/debug/build/zstd-sys-09755f23a99b9440/out/zstd/lib/common/error_private.o" "-c" "zstd/lib/common/error_private.c"
[INFO] [stderr]   exit status: 0
[INFO] [stderr]   running: "cc" "-O0" "-ffunction-sections" "-fdata-sections" "-fPIC" "-gdwarf-4" "-fno-omit-frame-pointer" "-m64" "-I" "zstd/lib/" "-I" "zstd/lib/common" "-fvisibility=hidden" "-DZSTD_LIB_DEPRECATED=0" "-DXXH_PRIVATE_API=" "-DZSTDLIB_VISIBILITY=" "-DZSTDERRORLIB_VISIBILITY=" "-o" "/opt/rustwide/target/debug/build/zstd-sys-09755f23a99b9440/out/zstd/lib/common/fse_decompress.o" "-c" "zstd/lib/common/fse_decompress.c"
[INFO] [stderr]   exit status: 0
[INFO] [stderr]   running: "cc" "-O0" "-ffunction-sections" "-fdata-sections" "-fPIC" "-gdwarf-4" "-fno-omit-frame-pointer" "-m64" "-I" "zstd/lib/" "-I" "zstd/lib/common" "-fvisibility=hidden" "-DZSTD_LIB_DEPRECATED=0" "-DXXH_PRIVATE_API=" "-DZSTDLIB_VISIBILITY=" "-DZSTDERRORLIB_VISIBILITY=" "-o" "/opt/rustwide/target/debug/build/zstd-sys-09755f23a99b9440/out/zstd/lib/common/pool.o" "-c" "zstd/lib/common/pool.c"
[INFO] [stderr]   exit status: 0
[INFO] [stderr]   running: "cc" "-O0" "-ffunction-sections" "-fdata-sections" "-fPIC" "-gdwarf-4" "-fno-omit-frame-pointer" "-m64" "-I" "zstd/lib/" "-I" "zstd/lib/common" "-fvisibility=hidden" "-DZSTD_LIB_DEPRECATED=0" "-DXXH_PRIVATE_API=" "-DZSTDLIB_VISIBILITY=" "-DZSTDERRORLIB_VISIBILITY=" "-o" "/opt/rustwide/target/debug/build/zstd-sys-09755f23a99b9440/out/zstd/lib/common/threading.o" "-c" "zstd/lib/common/threading.c"
[INFO] [stderr]   exit status: 0
[INFO] [stderr]   running: "cc" "-O0" "-ffunction-sections" "-fdata-sections" "-fPIC" "-gdwarf-4" "-fno-omit-frame-pointer" "-m64" "-I" "zstd/lib/" "-I" "zstd/lib/common" "-fvisibility=hidden" "-DZSTD_LIB_DEPRECATED=0" "-DXXH_PRIVATE_API=" "-DZSTDLIB_VISIBILITY=" "-DZSTDERRORLIB_VISIBILITY=" "-o" "/opt/rustwide/target/debug/build/zstd-sys-09755f23a99b9440/out/zstd/lib/common/zstd_common.o" "-c" "zstd/lib/common/zstd_common.c"
[INFO] [stderr]   running: "cc" "-O0" "-ffunction-sections" "-fdata-sections" "-fPIC" "-gdwarf-4" "-fno-omit-frame-pointer" "-m64" "-I" "zstd/lib/" "-I" "zstd/lib/common" "-fvisibility=hidden" "-DZSTD_LIB_DEPRECATED=0" "-DXXH_PRIVATE_API=" "-DZSTDLIB_VISIBILITY=" "-DZSTDERRORLIB_VISIBILITY=" "-o" "/opt/rustwide/target/debug/build/zstd-sys-09755f23a99b9440/out/zstd/lib/compress/fse_compress.o" "-c" "zstd/lib/compress/fse_compress.c"
[INFO] [stderr]   running: "cc" "-O0" "-ffunction-sections" "-fdata-sections" "-fPIC" "-gdwarf-4" "-fno-omit-frame-pointer" "-m64" "-I" "zstd/lib/" "-I" "zstd/lib/common" "-fvisibility=hidden" "-DZSTD_LIB_DEPRECATED=0" "-DXXH_PRIVATE_API=" "-DZSTDLIB_VISIBILITY=" "-DZSTDERRORLIB_VISIBILITY=" "-o" "/opt/rustwide/target/debug/build/zstd-sys-09755f23a99b9440/out/zstd/lib/compress/hist.o" "-c" "zstd/lib/compress/hist.c"
[INFO] [stderr]   running: "cc" "-O0" "-ffunction-sections" "-fdata-sections" "-fPIC" "-gdwarf-4" "-fno-omit-frame-pointer" "-m64" "-I" "zstd/lib/" "-I" "zstd/lib/common" "-fvisibility=hidden" "-DZSTD_LIB_DEPRECATED=0" "-DXXH_PRIVATE_API=" "-DZSTDLIB_VISIBILITY=" "-DZSTDERRORLIB_VISIBILITY=" "-o" "/opt/rustwide/target/debug/build/zstd-sys-09755f23a99b9440/out/zstd/lib/compress/huf_compress.o" "-c" "zstd/lib/compress/huf_compress.c"
[INFO] [stderr]   running: "cc" "-O0" "-ffunction-sections" "-fdata-sections" "-fPIC" "-gdwarf-4" "-fno-omit-frame-pointer" "-m64" "-I" "zstd/lib/" "-I" "zstd/lib/common" "-fvisibility=hidden" "-DZSTD_LIB_DEPRECATED=0" "-DXXH_PRIVATE_API=" "-DZSTDLIB_VISIBILITY=" "-DZSTDERRORLIB_VISIBILITY=" "-o" "/opt/rustwide/target/debug/build/zstd-sys-09755f23a99b9440/out/zstd/lib/compress/zstd_compress.o" "-c" "zstd/lib/compress/zstd_compress.c"
[INFO] [stderr]   cargo:warning=zstd/lib/compress/fse_compress.c:738:1: fatal error: error writing to /tmp/ccWGVbPs.s: No space left on device
[INFO] [stderr]   cargo:warning=  738 | }
[INFO] [stderr]   cargo:warning=      | ^
[INFO] [stderr]   cargo:warning=compilation terminated.
[INFO] [stderr]   exit status: 1
[INFO] [stderr]   running: "cc" "-O0" "-ffunction-sections" "-fdata-sections" "-fPIC" "-gdwarf-4" "-fno-omit-frame-pointer" "-m64" "-I" "zstd/lib/" "-I" "zstd/lib/common" "-fvisibility=hidden" "-DZSTD_LIB_DEPRECATED=0" "-DXXH_PRIVATE_API=" "-DZSTDLIB_VISIBILITY=" "-DZSTDERRORLIB_VISIBILITY=" "-o" "/opt/rustwide/target/debug/build/zstd-sys-09755f23a99b9440/out/zstd/lib/compress/zstd_compress_literals.o" "-c" "zstd/lib/compress/zstd_compress_literals.c"
[INFO] [stderr]   exit status: 0
[INFO] [stderr]   exit status: 0
[INFO] [stderr]   cargo:warning=zstd/lib/compress/zstd_compress_literals.c:159:1: fatal error: error writing to /tmp/ccwIYC4A.s: No space left on device
[INFO] [stderr]   cargo:warning=  159 | }
[INFO] [stderr]   cargo:warning=      | ^
[INFO] [stderr]   cargo:warning=compilation terminated.
[INFO] [stderr]   exit status: 1
[INFO] [stderr]   cargo:warning=zstd/lib/compress/huf_compress.c:1369:1: fatal error: error writing to /tmp/cc1h7Sfu.s: No space left on device
[INFO] [stderr]   cargo:warning= 1369 | }
[INFO] [stderr]   cargo:warning=      | ^
[INFO] [stderr]   cargo:warning=compilation terminated.
[INFO] [stderr]   exit status: 1
[INFO] [stderr]   exit status: 0
[INFO] [stderr] 
[INFO] [stderr]   --- stderr
[INFO] [stderr] 
[INFO] [stderr] 
[INFO] [stderr]   error occurred: Command "cc" "-O0" "-ffunction-sections" "-fdata-sections" "-fPIC" "-gdwarf-4" "-fno-omit-frame-pointer" "-m64" "-I" "zstd/lib/" "-I" "zstd/lib/common" "-fvisibility=hidden" "-DZSTD_LIB_DEPRECATED=0" "-DXXH_PRIVATE_API=" "-DZSTDLIB_VISIBILITY=" "-DZSTDERRORLIB_VISIBILITY=" "-o" "/opt/rustwide/target/debug/build/zstd-sys-09755f23a99b9440/out/zstd/lib/compress/fse_compress.o" "-c" "zstd/lib/compress/fse_compress.c" with args "cc" did not execute successfully (status code exit status: 1).
[INFO] [stderr] 
[INFO] [stderr] 
[INFO] [stderr] warning: secp256k1-sys@0.6.1: depend/secp256k1/src/precomputed_ecmult_gen.c:9749:1: fatal error: error writing to /tmp/ccryJ31q.s: No space left on device
[INFO] [stderr] warning: secp256k1-sys@0.6.1:  9749 | };
[INFO] [stderr] warning: secp256k1-sys@0.6.1:       | ^
[INFO] [stderr] warning: secp256k1-sys@0.6.1: compilation terminated.
[INFO] [stderr] warning: secp256k1-sys@0.6.1: depend/secp256k1/src/secp256k1.c:724: fatal error: error writing to /tmp/ccwgsYdF.s: No space left on device
[INFO] [stderr] warning: secp256k1-sys@0.6.1:   724 | #endif
[INFO] [stderr] warning: secp256k1-sys@0.6.1:       | 
[INFO] [stderr] warning: secp256k1-sys@0.6.1: compilation terminated.
[INFO] [stderr] error: failed to run custom build command for `secp256k1-sys v0.6.1`
[INFO] [stderr] note: To improve backtraces for build dependencies, set the CARGO_PROFILE_DEV_BUILD_OVERRIDE_DEBUG=true environment variable to enable debug information generation.
[INFO] [stderr] 
[INFO] [stderr] Caused by:
[INFO] [stderr]   process didn't exit successfully: `/opt/rustwide/target/debug/build/secp256k1-sys-6ded2de0b6fb6dce/build-script-build` (exit status: 1)
[INFO] [stderr]   --- stdout
[INFO] [stderr]   TARGET = Some("x86_64-unknown-linux-gnu")
[INFO] [stderr]   OPT_LEVEL = Some("0")
[INFO] [stderr]   HOST = Some("x86_64-unknown-linux-gnu")
[INFO] [stderr]   cargo:rerun-if-env-changed=CC_x86_64-unknown-linux-gnu
[INFO] [stderr]   CC_x86_64-unknown-linux-gnu = None
[INFO] [stderr]   cargo:rerun-if-env-changed=CC_x86_64_unknown_linux_gnu
[INFO] [stderr]   CC_x86_64_unknown_linux_gnu = None
[INFO] [stderr]   cargo:rerun-if-env-changed=HOST_CC
[INFO] [stderr]   HOST_CC = None
[INFO] [stderr]   cargo:rerun-if-env-changed=CC
[INFO] [stderr]   CC = None
[INFO] [stderr]   cargo:rerun-if-env-changed=CFLAGS_x86_64-unknown-linux-gnu
[INFO] [stderr]   CFLAGS_x86_64-unknown-linux-gnu = None
[INFO] [stderr]   cargo:rerun-if-env-changed=CFLAGS_x86_64_unknown_linux_gnu
[INFO] [stderr]   CFLAGS_x86_64_unknown_linux_gnu = None
[INFO] [stderr]   cargo:rerun-if-env-changed=HOST_CFLAGS
[INFO] [stderr]   HOST_CFLAGS = None
[INFO] [stderr]   cargo:rerun-if-env-changed=CFLAGS
[INFO] [stderr]   CFLAGS = None
[INFO] [stderr]   cargo:rerun-if-env-changed=CRATE_CC_NO_DEFAULTS
[INFO] [stderr]   CRATE_CC_NO_DEFAULTS = None
[INFO] [stderr]   DEBUG = Some("true")
[INFO] [stderr]   CARGO_CFG_TARGET_FEATURE = Some("fxsr,sse,sse2")
[INFO] [stderr]   cargo:rerun-if-env-changed=CC_x86_64-unknown-linux-gnu
[INFO] [stderr]   CC_x86_64-unknown-linux-gnu = None
[INFO] [stderr]   cargo:rerun-if-env-changed=CC_x86_64_unknown_linux_gnu
[INFO] [stderr]   CC_x86_64_unknown_linux_gnu = None
[INFO] [stderr]   cargo:rerun-if-env-changed=HOST_CC
[INFO] [stderr]   HOST_CC = None
[INFO] [stderr]   cargo:rerun-if-env-changed=CC
[INFO] [stderr]   CC = None
[INFO] [stderr]   cargo:rerun-if-env-changed=CFLAGS_x86_64-unknown-linux-gnu
[INFO] [stderr]   CFLAGS_x86_64-unknown-linux-gnu = None
[INFO] [stderr]   cargo:rerun-if-env-changed=CFLAGS_x86_64_unknown_linux_gnu
[INFO] [stderr]   CFLAGS_x86_64_unknown_linux_gnu = None
[INFO] [stderr]   cargo:rerun-if-env-changed=HOST_CFLAGS
[INFO] [stderr]   HOST_CFLAGS = None
[INFO] [stderr]   cargo:rerun-if-env-changed=CFLAGS
[INFO] [stderr]   CFLAGS = None
[INFO] [stderr]   cargo:rerun-if-env-changed=CRATE_CC_NO_DEFAULTS
[INFO] [stderr]   CRATE_CC_NO_DEFAULTS = None
[INFO] [stderr]   CARGO_CFG_TARGET_FEATURE = Some("fxsr,sse,sse2")
[INFO] [stderr]   running: "cc" "-O0" "-ffunction-sections" "-fdata-sections" "-fPIC" "-gdwarf-4" "-fno-omit-frame-pointer" "-m64" "-I" "depend/secp256k1/" "-I" "depend/secp256k1/include" "-I" "depend/secp256k1/src" "-Wall" "-Wextra" "-Wno-unused-function" "-DSECP256K1_API=" "-DENABLE_MODULE_ECDH=1" "-DENABLE_MODULE_SCHNORRSIG=1" "-DENABLE_MODULE_EXTRAKEYS=1" "-DUSE_NUM_NONE=1" "-DUSE_FIELD_INV_BUILTIN=1" "-DUSE_SCALAR_INV_BUILTIN=1" "-DECMULT_GEN_PREC_BITS=4" "-DECMULT_WINDOW_SIZE=15" "-DUSE_EXTERNAL_DEFAULT_CALLBACKS=1" "-DENABLE_MODULE_RECOVERY=1" "-o" "/opt/rustwide/target/debug/build/secp256k1-sys-85cd988bc93088cb/out/depend/secp256k1/contrib/lax_der_parsing.o" "-c" "depend/secp256k1/contrib/lax_der_parsing.c"
[INFO] [stderr]   exit status: 0
[INFO] [stderr]   running: "cc" "-O0" "-ffunction-sections" "-fdata-sections" "-fPIC" "-gdwarf-4" "-fno-omit-frame-pointer" "-m64" "-I" "depend/secp256k1/" "-I" "depend/secp256k1/include" "-I" "depend/secp256k1/src" "-Wall" "-Wextra" "-Wno-unused-function" "-DSECP256K1_API=" "-DENABLE_MODULE_ECDH=1" "-DENABLE_MODULE_SCHNORRSIG=1" "-DENABLE_MODULE_EXTRAKEYS=1" "-DUSE_NUM_NONE=1" "-DUSE_FIELD_INV_BUILTIN=1" "-DUSE_SCALAR_INV_BUILTIN=1" "-DECMULT_GEN_PREC_BITS=4" "-DECMULT_WINDOW_SIZE=15" "-DUSE_EXTERNAL_DEFAULT_CALLBACKS=1" "-DENABLE_MODULE_RECOVERY=1" "-o" "/opt/rustwide/target/debug/build/secp256k1-sys-85cd988bc93088cb/out/depend/secp256k1/src/precomputed_ecmult_gen.o" "-c" "depend/secp256k1/src/precomputed_ecmult_gen.c"
[INFO] [stderr]   running: "cc" "-O0" "-ffunction-sections" "-fdata-sections" "-fPIC" "-gdwarf-4" "-fno-omit-frame-pointer" "-m64" "-I" "depend/secp256k1/" "-I" "depend/secp256k1/include" "-I" "depend/secp256k1/src" "-Wall" "-Wextra" "-Wno-unused-function" "-DSECP256K1_API=" "-DENABLE_MODULE_ECDH=1" "-DENABLE_MODULE_SCHNORRSIG=1" "-DENABLE_MODULE_EXTRAKEYS=1" "-DUSE_NUM_NONE=1" "-DUSE_FIELD_INV_BUILTIN=1" "-DUSE_SCALAR_INV_BUILTIN=1" "-DECMULT_GEN_PREC_BITS=4" "-DECMULT_WINDOW_SIZE=15" "-DUSE_EXTERNAL_DEFAULT_CALLBACKS=1" "-DENABLE_MODULE_RECOVERY=1" "-o" "/opt/rustwide/target/debug/build/secp256k1-sys-85cd988bc93088cb/out/depend/secp256k1/src/precomputed_ecmult.o" "-c" "depend/secp256k1/src/precomputed_ecmult.c"
[INFO] [stderr]   running: "cc" "-O0" "-ffunction-sections" "-fdata-sections" "-fPIC" "-gdwarf-4" "-fno-omit-frame-pointer" "-m64" "-I" "depend/secp256k1/" "-I" "depend/secp256k1/include" "-I" "depend/secp256k1/src" "-Wall" "-Wextra" "-Wno-unused-function" "-DSECP256K1_API=" "-DENABLE_MODULE_ECDH=1" "-DENABLE_MODULE_SCHNORRSIG=1" "-DENABLE_MODULE_EXTRAKEYS=1" "-DUSE_NUM_NONE=1" "-DUSE_FIELD_INV_BUILTIN=1" "-DUSE_SCALAR_INV_BUILTIN=1" "-DECMULT_GEN_PREC_BITS=4" "-DECMULT_WINDOW_SIZE=15" "-DUSE_EXTERNAL_DEFAULT_CALLBACKS=1" "-DENABLE_MODULE_RECOVERY=1" "-o" "/opt/rustwide/target/debug/build/secp256k1-sys-85cd988bc93088cb/out/depend/secp256k1/src/secp256k1.o" "-c" "depend/secp256k1/src/secp256k1.c"
[INFO] [stderr]   cargo:warning=depend/secp256k1/src/precomputed_ecmult_gen.c:9749:1: fatal error: error writing to /tmp/ccryJ31q.s: No space left on device
[INFO] [stderr]   cargo:warning= 9749 | };
[INFO] [stderr]   cargo:warning=      | ^
[INFO] [stderr]   cargo:warning=compilation terminated.
[INFO] [stderr]   exit status: 1
[INFO] [stderr]   cargo:warning=depend/secp256k1/src/secp256k1.c:724: fatal error: error writing to /tmp/ccwgsYdF.s: No space left on device
[INFO] [stderr]   cargo:warning=  724 | #endif
[INFO] [stderr]   cargo:warning=      | 
[INFO] [stderr]   cargo:warning=compilation terminated.
[INFO] [stderr]   exit status: 1
[INFO] [stderr]   exit status: 0
[INFO] [stderr] 
[INFO] [stderr]   --- stderr
[INFO] [stderr] 
[INFO] [stderr] 
[INFO] [stderr]   error occurred: Command "cc" "-O0" "-ffunction-sections" "-fdata-sections" "-fPIC" "-gdwarf-4" "-fno-omit-frame-pointer" "-m64" "-I" "depend/secp256k1/" "-I" "depend/secp256k1/include" "-I" "depend/secp256k1/src" "-Wall" "-Wextra" "-Wno-unused-function" "-DSECP256K1_API=" "-DENABLE_MODULE_ECDH=1" "-DENABLE_MODULE_SCHNORRSIG=1" "-DENABLE_MODULE_EXTRAKEYS=1" "-DUSE_NUM_NONE=1" "-DUSE_FIELD_INV_BUILTIN=1" "-DUSE_SCALAR_INV_BUILTIN=1" "-DECMULT_GEN_PREC_BITS=4" "-DECMULT_WINDOW_SIZE=15" "-DUSE_EXTERNAL_DEFAULT_CALLBACKS=1" "-DENABLE_MODULE_RECOVERY=1" "-o" "/opt/rustwide/target/debug/build/secp256k1-sys-85cd988bc93088cb/out/depend/secp256k1/src/precomputed_ecmult_gen.o" "-c" "depend/secp256k1/src/precomputed_ecmult_gen.c" with args "cc" did not execute successfully (status code exit status: 1).
[INFO] [stderr] 
[INFO] [stderr] 
[INFO] running `Command { std: "docker" "inspect" "df843041c174ad61efd02e048b356638af30deaa609c36cbfc743607d7b1bc5c", kill_on_drop: false }`
[INFO] running `Command { std: "docker" "rm" "-f" "df843041c174ad61efd02e048b356638af30deaa609c36cbfc743607d7b1bc5c", kill_on_drop: false }`
[INFO] [stdout] df843041c174ad61efd02e048b356638af30deaa609c36cbfc743607d7b1bc5c
