[INFO] cloning repository https://github.com/jcreamer898/rust-copy-bulk
[INFO] running `Command { std: "git" "-c" "credential.helper=" "-c" "credential.helper=/workspace/cargo-home/bin/git-credential-null" "clone" "--bare" "https://github.com/jcreamer898/rust-copy-bulk" "/workspace/cache/git-repos/https%3A%2F%2Fgithub.com%2Fjcreamer898%2Frust-copy-bulk", kill_on_drop: false }`
[INFO] [stderr] Cloning into bare repository '/workspace/cache/git-repos/https%3A%2F%2Fgithub.com%2Fjcreamer898%2Frust-copy-bulk'...
[INFO] running `Command { std: "git" "rev-parse" "HEAD", kill_on_drop: false }`
[INFO] [stdout] e8a9666ab9a00f8f80968192b8fbab07d8f8dc9c
[INFO] testing jcreamer898/rust-copy-bulk against beta-2024-12-08 for beta-1.84.0-4-retry
[INFO] running `Command { std: "git" "clone" "/workspace/cache/git-repos/https%3A%2F%2Fgithub.com%2Fjcreamer898%2Frust-copy-bulk" "/workspace/builds/worker-6-tc2/source", kill_on_drop: false }`
[INFO] [stderr] Cloning into '/workspace/builds/worker-6-tc2/source'...
[INFO] [stderr] done.
[INFO] validating manifest of git repo https://github.com/jcreamer898/rust-copy-bulk on toolchain beta-2024-12-08
[INFO] running `Command { std: CARGO_HOME="/workspace/cargo-home" RUSTUP_HOME="/workspace/rustup-home" "/workspace/cargo-home/bin/cargo" "+beta-2024-12-08" "metadata" "--manifest-path" "Cargo.toml" "--no-deps", kill_on_drop: false }`
[INFO] started tweaking git repo https://github.com/jcreamer898/rust-copy-bulk
[INFO] finished tweaking git repo https://github.com/jcreamer898/rust-copy-bulk
[INFO] tweaked toml for git repo https://github.com/jcreamer898/rust-copy-bulk written to /workspace/builds/worker-6-tc2/source/Cargo.toml
[INFO] crate git repo https://github.com/jcreamer898/rust-copy-bulk already has a lockfile, it will not be regenerated
[INFO] running `Command { std: CARGO_HOME="/workspace/cargo-home" RUSTUP_HOME="/workspace/rustup-home" "/workspace/cargo-home/bin/cargo" "+beta-2024-12-08" "fetch" "--manifest-path" "Cargo.toml", kill_on_drop: false }`
[INFO] [stderr]     Blocking waiting for file lock on package cache
[INFO] [stderr]     Updating crates.io index
[INFO] [stderr]     Blocking waiting for file lock on package cache
[INFO] [stderr]  Downloading crates ...
[INFO] [stderr]   Downloaded smallvec v0.6.14
[INFO] [stderr]   Downloaded rand_core v0.4.2
[INFO] [stderr]   Downloaded crossbeam-utils v0.8.5
[INFO] [stderr]   Downloaded autocfg v0.1.7
[INFO] [stderr]   Downloaded futures-macro v0.3.17
[INFO] [stderr]   Downloaded futures-executor v0.3.17
[INFO] [stderr]   Downloaded futures v0.3.17
[INFO] [stderr]   Downloaded owning_ref v0.4.1
[INFO] [stderr]   Downloaded rand_jitter v0.1.4
[INFO] [stderr]   Downloaded rand_os v0.1.3
[INFO] [stderr]   Downloaded workerpool v1.2.0
[INFO] running `Command { std: "docker" "create" "-v" "/var/lib/crater-agent-workspace/builds/worker-6-tc2/target:/opt/rustwide/target:rw,Z" "-v" "/var/lib/crater-agent-workspace/builds/worker-6-tc2/source:/opt/rustwide/workdir:ro,Z" "-v" "/var/lib/crater-agent-workspace/cargo-home:/opt/rustwide/cargo-home:ro,Z" "-v" "/var/lib/crater-agent-workspace/rustup-home:/opt/rustwide/rustup-home:ro,Z" "-e" "SOURCE_DIR=/opt/rustwide/workdir" "-e" "CARGO_TARGET_DIR=/opt/rustwide/target" "-e" "CARGO_HOME=/opt/rustwide/cargo-home" "-e" "RUSTUP_HOME=/opt/rustwide/rustup-home" "-w" "/opt/rustwide/workdir" "-m" "1610612736" "--user" "0:0" "--network" "none" "ghcr.io/rust-lang/crates-build-env/linux@sha256:f3a9d4ad9d972b27faf3965f35b62e55ba32bbce8f20bc8fe909558a86702fde" "/opt/rustwide/cargo-home/bin/cargo" "+beta-2024-12-08" "metadata" "--no-deps" "--format-version=1", kill_on_drop: false }`
[INFO] [stdout] 05c330ade6ca52a4b2fa28835a70a94d16dc2312a8dc280e37b39da0b952c870
[INFO] running `Command { std: "docker" "start" "-a" "05c330ade6ca52a4b2fa28835a70a94d16dc2312a8dc280e37b39da0b952c870", kill_on_drop: false }`
[INFO] running `Command { std: "docker" "inspect" "05c330ade6ca52a4b2fa28835a70a94d16dc2312a8dc280e37b39da0b952c870", kill_on_drop: false }`
[INFO] running `Command { std: "docker" "rm" "-f" "05c330ade6ca52a4b2fa28835a70a94d16dc2312a8dc280e37b39da0b952c870", kill_on_drop: false }`
[INFO] [stdout] 05c330ade6ca52a4b2fa28835a70a94d16dc2312a8dc280e37b39da0b952c870
[INFO] running `Command { std: "docker" "create" "-v" "/var/lib/crater-agent-workspace/builds/worker-6-tc2/target:/opt/rustwide/target:rw,Z" "-v" "/var/lib/crater-agent-workspace/builds/worker-6-tc2/source:/opt/rustwide/workdir:ro,Z" "-v" "/var/lib/crater-agent-workspace/cargo-home:/opt/rustwide/cargo-home:ro,Z" "-v" "/var/lib/crater-agent-workspace/rustup-home:/opt/rustwide/rustup-home:ro,Z" "-e" "SOURCE_DIR=/opt/rustwide/workdir" "-e" "CARGO_TARGET_DIR=/opt/rustwide/target" "-e" "CARGO_INCREMENTAL=0" "-e" "RUST_BACKTRACE=full" "-e" "RUSTFLAGS=--cap-lints=warn" "-e" "RUSTDOCFLAGS=--cap-lints=warn" "-e" "CARGO_HOME=/opt/rustwide/cargo-home" "-e" "RUSTUP_HOME=/opt/rustwide/rustup-home" "-w" "/opt/rustwide/workdir" "-m" "1610612736" "--user" "0:0" "--network" "none" "ghcr.io/rust-lang/crates-build-env/linux@sha256:f3a9d4ad9d972b27faf3965f35b62e55ba32bbce8f20bc8fe909558a86702fde" "/opt/rustwide/cargo-home/bin/cargo" "+beta-2024-12-08" "build" "--frozen" "--message-format=json", kill_on_drop: false }`
[INFO] [stdout] 3c8a77e822cecf4cc82791ded2b375db88e863b07481372ed11afeaabbc86c02
[INFO] running `Command { std: "docker" "start" "-a" "3c8a77e822cecf4cc82791ded2b375db88e863b07481372ed11afeaabbc86c02", kill_on_drop: false }`
[INFO] [stderr]    Compiling libc v0.2.101
[INFO] [stderr]    Compiling proc-macro2 v1.0.29
[INFO] [stderr]    Compiling unicode-xid v0.2.2
[INFO] [stderr]    Compiling autocfg v0.1.7
[INFO] [stderr]    Compiling rand_core v0.4.2
[INFO] [stderr]    Compiling syn v1.0.76
[INFO] [stderr]    Compiling crossbeam-utils v0.8.5
[INFO] [stderr]    Compiling semver-parser v0.7.0
[INFO] [stderr]    Compiling memoffset v0.6.4
[INFO] [stderr]    Compiling maybe-uninit v2.0.0
[INFO] [stderr]    Compiling memchr v2.4.1
[INFO] [stderr]    Compiling futures-core v0.3.17
[INFO] [stderr]    Compiling futures-macro v0.3.17
[INFO] [stderr]    Compiling futures-channel v0.3.17
[INFO] [stderr]    Compiling crossbeam-epoch v0.9.5
[INFO] [stderr]    Compiling futures-task v0.3.17
[INFO] [stderr]    Compiling rand_core v0.3.1
[INFO] [stderr]    Compiling rand_xorshift v0.1.1
[INFO] [stderr]    Compiling rand_hc v0.1.0
[INFO] [stderr]    Compiling rand_chacha v0.1.1
[INFO] [stderr]    Compiling semver v0.9.0
[INFO] [stderr]    Compiling rand_pcg v0.1.2
[INFO] [stderr]    Compiling rand v0.6.5
[INFO] [stderr]    Compiling rand_isaac v0.1.1
[INFO] [stderr]    Compiling rand_jitter v0.1.4
[INFO] [stderr]    Compiling futures-util v0.3.17
[INFO] [stderr]    Compiling serde_derive v1.0.130
[INFO] [stderr]    Compiling pin-project-lite v0.2.7
[INFO] [stderr]    Compiling rustc_version v0.2.3
[INFO] [stderr]    Compiling stable_deref_trait v1.2.0
[INFO] [stderr]    Compiling futures-sink v0.3.17
[INFO] [stderr]    Compiling rayon-core v1.9.1
[INFO] [stderr]    Compiling owning_ref v0.4.1
[INFO] [stderr]    Compiling smallvec v0.6.14
[INFO] [stderr]    Compiling instant v0.1.10
[INFO] [stderr]    Compiling slab v0.4.4
[INFO] [stderr]    Compiling scopeguard v0.3.3
[INFO] [stderr]    Compiling parking_lot_core v0.4.0
[INFO] [stderr]    Compiling futures-io v0.3.17
[INFO] [stderr]    Compiling ryu v1.0.5
[INFO] [stderr]    Compiling serde v1.0.130
[INFO] [stderr]    Compiling lock_api v0.1.5
[INFO] [stderr]    Compiling crossbeam-channel v0.5.1
[INFO] [stderr]    Compiling crossbeam-deque v0.8.1
[INFO] [stderr]    Compiling lock_api v0.4.5
[INFO] [stderr]    Compiling tokio v1.11.0
[INFO] [stderr]    Compiling rayon v1.5.1
[INFO] [stderr]    Compiling serde_json v1.0.67
[INFO] [stderr]    Compiling itoa v0.4.8
[INFO] [stderr]    Compiling either v1.6.1
[INFO] [stderr]    Compiling bytes v1.1.0
[INFO] [stderr]    Compiling quote v1.0.9
[INFO] [stderr]    Compiling once_cell v1.8.0
[INFO] [stderr]    Compiling fs_extra v1.2.0
[INFO] [stderr]    Compiling glob v0.3.0
[INFO] [stderr]    Compiling num_cpus v1.13.0
[INFO] [stderr]    Compiling rand_os v0.1.3
[INFO] [stderr]    Compiling getrandom v0.2.3
[INFO] [stderr]    Compiling parking_lot_core v0.8.5
[INFO] [stderr]    Compiling rand_core v0.6.3
[INFO] [stderr]    Compiling parking_lot v0.11.2
[INFO] [stderr]    Compiling signal-hook-registry v1.4.0
[INFO] [stderr]    Compiling mio v0.7.13
[INFO] [stderr]    Compiling rand_chacha v0.3.1
[INFO] [stderr]    Compiling rand v0.8.4
[INFO] [stderr]    Compiling parking_lot v0.7.1
[INFO] [stderr]    Compiling workerpool v1.2.0
[INFO] [stderr]    Compiling tokio-macros v1.3.0
[INFO] [stderr]    Compiling futures-executor v0.3.17
[INFO] [stderr]    Compiling futures v0.3.17
[INFO] [stderr]    Compiling rust-copy-bulk v0.1.0 (/opt/rustwide/workdir)
[INFO] [stdout] error[E0277]: the trait bound `Result<PathBuf, std::io::Error>: AsRef<OsStr>` is not satisfied
[INFO] [stdout]   --> src/main.rs:19:29
[INFO] [stdout]    |
[INFO] [stdout] 19 |     let pkgGlob = Path::new(&cwd);
[INFO] [stdout]    |                   --------- ^^^^ the trait `AsRef<OsStr>` is not implemented for `Result<PathBuf, std::io::Error>`
[INFO] [stdout]    |                   |
[INFO] [stdout]    |                   required by a bound introduced by this call
[INFO] [stdout]    |
[INFO] [stdout] note: required by a bound in `Path::new`
[INFO] [stdout]   --> /rustc/202008a1b8de96d2e5b6bc02d379db03a877d34d/library/std/src/path.rs:2183:5
[INFO] [stdout] 
[INFO] [stdout] 
[INFO] [stdout] error[E0308]: mismatched types
[INFO] [stdout]    --> src/main.rs:21:23
[INFO] [stdout]     |
[INFO] [stdout] 21  |     for entry in glob(pkgGlob).expect("Failed to read glob pattern") {
[INFO] [stdout]     |                  ---- ^^^^^^^ expected `&str`, found `&Path`
[INFO] [stdout]     |                  |
[INFO] [stdout]     |                  arguments to this function are incorrect
[INFO] [stdout]     |
[INFO] [stdout]     = note: expected reference `&str`
[INFO] [stdout]                found reference `&Path`
[INFO] [stdout] note: function defined here
[INFO] [stdout]    --> /opt/rustwide/cargo-home/registry/src/index.crates.io-6f17d22bba15001f/glob-0.3.0/src/lib.rs:153:8
[INFO] [stdout]     |
[INFO] [stdout] 153 | pub fn glob(pattern: &str) -> Result<Paths, PatternError> {
[INFO] [stdout]     |        ^^^^
[INFO] [stdout] 
[INFO] [stdout] 
[INFO] [stdout] error[E0277]: the trait bound `Result<PathBuf, std::io::Error>: AsRef<OsStr>` is not satisfied
[INFO] [stdout]   --> src/main.rs:23:52
[INFO] [stdout]    |
[INFO] [stdout] 23 |             Ok(path) => println!("{:?}", Path::new(&cwd).join(path)),
[INFO] [stdout]    |                                          --------- ^^^^ the trait `AsRef<OsStr>` is not implemented for `Result<PathBuf, std::io::Error>`
[INFO] [stdout]    |                                          |
[INFO] [stdout]    |                                          required by a bound introduced by this call
[INFO] [stdout]    |
[INFO] [stdout] note: required by a bound in `Path::new`
[INFO] [stdout]   --> /rustc/202008a1b8de96d2e5b6bc02d379db03a877d34d/library/std/src/path.rs:2183:5
[INFO] [stdout] 
[INFO] [stdout] 
[INFO] [stdout] Some errors have detailed explanations: E0277, E0308.
[INFO] [stdout] 
[INFO] [stdout] For more information about an error, try `rustc --explain E0277`.
[INFO] [stdout] 
[INFO] [stderr] error: could not compile `rust-copy-bulk` (bin "rust-copy-bulk") due to 3 previous errors
[INFO] running `Command { std: "docker" "inspect" "3c8a77e822cecf4cc82791ded2b375db88e863b07481372ed11afeaabbc86c02", kill_on_drop: false }`
[INFO] running `Command { std: "docker" "rm" "-f" "3c8a77e822cecf4cc82791ded2b375db88e863b07481372ed11afeaabbc86c02", kill_on_drop: false }`
[INFO] [stdout] 3c8a77e822cecf4cc82791ded2b375db88e863b07481372ed11afeaabbc86c02
