[INFO] cloning repository https://github.com/jay-johnson/rust-with-strimzi-kafka-and-tls
[INFO] running `Command { std: "git" "-c" "credential.helper=" "-c" "credential.helper=/workspace/cargo-home/bin/git-credential-null" "clone" "--bare" "https://github.com/jay-johnson/rust-with-strimzi-kafka-and-tls" "/workspace/cache/git-repos/https%3A%2F%2Fgithub.com%2Fjay-johnson%2Frust-with-strimzi-kafka-and-tls", kill_on_drop: false }`
[INFO] [stderr] Cloning into bare repository '/workspace/cache/git-repos/https%3A%2F%2Fgithub.com%2Fjay-johnson%2Frust-with-strimzi-kafka-and-tls'...
[INFO] running `Command { std: "git" "rev-parse" "HEAD", kill_on_drop: false }`
[INFO] [stdout] 6ce411ece7eaaa38e81929ad497b793b38aa3189
[INFO] testing jay-johnson/rust-with-strimzi-kafka-and-tls against 1.83.0 for beta-1.84.0-4-retry
[INFO] running `Command { std: "git" "clone" "/workspace/cache/git-repos/https%3A%2F%2Fgithub.com%2Fjay-johnson%2Frust-with-strimzi-kafka-and-tls" "/workspace/builds/worker-5-tc1/source", kill_on_drop: false }`
[INFO] [stderr] Cloning into '/workspace/builds/worker-5-tc1/source'...
[INFO] [stderr] done.
[INFO] validating manifest of git repo https://github.com/jay-johnson/rust-with-strimzi-kafka-and-tls on toolchain 1.83.0
[INFO] running `Command { std: CARGO_HOME="/workspace/cargo-home" RUSTUP_HOME="/workspace/rustup-home" "/workspace/cargo-home/bin/cargo" "+1.83.0" "metadata" "--manifest-path" "Cargo.toml" "--no-deps", kill_on_drop: false }`
[INFO] started tweaking git repo https://github.com/jay-johnson/rust-with-strimzi-kafka-and-tls
[INFO] finished tweaking git repo https://github.com/jay-johnson/rust-with-strimzi-kafka-and-tls
[INFO] tweaked toml for git repo https://github.com/jay-johnson/rust-with-strimzi-kafka-and-tls written to /workspace/builds/worker-5-tc1/source/Cargo.toml
[INFO] crate git repo https://github.com/jay-johnson/rust-with-strimzi-kafka-and-tls already has a lockfile, it will not be regenerated
[INFO] running `Command { std: CARGO_HOME="/workspace/cargo-home" RUSTUP_HOME="/workspace/rustup-home" "/workspace/cargo-home/bin/cargo" "+1.83.0" "fetch" "--manifest-path" "Cargo.toml", kill_on_drop: false }`
[INFO] [stderr]  Downloading crates ...
[INFO] [stderr]   Downloaded rdkafka v0.28.0
[INFO] [stderr]   Downloaded hdrhistogram v7.5.1
[INFO] [stderr]   Downloaded rdkafka-sys v4.2.0+1.8.2
[INFO] running `Command { std: "docker" "create" "-v" "/var/lib/crater-agent-workspace/builds/worker-5-tc1/target:/opt/rustwide/target:rw,Z" "-v" "/var/lib/crater-agent-workspace/builds/worker-5-tc1/source:/opt/rustwide/workdir:ro,Z" "-v" "/var/lib/crater-agent-workspace/cargo-home:/opt/rustwide/cargo-home:ro,Z" "-v" "/var/lib/crater-agent-workspace/rustup-home:/opt/rustwide/rustup-home:ro,Z" "-e" "SOURCE_DIR=/opt/rustwide/workdir" "-e" "CARGO_TARGET_DIR=/opt/rustwide/target" "-e" "CARGO_HOME=/opt/rustwide/cargo-home" "-e" "RUSTUP_HOME=/opt/rustwide/rustup-home" "-w" "/opt/rustwide/workdir" "-m" "1610612736" "--user" "0:0" "--network" "none" "ghcr.io/rust-lang/crates-build-env/linux@sha256:f3a9d4ad9d972b27faf3965f35b62e55ba32bbce8f20bc8fe909558a86702fde" "/opt/rustwide/cargo-home/bin/cargo" "+1.83.0" "metadata" "--no-deps" "--format-version=1", kill_on_drop: false }`
[INFO] [stdout] 4aecae952ea08a5286228ae1c4787a94c0b9f22d48e81b36606d1d0f43c06504
[INFO] running `Command { std: "docker" "start" "-a" "4aecae952ea08a5286228ae1c4787a94c0b9f22d48e81b36606d1d0f43c06504", kill_on_drop: false }`
[INFO] running `Command { std: "docker" "inspect" "4aecae952ea08a5286228ae1c4787a94c0b9f22d48e81b36606d1d0f43c06504", kill_on_drop: false }`
[INFO] running `Command { std: "docker" "rm" "-f" "4aecae952ea08a5286228ae1c4787a94c0b9f22d48e81b36606d1d0f43c06504", kill_on_drop: false }`
[INFO] [stdout] 4aecae952ea08a5286228ae1c4787a94c0b9f22d48e81b36606d1d0f43c06504
[INFO] running `Command { std: "docker" "create" "-v" "/var/lib/crater-agent-workspace/builds/worker-5-tc1/target:/opt/rustwide/target:rw,Z" "-v" "/var/lib/crater-agent-workspace/builds/worker-5-tc1/source:/opt/rustwide/workdir:ro,Z" "-v" "/var/lib/crater-agent-workspace/cargo-home:/opt/rustwide/cargo-home:ro,Z" "-v" "/var/lib/crater-agent-workspace/rustup-home:/opt/rustwide/rustup-home:ro,Z" "-e" "SOURCE_DIR=/opt/rustwide/workdir" "-e" "CARGO_TARGET_DIR=/opt/rustwide/target" "-e" "CARGO_INCREMENTAL=0" "-e" "RUST_BACKTRACE=full" "-e" "RUSTFLAGS=--cap-lints=warn" "-e" "RUSTDOCFLAGS=--cap-lints=warn" "-e" "CARGO_HOME=/opt/rustwide/cargo-home" "-e" "RUSTUP_HOME=/opt/rustwide/rustup-home" "-w" "/opt/rustwide/workdir" "-m" "1610612736" "--user" "0:0" "--network" "none" "ghcr.io/rust-lang/crates-build-env/linux@sha256:f3a9d4ad9d972b27faf3965f35b62e55ba32bbce8f20bc8fe909558a86702fde" "/opt/rustwide/cargo-home/bin/cargo" "+1.83.0" "build" "--frozen" "--message-format=json", kill_on_drop: false }`
[INFO] [stdout] 3ef3efb188698ebc7bb2d3c1e52981f7fd1065655155900f68a706a6d4c24e23
[INFO] running `Command { std: "docker" "start" "-a" "3ef3efb188698ebc7bb2d3c1e52981f7fd1065655155900f68a706a6d4c24e23", kill_on_drop: false }`
[INFO] [stderr]    Compiling autocfg v1.1.0
[INFO] [stderr]    Compiling proc-macro2 v1.0.43
[INFO] [stderr]    Compiling quote v1.0.21
[INFO] [stderr]    Compiling unicode-ident v1.0.3
[INFO] [stderr]    Compiling syn v1.0.99
[INFO] [stderr]    Compiling libc v0.2.132
[INFO] [stderr]    Compiling memchr v2.5.0
[INFO] [stderr]    Compiling once_cell v1.14.0
[INFO] [stderr]    Compiling futures-core v0.3.24
[INFO] [stderr]    Compiling cfg-if v1.0.0
[INFO] [stderr]    Compiling pin-project-lite v0.2.9
[INFO] [stderr]    Compiling version_check v0.9.4
[INFO] [stderr]    Compiling futures-io v0.3.24
[INFO] [stderr]    Compiling cc v1.0.73
[INFO] [stderr]    Compiling log v0.4.17
[INFO] [stderr]    Compiling cache-padded v1.2.0
[INFO] [stderr]    Compiling pkg-config v0.3.25
[INFO] [stderr]    Compiling concurrent-queue v1.2.4
[INFO] [stderr]    Compiling fastrand v1.8.0
[INFO] [stderr]    Compiling autocfg v0.1.8
[INFO] [stderr]    Compiling parking v2.0.0
[INFO] [stderr]    Compiling rand_core v0.4.2
[INFO] [stderr]    Compiling waker-fn v1.1.0
[INFO] [stderr]    Compiling event-listener v2.5.3
[INFO] [stderr]    Compiling serde v1.0.144
[INFO] [stderr]    Compiling slab v0.4.7
[INFO] [stderr]    Compiling polling v2.3.0
[INFO] [stderr]    Compiling async-io v1.9.0
[INFO] [stderr]    Compiling async-task v4.3.0
[INFO] [stderr]    Compiling rand_core v0.3.1
[INFO] [stderr]    Compiling value-bag v1.0.0-alpha.9
[INFO] [stderr]    Compiling futures-channel v0.3.24
[INFO] [stderr]    Compiling openssl-src v111.22.0+1.1.1q
[INFO] [stderr]    Compiling async-channel v1.7.1
[INFO] [stderr]    Compiling futures-task v0.3.24
[INFO] [stderr]    Compiling atomic-waker v1.0.0
[INFO] [stderr]    Compiling num-traits v0.2.15
[INFO] [stderr]    Compiling futures-util v0.3.24
[INFO] [stderr]    Compiling pin-utils v0.1.0
[INFO] [stderr]    Compiling serde_derive v1.0.144
[INFO] [stderr]    Compiling futures-lite v1.12.0
[INFO] [stderr]    Compiling futures-sink v0.3.24
[INFO] [stderr]    Compiling crossbeam-utils v0.8.11
[INFO] [stderr]    Compiling socket2 v0.4.7
[INFO] [stderr]    Compiling cmake v0.1.48
[INFO] [stderr]    Compiling rand_pcg v0.1.2
[INFO] [stderr]    Compiling rand_chacha v0.1.1
[INFO] [stderr]    Compiling async-lock v2.5.0
[INFO] [stderr]    Compiling signal-hook v0.3.14
[INFO] [stderr]    Compiling crc32fast v1.3.2
[INFO] [stderr]    Compiling signal-hook-registry v1.4.0
[INFO] [stderr]    Compiling tokio v1.21.0
[INFO] [stderr]    Compiling openssl-sys v0.9.75
[INFO] [stderr]    Compiling libz-sys v1.1.8
[INFO] [stderr]    Compiling rdkafka-sys v4.2.0+1.8.2
[INFO] [stderr]    Compiling async-fs v1.6.0
[INFO] [stderr]    Compiling async-net v1.7.0
[INFO] [stderr]    Compiling async-process v1.5.0
[INFO] [stderr]    Compiling rand v0.6.5
[INFO] [stderr]    Compiling num-integer v0.1.45
[INFO] [stderr]    Compiling adler v1.0.2
[INFO] [stderr]    Compiling serde_json v1.0.85
[INFO] [stderr]    Compiling miniz_oxide v0.5.4
[INFO] [stderr]    Compiling num_cpus v1.13.1
[INFO] [stderr]    Compiling atty v0.2.14
[INFO] [stderr]    Compiling blocking v1.2.0
[INFO] [stderr]    Compiling async-executor v1.4.1
[INFO] [stderr]    Compiling rand_os v0.1.3
[INFO] [stderr]    Compiling aho-corasick v0.7.19
[INFO] [stderr]    Compiling rand_isaac v0.1.1
[INFO] [stderr]    Compiling rand_hc v0.1.0
[INFO] [stderr]    Compiling rand_xorshift v0.1.1
[INFO] [stderr]    Compiling rand_jitter v0.1.4
[INFO] [stderr]    Compiling minimal-lexical v0.2.1
[INFO] [stderr]    Compiling itoa v1.0.3
[INFO] [stderr]    Compiling ryu v1.0.11
[INFO] [stderr]    Compiling regex-syntax v0.6.27
[INFO] [stderr]    Compiling unicode-width v0.1.9
[INFO] [stderr]    Compiling nom v7.1.1
[INFO] [stderr]    Compiling flate2 v1.0.24
[INFO] [stderr]    Compiling textwrap v0.11.0
[INFO] [stderr]    Compiling crossbeam-channel v0.5.6
[INFO] [stderr]    Compiling time v0.1.44
[INFO] [stderr]    Compiling rand v0.4.6
[INFO] [stderr]    Compiling instant v0.1.12
[INFO] [stderr]    Compiling iana-time-zone v0.1.47
[INFO] [stderr]    Compiling vec_map v0.8.2
[INFO] [stderr]    Compiling ansi_term v0.12.1
[INFO] [stderr]    Compiling base64 v0.13.0
[INFO] [stderr]    Compiling byteorder v1.4.3
[INFO] [stderr]    Compiling termcolor v1.1.3
[INFO] [stderr]    Compiling strsim v0.8.0
[INFO] [stderr]    Compiling humantime v2.1.0
[INFO] [stderr]    Compiling bitflags v1.3.2
[INFO] [stderr]    Compiling chrono v0.4.22
[INFO] [stderr]    Compiling maplit v1.0.2
[INFO] [stderr]    Compiling clap v2.34.0
[INFO] [stderr]    Compiling backoff v0.1.6
[INFO] [stderr]    Compiling rand v0.3.23
[INFO] [stderr]    Compiling toml v0.5.9
[INFO] [stderr]    Compiling hdrhistogram v7.5.1
[INFO] [stderr]    Compiling ctor v0.1.23
[INFO] [stderr]    Compiling thiserror-impl v1.0.34
[INFO] [stderr]    Compiling futures-macro v0.3.24
[INFO] [stderr]    Compiling tokio-macros v1.8.0
[INFO] [stderr]    Compiling async-attributes v1.1.2
[INFO] [stderr]    Compiling regex v1.6.0
[INFO] [stderr]    Compiling kv-log-macro v1.0.7
[INFO] [stderr]    Compiling env_logger v0.9.0
[INFO] [stderr]    Compiling thiserror v1.0.34
[INFO] [stderr]    Compiling proc-macro-crate v1.2.1
[INFO] [stderr]    Compiling async-global-executor v2.3.0
[INFO] [stderr]    Compiling num_enum_derive v0.5.7
[INFO] [stderr]    Compiling async-std v1.12.0
[INFO] [stderr]    Compiling smol v1.2.5
[INFO] [stderr]    Compiling futures-executor v0.3.24
[INFO] [stderr]    Compiling futures v0.3.24
[INFO] [stderr]    Compiling num_enum v0.5.7
[INFO] [stderr] error: failed to run custom build command for `rdkafka-sys v4.2.0+1.8.2`
[INFO] [stderr] note: To improve backtraces for build dependencies, set the CARGO_PROFILE_DEV_BUILD_OVERRIDE_DEBUG=true environment variable to enable debug information generation.
[INFO] [stderr] 
[INFO] [stderr] Caused by:
[INFO] [stderr]   process didn't exit successfully: `/opt/rustwide/target/debug/build/rdkafka-sys-2f8678858e97d921/build-script-build` (exit status: 101)
[INFO] [stderr]   --- stdout
[INFO] [stderr]   Configuring and compiling librdkafka
[INFO] [stderr]   CMAKE_TOOLCHAIN_FILE_x86_64-unknown-linux-gnu = None
[INFO] [stderr]   CMAKE_TOOLCHAIN_FILE_x86_64_unknown_linux_gnu = None
[INFO] [stderr]   HOST_CMAKE_TOOLCHAIN_FILE = None
[INFO] [stderr]   CMAKE_TOOLCHAIN_FILE = None
[INFO] [stderr]   CMAKE_GENERATOR_x86_64-unknown-linux-gnu = None
[INFO] [stderr]   CMAKE_GENERATOR_x86_64_unknown_linux_gnu = None
[INFO] [stderr]   HOST_CMAKE_GENERATOR = None
[INFO] [stderr]   CMAKE_GENERATOR = None
[INFO] [stderr]   CMAKE_PREFIX_PATH_x86_64-unknown-linux-gnu = None
[INFO] [stderr]   CMAKE_PREFIX_PATH_x86_64_unknown_linux_gnu = None
[INFO] [stderr]   HOST_CMAKE_PREFIX_PATH = None
[INFO] [stderr]   CMAKE_PREFIX_PATH = None
[INFO] [stderr]   CMAKE_x86_64-unknown-linux-gnu = None
[INFO] [stderr]   CMAKE_x86_64_unknown_linux_gnu = None
[INFO] [stderr]   HOST_CMAKE = None
[INFO] [stderr]   CMAKE = None
[INFO] [stderr]   running: cd "/opt/rustwide/target/debug/build/rdkafka-sys-51bbae690f74af97/out/build" && CMAKE_PREFIX_PATH="/opt/rustwide/target/debug/build/openssl-sys-e0b6ddd93acc158a/out/openssl-build/install:" "cmake" "/opt/rustwide/cargo-home/registry/src/index.crates.io-6f17d22bba15001f/rdkafka-sys-4.2.0+1.8.2/librdkafka" "-DRDKAFKA_BUILD_STATIC=1" "-DRDKAFKA_BUILD_TESTS=0" "-DRDKAFKA_BUILD_EXAMPLES=0" "-DCMAKE_INSTALL_LIBDIR=lib" "-DWITH_ZLIB=1" "-DWITH_SSL=1" "-DWITH_SASL=0" "-DWITH_ZSTD=0" "-DENABLE_LZ4_EXT=0" "-DCMAKE_INSTALL_PREFIX=/opt/rustwide/target/debug/build/rdkafka-sys-51bbae690f74af97/out" "-DCMAKE_C_FLAGS= -ffunction-sections -fdata-sections -fPIC -m64" "-DCMAKE_C_COMPILER=/usr/bin/cc" "-DCMAKE_CXX_FLAGS= -ffunction-sections -fdata-sections -fPIC -m64" "-DCMAKE_CXX_COMPILER=/usr/bin/c++" "-DCMAKE_ASM_FLAGS= -ffunction-sections -fdata-sections -fPIC -m64" "-DCMAKE_ASM_COMPILER=/usr/bin/cc" "-DCMAKE_BUILD_TYPE=Debug"
[INFO] [stderr]   -- The C compiler identification is GNU 11.4.0
[INFO] [stderr]   -- The CXX compiler identification is GNU 11.4.0
[INFO] [stderr]   -- Detecting C compiler ABI info
[INFO] [stderr]   -- Detecting C compiler ABI info - done
[INFO] [stderr]   -- Check for working C compiler: /usr/bin/cc - skipped
[INFO] [stderr]   -- Detecting C compile features
[INFO] [stderr]   -- Detecting C compile features - done
[INFO] [stderr]   -- Detecting CXX compiler ABI info
[INFO] [stderr]   -- Detecting CXX compiler ABI info - done
[INFO] [stderr]   -- Check for working CXX compiler: /usr/bin/c++ - skipped
[INFO] [stderr]   -- Detecting CXX compile features
[INFO] [stderr]   -- Detecting CXX compile features - done
[INFO] [stderr]   -- Looking for pow in m
[INFO] [stderr]   -- Looking for pow in m - found
[INFO] [stderr]   -- Found Zstd: /usr/lib/x86_64-linux-gnu/libzstd.so
[INFO] [stderr]   -- Looking for pthread.h
[INFO] [stderr]   -- Looking for pthread.h - found
[INFO] [stderr]   -- Performing Test CMAKE_HAVE_LIBC_PTHREAD
[INFO] [stderr]   -- Performing Test CMAKE_HAVE_LIBC_PTHREAD - Success
[INFO] [stderr]   -- Found Threads: TRUE  
[INFO] [stderr]   -- Checking for module 'libsasl2'
[INFO] [stderr]   --   Found libsasl2, version 2.1.27
[INFO] [stderr]   -- Found ZLIB: /usr/lib/x86_64-linux-gnu/libz.so (found version "1.2.11") 
[INFO] [stderr]   -- Found OpenSSL: /opt/rustwide/target/debug/build/openssl-sys-e0b6ddd93acc158a/out/openssl-build/install/lib/libcrypto.a (found version "1.1.1q")  
[INFO] [stderr]   -- Configuring done
[INFO] [stderr]   -- Generating done
[INFO] [stderr]   -- Build files have been written to: /opt/rustwide/target/debug/build/rdkafka-sys-51bbae690f74af97/out/build
[INFO] [stderr]   running: cd "/opt/rustwide/target/debug/build/rdkafka-sys-51bbae690f74af97/out/build" && MAKEFLAGS="-j --jobserver-fds=8,9 --jobserver-auth=8,9" "cmake" "--build" "." "--target" "install" "--config" "Debug" "--parallel" "16"
[INFO] [stderr]   [  1%] Building C object src/CMakeFiles/rdkafka.dir/rdaddr.c.o
[INFO] [stderr]   [  2%] Building C object src/CMakeFiles/rdkafka.dir/crc32c.c.o
[INFO] [stderr]   [  3%] Building C object src/CMakeFiles/rdkafka.dir/rdbuf.c.o
[INFO] [stderr]   [  4%] Building C object src/CMakeFiles/rdkafka.dir/rdcrc32.c.o
[INFO] [stderr]   [  5%] Building C object src/CMakeFiles/rdkafka.dir/rdkafka.c.o
[INFO] [stderr]   [  7%] Building C object src/CMakeFiles/rdkafka.dir/rdavl.c.o
[INFO] [stderr]   [  8%] Building C object src/CMakeFiles/rdkafka.dir/rdfnv1a.c.o
[INFO] [stderr]   [  9%] Building C object src/CMakeFiles/rdkafka.dir/rdkafka_assignor.c.o
[INFO] [stderr]   [ 10%] Building C object src/CMakeFiles/rdkafka.dir/rdkafka_conf.c.o
[INFO] [stderr]   [ 11%] Building C object src/CMakeFiles/rdkafka.dir/rdkafka_buf.c.o
[INFO] [stderr]   [ 12%] Building C object src/CMakeFiles/rdkafka.dir/rdkafka_cgrp.c.o
[INFO] [stderr]   [ 14%] Building C object src/CMakeFiles/rdkafka.dir/rdkafka_feature.c.o
[INFO] [stderr]   [ 15%] Building C object src/CMakeFiles/rdkafka.dir/rdkafka_lz4.c.o
[INFO] [stderr]   [ 16%] Building C object src/CMakeFiles/rdkafka.dir/rdkafka_broker.c.o
[INFO] [stderr]   [ 17%] Building C object src/CMakeFiles/rdkafka.dir/rdkafka_event.c.o
[INFO] [stderr]   [ 18%] Building C object src/CMakeFiles/rdkafka.dir/rdkafka_metadata.c.o
[INFO] [stderr]   [ 20%] Building C object src/CMakeFiles/rdkafka.dir/rdkafka_metadata_cache.c.o
[INFO] [stderr]   [ 21%] Building C object src/CMakeFiles/rdkafka.dir/rdkafka_msg.c.o
[INFO] [stderr]   [ 22%] Building C object src/CMakeFiles/rdkafka.dir/rdkafka_msgset_reader.c.o
[INFO] [stderr]   [ 23%] Building C object src/CMakeFiles/rdkafka.dir/rdkafka_msgset_writer.c.o
[INFO] [stderr]   [ 24%] Building C object src/CMakeFiles/rdkafka.dir/rdkafka_offset.c.o
[INFO] [stderr]   [ 25%] Building C object src/CMakeFiles/rdkafka.dir/rdkafka_op.c.o
[INFO] [stderr]   [ 27%] Building C object src/CMakeFiles/rdkafka.dir/rdkafka_pattern.c.o
[INFO] [stderr]   [ 28%] Building C object src/CMakeFiles/rdkafka.dir/rdkafka_partition.c.o
[INFO] [stderr]   [ 29%] Building C object src/CMakeFiles/rdkafka.dir/rdkafka_queue.c.o
[INFO] [stderr]   [ 30%] Building C object src/CMakeFiles/rdkafka.dir/rdkafka_range_assignor.c.o
[INFO] [stderr]   [ 31%] Building C object src/CMakeFiles/rdkafka.dir/rdkafka_request.c.o
[INFO] [stderr]   [ 32%] Building C object src/CMakeFiles/rdkafka.dir/rdkafka_roundrobin_assignor.c.o
[INFO] [stderr]   [ 34%] Building C object src/CMakeFiles/rdkafka.dir/rdkafka_sasl.c.o
[INFO] [stderr]   [ 35%] Building C object src/CMakeFiles/rdkafka.dir/rdkafka_sasl_plain.c.o
[INFO] [stderr]   [ 36%] Building C object src/CMakeFiles/rdkafka.dir/rdkafka_sticky_assignor.c.o
[INFO] [stderr]   [ 37%] Building C object src/CMakeFiles/rdkafka.dir/rdkafka_subscription.c.o
[INFO] [stderr]   [ 38%] Building C object src/CMakeFiles/rdkafka.dir/rdkafka_assignment.c.o
[INFO] [stderr]   [ 40%] Building C object src/CMakeFiles/rdkafka.dir/rdkafka_timer.c.o
[INFO] [stderr]   [ 41%] Building C object src/CMakeFiles/rdkafka.dir/rdkafka_topic.c.o
[INFO] [stderr]   [ 42%] Building C object src/CMakeFiles/rdkafka.dir/rdkafka_interceptor.c.o
[INFO] [stderr]   [ 43%] Building C object src/CMakeFiles/rdkafka.dir/rdkafka_transport.c.o
[INFO] [stderr]   [ 44%] Building C object src/CMakeFiles/rdkafka.dir/rdkafka_header.c.o
[INFO] [stderr]   [ 45%] Building C object src/CMakeFiles/rdkafka.dir/rdkafka_aux.c.o
[INFO] [stderr]   [ 47%] Building C object src/CMakeFiles/rdkafka.dir/rdkafka_admin.c.o
[INFO] [stderr]   [ 48%] Building C object src/CMakeFiles/rdkafka.dir/rdkafka_idempotence.c.o
[INFO] [stderr]   [ 49%] Building C object src/CMakeFiles/rdkafka.dir/rdkafka_background.c.o
[INFO] [stderr]   [ 50%] Building C object src/CMakeFiles/rdkafka.dir/rdkafka_txnmgr.c.o
[INFO] [stderr]   [ 51%] Building C object src/CMakeFiles/rdkafka.dir/rdkafka_cert.c.o
[INFO] [stderr]   [ 52%] Building C object src/CMakeFiles/rdkafka.dir/rdkafka_coord.c.o
[INFO] [stderr]   [ 54%] Building C object src/CMakeFiles/rdkafka.dir/rdkafka_mock.c.o
[INFO] [stderr]   [ 55%] Building C object src/CMakeFiles/rdkafka.dir/rdkafka_mock_handlers.c.o
[INFO] [stderr]   [ 56%] Building C object src/CMakeFiles/rdkafka.dir/rdkafka_mock_cgrp.c.o
[INFO] [stderr]   [ 57%] Building C object src/CMakeFiles/rdkafka.dir/rdkafka_error.c.o
[INFO] [stderr]   [ 58%] Building C object src/CMakeFiles/rdkafka.dir/rdlist.c.o
[INFO] [stderr]   [ 60%] Building C object src/CMakeFiles/rdkafka.dir/rdlog.c.o
[INFO] [stderr]   [ 61%] Building C object src/CMakeFiles/rdkafka.dir/rdmurmur2.c.o
[INFO] [stderr]   [ 62%] Building C object src/CMakeFiles/rdkafka.dir/rdports.c.o
[INFO] [stderr]   [ 63%] Building C object src/CMakeFiles/rdkafka.dir/rdrand.c.o
[INFO] [stderr]   [ 64%] Building C object src/CMakeFiles/rdkafka.dir/rdregex.c.o
[INFO] [stderr]   [ 65%] Building C object src/CMakeFiles/rdkafka.dir/rdstring.c.o
[INFO] [stderr]   [ 67%] Building C object src/CMakeFiles/rdkafka.dir/rdunittest.c.o
[INFO] [stderr]   [ 68%] Building C object src/CMakeFiles/rdkafka.dir/snappy.c.o
[INFO] [stderr]   [ 70%] Building C object src/CMakeFiles/rdkafka.dir/rdmap.c.o
[INFO] [stderr]   [ 71%] Building C object src/CMakeFiles/rdkafka.dir/tinycthread.c.o
[INFO] [stderr]   [ 69%] Building C object src/CMakeFiles/rdkafka.dir/rdvarint.c.o
[INFO] [stderr]   [ 72%] Building C object src/CMakeFiles/rdkafka.dir/tinycthread_extra.c.o
[INFO] [stderr]   [ 74%] Building C object src/CMakeFiles/rdkafka.dir/rdxxhash.c.o
[INFO] [stderr]   [ 75%] Building C object src/CMakeFiles/rdkafka.dir/rdkafka_ssl.c.o
[INFO] [stderr]   [ 76%] Building C object src/CMakeFiles/rdkafka.dir/rdhdrhistogram.c.o
[INFO] [stderr]   [ 77%] Building C object src/CMakeFiles/rdkafka.dir/rdkafka_plugin.c.o
[INFO] [stderr]   [ 78%] Building C object src/CMakeFiles/rdkafka.dir/rddl.c.o
[INFO] [stderr]   [ 80%] Building C object src/CMakeFiles/rdkafka.dir/rdgz.c.o
[INFO] [stderr]   [ 81%] Building C object src/CMakeFiles/rdkafka.dir/lz4.c.o
[INFO] [stderr]   [ 82%] Building C object src/CMakeFiles/rdkafka.dir/lz4frame.c.o
[INFO] [stderr]   [ 83%] Building C object src/CMakeFiles/rdkafka.dir/lz4hc.c.o
[INFO] [stderr]   [ 84%] Linking C static library librdkafka.a
[INFO] [stderr]   [ 84%] Built target rdkafka
[INFO] [stderr]   [ 85%] Building CXX object src-cpp/CMakeFiles/rdkafka++.dir/ConsumerImpl.cpp.o
[INFO] [stderr]   [ 87%] Building CXX object src-cpp/CMakeFiles/rdkafka++.dir/KafkaConsumerImpl.cpp.o
[INFO] [stderr]   [ 88%] Building CXX object src-cpp/CMakeFiles/rdkafka++.dir/ConfImpl.cpp.o
[INFO] [stderr]   [ 89%] Building CXX object src-cpp/CMakeFiles/rdkafka++.dir/ProducerImpl.cpp.o
[INFO] [stderr]   [ 90%] Building CXX object src-cpp/CMakeFiles/rdkafka++.dir/MessageImpl.cpp.o
[INFO] [stderr]   [ 92%] Building CXX object src-cpp/CMakeFiles/rdkafka++.dir/HandleImpl.cpp.o
[INFO] [stderr]   [ 92%] Building CXX object src-cpp/CMakeFiles/rdkafka++.dir/MetadataImpl.cpp.o
[INFO] [stderr]   [ 94%] Building CXX object src-cpp/CMakeFiles/rdkafka++.dir/HeadersImpl.cpp.o
[INFO] [stderr]   [ 95%] Building CXX object src-cpp/CMakeFiles/rdkafka++.dir/TopicPartitionImpl.cpp.o
[INFO] [stderr]   [ 96%] Building CXX object src-cpp/CMakeFiles/rdkafka++.dir/RdKafka.cpp.o
[INFO] [stderr]   [ 97%] Building CXX object src-cpp/CMakeFiles/rdkafka++.dir/QueueImpl.cpp.o
[INFO] [stderr]   [ 98%] Building CXX object src-cpp/CMakeFiles/rdkafka++.dir/TopicImpl.cpp.o
[INFO] [stderr]   [100%] Linking CXX static library librdkafka++.a
[INFO] [stderr] 
[INFO] [stderr]   --- stderr
[INFO] [stderr]   Building and linking librdkafka statically
[INFO] [stderr]   CMake Warning:
[INFO] [stderr]     Manually-specified variables were not used by the project:
[INFO] [stderr] 
[INFO] [stderr]       CMAKE_ASM_COMPILER
[INFO] [stderr]       CMAKE_ASM_FLAGS
[INFO] [stderr] 
[INFO] [stderr] 
[INFO] [stderr]   gmake: warning: -j16 forced in submake: resetting jobserver mode.
[INFO] [stderr]   /usr/bin/ar: unable to copy file 'librdkafka++.a'; reason: Success
[INFO] [stderr]   gmake[2]: *** [src-cpp/CMakeFiles/rdkafka++.dir/build.make:274: src-cpp/librdkafka++.a] Error 1
[INFO] [stderr]   gmake[2]: *** Deleting file 'src-cpp/librdkafka++.a'
[INFO] [stderr]   gmake[1]: *** [CMakeFiles/Makefile2:142: src-cpp/CMakeFiles/rdkafka++.dir/all] Error 2
[INFO] [stderr]   gmake: *** [Makefile:136: all] Error 2
[INFO] [stderr]   thread 'main' panicked at /opt/rustwide/cargo-home/registry/src/index.crates.io-6f17d22bba15001f/cmake-0.1.48/src/lib.rs:975:5:
[INFO] [stderr] 
[INFO] [stderr]   command did not execute successfully, got: exit status: 2
[INFO] [stderr] 
[INFO] [stderr]   build script failed, must exit now
[INFO] [stderr]   stack backtrace:
[INFO] [stderr]      0:     0x5606a5dd2f4a - std::backtrace_rs::backtrace::libunwind::trace::h5a5b8284f2d0c266
[INFO] [stderr]                                  at /rustc/90b35a6239c3d8bdabc530a6a0816f7ff89a0aaf/library/std/src/../../backtrace/src/backtrace/libunwind.rs:116:5
[INFO] [stderr]      1:     0x5606a5dd2f4a - std::backtrace_rs::backtrace::trace_unsynchronized::h76d4f1c9b0b875e3
[INFO] [stderr]                                  at /rustc/90b35a6239c3d8bdabc530a6a0816f7ff89a0aaf/library/std/src/../../backtrace/src/backtrace/mod.rs:66:5
[INFO] [stderr]      2:     0x5606a5dd2f4a - std::sys::backtrace::_print_fmt::hc4546b8364a537c6
[INFO] [stderr]                                  at /rustc/90b35a6239c3d8bdabc530a6a0816f7ff89a0aaf/library/std/src/sys/backtrace.rs:66:9
[INFO] [stderr]      3:     0x5606a5dd2f4a - <std::sys::backtrace::BacktraceLock::print::DisplayBacktrace as core::fmt::Display>::fmt::h5b6bd5631a6d1f6b
[INFO] [stderr]                                  at /rustc/90b35a6239c3d8bdabc530a6a0816f7ff89a0aaf/library/std/src/sys/backtrace.rs:39:26
[INFO] [stderr]      4:     0x5606a5df58f3 - core::fmt::rt::Argument::fmt::h270f6602a2b96f62
[INFO] [stderr]                                  at /rustc/90b35a6239c3d8bdabc530a6a0816f7ff89a0aaf/library/core/src/fmt/rt.rs:177:76
[INFO] [stderr]      5:     0x5606a5df58f3 - core::fmt::write::h7550c97b06c86515
[INFO] [stderr]                                  at /rustc/90b35a6239c3d8bdabc530a6a0816f7ff89a0aaf/library/core/src/fmt/mod.rs:1186:21
[INFO] [stderr]      6:     0x5606a5dcfd33 - std::io::Write::write_fmt::h7b09c64fe0be9c84
[INFO] [stderr]                                  at /rustc/90b35a6239c3d8bdabc530a6a0816f7ff89a0aaf/library/std/src/io/mod.rs:1839:15
[INFO] [stderr]      7:     0x5606a5dd2d92 - std::sys::backtrace::BacktraceLock::print::h2395ccd2c84ba3aa
[INFO] [stderr]                                  at /rustc/90b35a6239c3d8bdabc530a6a0816f7ff89a0aaf/library/std/src/sys/backtrace.rs:42:9
[INFO] [stderr]      8:     0x5606a5dd3f5c - std::panicking::default_hook::{{closure}}::he19d4c7230e07961
[INFO] [stderr]                                  at /rustc/90b35a6239c3d8bdabc530a6a0816f7ff89a0aaf/library/std/src/panicking.rs:268:22
[INFO] [stderr]      9:     0x5606a5dd3da2 - std::panicking::default_hook::hf614597d3c67bbdb
[INFO] [stderr]                                  at /rustc/90b35a6239c3d8bdabc530a6a0816f7ff89a0aaf/library/std/src/panicking.rs:295:9
[INFO] [stderr]     10:     0x5606a5dd4537 - std::panicking::rust_panic_with_hook::h8942133a8b252070
[INFO] [stderr]                                  at /rustc/90b35a6239c3d8bdabc530a6a0816f7ff89a0aaf/library/std/src/panicking.rs:801:13
[INFO] [stderr]     11:     0x5606a5dd43ca - std::panicking::begin_panic_handler::{{closure}}::hb5f5963570096b29
[INFO] [stderr]                                  at /rustc/90b35a6239c3d8bdabc530a6a0816f7ff89a0aaf/library/std/src/panicking.rs:674:13
[INFO] [stderr]     12:     0x5606a5dd3429 - std::sys::backtrace::__rust_end_short_backtrace::h6208cedc1922feda
[INFO] [stderr]                                  at /rustc/90b35a6239c3d8bdabc530a6a0816f7ff89a0aaf/library/std/src/sys/backtrace.rs:170:18
[INFO] [stderr]     13:     0x5606a5dd405c - rust_begin_unwind
[INFO] [stderr]                                  at /rustc/90b35a6239c3d8bdabc530a6a0816f7ff89a0aaf/library/std/src/panicking.rs:665:5
[INFO] [stderr]     14:     0x5606a5d3c620 - core::panicking::panic_fmt::h0c3082644d1bf418
[INFO] [stderr]                                  at /rustc/90b35a6239c3d8bdabc530a6a0816f7ff89a0aaf/library/core/src/panicking.rs:74:14
[INFO] [stderr]     15:     0x5606a5d4add2 - cmake::fail::hc18a01d3b33f8739
[INFO] [stderr]     16:     0x5606a5d4a509 - cmake::run::hb14e59c7129c86b6
[INFO] [stderr]     17:     0x5606a5d476e8 - cmake::Config::build::h86c1e5e80e73d1a7
[INFO] [stderr]     18:     0x5606a5d410ff - build_script_build::build_librdkafka::h9d96029789b98ab3
[INFO] [stderr]     19:     0x5606a5d3ffcc - build_script_build::main::h4f2810b9ab0d61ee
[INFO] [stderr]     20:     0x5606a5d3d983 - core::ops::function::FnOnce::call_once::h66c438c41ddd98d9
[INFO] [stderr]     21:     0x5606a5d3d3d6 - std::sys::backtrace::__rust_begin_short_backtrace::hc51a7878e627f380
[INFO] [stderr]     22:     0x5606a5d3d019 - std::rt::lang_start::{{closure}}::h9e7d6cd72ca4833a
[INFO] [stderr]     23:     0x5606a5dcc05e - core::ops::function::impls::<impl core::ops::function::FnOnce<A> for &F>::call_once::hfdb85f4ee94732d3
[INFO] [stderr]                                  at /rustc/90b35a6239c3d8bdabc530a6a0816f7ff89a0aaf/library/core/src/ops/function.rs:284:13
[INFO] [stderr]     24:     0x5606a5dcc05e - std::panicking::try::do_call::h6e577310f330cbef
[INFO] [stderr]                                  at /rustc/90b35a6239c3d8bdabc530a6a0816f7ff89a0aaf/library/std/src/panicking.rs:557:40
[INFO] [stderr]     25:     0x5606a5dcc05e - std::panicking::try::ha588d438267d2645
[INFO] [stderr]                                  at /rustc/90b35a6239c3d8bdabc530a6a0816f7ff89a0aaf/library/std/src/panicking.rs:520:19
[INFO] [stderr]     26:     0x5606a5dcc05e - std::panic::catch_unwind::h429fda1e025f26d9
[INFO] [stderr]                                  at /rustc/90b35a6239c3d8bdabc530a6a0816f7ff89a0aaf/library/std/src/panic.rs:358:14
[INFO] [stderr]     27:     0x5606a5dcc05e - std::rt::lang_start_internal::{{closure}}::h7b731265e841c4bf
[INFO] [stderr]                                  at /rustc/90b35a6239c3d8bdabc530a6a0816f7ff89a0aaf/library/std/src/rt.rs:174:48
[INFO] [stderr]     28:     0x5606a5dcc05e - std::panicking::try::do_call::hc0f6a675b7ae5a36
[INFO] [stderr]                                  at /rustc/90b35a6239c3d8bdabc530a6a0816f7ff89a0aaf/library/std/src/panicking.rs:557:40
[INFO] [stderr]     29:     0x5606a5dcc05e - std::panicking::try::h4c93b7ff0671f1ff
[INFO] [stderr]                                  at /rustc/90b35a6239c3d8bdabc530a6a0816f7ff89a0aaf/library/std/src/panicking.rs:520:19
[INFO] [stderr]     30:     0x5606a5dcc05e - std::panic::catch_unwind::hcc1e154961d16ce6
[INFO] [stderr]                                  at /rustc/90b35a6239c3d8bdabc530a6a0816f7ff89a0aaf/library/std/src/panic.rs:358:14
[INFO] [stderr]     31:     0x5606a5dcc05e - std::rt::lang_start_internal::h1c66660c99c8424c
[INFO] [stderr]                                  at /rustc/90b35a6239c3d8bdabc530a6a0816f7ff89a0aaf/library/std/src/rt.rs:174:20
[INFO] [stderr]     32:     0x5606a5d3cff7 - std::rt::lang_start::h40cf5e141f4a1a74
[INFO] [stderr]     33:     0x5606a5d41275 - main
[INFO] [stderr]     34:     0x79b07dbb8d90 - <unknown>
[INFO] [stderr]     35:     0x79b07dbb8e40 - __libc_start_main
[INFO] [stderr]     36:     0x5606a5d3cdb5 - _start
[INFO] [stderr]     37:                0x0 - <unknown>
[INFO] running `Command { std: "docker" "inspect" "3ef3efb188698ebc7bb2d3c1e52981f7fd1065655155900f68a706a6d4c24e23", kill_on_drop: false }`
[INFO] running `Command { std: "docker" "rm" "-f" "3ef3efb188698ebc7bb2d3c1e52981f7fd1065655155900f68a706a6d4c24e23", kill_on_drop: false }`
[INFO] [stdout] 3ef3efb188698ebc7bb2d3c1e52981f7fd1065655155900f68a706a6d4c24e23
