[INFO] cloning repository https://github.com/ipyton/rust
[INFO] running `Command { std: "git" "-c" "credential.helper=" "-c" "credential.helper=/workspace/cargo-home/bin/git-credential-null" "clone" "--bare" "https://github.com/ipyton/rust" "/workspace/cache/git-repos/https%3A%2F%2Fgithub.com%2Fipyton%2Frust", kill_on_drop: false }`
[INFO] [stderr] Cloning into bare repository '/workspace/cache/git-repos/https%3A%2F%2Fgithub.com%2Fipyton%2Frust'...
[INFO] running `Command { std: "git" "rev-parse" "HEAD", kill_on_drop: false }`
[INFO] [stdout] 16b58fe1a9a1dec63d09032fcf95fd5a670f5faf
[INFO] testing ipyton/rust against beta-2024-12-08 for beta-1.84.0-4-retry
[INFO] running `Command { std: "git" "clone" "/workspace/cache/git-repos/https%3A%2F%2Fgithub.com%2Fipyton%2Frust" "/workspace/builds/worker-2-tc2/source", kill_on_drop: false }`
[INFO] [stderr] Cloning into '/workspace/builds/worker-2-tc2/source'...
[INFO] [stderr] done.
[INFO] [stderr] fatal: update_ref failed for ref 'HEAD': cannot update the ref 'HEAD': unable to append to '/workspace/builds/worker-2-tc2/source/.git/logs/HEAD': No space left on device
[INFO] testing ipyton/rust against beta-2024-12-08 for beta-1.84.0-4-retry
[INFO] running `Command { std: "git" "clone" "/workspace/cache/git-repos/https%3A%2F%2Fgithub.com%2Fipyton%2Frust" "/workspace/builds/worker-2-tc2/source", kill_on_drop: false }`
[INFO] [stderr] Cloning into '/workspace/builds/worker-2-tc2/source'...
[INFO] [stderr] done.
[INFO] validating manifest of git repo https://github.com/ipyton/rust on toolchain beta-2024-12-08
[INFO] running `Command { std: CARGO_HOME="/workspace/cargo-home" RUSTUP_HOME="/workspace/rustup-home" "/workspace/cargo-home/bin/cargo" "+beta-2024-12-08" "metadata" "--manifest-path" "Cargo.toml" "--no-deps", kill_on_drop: false }`
[INFO] started tweaking git repo https://github.com/ipyton/rust
[INFO] finished tweaking git repo https://github.com/ipyton/rust
[INFO] tweaked toml for git repo https://github.com/ipyton/rust written to /workspace/builds/worker-2-tc2/source/Cargo.toml
[INFO] crate git repo https://github.com/ipyton/rust already has a lockfile, it will not be regenerated
[INFO] running `Command { std: CARGO_HOME="/workspace/cargo-home" RUSTUP_HOME="/workspace/rustup-home" "/workspace/cargo-home/bin/cargo" "+beta-2024-12-08" "fetch" "--manifest-path" "Cargo.toml", kill_on_drop: false }`
[INFO] [stderr]     Blocking waiting for file lock on package cache
[INFO] [stderr]     Blocking waiting for file lock on package cache
[INFO] running `Command { std: "docker" "create" "-v" "/var/lib/crater-agent-workspace/builds/worker-2-tc2/target:/opt/rustwide/target:rw,Z" "-v" "/var/lib/crater-agent-workspace/builds/worker-2-tc2/source:/opt/rustwide/workdir:ro,Z" "-v" "/var/lib/crater-agent-workspace/cargo-home:/opt/rustwide/cargo-home:ro,Z" "-v" "/var/lib/crater-agent-workspace/rustup-home:/opt/rustwide/rustup-home:ro,Z" "-e" "SOURCE_DIR=/opt/rustwide/workdir" "-e" "CARGO_TARGET_DIR=/opt/rustwide/target" "-e" "CARGO_HOME=/opt/rustwide/cargo-home" "-e" "RUSTUP_HOME=/opt/rustwide/rustup-home" "-w" "/opt/rustwide/workdir" "-m" "1610612736" "--user" "0:0" "--network" "none" "ghcr.io/rust-lang/crates-build-env/linux@sha256:f3a9d4ad9d972b27faf3965f35b62e55ba32bbce8f20bc8fe909558a86702fde" "/opt/rustwide/cargo-home/bin/cargo" "+beta-2024-12-08" "metadata" "--no-deps" "--format-version=1", kill_on_drop: false }`
[INFO] [stdout] 1c4199cc3fe7f08e012876f18d84692dac6c1008752f0d7dbe95a4033d4cb984
[INFO] running `Command { std: "docker" "start" "-a" "1c4199cc3fe7f08e012876f18d84692dac6c1008752f0d7dbe95a4033d4cb984", kill_on_drop: false }`
[INFO] running `Command { std: "docker" "inspect" "1c4199cc3fe7f08e012876f18d84692dac6c1008752f0d7dbe95a4033d4cb984", kill_on_drop: false }`
[INFO] running `Command { std: "docker" "rm" "-f" "1c4199cc3fe7f08e012876f18d84692dac6c1008752f0d7dbe95a4033d4cb984", kill_on_drop: false }`
[INFO] [stdout] 1c4199cc3fe7f08e012876f18d84692dac6c1008752f0d7dbe95a4033d4cb984
[INFO] running `Command { std: "docker" "create" "-v" "/var/lib/crater-agent-workspace/builds/worker-2-tc2/target:/opt/rustwide/target:rw,Z" "-v" "/var/lib/crater-agent-workspace/builds/worker-2-tc2/source:/opt/rustwide/workdir:ro,Z" "-v" "/var/lib/crater-agent-workspace/cargo-home:/opt/rustwide/cargo-home:ro,Z" "-v" "/var/lib/crater-agent-workspace/rustup-home:/opt/rustwide/rustup-home:ro,Z" "-e" "SOURCE_DIR=/opt/rustwide/workdir" "-e" "CARGO_TARGET_DIR=/opt/rustwide/target" "-e" "CARGO_INCREMENTAL=0" "-e" "RUST_BACKTRACE=full" "-e" "RUSTFLAGS=--cap-lints=warn" "-e" "RUSTDOCFLAGS=--cap-lints=warn" "-e" "CARGO_HOME=/opt/rustwide/cargo-home" "-e" "RUSTUP_HOME=/opt/rustwide/rustup-home" "-w" "/opt/rustwide/workdir" "-m" "1610612736" "--user" "0:0" "--network" "none" "ghcr.io/rust-lang/crates-build-env/linux@sha256:f3a9d4ad9d972b27faf3965f35b62e55ba32bbce8f20bc8fe909558a86702fde" "/opt/rustwide/cargo-home/bin/cargo" "+beta-2024-12-08" "build" "--frozen" "--message-format=json", kill_on_drop: false }`
[INFO] [stdout] 9a2989224b0bac1d130b197ceb5f4983aabf62ece9ee57c8db99042ce35fc244
[INFO] running `Command { std: "docker" "start" "-a" "9a2989224b0bac1d130b197ceb5f4983aabf62ece9ee57c8db99042ce35fc244", kill_on_drop: false }`
[INFO] [stderr]    Compiling rust v0.1.0 (/opt/rustwide/workdir)
[INFO] [stdout] error[E0432]: unresolved import `rand`
[INFO] [stdout]  --> src/guess.rs:1:5
[INFO] [stdout]   |
[INFO] [stdout] 1 | use rand::Rng;
[INFO] [stdout]   |     ^^^^ use of undeclared crate or module `rand`
[INFO] [stdout] 
[INFO] [stdout] 
[INFO] [stdout] error[E0432]: unresolved import `rand`
[INFO] [stdout]  --> src/rectangle.rs:1:5
[INFO] [stdout]   |
[INFO] [stdout] 1 | use rand::Rng;
[INFO] [stdout]   |     ^^^^ use of undeclared crate or module `rand`
[INFO] [stdout] 
[INFO] [stdout] 
[INFO] [stdout] error[E0433]: failed to resolve: use of undeclared crate or module `rand`
[INFO] [stdout]  --> src/guess.rs:6:25
[INFO] [stdout]   |
[INFO] [stdout] 6 |     let secret_number = rand::thread_rng().gen_range(1,101);
[INFO] [stdout]   |                         ^^^^ use of undeclared crate or module `rand`
[INFO] [stdout] 
[INFO] [stdout] 
[INFO] [stdout] error[E0433]: failed to resolve: use of undeclared crate or module `rand`
[INFO] [stdout]  --> src/rectangle.rs:6:25
[INFO] [stdout]   |
[INFO] [stdout] 6 |     let secret_number = rand::thread_rng().gen_range(1,101);
[INFO] [stdout]   |                         ^^^^ use of undeclared crate or module `rand`
[INFO] [stdout] 
[INFO] [stdout] 
[INFO] [stdout] Some errors have detailed explanations: E0432, E0433.
[INFO] [stdout] 
[INFO] [stdout] For more information about an error, try `rustc --explain E0432`.
[INFO] [stdout] 
[INFO] [stderr] error: could not compile `rust` (bin "rust") due to 4 previous errors
[INFO] running `Command { std: "docker" "inspect" "9a2989224b0bac1d130b197ceb5f4983aabf62ece9ee57c8db99042ce35fc244", kill_on_drop: false }`
[INFO] running `Command { std: "docker" "rm" "-f" "9a2989224b0bac1d130b197ceb5f4983aabf62ece9ee57c8db99042ce35fc244", kill_on_drop: false }`
[INFO] [stdout] 9a2989224b0bac1d130b197ceb5f4983aabf62ece9ee57c8db99042ce35fc244
