[INFO] cloning repository https://github.com/ilyar/near-merge-data
[INFO] running `Command { std: "git" "-c" "credential.helper=" "-c" "credential.helper=/workspace/cargo-home/bin/git-credential-null" "clone" "--bare" "https://github.com/ilyar/near-merge-data" "/workspace/cache/git-repos/https%3A%2F%2Fgithub.com%2Filyar%2Fnear-merge-data", kill_on_drop: false }`
[INFO] [stderr] Cloning into bare repository '/workspace/cache/git-repos/https%3A%2F%2Fgithub.com%2Filyar%2Fnear-merge-data'...
[INFO] running `Command { std: "git" "rev-parse" "HEAD", kill_on_drop: false }`
[INFO] [stdout] 1baaf2fa7d3097e5aa939c2b18bd3adf813ade0f
[INFO] testing ilyar/near-merge-data against 1.83.0 for beta-1.84.0-4-retry
[INFO] running `Command { std: "git" "clone" "/workspace/cache/git-repos/https%3A%2F%2Fgithub.com%2Filyar%2Fnear-merge-data" "/workspace/builds/worker-2-tc1/source", kill_on_drop: false }`
[INFO] [stderr] Cloning into '/workspace/builds/worker-2-tc1/source'...
[INFO] [stderr] done.
[INFO] validating manifest of git repo https://github.com/ilyar/near-merge-data on toolchain 1.83.0
[INFO] running `Command { std: CARGO_HOME="/workspace/cargo-home" RUSTUP_HOME="/workspace/rustup-home" "/workspace/cargo-home/bin/cargo" "+1.83.0" "metadata" "--manifest-path" "Cargo.toml" "--no-deps", kill_on_drop: false }`
[INFO] removed /workspace/builds/worker-2-tc1/source/.cargo/config.toml
[INFO] started tweaking git repo https://github.com/ilyar/near-merge-data
[INFO] finished tweaking git repo https://github.com/ilyar/near-merge-data
[INFO] tweaked toml for git repo https://github.com/ilyar/near-merge-data written to /workspace/builds/worker-2-tc1/source/Cargo.toml
[INFO] crate git repo https://github.com/ilyar/near-merge-data already has a lockfile, it will not be regenerated
[INFO] running `Command { std: CARGO_HOME="/workspace/cargo-home" RUSTUP_HOME="/workspace/rustup-home" "/workspace/cargo-home/bin/cargo" "+1.83.0" "fetch" "--manifest-path" "Cargo.toml", kill_on_drop: false }`
[INFO] [stderr]     Updating crates.io index
[INFO] [stderr]     Blocking waiting for file lock on package cache
[INFO] [stderr]  Downloading crates ...
[INFO] [stderr]   Downloaded near-sdk-sim v3.1.0
[INFO] [stderr]   Downloaded arrayvec v0.7.0
[INFO] [stderr]   Downloaded c2-chacha v0.3.0
[INFO] [stderr]   Downloaded rlp v0.5.0
[INFO] [stderr]   Downloaded near-primitives v0.1.0-pre.1
[INFO] [stderr]   Downloaded cranelift-entity v0.68.0
[INFO] [stderr]   Downloaded cached_proc_macro v0.6.0
[INFO] [stderr]   Downloaded cached v0.23.0
[INFO] [stderr]   Downloaded wat v1.0.37
[INFO] [stderr]   Downloaded enumset v1.0.6
[INFO] [stderr]   Downloaded cranelift-entity v0.67.0
[INFO] [stderr]   Downloaded slash-formatter v3.1.1
[INFO] [stderr]   Downloaded concat-with v0.2.5
[INFO] [stderr]   Downloaded cranelift-bforest v0.68.0
[INFO] [stderr]   Downloaded near-pool v0.1.0-pre.1
[INFO] [stderr]   Downloaded dynasm v1.0.1
[INFO] [stderr]   Downloaded wasmer-compiler-cranelift v1.0.2
[INFO] [stderr]   Downloaded regalloc v0.0.30
[INFO] [stderr]   Downloaded wasmer-runtime-core-near v0.17.1
[INFO] [stderr]   Downloaded near-vm-runner v4.0.0-pre.1
[INFO] [stderr]   Downloaded cranelift-codegen-shared v0.68.0
[INFO] [stderr]   Downloaded wasmer-engine-jit v1.0.2
[INFO] [stderr]   Downloaded cranelift-codegen-meta v0.68.0
[INFO] [stderr]   Downloaded wasmer v1.0.2
[INFO] [stderr]   Downloaded wasmer-singlepass-backend-near v0.17.1
[INFO] [stderr]   Downloaded lazy-static-include v3.0.5
[INFO] [stderr]   Downloaded cranelift-frontend v0.68.0
[INFO] [stderr]   Downloaded wasmer-engine v1.0.2
[INFO] [stderr]   Downloaded wasmer-engine-native v1.0.2
[INFO] [stderr]   Downloaded darling_core v0.12.3
[INFO] [stderr]   Downloaded darling v0.12.3
[INFO] [stderr]   Downloaded wasmparser v0.65.0
[INFO] [stderr]   Downloaded wasmer-vm v1.0.2
[INFO] [stderr]   Downloaded wasmer-compiler-singlepass v1.0.2
[INFO] [stderr]   Downloaded memmap2 v0.2.2
[INFO] [stderr]   Downloaded wasmer-runtime-near v0.17.1
[INFO] [stderr]   Downloaded cranelift-codegen-meta v0.67.0
[INFO] [stderr]   Downloaded cranelift-codegen-shared v0.67.0
[INFO] [stderr]   Downloaded cranelift-wasm v0.67.0
[INFO] [stderr]   Downloaded wasmtime v0.20.0
[INFO] [stderr]   Downloaded cranelift-codegen v0.67.0
[INFO] [stderr]   Downloaded near-metrics v0.1.0
[INFO] [stderr]   Downloaded wasmer-derive v1.0.2
[INFO] [stderr]   Downloaded wasmer-object v1.0.2
[INFO] [stderr]   Downloaded enumset_derive v0.5.4
[INFO] [stderr]   Downloaded wasmtime-debug v0.20.0
[INFO] [stderr]   Downloaded cranelift-codegen v0.68.0
[INFO] [stderr]   Downloaded cranelift-frontend v0.67.0
[INFO] [stderr]   Downloaded near-runtime v4.0.0-pre.1
[INFO] [stderr]   Downloaded wasmer-compiler v1.0.2
[INFO] [stderr]   Downloaded dynasmrt v1.0.1
[INFO] [stderr]   Downloaded wasmer-types v1.0.2
[INFO] [stderr]   Downloaded wasmtime-cranelift v0.20.0
[INFO] [stderr]   Downloaded wasmtime-obj v0.20.0
[INFO] [stderr]   Downloaded wasmtime-jit v0.20.0
[INFO] [stderr]   Downloaded wasmtime-profiling v0.20.0
[INFO] [stderr]   Downloaded darling_macro v0.12.3
[INFO] [stderr]   Downloaded cranelift-native v0.67.0
[INFO] [stderr]   Downloaded easy-ext v0.2.7
[INFO] [stderr]   Downloaded cranelift-bforest v0.67.0
[INFO] [stderr]   Downloaded wasmtime-environ v0.20.0
[INFO] [stderr]   Downloaded wasmtime-runtime v0.20.0
[INFO] [stderr]   Downloaded elastic-array v0.11.0
[INFO] [stderr]   Downloaded bitvec v0.20.2
[INFO] [stderr]   Downloaded near-store v0.1.0-pre.1
[INFO] [stderr]   Downloaded near-crypto v0.1.0
[INFO] running `Command { std: "docker" "create" "-v" "/var/lib/crater-agent-workspace/builds/worker-2-tc1/target:/opt/rustwide/target:rw,Z" "-v" "/var/lib/crater-agent-workspace/builds/worker-2-tc1/source:/opt/rustwide/workdir:ro,Z" "-v" "/var/lib/crater-agent-workspace/cargo-home:/opt/rustwide/cargo-home:ro,Z" "-v" "/var/lib/crater-agent-workspace/rustup-home:/opt/rustwide/rustup-home:ro,Z" "-e" "SOURCE_DIR=/opt/rustwide/workdir" "-e" "CARGO_TARGET_DIR=/opt/rustwide/target" "-e" "CARGO_HOME=/opt/rustwide/cargo-home" "-e" "RUSTUP_HOME=/opt/rustwide/rustup-home" "-w" "/opt/rustwide/workdir" "-m" "1610612736" "--user" "0:0" "--network" "none" "ghcr.io/rust-lang/crates-build-env/linux@sha256:f3a9d4ad9d972b27faf3965f35b62e55ba32bbce8f20bc8fe909558a86702fde" "/opt/rustwide/cargo-home/bin/cargo" "+1.83.0" "metadata" "--no-deps" "--format-version=1", kill_on_drop: false }`
[INFO] [stdout] d7d9c35137ab37cb3b872733d8fb3d8fe6d4a3d0d2226f9b8c6a4dc82b9d49bb
[INFO] running `Command { std: "docker" "start" "-a" "d7d9c35137ab37cb3b872733d8fb3d8fe6d4a3d0d2226f9b8c6a4dc82b9d49bb", kill_on_drop: false }`
[INFO] running `Command { std: "docker" "inspect" "d7d9c35137ab37cb3b872733d8fb3d8fe6d4a3d0d2226f9b8c6a4dc82b9d49bb", kill_on_drop: false }`
[INFO] running `Command { std: "docker" "rm" "-f" "d7d9c35137ab37cb3b872733d8fb3d8fe6d4a3d0d2226f9b8c6a4dc82b9d49bb", kill_on_drop: false }`
[INFO] [stdout] d7d9c35137ab37cb3b872733d8fb3d8fe6d4a3d0d2226f9b8c6a4dc82b9d49bb
[INFO] running `Command { std: "docker" "create" "-v" "/var/lib/crater-agent-workspace/builds/worker-2-tc1/target:/opt/rustwide/target:rw,Z" "-v" "/var/lib/crater-agent-workspace/builds/worker-2-tc1/source:/opt/rustwide/workdir:ro,Z" "-v" "/var/lib/crater-agent-workspace/cargo-home:/opt/rustwide/cargo-home:ro,Z" "-v" "/var/lib/crater-agent-workspace/rustup-home:/opt/rustwide/rustup-home:ro,Z" "-e" "SOURCE_DIR=/opt/rustwide/workdir" "-e" "CARGO_TARGET_DIR=/opt/rustwide/target" "-e" "CARGO_INCREMENTAL=0" "-e" "RUST_BACKTRACE=full" "-e" "RUSTFLAGS=--cap-lints=warn" "-e" "RUSTDOCFLAGS=--cap-lints=warn" "-e" "CARGO_HOME=/opt/rustwide/cargo-home" "-e" "RUSTUP_HOME=/opt/rustwide/rustup-home" "-w" "/opt/rustwide/workdir" "-m" "1610612736" "--user" "0:0" "--network" "none" "ghcr.io/rust-lang/crates-build-env/linux@sha256:f3a9d4ad9d972b27faf3965f35b62e55ba32bbce8f20bc8fe909558a86702fde" "/opt/rustwide/cargo-home/bin/cargo" "+1.83.0" "build" "--frozen" "--message-format=json", kill_on_drop: false }`
[INFO] [stdout] f008cf5184f2a4c96ed229470896d5271093f866231b0b622183a76da6695649
[INFO] running `Command { std: "docker" "start" "-a" "f008cf5184f2a4c96ed229470896d5271093f866231b0b622183a76da6695649", kill_on_drop: false }`
[INFO] [stderr]    Compiling proc-macro2 v1.0.26
[INFO] [stderr]    Compiling unicode-xid v0.2.1
[INFO] [stderr]    Compiling syn v1.0.57
[INFO] [stderr]    Compiling autocfg v1.0.1
[INFO] [stderr]    Compiling serde_derive v1.0.118
[INFO] [stderr]    Compiling serde v1.0.118
[INFO] [stderr]    Compiling typenum v1.13.0
[INFO] [stderr]    Compiling ahash v0.4.7
[INFO] [stderr]    Compiling version_check v0.9.3
[INFO] [stderr]    Compiling ryu v1.0.5
[INFO] [stderr]    Compiling serde_json v1.0.64
[INFO] [stderr]    Compiling itoa v0.4.7
[INFO] [stderr]    Compiling memchr v2.3.4
[INFO] [stderr]    Compiling byte-tools v0.3.1
[INFO] [stderr]    Compiling byteorder v1.4.3
[INFO] [stderr]    Compiling cpuid-bool v0.1.2
[INFO] [stderr]    Compiling lazy_static v1.4.0
[INFO] [stderr]    Compiling block-padding v0.1.5
[INFO] [stderr]    Compiling opaque-debug v0.3.0
[INFO] [stderr]    Compiling opaque-debug v0.2.3
[INFO] [stderr]    Compiling cfg-if v1.0.0
[INFO] [stderr]    Compiling regex-syntax v0.6.23
[INFO] [stderr]    Compiling hex v0.4.3
[INFO] [stderr]    Compiling libc v0.2.93
[INFO] [stderr]    Compiling convert_case v0.4.0
[INFO] [stderr]    Compiling hashbrown v0.9.1
[INFO] [stderr]    Compiling base64 v0.13.0
[INFO] [stderr]    Compiling bs58 v0.4.0
[INFO] [stderr]    Compiling Inflector v0.11.4
[INFO] [stderr]    Compiling fake-simd v0.1.2
[INFO] [stderr]    Compiling generic-array v0.14.4
[INFO] [stderr]    Compiling wee_alloc v0.4.5
[INFO] [stderr]    Compiling keccak v0.1.0
[INFO] [stderr]    Compiling memory_units v0.4.0
[INFO] [stderr]    Compiling cfg-if v0.1.10
[INFO] [stderr]    Compiling indexmap v1.6.2
[INFO] [stderr]    Compiling quote v1.0.9
[INFO] [stderr]    Compiling num-traits v0.2.14
[INFO] [stderr]    Compiling num-integer v0.1.44
[INFO] [stderr]    Compiling num-bigint v0.3.2
[INFO] [stderr]    Compiling num-rational v0.3.2
[INFO] [stderr]    Compiling aho-corasick v0.7.15
[INFO] [stderr]    Compiling regex v1.4.5
[INFO] [stderr]    Compiling generic-array v0.12.4
[INFO] [stderr]    Compiling digest v0.8.1
[INFO] [stderr]    Compiling block-buffer v0.7.3
[INFO] [stderr]    Compiling sha2 v0.8.2
[INFO] [stderr]    Compiling sha3 v0.8.2
[INFO] [stderr]    Compiling near-runtime-utils v4.0.0-pre.1
[INFO] [stderr]    Compiling digest v0.9.0
[INFO] [stderr]    Compiling block-buffer v0.9.0
[INFO] [stderr]    Compiling sha2 v0.9.3
[INFO] [stdout] error[E0308]: mismatched types
[INFO] [stdout]   --> /opt/rustwide/cargo-home/registry/src/index.crates.io-6f17d22bba15001f/num-bigint-0.3.2/src/biguint/convert.rs:70:19
[INFO] [stdout]    |
[INFO] [stdout] 70 |         .div_ceil(&big_digit::BITS.into())
[INFO] [stdout]    |          -------- ^^^^^^^^^^^^^^^^^^^^^^^ expected `u64`, found `&_`
[INFO] [stdout]    |          |
[INFO] [stdout]    |          arguments to this method are incorrect
[INFO] [stdout]    |
[INFO] [stdout]    = note:   expected type `u64`
[INFO] [stdout]            found reference `&_`
[INFO] [stdout] note: method defined here
[INFO] [stdout]   --> /rustc/90b35a6239c3d8bdabc530a6a0816f7ff89a0aaf/library/core/src/num/mod.rs:1172:5
[INFO] [stdout]    = note: this error originates in the macro `uint_impl` (in Nightly builds, run with -Z macro-backtrace for more info)
[INFO] [stdout] help: consider removing the borrow
[INFO] [stdout]    |
[INFO] [stdout] 70 -         .div_ceil(&big_digit::BITS.into())
[INFO] [stdout] 70 +         .div_ceil(big_digit::BITS.into())
[INFO] [stdout]    |
[INFO] [stdout] 
[INFO] [stdout] 
[INFO] [stdout] error[E0308]: mismatched types
[INFO] [stdout]    --> /opt/rustwide/cargo-home/registry/src/index.crates.io-6f17d22bba15001f/num-bigint-0.3.2/src/biguint/convert.rs:585:19
[INFO] [stdout]     |
[INFO] [stdout] 585 |         .div_ceil(&u64::from(bits))
[INFO] [stdout]     |          -------- ^^^^^^^^^^^^^^^^ expected `u64`, found `&u64`
[INFO] [stdout]     |          |
[INFO] [stdout]     |          arguments to this method are incorrect
[INFO] [stdout]     |
[INFO] [stdout] note: method defined here
[INFO] [stdout]    --> /rustc/90b35a6239c3d8bdabc530a6a0816f7ff89a0aaf/library/core/src/num/mod.rs:1172:5
[INFO] [stdout]     = note: this error originates in the macro `uint_impl` (in Nightly builds, run with -Z macro-backtrace for more info)
[INFO] [stdout] help: consider removing the borrow
[INFO] [stdout]     |
[INFO] [stdout] 585 -         .div_ceil(&u64::from(bits))
[INFO] [stdout] 585 +         .div_ceil(u64::from(bits))
[INFO] [stdout]     |
[INFO] [stdout] 
[INFO] [stdout] 
[INFO] [stdout] error[E0308]: mismatched types
[INFO] [stdout]    --> /opt/rustwide/cargo-home/registry/src/index.crates.io-6f17d22bba15001f/num-bigint-0.3.2/src/biguint/convert.rs:613:19
[INFO] [stdout]     |
[INFO] [stdout] 613 |         .div_ceil(&u64::from(bits))
[INFO] [stdout]     |          -------- ^^^^^^^^^^^^^^^^ expected `u64`, found `&u64`
[INFO] [stdout]     |          |
[INFO] [stdout]     |          arguments to this method are incorrect
[INFO] [stdout]     |
[INFO] [stdout] note: method defined here
[INFO] [stdout]    --> /rustc/90b35a6239c3d8bdabc530a6a0816f7ff89a0aaf/library/core/src/num/mod.rs:1172:5
[INFO] [stdout]     = note: this error originates in the macro `uint_impl` (in Nightly builds, run with -Z macro-backtrace for more info)
[INFO] [stdout] help: consider removing the borrow
[INFO] [stdout]     |
[INFO] [stdout] 613 -         .div_ceil(&u64::from(bits))
[INFO] [stdout] 613 +         .div_ceil(u64::from(bits))
[INFO] [stdout]     |
[INFO] [stdout] 
[INFO] [stdout] 
[INFO] [stdout] error[E0308]: mismatched types
[INFO] [stdout]    --> /opt/rustwide/cargo-home/registry/src/index.crates.io-6f17d22bba15001f/num-bigint-0.3.2/src/biguint.rs:393:54
[INFO] [stdout]     |
[INFO] [stdout] 393 |                 let root_scale = extra_bits.div_ceil(&n64);
[INFO] [stdout]     |                                             -------- ^^^^ expected `u64`, found `&u64`
[INFO] [stdout]     |                                             |
[INFO] [stdout]     |                                             arguments to this method are incorrect
[INFO] [stdout]     |
[INFO] [stdout] note: method defined here
[INFO] [stdout]    --> /rustc/90b35a6239c3d8bdabc530a6a0816f7ff89a0aaf/library/core/src/num/mod.rs:1172:5
[INFO] [stdout]     = note: this error originates in the macro `uint_impl` (in Nightly builds, run with -Z macro-backtrace for more info)
[INFO] [stdout] help: consider removing the borrow
[INFO] [stdout]     |
[INFO] [stdout] 393 -                 let root_scale = extra_bits.div_ceil(&n64);
[INFO] [stdout] 393 +                 let root_scale = extra_bits.div_ceil(n64);
[INFO] [stdout]     |
[INFO] [stdout] 
[INFO] [stdout] 
[INFO] [stdout] For more information about this error, try `rustc --explain E0308`.
[INFO] [stdout] 
[INFO] [stderr] error: could not compile `num-bigint` (lib) due to 4 previous errors
[INFO] [stderr] warning: build failed, waiting for other jobs to finish...
[INFO] running `Command { std: "docker" "inspect" "f008cf5184f2a4c96ed229470896d5271093f866231b0b622183a76da6695649", kill_on_drop: false }`
[INFO] running `Command { std: "docker" "rm" "-f" "f008cf5184f2a4c96ed229470896d5271093f866231b0b622183a76da6695649", kill_on_drop: false }`
[INFO] [stdout] f008cf5184f2a4c96ed229470896d5271093f866231b0b622183a76da6695649
