[INFO] cloning repository https://github.com/iconicompany/rusttess
[INFO] running `Command { std: "git" "-c" "credential.helper=" "-c" "credential.helper=/workspace/cargo-home/bin/git-credential-null" "clone" "--bare" "https://github.com/iconicompany/rusttess" "/workspace/cache/git-repos/https%3A%2F%2Fgithub.com%2Ficonicompany%2Frusttess", kill_on_drop: false }`
[INFO] [stderr] Cloning into bare repository '/workspace/cache/git-repos/https%3A%2F%2Fgithub.com%2Ficonicompany%2Frusttess'...
[INFO] running `Command { std: "git" "rev-parse" "HEAD", kill_on_drop: false }`
[INFO] [stdout] 0034b830572de6a352969a52930f2c5f0c3e3836
[INFO] testing iconicompany/rusttess against 1.83.0 for beta-1.84.0-4-retry
[INFO] running `Command { std: "git" "clone" "/workspace/cache/git-repos/https%3A%2F%2Fgithub.com%2Ficonicompany%2Frusttess" "/workspace/builds/worker-5-tc1/source", kill_on_drop: false }`
[INFO] [stderr] Cloning into '/workspace/builds/worker-5-tc1/source'...
[INFO] [stderr] done.
[INFO] validating manifest of git repo https://github.com/iconicompany/rusttess on toolchain 1.83.0
[INFO] running `Command { std: CARGO_HOME="/workspace/cargo-home" RUSTUP_HOME="/workspace/rustup-home" "/workspace/cargo-home/bin/cargo" "+1.83.0" "metadata" "--manifest-path" "Cargo.toml" "--no-deps", kill_on_drop: false }`
[INFO] started tweaking git repo https://github.com/iconicompany/rusttess
[INFO] finished tweaking git repo https://github.com/iconicompany/rusttess
[INFO] tweaked toml for git repo https://github.com/iconicompany/rusttess written to /workspace/builds/worker-5-tc1/source/Cargo.toml
[INFO] crate git repo https://github.com/iconicompany/rusttess already has a lockfile, it will not be regenerated
[INFO] running `Command { std: CARGO_HOME="/workspace/cargo-home" RUSTUP_HOME="/workspace/rustup-home" "/workspace/cargo-home/bin/cargo" "+1.83.0" "fetch" "--manifest-path" "Cargo.toml", kill_on_drop: false }`
[INFO] [stderr]     Blocking waiting for file lock on package cache
[INFO] running `Command { std: "docker" "create" "-v" "/var/lib/crater-agent-workspace/builds/worker-5-tc1/target:/opt/rustwide/target:rw,Z" "-v" "/var/lib/crater-agent-workspace/builds/worker-5-tc1/source:/opt/rustwide/workdir:ro,Z" "-v" "/var/lib/crater-agent-workspace/cargo-home:/opt/rustwide/cargo-home:ro,Z" "-v" "/var/lib/crater-agent-workspace/rustup-home:/opt/rustwide/rustup-home:ro,Z" "-e" "SOURCE_DIR=/opt/rustwide/workdir" "-e" "CARGO_TARGET_DIR=/opt/rustwide/target" "-e" "CARGO_HOME=/opt/rustwide/cargo-home" "-e" "RUSTUP_HOME=/opt/rustwide/rustup-home" "-w" "/opt/rustwide/workdir" "-m" "1610612736" "--user" "0:0" "--network" "none" "ghcr.io/rust-lang/crates-build-env/linux@sha256:f3a9d4ad9d972b27faf3965f35b62e55ba32bbce8f20bc8fe909558a86702fde" "/opt/rustwide/cargo-home/bin/cargo" "+1.83.0" "metadata" "--no-deps" "--format-version=1", kill_on_drop: false }`
[INFO] [stdout] 20a1e5ceb098ea5ce14bc8fa836cd0b77d17bbeb7927fe5dfba635539ab07328
[INFO] running `Command { std: "docker" "start" "-a" "20a1e5ceb098ea5ce14bc8fa836cd0b77d17bbeb7927fe5dfba635539ab07328", kill_on_drop: false }`
[INFO] running `Command { std: "docker" "inspect" "20a1e5ceb098ea5ce14bc8fa836cd0b77d17bbeb7927fe5dfba635539ab07328", kill_on_drop: false }`
[INFO] running `Command { std: "docker" "rm" "-f" "20a1e5ceb098ea5ce14bc8fa836cd0b77d17bbeb7927fe5dfba635539ab07328", kill_on_drop: false }`
[INFO] [stdout] 20a1e5ceb098ea5ce14bc8fa836cd0b77d17bbeb7927fe5dfba635539ab07328
[INFO] running `Command { std: "docker" "create" "-v" "/var/lib/crater-agent-workspace/builds/worker-5-tc1/target:/opt/rustwide/target:rw,Z" "-v" "/var/lib/crater-agent-workspace/builds/worker-5-tc1/source:/opt/rustwide/workdir:ro,Z" "-v" "/var/lib/crater-agent-workspace/cargo-home:/opt/rustwide/cargo-home:ro,Z" "-v" "/var/lib/crater-agent-workspace/rustup-home:/opt/rustwide/rustup-home:ro,Z" "-e" "SOURCE_DIR=/opt/rustwide/workdir" "-e" "CARGO_TARGET_DIR=/opt/rustwide/target" "-e" "CARGO_INCREMENTAL=0" "-e" "RUST_BACKTRACE=full" "-e" "RUSTFLAGS=--cap-lints=warn" "-e" "RUSTDOCFLAGS=--cap-lints=warn" "-e" "CARGO_HOME=/opt/rustwide/cargo-home" "-e" "RUSTUP_HOME=/opt/rustwide/rustup-home" "-w" "/opt/rustwide/workdir" "-m" "1610612736" "--user" "0:0" "--network" "none" "ghcr.io/rust-lang/crates-build-env/linux@sha256:f3a9d4ad9d972b27faf3965f35b62e55ba32bbce8f20bc8fe909558a86702fde" "/opt/rustwide/cargo-home/bin/cargo" "+1.83.0" "build" "--frozen" "--message-format=json", kill_on_drop: false }`
[INFO] [stdout] 64b3a6d0ee0da0fed6376fcc32cb41aa7642eebea85f756788e6633fc94ff619
[INFO] running `Command { std: "docker" "start" "-a" "64b3a6d0ee0da0fed6376fcc32cb41aa7642eebea85f756788e6633fc94ff619", kill_on_drop: false }`
[INFO] [stderr]    Compiling memchr v2.5.0
[INFO] [stderr]    Compiling libc v0.2.126
[INFO] [stderr]    Compiling proc-macro2 v1.0.40
[INFO] [stderr]    Compiling quote v1.0.20
[INFO] [stderr]    Compiling unicode-ident v1.0.1
[INFO] [stderr]    Compiling cfg-if v1.0.0
[INFO] [stderr]    Compiling glob v0.3.0
[INFO] [stderr]    Compiling version_check v0.9.4
[INFO] [stderr]    Compiling log v0.4.17
[INFO] [stderr]    Compiling regex-syntax v0.6.27
[INFO] [stderr]    Compiling unicode-width v0.1.9
[INFO] [stderr]    Compiling bitflags v1.3.2
[INFO] [stderr]    Compiling ansi_term v0.12.1
[INFO] [stderr]    Compiling strsim v0.8.0
[INFO] [stderr]    Compiling bindgen v0.56.0
[INFO] [stderr]    Compiling termcolor v1.1.3
[INFO] [stderr]    Compiling libloading v0.7.3
[INFO] [stderr]    Compiling humantime v2.1.0
[INFO] [stderr]    Compiling textwrap v0.11.0
[INFO] [stderr]    Compiling vec_map v0.8.2
[INFO] [stderr]    Compiling lazycell v1.3.0
[INFO] [stderr] rustc-LLVM ERROR: IO failure on output stream: No space left on device
[INFO] [stderr]    Compiling shlex v0.1.1
[INFO] [stderr] error: could not compile `lazycell` (lib)
[INFO] [stderr] 
[INFO] [stderr] Caused by:
[INFO] [stderr]   No space left on device (os error 28)
[INFO] [stderr] 
[INFO] [stderr] Caused by:
[INFO] [stderr]   failed to parse process output: `/opt/rustwide/rustup-home/toolchains/1.83.0-x86_64-unknown-linux-gnu/bin/rustc --crate-name lazycell --edition=2015 /opt/rustwide/cargo-home/registry/src/index.crates.io-6f17d22bba15001f/lazycell-1.3.0/src/lib.rs --error-format=json --json=diagnostic-rendered-ansi,artifacts,future-incompat --crate-type lib --emit=dep-info,metadata,link -C embed-bitcode=no --check-cfg 'cfg(docsrs)' --check-cfg 'cfg(feature, values("clippy", "nightly", "nightly-testing", "serde"))' -C metadata=494cdf92ae7447f5 -C extra-filename=-494cdf92ae7447f5 --out-dir /opt/rustwide/target/debug/deps -L dependency=/opt/rustwide/target/debug/deps --cap-lints allow --cap-lints=warn` (exit status: 101)
[INFO] [stderr] warning: build failed, waiting for other jobs to finish...
[INFO] [stdout] error: linking with `cc` failed: exit status: 1
[INFO] [stdout]   |
[INFO] [stdout]   = note: LC_ALL="C" PATH="/opt/rustwide/rustup-home/toolchains/1.83.0-x86_64-unknown-linux-gnu/lib/rustlib/x86_64-unknown-linux-gnu/bin:/opt/rustwide/cargo-home/bin:/usr/local/sbin:/usr/local/bin:/usr/sbin:/usr/bin:/sbin:/bin" VSLANG="1033" "cc" "-m64" "/tmp/rustcoZjOwi/symbols.o" "/opt/rustwide/target/debug/build/log-253e305af8ce1f8b/build_script_build-253e305af8ce1f8b.build_script_build.144243fed227867-cgu.0.rcgu.o" "/opt/rustwide/target/debug/build/log-253e305af8ce1f8b/build_script_build-253e305af8ce1f8b.a37tt74lcnd8l5d51ypxs8bpb.rcgu.o" "-Wl,--as-needed" "-Wl,-Bstatic" "/opt/rustwide/rustup-home/toolchains/1.83.0-x86_64-unknown-linux-gnu/lib/rustlib/x86_64-unknown-linux-gnu/lib/libstd-ca74a2d9c5166d9f.rlib" "/opt/rustwide/rustup-home/toolchains/1.83.0-x86_64-unknown-linux-gnu/lib/rustlib/x86_64-unknown-linux-gnu/lib/libpanic_unwind-e31ab23316ed5080.rlib" "/opt/rustwide/rustup-home/toolchains/1.83.0-x86_64-unknown-linux-gnu/lib/rustlib/x86_64-unknown-linux-gnu/lib/libobject-27dc4aa955912662.rlib" "/opt/rustwide/rustup-home/toolchains/1.83.0-x86_64-unknown-linux-gnu/lib/rustlib/x86_64-unknown-linux-gnu/lib/libmemchr-bd0d6cccce077b99.rlib" "/opt/rustwide/rustup-home/toolchains/1.83.0-x86_64-unknown-linux-gnu/lib/rustlib/x86_64-unknown-linux-gnu/lib/libaddr2line-8d001680935b5e3c.rlib" "/opt/rustwide/rustup-home/toolchains/1.83.0-x86_64-unknown-linux-gnu/lib/rustlib/x86_64-unknown-linux-gnu/lib/libgimli-ba8ce71964f984f4.rlib" "/opt/rustwide/rustup-home/toolchains/1.83.0-x86_64-unknown-linux-gnu/lib/rustlib/x86_64-unknown-linux-gnu/lib/librustc_demangle-99a73526abcec14b.rlib" "/opt/rustwide/rustup-home/toolchains/1.83.0-x86_64-unknown-linux-gnu/lib/rustlib/x86_64-unknown-linux-gnu/lib/libstd_detect-63ac0d22cff92579.rlib" "/opt/rustwide/rustup-home/toolchains/1.83.0-x86_64-unknown-linux-gnu/lib/rustlib/x86_64-unknown-linux-gnu/lib/libhashbrown-9057355c92c922d5.rlib" "/opt/rustwide/rustup-home/toolchains/1.83.0-x86_64-unknown-linux-gnu/lib/rustlib/x86_64-unknown-linux-gnu/lib/librustc_std_workspace_alloc-358be9bc1f6bab04.rlib" "/opt/rustwide/rustup-home/toolchains/1.83.0-x86_64-unknown-linux-gnu/lib/rustlib/x86_64-unknown-linux-gnu/lib/libminiz_oxide-aca15549d5bff974.rlib" "/opt/rustwide/rustup-home/toolchains/1.83.0-x86_64-unknown-linux-gnu/lib/rustlib/x86_64-unknown-linux-gnu/lib/libadler-8251d2cef7072448.rlib" "/opt/rustwide/rustup-home/toolchains/1.83.0-x86_64-unknown-linux-gnu/lib/rustlib/x86_64-unknown-linux-gnu/lib/libunwind-7d50b86011c66411.rlib" "/opt/rustwide/rustup-home/toolchains/1.83.0-x86_64-unknown-linux-gnu/lib/rustlib/x86_64-unknown-linux-gnu/lib/libcfg_if-51ea098fce5006bf.rlib" "/opt/rustwide/rustup-home/toolchains/1.83.0-x86_64-unknown-linux-gnu/lib/rustlib/x86_64-unknown-linux-gnu/lib/liblibc-5a14e0d0b712e731.rlib" "/opt/rustwide/rustup-home/toolchains/1.83.0-x86_64-unknown-linux-gnu/lib/rustlib/x86_64-unknown-linux-gnu/lib/liballoc-8b83dbf3a7b8f999.rlib" "/opt/rustwide/rustup-home/toolchains/1.83.0-x86_64-unknown-linux-gnu/lib/rustlib/x86_64-unknown-linux-gnu/lib/librustc_std_workspace_core-c6fd227bdc7b39ff.rlib" "/opt/rustwide/rustup-home/toolchains/1.83.0-x86_64-unknown-linux-gnu/lib/rustlib/x86_64-unknown-linux-gnu/lib/libcore-959d3389fa3da8a5.rlib" "/opt/rustwide/rustup-home/toolchains/1.83.0-x86_64-unknown-linux-gnu/lib/rustlib/x86_64-unknown-linux-gnu/lib/libcompiler_builtins-abe05db089cc2c62.rlib" "-Wl,-Bdynamic" "-lgcc_s" "-lutil" "-lrt" "-lpthread" "-lm" "-ldl" "-lc" "-Wl,--eh-frame-hdr" "-Wl,-z,noexecstack" "-L" "/opt/rustwide/rustup-home/toolchains/1.83.0-x86_64-unknown-linux-gnu/lib/rustlib/x86_64-unknown-linux-gnu/lib" "-o" "/opt/rustwide/target/debug/build/log-253e305af8ce1f8b/build_script_build-253e305af8ce1f8b" "-Wl,--gc-sections" "-pie" "-Wl,-z,relro,-z,now" "-nodefaultlibs"
[INFO] [stdout]   = note: /usr/bin/ld: final link failed: No space left on device
[INFO] [stdout]           collect2: error: ld returned 1 exit status
[INFO] [stdout]           
[INFO] [stdout] 
[INFO] [stdout] 
[INFO] [stdout] error: linking with `cc` failed: exit status: 1
[INFO] [stdout]   |
[INFO] [stdout]   = note: LC_ALL="C" PATH="/opt/rustwide/rustup-home/toolchains/1.83.0-x86_64-unknown-linux-gnu/lib/rustlib/x86_64-unknown-linux-gnu/bin:/opt/rustwide/cargo-home/bin:/usr/local/sbin:/usr/local/bin:/usr/sbin:/usr/bin:/sbin:/bin" VSLANG="1033" "cc" "-m64" "/tmp/rustcTiu8zS/symbols.o" "/opt/rustwide/target/debug/build/quote-543a65d81030df48/build_script_build-543a65d81030df48.build_script_build.96523217d2d3ad4b-cgu.0.rcgu.o" "/opt/rustwide/target/debug/build/quote-543a65d81030df48/build_script_build-543a65d81030df48.639y7bfnpa93xvghu800eit86.rcgu.o" "-Wl,--as-needed" "-Wl,-Bstatic" "/opt/rustwide/rustup-home/toolchains/1.83.0-x86_64-unknown-linux-gnu/lib/rustlib/x86_64-unknown-linux-gnu/lib/libstd-ca74a2d9c5166d9f.rlib" "/opt/rustwide/rustup-home/toolchains/1.83.0-x86_64-unknown-linux-gnu/lib/rustlib/x86_64-unknown-linux-gnu/lib/libpanic_unwind-e31ab23316ed5080.rlib" "/opt/rustwide/rustup-home/toolchains/1.83.0-x86_64-unknown-linux-gnu/lib/rustlib/x86_64-unknown-linux-gnu/lib/libobject-27dc4aa955912662.rlib" "/opt/rustwide/rustup-home/toolchains/1.83.0-x86_64-unknown-linux-gnu/lib/rustlib/x86_64-unknown-linux-gnu/lib/libmemchr-bd0d6cccce077b99.rlib" "/opt/rustwide/rustup-home/toolchains/1.83.0-x86_64-unknown-linux-gnu/lib/rustlib/x86_64-unknown-linux-gnu/lib/libaddr2line-8d001680935b5e3c.rlib" "/opt/rustwide/rustup-home/toolchains/1.83.0-x86_64-unknown-linux-gnu/lib/rustlib/x86_64-unknown-linux-gnu/lib/libgimli-ba8ce71964f984f4.rlib" "/opt/rustwide/rustup-home/toolchains/1.83.0-x86_64-unknown-linux-gnu/lib/rustlib/x86_64-unknown-linux-gnu/lib/librustc_demangle-99a73526abcec14b.rlib" "/opt/rustwide/rustup-home/toolchains/1.83.0-x86_64-unknown-linux-gnu/lib/rustlib/x86_64-unknown-linux-gnu/lib/libstd_detect-63ac0d22cff92579.rlib" "/opt/rustwide/rustup-home/toolchains/1.83.0-x86_64-unknown-linux-gnu/lib/rustlib/x86_64-unknown-linux-gnu/lib/libhashbrown-9057355c92c922d5.rlib" "/opt/rustwide/rustup-home/toolchains/1.83.0-x86_64-unknown-linux-gnu/lib/rustlib/x86_64-unknown-linux-gnu/lib/librustc_std_workspace_alloc-358be9bc1f6bab04.rlib" "/opt/rustwide/rustup-home/toolchains/1.83.0-x86_64-unknown-linux-gnu/lib/rustlib/x86_64-unknown-linux-gnu/lib/libminiz_oxide-aca15549d5bff974.rlib" "/opt/rustwide/rustup-home/toolchains/1.83.0-x86_64-unknown-linux-gnu/lib/rustlib/x86_64-unknown-linux-gnu/lib/libadler-8251d2cef7072448.rlib" "/opt/rustwide/rustup-home/toolchains/1.83.0-x86_64-unknown-linux-gnu/lib/rustlib/x86_64-unknown-linux-gnu/lib/libunwind-7d50b86011c66411.rlib" "/opt/rustwide/rustup-home/toolchains/1.83.0-x86_64-unknown-linux-gnu/lib/rustlib/x86_64-unknown-linux-gnu/lib/libcfg_if-51ea098fce5006bf.rlib" "/opt/rustwide/rustup-home/toolchains/1.83.0-x86_64-unknown-linux-gnu/lib/rustlib/x86_64-unknown-linux-gnu/lib/liblibc-5a14e0d0b712e731.rlib" "/opt/rustwide/rustup-home/toolchains/1.83.0-x86_64-unknown-linux-gnu/lib/rustlib/x86_64-unknown-linux-gnu/lib/liballoc-8b83dbf3a7b8f999.rlib" "/opt/rustwide/rustup-home/toolchains/1.83.0-x86_64-unknown-linux-gnu/lib/rustlib/x86_64-unknown-linux-gnu/lib/librustc_std_workspace_core-c6fd227bdc7b39ff.rlib" "/opt/rustwide/rustup-home/toolchains/1.83.0-x86_64-unknown-linux-gnu/lib/rustlib/x86_64-unknown-linux-gnu/lib/libcore-959d3389fa3da8a5.rlib" "/opt/rustwide/rustup-home/toolchains/1.83.0-x86_64-unknown-linux-gnu/lib/rustlib/x86_64-unknown-linux-gnu/lib/libcompiler_builtins-abe05db089cc2c62.rlib" "-Wl,-Bdynamic" "-lgcc_s" "-lutil" "-lrt" "-lpthread" "-lm" "-ldl" "-lc" "-Wl,--eh-frame-hdr" "-Wl,-z,noexecstack" "-L" "/opt/rustwide/rustup-home/toolchains/1.83.0-x86_64-unknown-linux-gnu/lib/rustlib/x86_64-unknown-linux-gnu/lib" "-o" "/opt/rustwide/target/debug/build/quote-543a65d81030df48/build_script_build-543a65d81030df48" "-Wl,--gc-sections" "-pie" "-Wl,-z,relro,-z,now" "-nodefaultlibs"
[INFO] [stdout]   = note: /usr/bin/ld: final link failed: No space left on device
[INFO] [stdout]           collect2: error: ld returned 1 exit status
[INFO] [stdout]           
[INFO] [stdout] 
[INFO] [stdout] 
[INFO] [stderr] error: could not compile `quote` (build script) due to 1 previous error
[INFO] [stderr] error: could not compile `log` (build script) due to 1 previous error
[INFO] [stdout] error: linking with `cc` failed: exit status: 1
[INFO] [stdout]   |
[INFO] [stdout]   = note: LC_ALL="C" PATH="/opt/rustwide/rustup-home/toolchains/1.83.0-x86_64-unknown-linux-gnu/lib/rustlib/x86_64-unknown-linux-gnu/bin:/opt/rustwide/cargo-home/bin:/usr/local/sbin:/usr/local/bin:/usr/sbin:/usr/bin:/sbin:/bin" VSLANG="1033" "cc" "-m64" "/tmp/rustc5Z3a4X/symbols.o" "/opt/rustwide/target/debug/build/bindgen-c24576da4b889c7e/build_script_build-c24576da4b889c7e.build_script_build.cbcc7560850d0446-cgu.0.rcgu.o" "/opt/rustwide/target/debug/build/bindgen-c24576da4b889c7e/build_script_build-c24576da4b889c7e.build_script_build.cbcc7560850d0446-cgu.1.rcgu.o" "/opt/rustwide/target/debug/build/bindgen-c24576da4b889c7e/build_script_build-c24576da4b889c7e.7zkp2ppib6v6qlg3iwh3c72u7.rcgu.o" "-Wl,--as-needed" "-Wl,-Bstatic" "/opt/rustwide/rustup-home/toolchains/1.83.0-x86_64-unknown-linux-gnu/lib/rustlib/x86_64-unknown-linux-gnu/lib/libstd-ca74a2d9c5166d9f.rlib" "/opt/rustwide/rustup-home/toolchains/1.83.0-x86_64-unknown-linux-gnu/lib/rustlib/x86_64-unknown-linux-gnu/lib/libpanic_unwind-e31ab23316ed5080.rlib" "/opt/rustwide/rustup-home/toolchains/1.83.0-x86_64-unknown-linux-gnu/lib/rustlib/x86_64-unknown-linux-gnu/lib/libobject-27dc4aa955912662.rlib" "/opt/rustwide/rustup-home/toolchains/1.83.0-x86_64-unknown-linux-gnu/lib/rustlib/x86_64-unknown-linux-gnu/lib/libmemchr-bd0d6cccce077b99.rlib" "/opt/rustwide/rustup-home/toolchains/1.83.0-x86_64-unknown-linux-gnu/lib/rustlib/x86_64-unknown-linux-gnu/lib/libaddr2line-8d001680935b5e3c.rlib" "/opt/rustwide/rustup-home/toolchains/1.83.0-x86_64-unknown-linux-gnu/lib/rustlib/x86_64-unknown-linux-gnu/lib/libgimli-ba8ce71964f984f4.rlib" "/opt/rustwide/rustup-home/toolchains/1.83.0-x86_64-unknown-linux-gnu/lib/rustlib/x86_64-unknown-linux-gnu/lib/librustc_demangle-99a73526abcec14b.rlib" "/opt/rustwide/rustup-home/toolchains/1.83.0-x86_64-unknown-linux-gnu/lib/rustlib/x86_64-unknown-linux-gnu/lib/libstd_detect-63ac0d22cff92579.rlib" "/opt/rustwide/rustup-home/toolchains/1.83.0-x86_64-unknown-linux-gnu/lib/rustlib/x86_64-unknown-linux-gnu/lib/libhashbrown-9057355c92c922d5.rlib" "/opt/rustwide/rustup-home/toolchains/1.83.0-x86_64-unknown-linux-gnu/lib/rustlib/x86_64-unknown-linux-gnu/lib/librustc_std_workspace_alloc-358be9bc1f6bab04.rlib" "/opt/rustwide/rustup-home/toolchains/1.83.0-x86_64-unknown-linux-gnu/lib/rustlib/x86_64-unknown-linux-gnu/lib/libminiz_oxide-aca15549d5bff974.rlib" "/opt/rustwide/rustup-home/toolchains/1.83.0-x86_64-unknown-linux-gnu/lib/rustlib/x86_64-unknown-linux-gnu/lib/libadler-8251d2cef7072448.rlib" "/opt/rustwide/rustup-home/toolchains/1.83.0-x86_64-unknown-linux-gnu/lib/rustlib/x86_64-unknown-linux-gnu/lib/libunwind-7d50b86011c66411.rlib" "/opt/rustwide/rustup-home/toolchains/1.83.0-x86_64-unknown-linux-gnu/lib/rustlib/x86_64-unknown-linux-gnu/lib/libcfg_if-51ea098fce5006bf.rlib" "/opt/rustwide/rustup-home/toolchains/1.83.0-x86_64-unknown-linux-gnu/lib/rustlib/x86_64-unknown-linux-gnu/lib/liblibc-5a14e0d0b712e731.rlib" "/opt/rustwide/rustup-home/toolchains/1.83.0-x86_64-unknown-linux-gnu/lib/rustlib/x86_64-unknown-linux-gnu/lib/liballoc-8b83dbf3a7b8f999.rlib" "/opt/rustwide/rustup-home/toolchains/1.83.0-x86_64-unknown-linux-gnu/lib/rustlib/x86_64-unknown-linux-gnu/lib/librustc_std_workspace_core-c6fd227bdc7b39ff.rlib" "/opt/rustwide/rustup-home/toolchains/1.83.0-x86_64-unknown-linux-gnu/lib/rustlib/x86_64-unknown-linux-gnu/lib/libcore-959d3389fa3da8a5.rlib" "/opt/rustwide/rustup-home/toolchains/1.83.0-x86_64-unknown-linux-gnu/lib/rustlib/x86_64-unknown-linux-gnu/lib/libcompiler_builtins-abe05db089cc2c62.rlib" "-Wl,-Bdynamic" "-lgcc_s" "-lutil" "-lrt" "-lpthread" "-lm" "-ldl" "-lc" "-Wl,--eh-frame-hdr" "-Wl,-z,noexecstack" "-L" "/opt/rustwide/rustup-home/toolchains/1.83.0-x86_64-unknown-linux-gnu/lib/rustlib/x86_64-unknown-linux-gnu/lib" "-o" "/opt/rustwide/target/debug/build/bindgen-c24576da4b889c7e/build_script_build-c24576da4b889c7e" "-Wl,--gc-sections" "-pie" "-Wl,-z,relro,-z,now" "-nodefaultlibs"
[INFO] [stdout]   = note: /usr/bin/ld: final link failed: No space left on device
[INFO] [stdout]           collect2: error: ld returned 1 exit status
[INFO] [stdout]           
[INFO] [stdout] 
[INFO] [stdout] 
[INFO] [stdout] error: linking with `cc` failed: exit status: 1
[INFO] [stdout]   |
[INFO] [stdout]   = note: LC_ALL="C" PATH="/opt/rustwide/rustup-home/toolchains/1.83.0-x86_64-unknown-linux-gnu/lib/rustlib/x86_64-unknown-linux-gnu/bin:/opt/rustwide/cargo-home/bin:/usr/local/sbin:/usr/local/bin:/usr/sbin:/usr/bin:/sbin:/bin" VSLANG="1033" "cc" "-m64" "/tmp/rustcY2oOH4/symbols.o" "/opt/rustwide/target/debug/build/libc-4a4ccf9d5c73df8c/build_script_build-4a4ccf9d5c73df8c.build_script_build.420ae53e707c34a4-cgu.0.rcgu.o" "/opt/rustwide/target/debug/build/libc-4a4ccf9d5c73df8c/build_script_build-4a4ccf9d5c73df8c.build_script_build.420ae53e707c34a4-cgu.1.rcgu.o" "/opt/rustwide/target/debug/build/libc-4a4ccf9d5c73df8c/build_script_build-4a4ccf9d5c73df8c.7fvdaiprefxjb19v02jvh854g.rcgu.o" "-Wl,--as-needed" "-Wl,-Bstatic" "/opt/rustwide/rustup-home/toolchains/1.83.0-x86_64-unknown-linux-gnu/lib/rustlib/x86_64-unknown-linux-gnu/lib/libstd-ca74a2d9c5166d9f.rlib" "/opt/rustwide/rustup-home/toolchains/1.83.0-x86_64-unknown-linux-gnu/lib/rustlib/x86_64-unknown-linux-gnu/lib/libpanic_unwind-e31ab23316ed5080.rlib" "/opt/rustwide/rustup-home/toolchains/1.83.0-x86_64-unknown-linux-gnu/lib/rustlib/x86_64-unknown-linux-gnu/lib/libobject-27dc4aa955912662.rlib" "/opt/rustwide/rustup-home/toolchains/1.83.0-x86_64-unknown-linux-gnu/lib/rustlib/x86_64-unknown-linux-gnu/lib/libmemchr-bd0d6cccce077b99.rlib" "/opt/rustwide/rustup-home/toolchains/1.83.0-x86_64-unknown-linux-gnu/lib/rustlib/x86_64-unknown-linux-gnu/lib/libaddr2line-8d001680935b5e3c.rlib" "/opt/rustwide/rustup-home/toolchains/1.83.0-x86_64-unknown-linux-gnu/lib/rustlib/x86_64-unknown-linux-gnu/lib/libgimli-ba8ce71964f984f4.rlib" "/opt/rustwide/rustup-home/toolchains/1.83.0-x86_64-unknown-linux-gnu/lib/rustlib/x86_64-unknown-linux-gnu/lib/librustc_demangle-99a73526abcec14b.rlib" "/opt/rustwide/rustup-home/toolchains/1.83.0-x86_64-unknown-linux-gnu/lib/rustlib/x86_64-unknown-linux-gnu/lib/libstd_detect-63ac0d22cff92579.rlib" "/opt/rustwide/rustup-home/toolchains/1.83.0-x86_64-unknown-linux-gnu/lib/rustlib/x86_64-unknown-linux-gnu/lib/libhashbrown-9057355c92c922d5.rlib" "/opt/rustwide/rustup-home/toolchains/1.83.0-x86_64-unknown-linux-gnu/lib/rustlib/x86_64-unknown-linux-gnu/lib/librustc_std_workspace_alloc-358be9bc1f6bab04.rlib" "/opt/rustwide/rustup-home/toolchains/1.83.0-x86_64-unknown-linux-gnu/lib/rustlib/x86_64-unknown-linux-gnu/lib/libminiz_oxide-aca15549d5bff974.rlib" "/opt/rustwide/rustup-home/toolchains/1.83.0-x86_64-unknown-linux-gnu/lib/rustlib/x86_64-unknown-linux-gnu/lib/libadler-8251d2cef7072448.rlib" "/opt/rustwide/rustup-home/toolchains/1.83.0-x86_64-unknown-linux-gnu/lib/rustlib/x86_64-unknown-linux-gnu/lib/libunwind-7d50b86011c66411.rlib" "/opt/rustwide/rustup-home/toolchains/1.83.0-x86_64-unknown-linux-gnu/lib/rustlib/x86_64-unknown-linux-gnu/lib/libcfg_if-51ea098fce5006bf.rlib" "/opt/rustwide/rustup-home/toolchains/1.83.0-x86_64-unknown-linux-gnu/lib/rustlib/x86_64-unknown-linux-gnu/lib/liblibc-5a14e0d0b712e731.rlib" "/opt/rustwide/rustup-home/toolchains/1.83.0-x86_64-unknown-linux-gnu/lib/rustlib/x86_64-unknown-linux-gnu/lib/liballoc-8b83dbf3a7b8f999.rlib" "/opt/rustwide/rustup-home/toolchains/1.83.0-x86_64-unknown-linux-gnu/lib/rustlib/x86_64-unknown-linux-gnu/lib/librustc_std_workspace_core-c6fd227bdc7b39ff.rlib" "/opt/rustwide/rustup-home/toolchains/1.83.0-x86_64-unknown-linux-gnu/lib/rustlib/x86_64-unknown-linux-gnu/lib/libcore-959d3389fa3da8a5.rlib" "/opt/rustwide/rustup-home/toolchains/1.83.0-x86_64-unknown-linux-gnu/lib/rustlib/x86_64-unknown-linux-gnu/lib/libcompiler_builtins-abe05db089cc2c62.rlib" "-Wl,-Bdynamic" "-lgcc_s" "-lutil" "-lrt" "-lpthread" "-lm" "-ldl" "-lc" "-Wl,--eh-frame-hdr" "-Wl,-z,noexecstack" "-L" "/opt/rustwide/rustup-home/toolchains/1.83.0-x86_64-unknown-linux-gnu/lib/rustlib/x86_64-unknown-linux-gnu/lib" "-o" "/opt/rustwide/target/debug/build/libc-4a4ccf9d5c73df8c/build_script_build-4a4ccf9d5c73df8c" "-Wl,--gc-sections" "-pie" "-Wl,-z,relro,-z,now" "-nodefaultlibs"
[INFO] [stdout]   = note: /usr/bin/ld: final link failed: No space left on device
[INFO] [stdout]           collect2: error: ld returned 1 exit status
[INFO] [stdout]           
[INFO] [stdout] 
[INFO] [stdout] 
[INFO] [stderr] error: could not compile `bindgen` (build script) due to 1 previous error
[INFO] [stderr] error: could not compile `libc` (build script) due to 1 previous error
[INFO] [stderr] rustc-LLVM ERROR: IO failure on output stream: No space left on device
[INFO] [stderr] rustc-LLVM ERROR: IO failure on output stream: No space left on device
[INFO] [stderr] error: could not compile `version_check` (lib)
[INFO] [stderr] 
[INFO] [stderr] Caused by:
[INFO] [stderr]   No space left on device (os error 28)
[INFO] [stderr] 
[INFO] [stderr] Caused by:
[INFO] [stderr]   failed to parse process output: `/opt/rustwide/rustup-home/toolchains/1.83.0-x86_64-unknown-linux-gnu/bin/rustc --crate-name version_check --edition=2015 /opt/rustwide/cargo-home/registry/src/index.crates.io-6f17d22bba15001f/version_check-0.9.4/src/lib.rs --error-format=json --json=diagnostic-rendered-ansi,artifacts,future-incompat --crate-type lib --emit=dep-info,metadata,link -C embed-bitcode=no --check-cfg 'cfg(docsrs)' --check-cfg 'cfg(feature, values())' -C metadata=f5edaa59a15975f2 -C extra-filename=-f5edaa59a15975f2 --out-dir /opt/rustwide/target/debug/deps -L dependency=/opt/rustwide/target/debug/deps --cap-lints allow --cap-lints=warn` (exit status: 101)
[INFO] [stdout] error: failed to build archive at `/opt/rustwide/target/debug/deps/libglob-3c2c82a8f99b0e63.rlib`: No space left on device (os error 28)
[INFO] [stdout] 
[INFO] [stdout] 
[INFO] [stderr] error: could not compile `termcolor` (lib)
[INFO] [stderr] 
[INFO] [stderr] Caused by:
[INFO] [stderr]   No space left on device (os error 28)
[INFO] [stderr] 
[INFO] [stderr] Caused by:
[INFO] [stderr]   failed to parse process output: `/opt/rustwide/rustup-home/toolchains/1.83.0-x86_64-unknown-linux-gnu/bin/rustc --crate-name termcolor --edition=2018 /opt/rustwide/cargo-home/registry/src/index.crates.io-6f17d22bba15001f/termcolor-1.1.3/src/lib.rs --error-format=json --json=diagnostic-rendered-ansi,artifacts,future-incompat --crate-type lib --emit=dep-info,metadata,link -C embed-bitcode=no --check-cfg 'cfg(docsrs)' --check-cfg 'cfg(feature, values())' -C metadata=5f98d34b6ab101c8 -C extra-filename=-5f98d34b6ab101c8 --out-dir /opt/rustwide/target/debug/deps -L dependency=/opt/rustwide/target/debug/deps --cap-lints allow --cap-lints=warn` (exit status: 101)
[INFO] [stderr] error: could not compile `glob` (lib) due to 1 previous error
[INFO] [stdout] error: linking with `cc` failed: exit status: 1
[INFO] [stdout]   |
[INFO] [stdout]   = note: LC_ALL="C" PATH="/opt/rustwide/rustup-home/toolchains/1.83.0-x86_64-unknown-linux-gnu/lib/rustlib/x86_64-unknown-linux-gnu/bin:/opt/rustwide/cargo-home/bin:/usr/local/sbin:/usr/local/bin:/usr/sbin:/usr/bin:/sbin:/bin" VSLANG="1033" "cc" "-m64" "/tmp/rustcetYvlL/symbols.o" "/opt/rustwide/target/debug/build/proc-macro2-1c3a03cb1b0069f9/build_script_build-1c3a03cb1b0069f9.build_script_build.7985ae1e506e547d-cgu.0.rcgu.o" "/opt/rustwide/target/debug/build/proc-macro2-1c3a03cb1b0069f9/build_script_build-1c3a03cb1b0069f9.build_script_build.7985ae1e506e547d-cgu.1.rcgu.o" "/opt/rustwide/target/debug/build/proc-macro2-1c3a03cb1b0069f9/build_script_build-1c3a03cb1b0069f9.build_script_build.7985ae1e506e547d-cgu.2.rcgu.o" "/opt/rustwide/target/debug/build/proc-macro2-1c3a03cb1b0069f9/build_script_build-1c3a03cb1b0069f9.6ir113drwejww8pltmj3bjxaj.rcgu.o" "-Wl,--as-needed" "-Wl,-Bstatic" "/opt/rustwide/rustup-home/toolchains/1.83.0-x86_64-unknown-linux-gnu/lib/rustlib/x86_64-unknown-linux-gnu/lib/libstd-ca74a2d9c5166d9f.rlib" "/opt/rustwide/rustup-home/toolchains/1.83.0-x86_64-unknown-linux-gnu/lib/rustlib/x86_64-unknown-linux-gnu/lib/libpanic_unwind-e31ab23316ed5080.rlib" "/opt/rustwide/rustup-home/toolchains/1.83.0-x86_64-unknown-linux-gnu/lib/rustlib/x86_64-unknown-linux-gnu/lib/libobject-27dc4aa955912662.rlib" "/opt/rustwide/rustup-home/toolchains/1.83.0-x86_64-unknown-linux-gnu/lib/rustlib/x86_64-unknown-linux-gnu/lib/libmemchr-bd0d6cccce077b99.rlib" "/opt/rustwide/rustup-home/toolchains/1.83.0-x86_64-unknown-linux-gnu/lib/rustlib/x86_64-unknown-linux-gnu/lib/libaddr2line-8d001680935b5e3c.rlib" "/opt/rustwide/rustup-home/toolchains/1.83.0-x86_64-unknown-linux-gnu/lib/rustlib/x86_64-unknown-linux-gnu/lib/libgimli-ba8ce71964f984f4.rlib" "/opt/rustwide/rustup-home/toolchains/1.83.0-x86_64-unknown-linux-gnu/lib/rustlib/x86_64-unknown-linux-gnu/lib/librustc_demangle-99a73526abcec14b.rlib" "/opt/rustwide/rustup-home/toolchains/1.83.0-x86_64-unknown-linux-gnu/lib/rustlib/x86_64-unknown-linux-gnu/lib/libstd_detect-63ac0d22cff92579.rlib" "/opt/rustwide/rustup-home/toolchains/1.83.0-x86_64-unknown-linux-gnu/lib/rustlib/x86_64-unknown-linux-gnu/lib/libhashbrown-9057355c92c922d5.rlib" "/opt/rustwide/rustup-home/toolchains/1.83.0-x86_64-unknown-linux-gnu/lib/rustlib/x86_64-unknown-linux-gnu/lib/librustc_std_workspace_alloc-358be9bc1f6bab04.rlib" "/opt/rustwide/rustup-home/toolchains/1.83.0-x86_64-unknown-linux-gnu/lib/rustlib/x86_64-unknown-linux-gnu/lib/libminiz_oxide-aca15549d5bff974.rlib" "/opt/rustwide/rustup-home/toolchains/1.83.0-x86_64-unknown-linux-gnu/lib/rustlib/x86_64-unknown-linux-gnu/lib/libadler-8251d2cef7072448.rlib" "/opt/rustwide/rustup-home/toolchains/1.83.0-x86_64-unknown-linux-gnu/lib/rustlib/x86_64-unknown-linux-gnu/lib/libunwind-7d50b86011c66411.rlib" "/opt/rustwide/rustup-home/toolchains/1.83.0-x86_64-unknown-linux-gnu/lib/rustlib/x86_64-unknown-linux-gnu/lib/libcfg_if-51ea098fce5006bf.rlib" "/opt/rustwide/rustup-home/toolchains/1.83.0-x86_64-unknown-linux-gnu/lib/rustlib/x86_64-unknown-linux-gnu/lib/liblibc-5a14e0d0b712e731.rlib" "/opt/rustwide/rustup-home/toolchains/1.83.0-x86_64-unknown-linux-gnu/lib/rustlib/x86_64-unknown-linux-gnu/lib/liballoc-8b83dbf3a7b8f999.rlib" "/opt/rustwide/rustup-home/toolchains/1.83.0-x86_64-unknown-linux-gnu/lib/rustlib/x86_64-unknown-linux-gnu/lib/librustc_std_workspace_core-c6fd227bdc7b39ff.rlib" "/opt/rustwide/rustup-home/toolchains/1.83.0-x86_64-unknown-linux-gnu/lib/rustlib/x86_64-unknown-linux-gnu/lib/libcore-959d3389fa3da8a5.rlib" "/opt/rustwide/rustup-home/toolchains/1.83.0-x86_64-unknown-linux-gnu/lib/rustlib/x86_64-unknown-linux-gnu/lib/libcompiler_builtins-abe05db089cc2c62.rlib" "-Wl,-Bdynamic" "-lgcc_s" "-lutil" "-lrt" "-lpthread" "-lm" "-ldl" "-lc" "-Wl,--eh-frame-hdr" "-Wl,-z,noexecstack" "-L" "/opt/rustwide/rustup-home/toolchains/1.83.0-x86_64-unknown-linux-gnu/lib/rustlib/x86_64-unknown-linux-gnu/lib" "-o" "/opt/rustwide/target/debug/build/proc-macro2-1c3a03cb1b0069f9/build_script_build-1c3a03cb1b0069f9" "-Wl,--gc-sections" "-pie" "-Wl,-z,relro,-z,now" "-nodefaultlibs"
[INFO] [stdout]   = note: /usr/bin/ld: final link failed: No space left on device
[INFO] [stdout]           collect2: error: ld returned 1 exit status
[INFO] [stdout]           
[INFO] [stdout] 
[INFO] [stdout] 
[INFO] [stderr] error: could not compile `proc-macro2` (build script) due to 1 previous error
[INFO] [stdout] error: linking with `cc` failed: exit status: 1
[INFO] [stdout]   |
[INFO] [stdout]   = note: LC_ALL="C" PATH="/opt/rustwide/rustup-home/toolchains/1.83.0-x86_64-unknown-linux-gnu/lib/rustlib/x86_64-unknown-linux-gnu/bin:/opt/rustwide/cargo-home/bin:/usr/local/sbin:/usr/local/bin:/usr/sbin:/usr/bin:/sbin:/bin" VSLANG="1033" "cc" "-m64" "/tmp/rustc0TVJZu/symbols.o" "/opt/rustwide/target/debug/build/memchr-13a0a29c4ab08d26/build_script_build-13a0a29c4ab08d26.build_script_build.6a7e32fe2092821a-cgu.0.rcgu.o" "/opt/rustwide/target/debug/build/memchr-13a0a29c4ab08d26/build_script_build-13a0a29c4ab08d26.3xx91qoesyhk90eiaf2fudokl.rcgu.o" "-Wl,--as-needed" "-Wl,-Bstatic" "/opt/rustwide/rustup-home/toolchains/1.83.0-x86_64-unknown-linux-gnu/lib/rustlib/x86_64-unknown-linux-gnu/lib/libstd-ca74a2d9c5166d9f.rlib" "/opt/rustwide/rustup-home/toolchains/1.83.0-x86_64-unknown-linux-gnu/lib/rustlib/x86_64-unknown-linux-gnu/lib/libpanic_unwind-e31ab23316ed5080.rlib" "/opt/rustwide/rustup-home/toolchains/1.83.0-x86_64-unknown-linux-gnu/lib/rustlib/x86_64-unknown-linux-gnu/lib/libobject-27dc4aa955912662.rlib" "/opt/rustwide/rustup-home/toolchains/1.83.0-x86_64-unknown-linux-gnu/lib/rustlib/x86_64-unknown-linux-gnu/lib/libmemchr-bd0d6cccce077b99.rlib" "/opt/rustwide/rustup-home/toolchains/1.83.0-x86_64-unknown-linux-gnu/lib/rustlib/x86_64-unknown-linux-gnu/lib/libaddr2line-8d001680935b5e3c.rlib" "/opt/rustwide/rustup-home/toolchains/1.83.0-x86_64-unknown-linux-gnu/lib/rustlib/x86_64-unknown-linux-gnu/lib/libgimli-ba8ce71964f984f4.rlib" "/opt/rustwide/rustup-home/toolchains/1.83.0-x86_64-unknown-linux-gnu/lib/rustlib/x86_64-unknown-linux-gnu/lib/librustc_demangle-99a73526abcec14b.rlib" "/opt/rustwide/rustup-home/toolchains/1.83.0-x86_64-unknown-linux-gnu/lib/rustlib/x86_64-unknown-linux-gnu/lib/libstd_detect-63ac0d22cff92579.rlib" "/opt/rustwide/rustup-home/toolchains/1.83.0-x86_64-unknown-linux-gnu/lib/rustlib/x86_64-unknown-linux-gnu/lib/libhashbrown-9057355c92c922d5.rlib" "/opt/rustwide/rustup-home/toolchains/1.83.0-x86_64-unknown-linux-gnu/lib/rustlib/x86_64-unknown-linux-gnu/lib/librustc_std_workspace_alloc-358be9bc1f6bab04.rlib" "/opt/rustwide/rustup-home/toolchains/1.83.0-x86_64-unknown-linux-gnu/lib/rustlib/x86_64-unknown-linux-gnu/lib/libminiz_oxide-aca15549d5bff974.rlib" "/opt/rustwide/rustup-home/toolchains/1.83.0-x86_64-unknown-linux-gnu/lib/rustlib/x86_64-unknown-linux-gnu/lib/libadler-8251d2cef7072448.rlib" "/opt/rustwide/rustup-home/toolchains/1.83.0-x86_64-unknown-linux-gnu/lib/rustlib/x86_64-unknown-linux-gnu/lib/libunwind-7d50b86011c66411.rlib" "/opt/rustwide/rustup-home/toolchains/1.83.0-x86_64-unknown-linux-gnu/lib/rustlib/x86_64-unknown-linux-gnu/lib/libcfg_if-51ea098fce5006bf.rlib" "/opt/rustwide/rustup-home/toolchains/1.83.0-x86_64-unknown-linux-gnu/lib/rustlib/x86_64-unknown-linux-gnu/lib/liblibc-5a14e0d0b712e731.rlib" "/opt/rustwide/rustup-home/toolchains/1.83.0-x86_64-unknown-linux-gnu/lib/rustlib/x86_64-unknown-linux-gnu/lib/liballoc-8b83dbf3a7b8f999.rlib" "/opt/rustwide/rustup-home/toolchains/1.83.0-x86_64-unknown-linux-gnu/lib/rustlib/x86_64-unknown-linux-gnu/lib/librustc_std_workspace_core-c6fd227bdc7b39ff.rlib" "/opt/rustwide/rustup-home/toolchains/1.83.0-x86_64-unknown-linux-gnu/lib/rustlib/x86_64-unknown-linux-gnu/lib/libcore-959d3389fa3da8a5.rlib" "/opt/rustwide/rustup-home/toolchains/1.83.0-x86_64-unknown-linux-gnu/lib/rustlib/x86_64-unknown-linux-gnu/lib/libcompiler_builtins-abe05db089cc2c62.rlib" "-Wl,-Bdynamic" "-lgcc_s" "-lutil" "-lrt" "-lpthread" "-lm" "-ldl" "-lc" "-Wl,--eh-frame-hdr" "-Wl,-z,noexecstack" "-L" "/opt/rustwide/rustup-home/toolchains/1.83.0-x86_64-unknown-linux-gnu/lib/rustlib/x86_64-unknown-linux-gnu/lib" "-o" "/opt/rustwide/target/debug/build/memchr-13a0a29c4ab08d26/build_script_build-13a0a29c4ab08d26" "-Wl,--gc-sections" "-pie" "-Wl,-z,relro,-z,now" "-nodefaultlibs"
[INFO] [stdout]   = note: /usr/bin/ld: final link failed: No space left on device
[INFO] [stdout]           collect2: error: ld returned 1 exit status
[INFO] [stdout]           
[INFO] [stdout] 
[INFO] [stdout] 
[INFO] [stderr] error: could not compile `memchr` (build script) due to 1 previous error
[INFO] running `Command { std: "docker" "inspect" "64b3a6d0ee0da0fed6376fcc32cb41aa7642eebea85f756788e6633fc94ff619", kill_on_drop: false }`
[INFO] running `Command { std: "docker" "rm" "-f" "64b3a6d0ee0da0fed6376fcc32cb41aa7642eebea85f756788e6633fc94ff619", kill_on_drop: false }`
[INFO] [stdout] 64b3a6d0ee0da0fed6376fcc32cb41aa7642eebea85f756788e6633fc94ff619
