[INFO] cloning repository https://github.com/hskang9/ZK-verifier
[INFO] running `Command { std: "git" "-c" "credential.helper=" "-c" "credential.helper=/workspace/cargo-home/bin/git-credential-null" "clone" "--bare" "https://github.com/hskang9/ZK-verifier" "/workspace/cache/git-repos/https%3A%2F%2Fgithub.com%2Fhskang9%2FZK-verifier", kill_on_drop: false }`
[INFO] [stderr] Cloning into bare repository '/workspace/cache/git-repos/https%3A%2F%2Fgithub.com%2Fhskang9%2FZK-verifier'...
[INFO] running `Command { std: "git" "rev-parse" "HEAD", kill_on_drop: false }`
[INFO] [stdout] 63cf84ac8a443451ef20e9976059b9cbf0b73a94
[INFO] testing hskang9/ZK-verifier against 1.83.0 for beta-1.84.0-4-retry
[INFO] running `Command { std: "git" "clone" "/workspace/cache/git-repos/https%3A%2F%2Fgithub.com%2Fhskang9%2FZK-verifier" "/workspace/builds/worker-0-tc1/source", kill_on_drop: false }`
[INFO] [stderr] Cloning into '/workspace/builds/worker-0-tc1/source'...
[INFO] [stderr] done.
[INFO] validating manifest of git repo https://github.com/hskang9/ZK-verifier on toolchain 1.83.0
[INFO] running `Command { std: CARGO_HOME="/workspace/cargo-home" RUSTUP_HOME="/workspace/rustup-home" "/workspace/cargo-home/bin/cargo" "+1.83.0" "metadata" "--manifest-path" "Cargo.toml" "--no-deps", kill_on_drop: false }`
[INFO] started tweaking git repo https://github.com/hskang9/ZK-verifier
[INFO] finished tweaking git repo https://github.com/hskang9/ZK-verifier
[INFO] tweaked toml for git repo https://github.com/hskang9/ZK-verifier written to /workspace/builds/worker-0-tc1/source/Cargo.toml
[INFO] crate git repo https://github.com/hskang9/ZK-verifier already has a lockfile, it will not be regenerated
[INFO] running `Command { std: CARGO_HOME="/workspace/cargo-home" RUSTUP_HOME="/workspace/rustup-home" "/workspace/cargo-home/bin/cargo" "+1.83.0" "fetch" "--manifest-path" "Cargo.toml", kill_on_drop: false }`
[INFO] [stderr] warning: /workspace/builds/worker-0-tc1/source/runtime/Cargo.toml: `default_features` is deprecated in favor of `default-features` and will not work in the 2024 edition
[INFO] [stderr] (in the `aura` dependency)
[INFO] [stderr] warning: /workspace/builds/worker-0-tc1/source/runtime/Cargo.toml: `default_features` is deprecated in favor of `default-features` and will not work in the 2024 edition
[INFO] [stderr] (in the `aura-primitives` dependency)
[INFO] [stderr] warning: /workspace/builds/worker-0-tc1/source/runtime/Cargo.toml: `default_features` is deprecated in favor of `default-features` and will not work in the 2024 edition
[INFO] [stderr] (in the `balances` dependency)
[INFO] [stderr] warning: /workspace/builds/worker-0-tc1/source/runtime/Cargo.toml: `default_features` is deprecated in favor of `default-features` and will not work in the 2024 edition
[INFO] [stderr] (in the `client` dependency)
[INFO] [stderr] warning: /workspace/builds/worker-0-tc1/source/runtime/Cargo.toml: `default_features` is deprecated in favor of `default-features` and will not work in the 2024 edition
[INFO] [stderr] (in the `executive` dependency)
[INFO] [stderr] warning: /workspace/builds/worker-0-tc1/source/runtime/Cargo.toml: `default_features` is deprecated in favor of `default-features` and will not work in the 2024 edition
[INFO] [stderr] (in the `grandpa` dependency)
[INFO] [stderr] warning: /workspace/builds/worker-0-tc1/source/runtime/Cargo.toml: `default_features` is deprecated in favor of `default-features` and will not work in the 2024 edition
[INFO] [stderr] (in the `indices` dependency)
[INFO] [stderr] warning: /workspace/builds/worker-0-tc1/source/runtime/Cargo.toml: `default_features` is deprecated in favor of `default-features` and will not work in the 2024 edition
[INFO] [stderr] (in the `primitives` dependency)
[INFO] [stderr] warning: /workspace/builds/worker-0-tc1/source/runtime/Cargo.toml: `default_features` is deprecated in favor of `default-features` and will not work in the 2024 edition
[INFO] [stderr] (in the `randomness-collective-flip` dependency)
[INFO] [stderr] warning: /workspace/builds/worker-0-tc1/source/runtime/Cargo.toml: `default_features` is deprecated in favor of `default-features` and will not work in the 2024 edition
[INFO] [stderr] (in the `rstd` dependency)
[INFO] [stderr] warning: /workspace/builds/worker-0-tc1/source/runtime/Cargo.toml: `default_features` is deprecated in favor of `default-features` and will not work in the 2024 edition
[INFO] [stderr] (in the `runtime-io` dependency)
[INFO] [stderr] warning: /workspace/builds/worker-0-tc1/source/runtime/Cargo.toml: `default_features` is deprecated in favor of `default-features` and will not work in the 2024 edition
[INFO] [stderr] (in the `sr-primitives` dependency)
[INFO] [stderr] warning: /workspace/builds/worker-0-tc1/source/runtime/Cargo.toml: `default_features` is deprecated in favor of `default-features` and will not work in the 2024 edition
[INFO] [stderr] (in the `sudo` dependency)
[INFO] [stderr] warning: /workspace/builds/worker-0-tc1/source/runtime/Cargo.toml: `default_features` is deprecated in favor of `default-features` and will not work in the 2024 edition
[INFO] [stderr] (in the `support` dependency)
[INFO] [stderr] warning: /workspace/builds/worker-0-tc1/source/runtime/Cargo.toml: `default_features` is deprecated in favor of `default-features` and will not work in the 2024 edition
[INFO] [stderr] (in the `system` dependency)
[INFO] [stderr] warning: /workspace/builds/worker-0-tc1/source/runtime/Cargo.toml: `default_features` is deprecated in favor of `default-features` and will not work in the 2024 edition
[INFO] [stderr] (in the `timestamp` dependency)
[INFO] [stderr] warning: /workspace/builds/worker-0-tc1/source/runtime/Cargo.toml: `default_features` is deprecated in favor of `default-features` and will not work in the 2024 edition
[INFO] [stderr] (in the `transaction-payment` dependency)
[INFO] [stderr] warning: /workspace/builds/worker-0-tc1/source/runtime/Cargo.toml: `default_features` is deprecated in favor of `default-features` and will not work in the 2024 edition
[INFO] [stderr] (in the `version` dependency)
[INFO] [stderr]     Updating git repository `https://github.com/paritytech/slog-async`
[INFO] [stderr]     Blocking waiting for file lock on package cache
[INFO] [stderr]  Downloading crates ...
[INFO] [stderr]   Downloaded primitive-types v0.5.1
[INFO] [stderr]   Downloaded parity-scale-codec v1.0.6
[INFO] [stderr]   Downloaded uint v0.8.1
[INFO] [stderr]   Downloaded impl-codec v0.4.1
[INFO] [stderr]   Downloaded impl-serde v0.2.1
[INFO] [stderr]   Downloaded libp2p-deflate v0.4.0
[INFO] [stderr]   Downloaded jsonrpc-core-client v13.2.0
[INFO] [stderr]   Downloaded substrate-wasm-builder-runner v1.0.3
[INFO] [stderr]   Downloaded jsonrpc-derive v13.2.0
[INFO] [stderr]   Downloaded hashmap_core v0.1.11
[INFO] [stderr]   Downloaded libp2p-kad v0.12.0
[INFO] [stderr]   Downloaded libp2p-core v0.12.0
[INFO] [stderr]   Downloaded finality-grandpa v0.9.0
[INFO] [stderr]   Downloaded wasm-bindgen v0.2.51
[INFO] [stderr]   Downloaded bitvec v0.14.0
[INFO] [stderr]   Downloaded web-sys v0.3.28
[INFO] [stderr]   Downloaded js-sys v0.3.28
[INFO] [stderr]   Downloaded sysinfo v0.9.5
[INFO] [stderr]   Downloaded rustls v0.15.2
[INFO] [stderr]   Downloaded wasm-bindgen-macro v0.2.51
[INFO] [stderr]   Downloaded parity-scale-codec-derive v1.0.3
[INFO] [stderr]   Downloaded jsonrpc-http-server v13.2.0
[INFO] [stderr]   Downloaded jsonrpc-server-utils v13.2.0
[INFO] [stderr]   Downloaded jsonrpc-ws-server v13.2.0
[INFO] [stderr]   Downloaded strum_macros v0.15.0
[INFO] [stderr]   Downloaded aio-limited v0.1.1
[INFO] [stderr]   Downloaded libp2p-secio v0.12.0
[INFO] [stderr]   Downloaded libp2p-tcp v0.12.0
[INFO] [stderr]   Downloaded tokio-rustls v0.10.0-alpha.4
[INFO] [stderr]   Downloaded ed25519-dalek v1.0.0-pre.2
[INFO] [stderr]   Downloaded multistream-select v0.5.1
[INFO] [stderr]   Downloaded wasm-bindgen-macro-support v0.2.51
[INFO] [stderr]   Downloaded wasm-bindgen-webidl v0.2.51
[INFO] [stderr]   Downloaded libp2p v0.12.0
[INFO] [stderr]   Downloaded slog-scope v4.2.0
[INFO] [stderr]   Downloaded impl-trait-for-tuples v0.1.2
[INFO] [stderr]   Downloaded parity-util-mem v0.2.0
[INFO] [stderr]   Downloaded trie-db v0.15.2
[INFO] [stderr]   Downloaded ed25519-dalek v0.9.1
[INFO] [stderr]   Downloaded merlin v1.2.1
[INFO] [stderr]   Downloaded subtle v2.2.1
[INFO] [stderr]   Downloaded fixed-hash v0.4.0
[INFO] [stderr]   Downloaded byte-slice-cast v0.3.2
[INFO] [stderr]   Downloaded slog_derive v0.1.1
[INFO] [stderr]   Downloaded libsecp256k1 v0.3.1
[INFO] [stderr]   Downloaded jsonrpc-client-transports v13.2.0
[INFO] [stderr]   Downloaded wasmi-validation v0.2.0
[INFO] [stderr]   Downloaded wasmi v0.5.1
[INFO] [stderr]   Downloaded jsonrpc-pubsub v13.2.0
[INFO] [stderr]   Downloaded jsonrpc-core v13.2.0
[INFO] [stderr]   Downloaded strum v0.15.0
[INFO] [stderr]   Downloaded libp2p-core-derive v0.12.0
[INFO] [stderr]   Downloaded libp2p-dns v0.12.0
[INFO] [stderr]   Downloaded libp2p-floodsub v0.12.0
[INFO] [stderr]   Downloaded libp2p-identify v0.12.0
[INFO] [stderr]   Downloaded libp2p-mdns v0.12.0
[INFO] [stderr]   Downloaded libp2p-mplex v0.12.0
[INFO] [stderr]   Downloaded libp2p-noise v0.10.0
[INFO] [stderr]   Downloaded libp2p-ping v0.12.0
[INFO] [stderr]   Downloaded libp2p-plaintext v0.12.0
[INFO] [stderr]   Downloaded libp2p-ratelimit v0.12.0
[INFO] [stderr]   Downloaded libp2p-swarm v0.2.0
[INFO] [stderr]   Downloaded ipnet v2.0.1
[INFO] [stderr]   Downloaded libp2p-uds v0.12.0
[INFO] [stderr]   Downloaded libp2p-wasm-ext v0.5.0
[INFO] [stderr]   Downloaded libp2p-websocket v0.12.0
[INFO] [stderr]   Downloaded wasm-bindgen-shared v0.2.51
[INFO] [stderr]   Downloaded wasm-bindgen-backend v0.2.51
[INFO] [stderr]   Downloaded memory-db v0.15.2
[INFO] [stderr]   Downloaded libp2p-yamux v0.12.0
[INFO] [stderr]   Downloaded parity-wasm v0.40.3
[INFO] running `Command { std: "docker" "create" "-v" "/var/lib/crater-agent-workspace/builds/worker-0-tc1/target:/opt/rustwide/target:rw,Z" "-v" "/var/lib/crater-agent-workspace/builds/worker-0-tc1/source:/opt/rustwide/workdir:ro,Z" "-v" "/var/lib/crater-agent-workspace/cargo-home:/opt/rustwide/cargo-home:ro,Z" "-v" "/var/lib/crater-agent-workspace/rustup-home:/opt/rustwide/rustup-home:ro,Z" "-e" "SOURCE_DIR=/opt/rustwide/workdir" "-e" "CARGO_TARGET_DIR=/opt/rustwide/target" "-e" "CARGO_HOME=/opt/rustwide/cargo-home" "-e" "RUSTUP_HOME=/opt/rustwide/rustup-home" "-w" "/opt/rustwide/workdir" "-m" "1610612736" "--user" "0:0" "--network" "none" "ghcr.io/rust-lang/crates-build-env/linux@sha256:f3a9d4ad9d972b27faf3965f35b62e55ba32bbce8f20bc8fe909558a86702fde" "/opt/rustwide/cargo-home/bin/cargo" "+1.83.0" "metadata" "--no-deps" "--format-version=1", kill_on_drop: false }`
[INFO] [stdout] ede59ee481d44a684909b252a3d5549f24788c20e4272f701080326fdbac9e21
[INFO] running `Command { std: "docker" "start" "-a" "ede59ee481d44a684909b252a3d5549f24788c20e4272f701080326fdbac9e21", kill_on_drop: false }`
[INFO] running `Command { std: "docker" "inspect" "ede59ee481d44a684909b252a3d5549f24788c20e4272f701080326fdbac9e21", kill_on_drop: false }`
[INFO] running `Command { std: "docker" "rm" "-f" "ede59ee481d44a684909b252a3d5549f24788c20e4272f701080326fdbac9e21", kill_on_drop: false }`
[INFO] [stdout] ede59ee481d44a684909b252a3d5549f24788c20e4272f701080326fdbac9e21
[INFO] running `Command { std: "docker" "create" "-v" "/var/lib/crater-agent-workspace/builds/worker-0-tc1/target:/opt/rustwide/target:rw,Z" "-v" "/var/lib/crater-agent-workspace/builds/worker-0-tc1/source:/opt/rustwide/workdir:ro,Z" "-v" "/var/lib/crater-agent-workspace/cargo-home:/opt/rustwide/cargo-home:ro,Z" "-v" "/var/lib/crater-agent-workspace/rustup-home:/opt/rustwide/rustup-home:ro,Z" "-e" "SOURCE_DIR=/opt/rustwide/workdir" "-e" "CARGO_TARGET_DIR=/opt/rustwide/target" "-e" "CARGO_INCREMENTAL=0" "-e" "RUST_BACKTRACE=full" "-e" "RUSTFLAGS=--cap-lints=warn" "-e" "RUSTDOCFLAGS=--cap-lints=warn" "-e" "CARGO_HOME=/opt/rustwide/cargo-home" "-e" "RUSTUP_HOME=/opt/rustwide/rustup-home" "-w" "/opt/rustwide/workdir" "-m" "1610612736" "--user" "0:0" "--network" "none" "ghcr.io/rust-lang/crates-build-env/linux@sha256:f3a9d4ad9d972b27faf3965f35b62e55ba32bbce8f20bc8fe909558a86702fde" "/opt/rustwide/cargo-home/bin/cargo" "+1.83.0" "build" "--frozen" "--message-format=json", kill_on_drop: false }`
[INFO] [stdout] 4ccaeb5537a57c9d0d4661aaa0858c6a1004163607a64bc779f48907a9540fe2
[INFO] running `Command { std: "docker" "start" "-a" "4ccaeb5537a57c9d0d4661aaa0858c6a1004163607a64bc779f48907a9540fe2", kill_on_drop: false }`
[INFO] [stderr] warning: /opt/rustwide/workdir/runtime/Cargo.toml: `default_features` is deprecated in favor of `default-features` and will not work in the 2024 edition
[INFO] [stderr] (in the `aura` dependency)
[INFO] [stderr] warning: /opt/rustwide/workdir/runtime/Cargo.toml: `default_features` is deprecated in favor of `default-features` and will not work in the 2024 edition
[INFO] [stderr] (in the `aura-primitives` dependency)
[INFO] [stderr] warning: /opt/rustwide/workdir/runtime/Cargo.toml: `default_features` is deprecated in favor of `default-features` and will not work in the 2024 edition
[INFO] [stderr] (in the `balances` dependency)
[INFO] [stderr] warning: /opt/rustwide/workdir/runtime/Cargo.toml: `default_features` is deprecated in favor of `default-features` and will not work in the 2024 edition
[INFO] [stderr] (in the `client` dependency)
[INFO] [stderr] warning: /opt/rustwide/workdir/runtime/Cargo.toml: `default_features` is deprecated in favor of `default-features` and will not work in the 2024 edition
[INFO] [stderr] (in the `executive` dependency)
[INFO] [stderr] warning: /opt/rustwide/workdir/runtime/Cargo.toml: `default_features` is deprecated in favor of `default-features` and will not work in the 2024 edition
[INFO] [stderr] (in the `grandpa` dependency)
[INFO] [stderr] warning: /opt/rustwide/workdir/runtime/Cargo.toml: `default_features` is deprecated in favor of `default-features` and will not work in the 2024 edition
[INFO] [stderr] (in the `indices` dependency)
[INFO] [stderr] warning: /opt/rustwide/workdir/runtime/Cargo.toml: `default_features` is deprecated in favor of `default-features` and will not work in the 2024 edition
[INFO] [stderr] (in the `primitives` dependency)
[INFO] [stderr] warning: /opt/rustwide/workdir/runtime/Cargo.toml: `default_features` is deprecated in favor of `default-features` and will not work in the 2024 edition
[INFO] [stderr] (in the `randomness-collective-flip` dependency)
[INFO] [stderr] warning: /opt/rustwide/workdir/runtime/Cargo.toml: `default_features` is deprecated in favor of `default-features` and will not work in the 2024 edition
[INFO] [stderr] (in the `rstd` dependency)
[INFO] [stderr] warning: /opt/rustwide/workdir/runtime/Cargo.toml: `default_features` is deprecated in favor of `default-features` and will not work in the 2024 edition
[INFO] [stderr] (in the `runtime-io` dependency)
[INFO] [stderr] warning: /opt/rustwide/workdir/runtime/Cargo.toml: `default_features` is deprecated in favor of `default-features` and will not work in the 2024 edition
[INFO] [stderr] (in the `sr-primitives` dependency)
[INFO] [stderr] warning: /opt/rustwide/workdir/runtime/Cargo.toml: `default_features` is deprecated in favor of `default-features` and will not work in the 2024 edition
[INFO] [stderr] (in the `sudo` dependency)
[INFO] [stderr] warning: /opt/rustwide/workdir/runtime/Cargo.toml: `default_features` is deprecated in favor of `default-features` and will not work in the 2024 edition
[INFO] [stderr] (in the `support` dependency)
[INFO] [stderr] warning: /opt/rustwide/workdir/runtime/Cargo.toml: `default_features` is deprecated in favor of `default-features` and will not work in the 2024 edition
[INFO] [stderr] (in the `system` dependency)
[INFO] [stderr] warning: /opt/rustwide/workdir/runtime/Cargo.toml: `default_features` is deprecated in favor of `default-features` and will not work in the 2024 edition
[INFO] [stderr] (in the `timestamp` dependency)
[INFO] [stderr] warning: /opt/rustwide/workdir/runtime/Cargo.toml: `default_features` is deprecated in favor of `default-features` and will not work in the 2024 edition
[INFO] [stderr] (in the `transaction-payment` dependency)
[INFO] [stderr] warning: /opt/rustwide/workdir/runtime/Cargo.toml: `default_features` is deprecated in favor of `default-features` and will not work in the 2024 edition
[INFO] [stderr] (in the `version` dependency)
[INFO] [stderr]    Compiling libc v0.2.65
[INFO] [stderr]    Compiling cfg-if v0.1.10
[INFO] [stderr]    Compiling log v0.4.8
[INFO] [stderr]    Compiling proc-macro2 v1.0.6
[INFO] [stderr]    Compiling unicode-xid v0.2.0
[INFO] [stderr]    Compiling syn v1.0.5
[INFO] [stderr]    Compiling byteorder v1.3.2
[INFO] [stderr]    Compiling lazy_static v1.4.0
[INFO] [stderr]    Compiling semver-parser v0.7.0
[INFO] [stderr]    Compiling autocfg v0.1.6
[INFO] [stderr]    Compiling typenum v1.11.2
[INFO] [stderr]    Compiling smallvec v0.6.10
[INFO] [stderr]    Compiling rand_core v0.4.2
[INFO] [stderr]    Compiling proc-macro2 v0.4.30
[INFO] [stderr]    Compiling unicode-xid v0.1.0
[INFO] [stderr]    Compiling serde v1.0.101
[INFO] [stderr]    Compiling nodrop v0.1.14
[INFO] [stderr]    Compiling syn v0.15.44
[INFO] [stderr]    Compiling rustc-demangle v0.1.16
[INFO] [stderr]    Compiling failure_derive v0.1.6
[INFO] [stderr]    Compiling scopeguard v1.0.0
[INFO] [stderr]    Compiling semver v0.9.0
[INFO] [stderr]    Compiling futures v0.1.29
[INFO] [stderr]    Compiling rustc_version v0.2.3
[INFO] [stderr]    Compiling rand_core v0.3.1
[INFO] [stderr]    Compiling rand_chacha v0.1.1
[INFO] [stderr]    Compiling rand_pcg v0.1.2
[INFO] [stderr]    Compiling rand v0.6.5
[INFO] [stderr]    Compiling rand_isaac v0.1.1
[INFO] [stderr]    Compiling rand_xorshift v0.1.1
[INFO] [stderr]    Compiling rand_hc v0.1.0
[INFO] [stderr]    Compiling rand_jitter v0.1.4
[INFO] [stderr]    Compiling opaque-debug v0.2.3
[INFO] [stderr]    Compiling byte-tools v0.3.1
[INFO] [stderr]    Compiling block-padding v0.1.4
[INFO] [stderr]    Compiling fake-simd v0.1.2
[INFO] [stderr]    Compiling either v1.5.3
[INFO] [stderr]    Compiling num_cpus v1.10.1
[INFO] [stderr]    Compiling jobserver v0.1.17
[INFO] [stderr]    Compiling rand_os v0.1.3
[INFO] [stderr]    Compiling iovec v0.1.4
[INFO] [stderr]    Compiling subtle v1.0.0
[INFO] [stderr]    Compiling subtle v2.2.1
[INFO] [stderr]    Compiling arrayvec v0.4.12
[INFO] [stderr]    Compiling parking_lot_core v0.6.2
[INFO] [stderr]    Compiling constant_time_eq v0.1.4
[INFO] [stderr]    Compiling parking_lot v0.9.0
[INFO] [stderr]    Compiling cc v1.0.46
[INFO] [stderr]    Compiling bytes v0.4.12
[INFO] [stderr]    Compiling generic-array v0.12.3
[INFO] [stderr]    Compiling keccak v0.1.0
[INFO] [stderr]    Compiling quote v0.6.13
[INFO] [stderr]    Compiling lock_api v0.3.1
[INFO] [stderr]    Compiling quote v1.0.2
[INFO] [stderr]    Compiling memchr v2.2.1
[INFO] [stderr]    Compiling getrandom v0.1.12
[INFO] [stderr]    Compiling digest v0.8.1
[INFO] [stderr]    Compiling block-buffer v0.7.3
[INFO] [stderr]    Compiling crypto-mac v0.7.0
[INFO] [stderr]    Compiling ppv-lite86 v0.2.5
[INFO] [stderr]    Compiling arrayref v0.3.5
[INFO] [stderr]    Compiling slab v0.4.2
[INFO] [stderr]    Compiling crossbeam-utils v0.6.6
[INFO] [stderr]    Compiling sha2 v0.8.0
[INFO] [stderr]    Compiling tokio-io v0.1.12
[INFO] [stderr]    Compiling num-traits v0.2.8
[INFO] [stderr]    Compiling thread_local v0.3.6
[INFO] [stderr]    Compiling num-integer v0.1.41
[INFO] [stderr]    Compiling regex-syntax v0.6.12
[INFO] [stderr]    Compiling rand_core v0.5.1
[INFO] [stderr]    Compiling c2-chacha v0.2.2
[INFO] [stderr]    Compiling scopeguard v0.3.3
[INFO] [stderr]    Compiling crunchy v0.2.2
[INFO] [stderr]    Compiling fnv v1.0.6
[INFO] [stderr]    Compiling aho-corasick v0.7.6
[INFO] [stderr]    Compiling tokio-executor v0.1.8
[INFO] [stderr]    Compiling stable_deref_trait v1.1.1
[INFO] [stderr]    Compiling tokio-codec v0.1.1
[INFO] [stderr]    Compiling owning_ref v0.4.0
[INFO] [stderr]    Compiling hmac v0.7.1
[INFO] [stderr]    Compiling rand_chacha v0.2.1
[INFO] [stderr]    Compiling rand v0.7.2
[INFO] [stderr]    Compiling rustc-hex v2.0.1
[INFO] [stderr]    Compiling lock_api v0.1.5
[INFO] [stderr]    Compiling hashbrown v0.1.8
[INFO] [stderr]    Compiling rand v0.5.6
[INFO] [stderr]    Compiling byte-slice-cast v0.3.2
[INFO] [stderr]    Compiling bitvec v0.14.0
[INFO] [stderr]    Compiling backtrace-sys v0.1.32
[INFO] [stderr]    Compiling clear_on_drop v0.2.3
[INFO] [stderr]    Compiling uint v0.8.1
[INFO] [stderr]    Compiling parking_lot_core v0.4.0
[INFO] [stderr]    Compiling sr-std v2.0.0 (https://github.com/paritytech/substrate.git?rev=d1cd01c74e8d5550396cb654f9a3f1b641efdf4c#d1cd01c7)
[INFO] [stderr]    Compiling num-bigint v0.2.3
[INFO] [stderr]    Compiling num-rational v0.2.2
[INFO] [stderr]    Compiling matches v0.1.8
[INFO] [stderr]    Compiling unicode-normalization v0.1.8
[INFO] [stderr]    Compiling unicode-bidi v0.3.4
[INFO] [stderr]    Compiling hash-db v0.15.2
[INFO] [stderr]    Compiling curve25519-dalek v1.2.3
[INFO] [stderr]    Compiling parking_lot v0.7.1
[INFO] [stderr]    Compiling heapsize v0.4.2
[INFO] [stderr]    Compiling quick-error v1.2.2
[INFO] [stderr]    Compiling static_assertions v0.2.5
[INFO] [stderr]    Compiling parity-wasm v0.40.3
[INFO] [stderr]    Compiling merlin v1.2.1
[INFO] [stderr]    Compiling tokio-timer v0.2.11
[INFO] [stderr]    Compiling regex v1.3.1
[INFO] [stderr]    Compiling blake2-rfc v0.2.18
[INFO] [stderr]    Compiling pbkdf2 v0.3.0
[INFO] [stderr]    Compiling memory_units v0.3.0
[INFO] [stderr]    Compiling once_cell v0.1.8
[INFO] [stderr]    Compiling ring v0.14.6
[INFO] [stderr]    Compiling environmental v1.0.2
[INFO] [stderr]    Compiling fixed-hash v0.4.0
[INFO] [stderr]    Compiling elastic-array v0.10.2
[INFO] [stderr]    Compiling twox-hash v1.5.0
[INFO] [stderr]    Compiling hash256-std-hasher v0.15.2
[INFO] [stderr]    Compiling hashbrown v0.6.1
[INFO] [stderr]    Compiling hex v0.3.2
[INFO] [stderr]    Compiling base58 v0.1.0
[INFO] [stderr]    Compiling zeroize v0.10.1
[INFO] [stderr]    Compiling generic-array v0.8.3
[INFO] [stderr]    Compiling spin v0.5.2
[INFO] [stderr] rustc-LLVM ERROR: IO failure on output stream: No space left on device
[INFO] [stdout] error: error writing dependencies to `/opt/rustwide/target/debug/deps/curve25519_dalek-486bc831d9130fe7.d`: No space left on device (os error 28)
[INFO] [stdout] 
[INFO] [stdout] 
[INFO] [stdout] error: linking with `cc` failed: exit status: 1
[INFO] [stdout]   |
[INFO] [stdout]   = note: LC_ALL="C" PATH="/opt/rustwide/rustup-home/toolchains/1.83.0-x86_64-unknown-linux-gnu/lib/rustlib/x86_64-unknown-linux-gnu/bin:/opt/rustwide/cargo-home/bin:/usr/local/sbin:/usr/local/bin:/usr/sbin:/usr/bin:/sbin:/bin" VSLANG="1033" "cc" "-m64" "/tmp/rustcnuNHQq/symbols.o" "/opt/rustwide/target/debug/build/hashbrown-0a78d7cd88d03d33/build_script_build-0a78d7cd88d03d33.build_script_build.2c04c58c8856981f-cgu.0.rcgu.o" "/opt/rustwide/target/debug/build/hashbrown-0a78d7cd88d03d33/build_script_build-0a78d7cd88d03d33.3yl0sbvljbd4h29olkh9tohw3.rcgu.o" "-Wl,--as-needed" "-Wl,-Bstatic" "/opt/rustwide/target/debug/deps/libautocfg-9a2adcb8d9022dc7.rlib" "/opt/rustwide/rustup-home/toolchains/1.83.0-x86_64-unknown-linux-gnu/lib/rustlib/x86_64-unknown-linux-gnu/lib/libstd-ca74a2d9c5166d9f.rlib" "/opt/rustwide/rustup-home/toolchains/1.83.0-x86_64-unknown-linux-gnu/lib/rustlib/x86_64-unknown-linux-gnu/lib/libpanic_unwind-e31ab23316ed5080.rlib" "/opt/rustwide/rustup-home/toolchains/1.83.0-x86_64-unknown-linux-gnu/lib/rustlib/x86_64-unknown-linux-gnu/lib/libobject-27dc4aa955912662.rlib" "/opt/rustwide/rustup-home/toolchains/1.83.0-x86_64-unknown-linux-gnu/lib/rustlib/x86_64-unknown-linux-gnu/lib/libmemchr-bd0d6cccce077b99.rlib" "/opt/rustwide/rustup-home/toolchains/1.83.0-x86_64-unknown-linux-gnu/lib/rustlib/x86_64-unknown-linux-gnu/lib/libaddr2line-8d001680935b5e3c.rlib" "/opt/rustwide/rustup-home/toolchains/1.83.0-x86_64-unknown-linux-gnu/lib/rustlib/x86_64-unknown-linux-gnu/lib/libgimli-ba8ce71964f984f4.rlib" "/opt/rustwide/rustup-home/toolchains/1.83.0-x86_64-unknown-linux-gnu/lib/rustlib/x86_64-unknown-linux-gnu/lib/librustc_demangle-99a73526abcec14b.rlib" "/opt/rustwide/rustup-home/toolchains/1.83.0-x86_64-unknown-linux-gnu/lib/rustlib/x86_64-unknown-linux-gnu/lib/libstd_detect-63ac0d22cff92579.rlib" "/opt/rustwide/rustup-home/toolchains/1.83.0-x86_64-unknown-linux-gnu/lib/rustlib/x86_64-unknown-linux-gnu/lib/libhashbrown-9057355c92c922d5.rlib" "/opt/rustwide/rustup-home/toolchains/1.83.0-x86_64-unknown-linux-gnu/lib/rustlib/x86_64-unknown-linux-gnu/lib/librustc_std_workspace_alloc-358be9bc1f6bab04.rlib" "/opt/rustwide/rustup-home/toolchains/1.83.0-x86_64-unknown-linux-gnu/lib/rustlib/x86_64-unknown-linux-gnu/lib/libminiz_oxide-aca15549d5bff974.rlib" "/opt/rustwide/rustup-home/toolchains/1.83.0-x86_64-unknown-linux-gnu/lib/rustlib/x86_64-unknown-linux-gnu/lib/libadler-8251d2cef7072448.rlib" "/opt/rustwide/rustup-home/toolchains/1.83.0-x86_64-unknown-linux-gnu/lib/rustlib/x86_64-unknown-linux-gnu/lib/libunwind-7d50b86011c66411.rlib" "/opt/rustwide/rustup-home/toolchains/1.83.0-x86_64-unknown-linux-gnu/lib/rustlib/x86_64-unknown-linux-gnu/lib/libcfg_if-51ea098fce5006bf.rlib" "/opt/rustwide/rustup-home/toolchains/1.83.0-x86_64-unknown-linux-gnu/lib/rustlib/x86_64-unknown-linux-gnu/lib/liblibc-5a14e0d0b712e731.rlib" "/opt/rustwide/rustup-home/toolchains/1.83.0-x86_64-unknown-linux-gnu/lib/rustlib/x86_64-unknown-linux-gnu/lib/liballoc-8b83dbf3a7b8f999.rlib" "/opt/rustwide/rustup-home/toolchains/1.83.0-x86_64-unknown-linux-gnu/lib/rustlib/x86_64-unknown-linux-gnu/lib/librustc_std_workspace_core-c6fd227bdc7b39ff.rlib" "/opt/rustwide/rustup-home/toolchains/1.83.0-x86_64-unknown-linux-gnu/lib/rustlib/x86_64-unknown-linux-gnu/lib/libcore-959d3389fa3da8a5.rlib" "/opt/rustwide/rustup-home/toolchains/1.83.0-x86_64-unknown-linux-gnu/lib/rustlib/x86_64-unknown-linux-gnu/lib/libcompiler_builtins-abe05db089cc2c62.rlib" "-Wl,-Bdynamic" "-lgcc_s" "-lutil" "-lrt" "-lpthread" "-lm" "-ldl" "-lc" "-Wl,--eh-frame-hdr" "-Wl,-z,noexecstack" "-L" "/opt/rustwide/rustup-home/toolchains/1.83.0-x86_64-unknown-linux-gnu/lib/rustlib/x86_64-unknown-linux-gnu/lib" "-o" "/opt/rustwide/target/debug/build/hashbrown-0a78d7cd88d03d33/build_script_build-0a78d7cd88d03d33" "-Wl,--gc-sections" "-pie" "-Wl,-z,relro,-z,now" "-nodefaultlibs"
[INFO] [stdout]   = note: /usr/bin/ld: final link failed: No space left on device
[INFO] [stdout]           collect2: error: ld returned 1 exit status
[INFO] [stdout]           
[INFO] [stdout] 
[INFO] [stdout] 
[INFO] [stderr] error: could not compile `aho-corasick` (lib)
[INFO] [stderr] 
[INFO] [stderr] Caused by:
[INFO] [stderr]   No space left on device (os error 28)
[INFO] [stderr] 
[INFO] [stderr] Caused by:
[INFO] [stderr]   failed to parse process output: `/opt/rustwide/rustup-home/toolchains/1.83.0-x86_64-unknown-linux-gnu/bin/rustc --crate-name aho_corasick --edition=2015 /opt/rustwide/cargo-home/registry/src/index.crates.io-6f17d22bba15001f/aho-corasick-0.7.6/src/lib.rs --error-format=json --json=diagnostic-rendered-ansi,artifacts,future-incompat --crate-type lib --emit=dep-info,metadata,link -C embed-bitcode=no -C debuginfo=2 --cfg 'feature="default"' --cfg 'feature="std"' --check-cfg 'cfg(docsrs)' --check-cfg 'cfg(feature, values("default", "std"))' -C metadata=7c1ab2f44bb05e79 -C extra-filename=-7c1ab2f44bb05e79 --out-dir /opt/rustwide/target/debug/deps -L dependency=/opt/rustwide/target/debug/deps --extern memchr=/opt/rustwide/target/debug/deps/libmemchr-db0946bae922bc91.rmeta --cap-lints allow --cap-lints=warn` (exit status: 101)
[INFO] [stderr] warning: build failed, waiting for other jobs to finish...
[INFO] [stdout] error: failed to write to `/opt/rustwide/target/debug/deps/rmetaLzoeuf/lib.rmeta`: No space left on device (os error 28)
[INFO] [stdout] 
[INFO] [stdout] 
[INFO] [stderr] error: could not compile `hashbrown` (build script) due to 1 previous error
[INFO] [stderr] error: could not compile `generic-array` (lib) due to 1 previous error
[INFO] [stderr] error: could not compile `curve25519-dalek` (lib) due to 1 previous error
[INFO] [stderr] rustc-LLVM ERROR: IO failure on output stream: No space left on device
[INFO] [stderr] rustc-LLVM ERROR: IO failure on output stream: No space left on device
[INFO] [stdout] error: couldn't create a temp dir: No space left on device (os error 28) at path "/opt/rustwide/target/debug/deps/rmetavaEATa"
[INFO] [stdout] 
[INFO] [stdout] 
[INFO] [stderr] error: could not compile `base58` (lib)
[INFO] [stderr] 
[INFO] [stderr] Caused by:
[INFO] [stderr]   No space left on device (os error 28)
[INFO] [stderr] 
[INFO] [stderr] Caused by:
[INFO] [stderr]   failed to parse process output: `/opt/rustwide/rustup-home/toolchains/1.83.0-x86_64-unknown-linux-gnu/bin/rustc --crate-name base58 --edition=2015 /opt/rustwide/cargo-home/registry/src/index.crates.io-6f17d22bba15001f/base58-0.1.0/src/lib.rs --error-format=json --json=diagnostic-rendered-ansi,artifacts,future-incompat --crate-type lib --emit=dep-info,metadata,link -C embed-bitcode=no -C debuginfo=2 --check-cfg 'cfg(docsrs)' --check-cfg 'cfg(feature, values())' -C metadata=ae01c54eb4abb1ef -C extra-filename=-ae01c54eb4abb1ef --out-dir /opt/rustwide/target/debug/deps -L dependency=/opt/rustwide/target/debug/deps --cap-lints allow --cap-lints=warn` (exit status: 101)
[INFO] [stderr] error: could not compile `spin` (lib) due to 1 previous error
[INFO] [stderr] error: could not compile `num-bigint` (lib)
[INFO] [stderr] 
[INFO] [stderr] Caused by:
[INFO] [stderr]   No space left on device (os error 28)
[INFO] [stderr] 
[INFO] [stderr] Caused by:
[INFO] [stderr]   failed to parse process output: `/opt/rustwide/rustup-home/toolchains/1.83.0-x86_64-unknown-linux-gnu/bin/rustc --crate-name num_bigint --edition=2015 /opt/rustwide/cargo-home/registry/src/index.crates.io-6f17d22bba15001f/num-bigint-0.2.3/src/lib.rs --error-format=json --json=diagnostic-rendered-ansi,artifacts,future-incompat --crate-type lib --emit=dep-info,metadata,link -C embed-bitcode=no -C debuginfo=2 --cfg 'feature="std"' --check-cfg 'cfg(docsrs)' --check-cfg 'cfg(feature, values("default", "i128", "quickcheck", "quickcheck_macros", "rand", "serde", "std"))' -C metadata=f0ff81e7eab27c1e -C extra-filename=-f0ff81e7eab27c1e --out-dir /opt/rustwide/target/debug/deps -L dependency=/opt/rustwide/target/debug/deps --extern num_integer=/opt/rustwide/target/debug/deps/libnum_integer-dcd6cffb7115581f.rmeta --extern num_traits=/opt/rustwide/target/debug/deps/libnum_traits-751eda778387cb30.rmeta --cap-lints allow --cap-lints=warn --cfg has_i128` (exit status: 101)
[INFO] [stderr] rustc-LLVM ERROR: IO failure on output stream: No space left on device
[INFO] [stderr] rustc-LLVM ERROR: IO failure on output stream: No space left on device
[INFO] [stderr] error: could not compile `ring` (build script)
[INFO] [stderr] 
[INFO] [stderr] Caused by:
[INFO] [stderr]   No space left on device (os error 28)
[INFO] [stderr] 
[INFO] [stderr] Caused by:
[INFO] [stderr]   failed to parse process output: `/opt/rustwide/rustup-home/toolchains/1.83.0-x86_64-unknown-linux-gnu/bin/rustc --crate-name build_script_build --edition=2018 /opt/rustwide/cargo-home/registry/src/index.crates.io-6f17d22bba15001f/ring-0.14.6/build.rs --error-format=json --json=diagnostic-rendered-ansi,artifacts,future-incompat --crate-type bin --emit=dep-info,link -C embed-bitcode=no --cfg 'feature="default"' --cfg 'feature="dev_urandom_fallback"' --cfg 'feature="use_heap"' --check-cfg 'cfg(docsrs)' --check-cfg 'cfg(feature, values("default", "dev_urandom_fallback", "internal_benches", "slow_tests", "test_logging", "use_heap"))' -C metadata=4d04af070a5c835f -C extra-filename=-4d04af070a5c835f --out-dir /opt/rustwide/target/debug/build/ring-4d04af070a5c835f -L dependency=/opt/rustwide/target/debug/deps --extern cc=/opt/rustwide/target/debug/deps/libcc-904bee4427d84c3f.rlib --cap-lints allow --cap-lints=warn` (exit status: 101)
[INFO] [stderr] rustc-LLVM ERROR: IO failure on output stream: No space left on device
[INFO] [stderr] rustc-LLVM ERROR: IO failure on output stream: No space left on device
[INFO] [stderr] error: could not compile `parity-wasm` (lib)
[INFO] [stderr] 
[INFO] [stderr] Caused by:
[INFO] [stderr]   No space left on device (os error 28)
[INFO] [stderr] 
[INFO] [stderr] Caused by:
[INFO] [stderr]   failed to parse process output: `/opt/rustwide/rustup-home/toolchains/1.83.0-x86_64-unknown-linux-gnu/bin/rustc --crate-name parity_wasm --edition=2018 /opt/rustwide/cargo-home/registry/src/index.crates.io-6f17d22bba15001f/parity-wasm-0.40.3/src/lib.rs --error-format=json --json=diagnostic-rendered-ansi,artifacts,future-incompat --crate-type lib --emit=dep-info,metadata,link -C embed-bitcode=no -C debuginfo=2 --cfg 'feature="default"' --cfg 'feature="std"' --check-cfg 'cfg(docsrs)' --check-cfg 'cfg(feature, values("atomics", "bulk", "default", "sign_ext", "simd", "std"))' -C metadata=499b34c0a6c8b733 -C extra-filename=-499b34c0a6c8b733 --out-dir /opt/rustwide/target/debug/deps -L dependency=/opt/rustwide/target/debug/deps --cap-lints allow --cap-lints=warn` (exit status: 101)
[INFO] [stderr] The following warnings were emitted during compilation:
[INFO] [stderr] 
[INFO] [stderr] warning: backtrace-sys@0.1.32: src/libbacktrace/fileline.c:201:1: fatal error: error writing to /tmp/cc1m7SMh.s: No space left on device
[INFO] [stderr] warning: backtrace-sys@0.1.32:   201 | }
[INFO] [stderr] warning: backtrace-sys@0.1.32:       | ^
[INFO] [stderr] warning: backtrace-sys@0.1.32: compilation terminated.
[INFO] [stderr] warning: backtrace-sys@0.1.32: src/libbacktrace/posix.c:100:1: fatal error: error closing /tmp/cc8jjn9w.s: No space left on device
[INFO] [stderr] warning: backtrace-sys@0.1.32:   100 | }
[INFO] [stderr] warning: backtrace-sys@0.1.32:       | ^
[INFO] [stderr] warning: backtrace-sys@0.1.32: compilation terminated.
[INFO] [stderr] warning: backtrace-sys@0.1.32: src/libbacktrace/read.c:96:1: fatal error: error closing /tmp/ccguU18Z.s: No space left on device
[INFO] [stderr] warning: backtrace-sys@0.1.32:    96 | }
[INFO] [stderr] warning: backtrace-sys@0.1.32:       | ^
[INFO] [stderr] warning: backtrace-sys@0.1.32: compilation terminated.
[INFO] [stderr] warning: backtrace-sys@0.1.32: src/libbacktrace/dwarf.c:3126:1: fatal error: error writing to /tmp/ccUqkU1l.s: No space left on device
[INFO] [stderr] warning: backtrace-sys@0.1.32:  3126 | }
[INFO] [stderr] warning: backtrace-sys@0.1.32:       | ^
[INFO] [stderr] warning: backtrace-sys@0.1.32: compilation terminated.
[INFO] [stderr] 
[INFO] [stderr] error: failed to run custom build command for `backtrace-sys v0.1.32`
[INFO] [stderr] note: To improve backtraces for build dependencies, set the CARGO_PROFILE_DEV_BUILD_OVERRIDE_DEBUG=true environment variable to enable debug information generation.
[INFO] [stderr] 
[INFO] [stderr] Caused by:
[INFO] [stderr]   process didn't exit successfully: `/opt/rustwide/target/debug/build/backtrace-sys-39d2c6a08dcbb15e/build-script-build` (exit status: 1)
[INFO] [stderr]   --- stdout
[INFO] [stderr]   cargo:rustc-cfg=rbt
[INFO] [stderr]   TARGET = Some("x86_64-unknown-linux-gnu")
[INFO] [stderr]   OPT_LEVEL = Some("0")
[INFO] [stderr]   HOST = Some("x86_64-unknown-linux-gnu")
[INFO] [stderr]   CC_x86_64-unknown-linux-gnu = None
[INFO] [stderr]   CC_x86_64_unknown_linux_gnu = None
[INFO] [stderr]   HOST_CC = None
[INFO] [stderr]   CC = None
[INFO] [stderr]   CFLAGS_x86_64-unknown-linux-gnu = None
[INFO] [stderr]   CFLAGS_x86_64_unknown_linux_gnu = None
[INFO] [stderr]   HOST_CFLAGS = None
[INFO] [stderr]   CFLAGS = None
[INFO] [stderr]   CRATE_CC_NO_DEFAULTS = None
[INFO] [stderr]   CARGO_CFG_TARGET_FEATURE = Some("fxsr,sse,sse2")
[INFO] [stderr]   running: "cc" "-O0" "-ffunction-sections" "-fdata-sections" "-fPIC" "-m64" "-I" "src/libbacktrace" "-I" "/opt/rustwide/target/debug/build/backtrace-sys-f6f882561cb0f64b/out" "-fvisibility=hidden" "-DBACKTRACE_ELF_SIZE=64" "-DBACKTRACE_SUPPORTED=1" "-DBACKTRACE_USES_MALLOC=1" "-DBACKTRACE_SUPPORTS_THREADS=0" "-DBACKTRACE_SUPPORTS_DATA=0" "-DHAVE_DL_ITERATE_PHDR=1" "-D_GNU_SOURCE=1" "-D_LARGE_FILES=1" "-Dbacktrace_full=__rbt_backtrace_full" "-Dbacktrace_dwarf_add=__rbt_backtrace_dwarf_add" "-Dbacktrace_initialize=__rbt_backtrace_initialize" "-Dbacktrace_pcinfo=__rbt_backtrace_pcinfo" "-Dbacktrace_syminfo=__rbt_backtrace_syminfo" "-Dbacktrace_get_view=__rbt_backtrace_get_view" "-Dbacktrace_release_view=__rbt_backtrace_release_view" "-Dbacktrace_alloc=__rbt_backtrace_alloc" "-Dbacktrace_free=__rbt_backtrace_free" "-Dbacktrace_vector_finish=__rbt_backtrace_vector_finish" "-Dbacktrace_vector_grow=__rbt_backtrace_vector_grow" "-Dbacktrace_vector_release=__rbt_backtrace_vector_release" "-Dbacktrace_close=__rbt_backtrace_close" "-Dbacktrace_open=__rbt_backtrace_open" "-Dbacktrace_print=__rbt_backtrace_print" "-Dbacktrace_simple=__rbt_backtrace_simple" "-Dbacktrace_qsort=__rbt_backtrace_qsort" "-Dbacktrace_create_state=__rbt_backtrace_create_state" "-Dbacktrace_uncompress_zdebug=__rbt_backtrace_uncompress_zdebug" "-Dmacho_get_view=__rbt_macho_get_view" "-Dmacho_symbol_type_relevant=__rbt_macho_symbol_type_relevant" "-Dmacho_get_commands=__rbt_macho_get_commands" "-Dmacho_try_dsym=__rbt_macho_try_dsym" "-Dmacho_try_dwarf=__rbt_macho_try_dwarf" "-Dmacho_get_addr_range=__rbt_macho_get_addr_range" "-Dmacho_get_uuid=__rbt_macho_get_uuid" "-Dmacho_add=__rbt_macho_add" "-Dmacho_add_symtab=__rbt_macho_add_symtab" "-Dmacho_file_to_host_u64=__rbt_macho_file_to_host_u64" "-Dmacho_file_to_host_u32=__rbt_macho_file_to_host_u32" "-Dmacho_file_to_host_u16=__rbt_macho_file_to_host_u16" "-o" "/opt/rustwide/target/debug/build/backtrace-sys-f6f882561cb0f64b/out/src/libbacktrace/alloc.o" "-c" "src/libbacktrace/alloc.c"
[INFO] [stderr]   exit status: 0
[INFO] [stderr]   running: "cc" "-O0" "-ffunction-sections" "-fdata-sections" "-fPIC" "-m64" "-I" "src/libbacktrace" "-I" "/opt/rustwide/target/debug/build/backtrace-sys-f6f882561cb0f64b/out" "-fvisibility=hidden" "-DBACKTRACE_ELF_SIZE=64" "-DBACKTRACE_SUPPORTED=1" "-DBACKTRACE_USES_MALLOC=1" "-DBACKTRACE_SUPPORTS_THREADS=0" "-DBACKTRACE_SUPPORTS_DATA=0" "-DHAVE_DL_ITERATE_PHDR=1" "-D_GNU_SOURCE=1" "-D_LARGE_FILES=1" "-Dbacktrace_full=__rbt_backtrace_full" "-Dbacktrace_dwarf_add=__rbt_backtrace_dwarf_add" "-Dbacktrace_initialize=__rbt_backtrace_initialize" "-Dbacktrace_pcinfo=__rbt_backtrace_pcinfo" "-Dbacktrace_syminfo=__rbt_backtrace_syminfo" "-Dbacktrace_get_view=__rbt_backtrace_get_view" "-Dbacktrace_release_view=__rbt_backtrace_release_view" "-Dbacktrace_alloc=__rbt_backtrace_alloc" "-Dbacktrace_free=__rbt_backtrace_free" "-Dbacktrace_vector_finish=__rbt_backtrace_vector_finish" "-Dbacktrace_vector_grow=__rbt_backtrace_vector_grow" "-Dbacktrace_vector_release=__rbt_backtrace_vector_release" "-Dbacktrace_close=__rbt_backtrace_close" "-Dbacktrace_open=__rbt_backtrace_open" "-Dbacktrace_print=__rbt_backtrace_print" "-Dbacktrace_simple=__rbt_backtrace_simple" "-Dbacktrace_qsort=__rbt_backtrace_qsort" "-Dbacktrace_create_state=__rbt_backtrace_create_state" "-Dbacktrace_uncompress_zdebug=__rbt_backtrace_uncompress_zdebug" "-Dmacho_get_view=__rbt_macho_get_view" "-Dmacho_symbol_type_relevant=__rbt_macho_symbol_type_relevant" "-Dmacho_get_commands=__rbt_macho_get_commands" "-Dmacho_try_dsym=__rbt_macho_try_dsym" "-Dmacho_try_dwarf=__rbt_macho_try_dwarf" "-Dmacho_get_addr_range=__rbt_macho_get_addr_range" "-Dmacho_get_uuid=__rbt_macho_get_uuid" "-Dmacho_add=__rbt_macho_add" "-Dmacho_add_symtab=__rbt_macho_add_symtab" "-Dmacho_file_to_host_u64=__rbt_macho_file_to_host_u64" "-Dmacho_file_to_host_u32=__rbt_macho_file_to_host_u32" "-Dmacho_file_to_host_u16=__rbt_macho_file_to_host_u16" "-o" "/opt/rustwide/target/debug/build/backtrace-sys-f6f882561cb0f64b/out/src/libbacktrace/dwarf.o" "-c" "src/libbacktrace/dwarf.c"
[INFO] [stderr]   running: "cc" "-O0" "-ffunction-sections" "-fdata-sections" "-fPIC" "-m64" "-I" "src/libbacktrace" "-I" "/opt/rustwide/target/debug/build/backtrace-sys-f6f882561cb0f64b/out" "-fvisibility=hidden" "-DBACKTRACE_ELF_SIZE=64" "-DBACKTRACE_SUPPORTED=1" "-DBACKTRACE_USES_MALLOC=1" "-DBACKTRACE_SUPPORTS_THREADS=0" "-DBACKTRACE_SUPPORTS_DATA=0" "-DHAVE_DL_ITERATE_PHDR=1" "-D_GNU_SOURCE=1" "-D_LARGE_FILES=1" "-Dbacktrace_full=__rbt_backtrace_full" "-Dbacktrace_dwarf_add=__rbt_backtrace_dwarf_add" "-Dbacktrace_initialize=__rbt_backtrace_initialize" "-Dbacktrace_pcinfo=__rbt_backtrace_pcinfo" "-Dbacktrace_syminfo=__rbt_backtrace_syminfo" "-Dbacktrace_get_view=__rbt_backtrace_get_view" "-Dbacktrace_release_view=__rbt_backtrace_release_view" "-Dbacktrace_alloc=__rbt_backtrace_alloc" "-Dbacktrace_free=__rbt_backtrace_free" "-Dbacktrace_vector_finish=__rbt_backtrace_vector_finish" "-Dbacktrace_vector_grow=__rbt_backtrace_vector_grow" "-Dbacktrace_vector_release=__rbt_backtrace_vector_release" "-Dbacktrace_close=__rbt_backtrace_close" "-Dbacktrace_open=__rbt_backtrace_open" "-Dbacktrace_print=__rbt_backtrace_print" "-Dbacktrace_simple=__rbt_backtrace_simple" "-Dbacktrace_qsort=__rbt_backtrace_qsort" "-Dbacktrace_create_state=__rbt_backtrace_create_state" "-Dbacktrace_uncompress_zdebug=__rbt_backtrace_uncompress_zdebug" "-Dmacho_get_view=__rbt_macho_get_view" "-Dmacho_symbol_type_relevant=__rbt_macho_symbol_type_relevant" "-Dmacho_get_commands=__rbt_macho_get_commands" "-Dmacho_try_dsym=__rbt_macho_try_dsym" "-Dmacho_try_dwarf=__rbt_macho_try_dwarf" "-Dmacho_get_addr_range=__rbt_macho_get_addr_range" "-Dmacho_get_uuid=__rbt_macho_get_uuid" "-Dmacho_add=__rbt_macho_add" "-Dmacho_add_symtab=__rbt_macho_add_symtab" "-Dmacho_file_to_host_u64=__rbt_macho_file_to_host_u64" "-Dmacho_file_to_host_u32=__rbt_macho_file_to_host_u32" "-Dmacho_file_to_host_u16=__rbt_macho_file_to_host_u16" "-o" "/opt/rustwide/target/debug/build/backtrace-sys-f6f882561cb0f64b/out/src/libbacktrace/fileline.o" "-c" "src/libbacktrace/fileline.c"
[INFO] [stderr]   running: "cc" "-O0" "-ffunction-sections" "-fdata-sections" "-fPIC" "-m64" "-I" "src/libbacktrace" "-I" "/opt/rustwide/target/debug/build/backtrace-sys-f6f882561cb0f64b/out" "-fvisibility=hidden" "-DBACKTRACE_ELF_SIZE=64" "-DBACKTRACE_SUPPORTED=1" "-DBACKTRACE_USES_MALLOC=1" "-DBACKTRACE_SUPPORTS_THREADS=0" "-DBACKTRACE_SUPPORTS_DATA=0" "-DHAVE_DL_ITERATE_PHDR=1" "-D_GNU_SOURCE=1" "-D_LARGE_FILES=1" "-Dbacktrace_full=__rbt_backtrace_full" "-Dbacktrace_dwarf_add=__rbt_backtrace_dwarf_add" "-Dbacktrace_initialize=__rbt_backtrace_initialize" "-Dbacktrace_pcinfo=__rbt_backtrace_pcinfo" "-Dbacktrace_syminfo=__rbt_backtrace_syminfo" "-Dbacktrace_get_view=__rbt_backtrace_get_view" "-Dbacktrace_release_view=__rbt_backtrace_release_view" "-Dbacktrace_alloc=__rbt_backtrace_alloc" "-Dbacktrace_free=__rbt_backtrace_free" "-Dbacktrace_vector_finish=__rbt_backtrace_vector_finish" "-Dbacktrace_vector_grow=__rbt_backtrace_vector_grow" "-Dbacktrace_vector_release=__rbt_backtrace_vector_release" "-Dbacktrace_close=__rbt_backtrace_close" "-Dbacktrace_open=__rbt_backtrace_open" "-Dbacktrace_print=__rbt_backtrace_print" "-Dbacktrace_simple=__rbt_backtrace_simple" "-Dbacktrace_qsort=__rbt_backtrace_qsort" "-Dbacktrace_create_state=__rbt_backtrace_create_state" "-Dbacktrace_uncompress_zdebug=__rbt_backtrace_uncompress_zdebug" "-Dmacho_get_view=__rbt_macho_get_view" "-Dmacho_symbol_type_relevant=__rbt_macho_symbol_type_relevant" "-Dmacho_get_commands=__rbt_macho_get_commands" "-Dmacho_try_dsym=__rbt_macho_try_dsym" "-Dmacho_try_dwarf=__rbt_macho_try_dwarf" "-Dmacho_get_addr_range=__rbt_macho_get_addr_range" "-Dmacho_get_uuid=__rbt_macho_get_uuid" "-Dmacho_add=__rbt_macho_add" "-Dmacho_add_symtab=__rbt_macho_add_symtab" "-Dmacho_file_to_host_u64=__rbt_macho_file_to_host_u64" "-Dmacho_file_to_host_u32=__rbt_macho_file_to_host_u32" "-Dmacho_file_to_host_u16=__rbt_macho_file_to_host_u16" "-o" "/opt/rustwide/target/debug/build/backtrace-sys-f6f882561cb0f64b/out/src/libbacktrace/posix.o" "-c" "src/libbacktrace/posix.c"
[INFO] [stderr]   cargo:warning=src/libbacktrace/fileline.c:201:1: fatal error: error writing to /tmp/cc1m7SMh.s: No space left on device
[INFO] [stderr]   cargo:warning=  201 | }
[INFO] [stderr]   cargo:warning=      | ^
[INFO] [stderr]   cargo:warning=compilation terminated.
[INFO] [stderr]   exit status: 1
[INFO] [stderr]   cargo:warning=src/libbacktrace/posix.c:100:1: fatal error: error closing /tmp/cc8jjn9w.s: No space left on device
[INFO] [stderr]   cargo:warning=  100 | }
[INFO] [stderr]   cargo:warning=      | ^
[INFO] [stderr]   cargo:warning=compilation terminated.
[INFO] [stderr]   exit status: 1
[INFO] [stderr]   running: "cc" "-O0" "-ffunction-sections" "-fdata-sections" "-fPIC" "-m64" "-I" "src/libbacktrace" "-I" "/opt/rustwide/target/debug/build/backtrace-sys-f6f882561cb0f64b/out" "-fvisibility=hidden" "-DBACKTRACE_ELF_SIZE=64" "-DBACKTRACE_SUPPORTED=1" "-DBACKTRACE_USES_MALLOC=1" "-DBACKTRACE_SUPPORTS_THREADS=0" "-DBACKTRACE_SUPPORTS_DATA=0" "-DHAVE_DL_ITERATE_PHDR=1" "-D_GNU_SOURCE=1" "-D_LARGE_FILES=1" "-Dbacktrace_full=__rbt_backtrace_full" "-Dbacktrace_dwarf_add=__rbt_backtrace_dwarf_add" "-Dbacktrace_initialize=__rbt_backtrace_initialize" "-Dbacktrace_pcinfo=__rbt_backtrace_pcinfo" "-Dbacktrace_syminfo=__rbt_backtrace_syminfo" "-Dbacktrace_get_view=__rbt_backtrace_get_view" "-Dbacktrace_release_view=__rbt_backtrace_release_view" "-Dbacktrace_alloc=__rbt_backtrace_alloc" "-Dbacktrace_free=__rbt_backtrace_free" "-Dbacktrace_vector_finish=__rbt_backtrace_vector_finish" "-Dbacktrace_vector_grow=__rbt_backtrace_vector_grow" "-Dbacktrace_vector_release=__rbt_backtrace_vector_release" "-Dbacktrace_close=__rbt_backtrace_close" "-Dbacktrace_open=__rbt_backtrace_open" "-Dbacktrace_print=__rbt_backtrace_print" "-Dbacktrace_simple=__rbt_backtrace_simple" "-Dbacktrace_qsort=__rbt_backtrace_qsort" "-Dbacktrace_create_state=__rbt_backtrace_create_state" "-Dbacktrace_uncompress_zdebug=__rbt_backtrace_uncompress_zdebug" "-Dmacho_get_view=__rbt_macho_get_view" "-Dmacho_symbol_type_relevant=__rbt_macho_symbol_type_relevant" "-Dmacho_get_commands=__rbt_macho_get_commands" "-Dmacho_try_dsym=__rbt_macho_try_dsym" "-Dmacho_try_dwarf=__rbt_macho_try_dwarf" "-Dmacho_get_addr_range=__rbt_macho_get_addr_range" "-Dmacho_get_uuid=__rbt_macho_get_uuid" "-Dmacho_add=__rbt_macho_add" "-Dmacho_add_symtab=__rbt_macho_add_symtab" "-Dmacho_file_to_host_u64=__rbt_macho_file_to_host_u64" "-Dmacho_file_to_host_u32=__rbt_macho_file_to_host_u32" "-Dmacho_file_to_host_u16=__rbt_macho_file_to_host_u16" "-o" "/opt/rustwide/target/debug/build/backtrace-sys-f6f882561cb0f64b/out/src/libbacktrace/read.o" "-c" "src/libbacktrace/read.c"
[INFO] [stderr]   cargo:warning=src/libbacktrace/read.c:96:1: fatal error: error closing /tmp/ccguU18Z.s: No space left on device
[INFO] [stderr]   cargo:warning=   96 | }
[INFO] [stderr]   cargo:warning=      | ^
[INFO] [stderr]   cargo:warning=compilation terminated.
[INFO] [stderr]   exit status: 1
[INFO] [stderr]   cargo:warning=src/libbacktrace/dwarf.c:3126:1: fatal error: error writing to /tmp/ccUqkU1l.s: No space left on device
[INFO] [stderr]   cargo:warning= 3126 | }
[INFO] [stderr]   cargo:warning=      | ^
[INFO] [stderr]   cargo:warning=compilation terminated.
[INFO] [stderr]   exit status: 1
[INFO] [stderr] 
[INFO] [stderr]   --- stderr
[INFO] [stderr] 
[INFO] [stderr] 
[INFO] [stderr]   error occurred: Command "cc" "-O0" "-ffunction-sections" "-fdata-sections" "-fPIC" "-m64" "-I" "src/libbacktrace" "-I" "/opt/rustwide/target/debug/build/backtrace-sys-f6f882561cb0f64b/out" "-fvisibility=hidden" "-DBACKTRACE_ELF_SIZE=64" "-DBACKTRACE_SUPPORTED=1" "-DBACKTRACE_USES_MALLOC=1" "-DBACKTRACE_SUPPORTS_THREADS=0" "-DBACKTRACE_SUPPORTS_DATA=0" "-DHAVE_DL_ITERATE_PHDR=1" "-D_GNU_SOURCE=1" "-D_LARGE_FILES=1" "-Dbacktrace_full=__rbt_backtrace_full" "-Dbacktrace_dwarf_add=__rbt_backtrace_dwarf_add" "-Dbacktrace_initialize=__rbt_backtrace_initialize" "-Dbacktrace_pcinfo=__rbt_backtrace_pcinfo" "-Dbacktrace_syminfo=__rbt_backtrace_syminfo" "-Dbacktrace_get_view=__rbt_backtrace_get_view" "-Dbacktrace_release_view=__rbt_backtrace_release_view" "-Dbacktrace_alloc=__rbt_backtrace_alloc" "-Dbacktrace_free=__rbt_backtrace_free" "-Dbacktrace_vector_finish=__rbt_backtrace_vector_finish" "-Dbacktrace_vector_grow=__rbt_backtrace_vector_grow" "-Dbacktrace_vector_release=__rbt_backtrace_vector_release" "-Dbacktrace_close=__rbt_backtrace_close" "-Dbacktrace_open=__rbt_backtrace_open" "-Dbacktrace_print=__rbt_backtrace_print" "-Dbacktrace_simple=__rbt_backtrace_simple" "-Dbacktrace_qsort=__rbt_backtrace_qsort" "-Dbacktrace_create_state=__rbt_backtrace_create_state" "-Dbacktrace_uncompress_zdebug=__rbt_backtrace_uncompress_zdebug" "-Dmacho_get_view=__rbt_macho_get_view" "-Dmacho_symbol_type_relevant=__rbt_macho_symbol_type_relevant" "-Dmacho_get_commands=__rbt_macho_get_commands" "-Dmacho_try_dsym=__rbt_macho_try_dsym" "-Dmacho_try_dwarf=__rbt_macho_try_dwarf" "-Dmacho_get_addr_range=__rbt_macho_get_addr_range" "-Dmacho_get_uuid=__rbt_macho_get_uuid" "-Dmacho_add=__rbt_macho_add" "-Dmacho_add_symtab=__rbt_macho_add_symtab" "-Dmacho_file_to_host_u64=__rbt_macho_file_to_host_u64" "-Dmacho_file_to_host_u32=__rbt_macho_file_to_host_u32" "-Dmacho_file_to_host_u16=__rbt_macho_file_to_host_u16" "-o" "/opt/rustwide/target/debug/build/backtrace-sys-f6f882561cb0f64b/out/src/libbacktrace/dwarf.o" "-c" "src/libbacktrace/dwarf.c" with args "cc" did not execute successfully (status code exit status: 1).
[INFO] [stderr] 
[INFO] [stderr] 
[INFO] [stderr] error: could not compile `rand` (lib)
[INFO] [stderr] 
[INFO] [stderr] Caused by:
[INFO] [stderr]   No space left on device (os error 28)
[INFO] [stderr] 
[INFO] [stderr] Caused by:
[INFO] [stderr]   failed to parse process output: `/opt/rustwide/rustup-home/toolchains/1.83.0-x86_64-unknown-linux-gnu/bin/rustc --crate-name rand --edition=2015 /opt/rustwide/cargo-home/registry/src/index.crates.io-6f17d22bba15001f/rand-0.5.6/src/lib.rs --error-format=json --json=diagnostic-rendered-ansi,artifacts,future-incompat --crate-type lib --emit=dep-info,metadata,link -C embed-bitcode=no -C debuginfo=2 --cfg 'feature="alloc"' --cfg 'feature="cloudabi"' --cfg 'feature="default"' --cfg 'feature="fuchsia-cprng"' --cfg 'feature="libc"' --cfg 'feature="std"' --cfg 'feature="winapi"' --check-cfg 'cfg(docsrs)' --check-cfg 'cfg(feature, values("alloc", "cloudabi", "default", "fuchsia-cprng", "i128_support", "libc", "log", "nightly", "serde", "serde1", "serde_derive", "std", "stdweb", "winapi"))' -C metadata=8a1511728c7e5e63 -C extra-filename=-8a1511728c7e5e63 --out-dir /opt/rustwide/target/debug/deps -L dependency=/opt/rustwide/target/debug/deps --extern libc=/opt/rustwide/target/debug/deps/liblibc-b7d549fd7096268b.rmeta --extern rand_core=/opt/rustwide/target/debug/deps/librand_core-de0c36c22cde0cf0.rmeta --cap-lints allow --cap-lints=warn` (exit status: 101)
[INFO] [stderr] error: could not compile `regex-syntax` (lib)
[INFO] [stderr] 
[INFO] [stderr] Caused by:
[INFO] [stderr]   process didn't exit successfully: `/opt/rustwide/rustup-home/toolchains/1.83.0-x86_64-unknown-linux-gnu/bin/rustc --crate-name regex_syntax --edition=2015 /opt/rustwide/cargo-home/registry/src/index.crates.io-6f17d22bba15001f/regex-syntax-0.6.12/src/lib.rs --error-format=json --json=diagnostic-rendered-ansi,artifacts,future-incompat --crate-type lib --emit=dep-info,metadata,link -C embed-bitcode=no -C debuginfo=2 --cfg 'feature="unicode-age"' --cfg 'feature="unicode-bool"' --cfg 'feature="unicode-case"' --cfg 'feature="unicode-gencat"' --cfg 'feature="unicode-perl"' --cfg 'feature="unicode-script"' --cfg 'feature="unicode-segment"' --check-cfg 'cfg(docsrs)' --check-cfg 'cfg(feature, values("default", "unicode", "unicode-age", "unicode-bool", "unicode-case", "unicode-gencat", "unicode-perl", "unicode-script", "unicode-segment"))' -C metadata=f0655a5717341c2b -C extra-filename=-f0655a5717341c2b --out-dir /opt/rustwide/target/debug/deps -L dependency=/opt/rustwide/target/debug/deps --cap-lints allow --cap-lints=warn` (exit status: 101)
[INFO] [stderr] rustc-LLVM ERROR: IO failure on output stream: No space left on device
[INFO] [stderr] error: could not compile `blake2-rfc` (lib)
[INFO] [stderr] 
[INFO] [stderr] Caused by:
[INFO] [stderr]   No space left on device (os error 28)
[INFO] [stderr] 
[INFO] [stderr] Caused by:
[INFO] [stderr]   failed to parse process output: `/opt/rustwide/rustup-home/toolchains/1.83.0-x86_64-unknown-linux-gnu/bin/rustc --crate-name blake2_rfc --edition=2015 /opt/rustwide/cargo-home/registry/src/index.crates.io-6f17d22bba15001f/blake2-rfc-0.2.18/src/lib.rs --error-format=json --json=diagnostic-rendered-ansi,artifacts,future-incompat --crate-type lib --emit=dep-info,metadata,link -C embed-bitcode=no -C debuginfo=2 --cfg 'feature="default"' --cfg 'feature="std"' --check-cfg 'cfg(docsrs)' --check-cfg 'cfg(feature, values("bench", "clippy", "default", "simd", "simd_asm", "simd_opt", "std"))' -C metadata=c23fe75a967d7a46 -C extra-filename=-c23fe75a967d7a46 --out-dir /opt/rustwide/target/debug/deps -L dependency=/opt/rustwide/target/debug/deps --extern arrayvec=/opt/rustwide/target/debug/deps/libarrayvec-8cb2d360f19f6d5f.rmeta --extern constant_time_eq=/opt/rustwide/target/debug/deps/libconstant_time_eq-abb2ea3320910963.rmeta --cap-lints allow --cap-lints=warn` (exit status: 101)
[INFO] running `Command { std: "docker" "inspect" "4ccaeb5537a57c9d0d4661aaa0858c6a1004163607a64bc779f48907a9540fe2", kill_on_drop: false }`
[INFO] running `Command { std: "docker" "rm" "-f" "4ccaeb5537a57c9d0d4661aaa0858c6a1004163607a64bc779f48907a9540fe2", kill_on_drop: false }`
[INFO] [stdout] 4ccaeb5537a57c9d0d4661aaa0858c6a1004163607a64bc779f48907a9540fe2
