[INFO] cloning repository https://github.com/harlancleiton/rs-xclone-notifications
[INFO] running `Command { std: "git" "-c" "credential.helper=" "-c" "credential.helper=/workspace/cargo-home/bin/git-credential-null" "clone" "--bare" "https://github.com/harlancleiton/rs-xclone-notifications" "/workspace/cache/git-repos/https%3A%2F%2Fgithub.com%2Fharlancleiton%2Frs-xclone-notifications", kill_on_drop: false }`
[INFO] [stderr] Cloning into bare repository '/workspace/cache/git-repos/https%3A%2F%2Fgithub.com%2Fharlancleiton%2Frs-xclone-notifications'...
[INFO] [stderr] /workspace/cache/git-repos/https%3A%2F%2Fgithub.com%2Fharlancleiton%2Frs-xclone-notifications: No space left on device
[WARN] Retrying crate fetch in 3 seconds (attempt 1)
[INFO] cloning repository https://github.com/harlancleiton/rs-xclone-notifications
[INFO] running `Command { std: "git" "-c" "credential.helper=" "-c" "credential.helper=/workspace/cargo-home/bin/git-credential-null" "clone" "--bare" "https://github.com/harlancleiton/rs-xclone-notifications" "/workspace/cache/git-repos/https%3A%2F%2Fgithub.com%2Fharlancleiton%2Frs-xclone-notifications", kill_on_drop: false }`
[INFO] [stderr] Cloning into bare repository '/workspace/cache/git-repos/https%3A%2F%2Fgithub.com%2Fharlancleiton%2Frs-xclone-notifications'...
[INFO] running `Command { std: "git" "rev-parse" "HEAD", kill_on_drop: false }`
[INFO] [stdout] be928179304684a1d751a38b7caf893432b75172
[INFO] testing harlancleiton/rs-xclone-notifications against 1.83.0 for beta-1.84.0-4-retry
[INFO] running `Command { std: "git" "clone" "/workspace/cache/git-repos/https%3A%2F%2Fgithub.com%2Fharlancleiton%2Frs-xclone-notifications" "/workspace/builds/worker-3-tc1/source", kill_on_drop: false }`
[INFO] [stderr] Cloning into '/workspace/builds/worker-3-tc1/source'...
[INFO] [stderr] done.
[INFO] validating manifest of git repo https://github.com/harlancleiton/rs-xclone-notifications on toolchain 1.83.0
[INFO] running `Command { std: CARGO_HOME="/workspace/cargo-home" RUSTUP_HOME="/workspace/rustup-home" "/workspace/cargo-home/bin/cargo" "+1.83.0" "metadata" "--manifest-path" "Cargo.toml" "--no-deps", kill_on_drop: false }`
[INFO] started tweaking git repo https://github.com/harlancleiton/rs-xclone-notifications
[INFO] finished tweaking git repo https://github.com/harlancleiton/rs-xclone-notifications
[INFO] tweaked toml for git repo https://github.com/harlancleiton/rs-xclone-notifications written to /workspace/builds/worker-3-tc1/source/Cargo.toml
[INFO] crate git repo https://github.com/harlancleiton/rs-xclone-notifications already has a lockfile, it will not be regenerated
[INFO] running `Command { std: CARGO_HOME="/workspace/cargo-home" RUSTUP_HOME="/workspace/rustup-home" "/workspace/cargo-home/bin/cargo" "+1.83.0" "fetch" "--manifest-path" "Cargo.toml", kill_on_drop: false }`
[INFO] [stderr]     Blocking waiting for file lock on package cache
[INFO] running `Command { std: "docker" "create" "-v" "/var/lib/crater-agent-workspace/builds/worker-3-tc1/target:/opt/rustwide/target:rw,Z" "-v" "/var/lib/crater-agent-workspace/builds/worker-3-tc1/source:/opt/rustwide/workdir:ro,Z" "-v" "/var/lib/crater-agent-workspace/cargo-home:/opt/rustwide/cargo-home:ro,Z" "-v" "/var/lib/crater-agent-workspace/rustup-home:/opt/rustwide/rustup-home:ro,Z" "-e" "SOURCE_DIR=/opt/rustwide/workdir" "-e" "CARGO_TARGET_DIR=/opt/rustwide/target" "-e" "CARGO_HOME=/opt/rustwide/cargo-home" "-e" "RUSTUP_HOME=/opt/rustwide/rustup-home" "-w" "/opt/rustwide/workdir" "-m" "1610612736" "--user" "0:0" "--network" "none" "ghcr.io/rust-lang/crates-build-env/linux@sha256:f3a9d4ad9d972b27faf3965f35b62e55ba32bbce8f20bc8fe909558a86702fde" "/opt/rustwide/cargo-home/bin/cargo" "+1.83.0" "metadata" "--no-deps" "--format-version=1", kill_on_drop: false }`
[INFO] [stdout] 28d46f8afa7c6fcfbdac023af0767892bf5a7b66e7ac4bc95c2437ece23ec7f8
[INFO] running `Command { std: "docker" "start" "-a" "28d46f8afa7c6fcfbdac023af0767892bf5a7b66e7ac4bc95c2437ece23ec7f8", kill_on_drop: false }`
[INFO] running `Command { std: "docker" "inspect" "28d46f8afa7c6fcfbdac023af0767892bf5a7b66e7ac4bc95c2437ece23ec7f8", kill_on_drop: false }`
[INFO] running `Command { std: "docker" "rm" "-f" "28d46f8afa7c6fcfbdac023af0767892bf5a7b66e7ac4bc95c2437ece23ec7f8", kill_on_drop: false }`
[INFO] [stdout] 28d46f8afa7c6fcfbdac023af0767892bf5a7b66e7ac4bc95c2437ece23ec7f8
[INFO] running `Command { std: "docker" "create" "-v" "/var/lib/crater-agent-workspace/builds/worker-3-tc1/target:/opt/rustwide/target:rw,Z" "-v" "/var/lib/crater-agent-workspace/builds/worker-3-tc1/source:/opt/rustwide/workdir:ro,Z" "-v" "/var/lib/crater-agent-workspace/cargo-home:/opt/rustwide/cargo-home:ro,Z" "-v" "/var/lib/crater-agent-workspace/rustup-home:/opt/rustwide/rustup-home:ro,Z" "-e" "SOURCE_DIR=/opt/rustwide/workdir" "-e" "CARGO_TARGET_DIR=/opt/rustwide/target" "-e" "CARGO_INCREMENTAL=0" "-e" "RUST_BACKTRACE=full" "-e" "RUSTFLAGS=--cap-lints=warn" "-e" "RUSTDOCFLAGS=--cap-lints=warn" "-e" "CARGO_HOME=/opt/rustwide/cargo-home" "-e" "RUSTUP_HOME=/opt/rustwide/rustup-home" "-w" "/opt/rustwide/workdir" "-m" "1610612736" "--user" "0:0" "--network" "none" "ghcr.io/rust-lang/crates-build-env/linux@sha256:f3a9d4ad9d972b27faf3965f35b62e55ba32bbce8f20bc8fe909558a86702fde" "/opt/rustwide/cargo-home/bin/cargo" "+1.83.0" "build" "--frozen" "--message-format=json", kill_on_drop: false }`
[INFO] [stdout] 6af96e28dc4aa8b6cea026b761d8d0a44eab99242772528b05100c4c07900b97
[INFO] running `Command { std: "docker" "start" "-a" "6af96e28dc4aa8b6cea026b761d8d0a44eab99242772528b05100c4c07900b97", kill_on_drop: false }`
[INFO] [stderr]    Compiling proc-macro2 v1.0.81
[INFO] [stderr]    Compiling libc v0.2.150
[INFO] [stderr]    Compiling unicode-ident v1.0.12
[INFO] [stderr]    Compiling autocfg v1.3.0
[INFO] [stderr]    Compiling cc v1.0.97
[INFO] [stderr]    Compiling hashbrown v0.14.5
[INFO] [stderr]    Compiling pkg-config v0.3.30
[INFO] [stderr]    Compiling equivalent v1.0.1
[INFO] [stderr]    Compiling vcpkg v0.2.15
[INFO] [stderr]    Compiling winnow v0.5.40
[INFO] [stderr]    Compiling toml_datetime v0.6.5
[INFO] [stderr]    Compiling syn v1.0.109
[INFO] [stderr]    Compiling memchr v2.7.2
[INFO] [stderr]    Compiling parking_lot_core v0.9.10
[INFO] [stderr]    Compiling once_cell v1.19.0
[INFO] [stderr]    Compiling regex-syntax v0.8.3
[INFO] [stderr]    Compiling scopeguard v1.2.0
[INFO] [stderr]    Compiling serde v1.0.201
[INFO] [stderr]    Compiling smallvec v1.13.2
[INFO] [stderr]    Compiling futures-core v0.3.30
[INFO] [stderr]    Compiling utf8parse v0.2.1
[INFO] [stderr]    Compiling serde_json v1.0.117
[INFO] [stderr]    Compiling log v0.4.21
[INFO] [stderr]    Compiling pin-project-lite v0.2.14
[INFO] [stderr]    Compiling anstyle-parse v0.2.4
[INFO] [stderr]    Compiling itoa v1.0.11
[INFO] [stderr]    Compiling bytes v1.6.0
[INFO] [stderr]    Compiling futures-task v0.3.30
[INFO] [stderr]    Compiling lock_api v0.4.12
[INFO] [stderr]    Compiling slab v0.4.9
[INFO] [stderr]    Compiling pin-utils v0.1.0
[INFO] [stderr]    Compiling ryu v1.0.18
[INFO] [stderr]    Compiling anstyle v1.0.7
[INFO] [stderr]    Compiling cmake v0.1.50
[INFO] [stderr]    Compiling indexmap v2.2.6
[INFO] [stderr]    Compiling colorchoice v1.0.1
[INFO] [stderr]    Compiling anstyle-query v1.0.3
[INFO] [stderr]    Compiling is_terminal_polyfill v1.70.0
[INFO] [stderr]    Compiling aho-corasick v1.1.3
[INFO] [stderr]    Compiling anstream v0.6.14
[INFO] [stderr]    Compiling futures-util v0.3.30
[INFO] [stderr]    Compiling futures-channel v0.3.30
[INFO] [stderr]    Compiling atomic v0.5.3
[INFO] [stderr]    Compiling quote v1.0.36
[INFO] [stderr]    Compiling signal-hook-registry v1.4.2
[INFO] [stderr]    Compiling socket2 v0.5.7
[INFO] [stderr]    Compiling num_cpus v1.16.0
[INFO] [stderr]    Compiling mio v0.8.11
[INFO] [stderr]    Compiling getrandom v0.2.11
[INFO] [stderr]    Compiling syn v2.0.60
[INFO] [stderr]    Compiling parking_lot v0.12.2
[INFO] [stderr]    Compiling humantime v2.1.0
[INFO] [stderr]    Compiling uuid v1.7.0
[INFO] [stderr]    Compiling libz-sys v1.1.16
[INFO] [stderr]    Compiling rdkafka-sys v4.7.0+2.3.0
[INFO] [stderr]    Compiling regex-automata v0.4.6
[INFO] [stderr]    Compiling toml_edit v0.19.15
[INFO] [stderr]    Compiling regex v1.10.4
[INFO] [stderr]    Compiling env_filter v0.1.0
[INFO] [stderr]    Compiling env_logger v0.11.3
[INFO] [stderr]    Compiling proc-macro-crate v1.3.1
[INFO] [stderr]    Compiling serde_derive v1.0.201
[INFO] [stderr]    Compiling tokio-macros v2.2.0
[INFO] [stderr]    Compiling async-trait v0.1.80
[INFO] [stderr]    Compiling num_enum_derive v0.5.11
[INFO] [stderr]    Compiling num_enum v0.5.11
[INFO] [stderr]    Compiling tokio v1.37.0
[INFO] [stdout] error: linking with `cc` failed: exit status: 1
[INFO] [stdout]   |
[INFO] [stdout]   = note: LC_ALL="C" PATH="/opt/rustwide/rustup-home/toolchains/1.83.0-x86_64-unknown-linux-gnu/lib/rustlib/x86_64-unknown-linux-gnu/bin:/opt/rustwide/cargo-home/bin:/usr/local/sbin:/usr/local/bin:/usr/sbin:/usr/bin:/sbin:/bin" VSLANG="1033" "cc" "-Wl,--version-script=/tmp/rustcSNxDNN/list" "-Wl,--no-undefined-version" "-m64" "/tmp/rustcSNxDNN/symbols.o" "/opt/rustwide/target/debug/deps/async_trait-00442cb85e89e111.async_trait.7ff9d4d3f6ed9313-cgu.00.rcgu.o" "/opt/rustwide/target/debug/deps/async_trait-00442cb85e89e111.async_trait.7ff9d4d3f6ed9313-cgu.01.rcgu.o" "/opt/rustwide/target/debug/deps/async_trait-00442cb85e89e111.async_trait.7ff9d4d3f6ed9313-cgu.02.rcgu.o" "/opt/rustwide/target/debug/deps/async_trait-00442cb85e89e111.async_trait.7ff9d4d3f6ed9313-cgu.03.rcgu.o" "/opt/rustwide/target/debug/deps/async_trait-00442cb85e89e111.async_trait.7ff9d4d3f6ed9313-cgu.04.rcgu.o" "/opt/rustwide/target/debug/deps/async_trait-00442cb85e89e111.async_trait.7ff9d4d3f6ed9313-cgu.05.rcgu.o" "/opt/rustwide/target/debug/deps/async_trait-00442cb85e89e111.async_trait.7ff9d4d3f6ed9313-cgu.06.rcgu.o" "/opt/rustwide/target/debug/deps/async_trait-00442cb85e89e111.async_trait.7ff9d4d3f6ed9313-cgu.07.rcgu.o" "/opt/rustwide/target/debug/deps/async_trait-00442cb85e89e111.async_trait.7ff9d4d3f6ed9313-cgu.08.rcgu.o" "/opt/rustwide/target/debug/deps/async_trait-00442cb85e89e111.async_trait.7ff9d4d3f6ed9313-cgu.09.rcgu.o" "/opt/rustwide/target/debug/deps/async_trait-00442cb85e89e111.75dcm3pagn9zueycjf09sahkd.rcgu.rmeta" "/opt/rustwide/target/debug/deps/async_trait-00442cb85e89e111.aliwew6zunny3gqnbhvmqc70p.rcgu.o" "-Wl,--as-needed" "-Wl,-Bstatic" "/opt/rustwide/target/debug/deps/libsyn-9b0bb5435ce5d3eb.rlib" "/opt/rustwide/target/debug/deps/libquote-d5d3bbbf9ab8f9a6.rlib" "/opt/rustwide/target/debug/deps/libproc_macro2-e9e8c35bb93f93ac.rlib" "/opt/rustwide/target/debug/deps/libunicode_ident-616f471ecab70653.rlib" "/opt/rustwide/rustup-home/toolchains/1.83.0-x86_64-unknown-linux-gnu/lib/rustlib/x86_64-unknown-linux-gnu/lib/libproc_macro-a2fc9021817a412b.rlib" "/opt/rustwide/rustup-home/toolchains/1.83.0-x86_64-unknown-linux-gnu/lib/rustlib/x86_64-unknown-linux-gnu/lib/libstd-ca74a2d9c5166d9f.rlib" "/opt/rustwide/rustup-home/toolchains/1.83.0-x86_64-unknown-linux-gnu/lib/rustlib/x86_64-unknown-linux-gnu/lib/libpanic_unwind-e31ab23316ed5080.rlib" "/opt/rustwide/rustup-home/toolchains/1.83.0-x86_64-unknown-linux-gnu/lib/rustlib/x86_64-unknown-linux-gnu/lib/libobject-27dc4aa955912662.rlib" "/opt/rustwide/rustup-home/toolchains/1.83.0-x86_64-unknown-linux-gnu/lib/rustlib/x86_64-unknown-linux-gnu/lib/libmemchr-bd0d6cccce077b99.rlib" "/opt/rustwide/rustup-home/toolchains/1.83.0-x86_64-unknown-linux-gnu/lib/rustlib/x86_64-unknown-linux-gnu/lib/libaddr2line-8d001680935b5e3c.rlib" "/opt/rustwide/rustup-home/toolchains/1.83.0-x86_64-unknown-linux-gnu/lib/rustlib/x86_64-unknown-linux-gnu/lib/libgimli-ba8ce71964f984f4.rlib" "/opt/rustwide/rustup-home/toolchains/1.83.0-x86_64-unknown-linux-gnu/lib/rustlib/x86_64-unknown-linux-gnu/lib/librustc_demangle-99a73526abcec14b.rlib" "/opt/rustwide/rustup-home/toolchains/1.83.0-x86_64-unknown-linux-gnu/lib/rustlib/x86_64-unknown-linux-gnu/lib/libstd_detect-63ac0d22cff92579.rlib" "/opt/rustwide/rustup-home/toolchains/1.83.0-x86_64-unknown-linux-gnu/lib/rustlib/x86_64-unknown-linux-gnu/lib/libhashbrown-9057355c92c922d5.rlib" "/opt/rustwide/rustup-home/toolchains/1.83.0-x86_64-unknown-linux-gnu/lib/rustlib/x86_64-unknown-linux-gnu/lib/librustc_std_workspace_alloc-358be9bc1f6bab04.rlib" "/opt/rustwide/rustup-home/toolchains/1.83.0-x86_64-unknown-linux-gnu/lib/rustlib/x86_64-unknown-linux-gnu/lib/libminiz_oxide-aca15549d5bff974.rlib" "/opt/rustwide/rustup-home/toolchains/1.83.0-x86_64-unknown-linux-gnu/lib/rustlib/x86_64-unknown-linux-gnu/lib/libadler-8251d2cef7072448.rlib" "/opt/rustwide/rustup-home/toolchains/1.83.0-x86_64-unknown-linux-gnu/lib/rustlib/x86_64-unknown-linux-gnu/lib/libunwind-7d50b86011c66411.rlib" "/opt/rustwide/rustup-home/toolchains/1.83.0-x86_64-unknown-linux-gnu/lib/rustlib/x86_64-unknown-linux-gnu/lib/libcfg_if-51ea098fce5006bf.rlib" "/opt/rustwide/rustup-home/toolchains/1.83.0-x86_64-unknown-linux-gnu/lib/rustlib/x86_64-unknown-linux-gnu/lib/liblibc-5a14e0d0b712e731.rlib" "/opt/rustwide/rustup-home/toolchains/1.83.0-x86_64-unknown-linux-gnu/lib/rustlib/x86_64-unknown-linux-gnu/lib/liballoc-8b83dbf3a7b8f999.rlib" "/opt/rustwide/rustup-home/toolchains/1.83.0-x86_64-unknown-linux-gnu/lib/rustlib/x86_64-unknown-linux-gnu/lib/librustc_std_workspace_core-c6fd227bdc7b39ff.rlib" "/opt/rustwide/rustup-home/toolchains/1.83.0-x86_64-unknown-linux-gnu/lib/rustlib/x86_64-unknown-linux-gnu/lib/libcore-959d3389fa3da8a5.rlib" "/opt/rustwide/rustup-home/toolchains/1.83.0-x86_64-unknown-linux-gnu/lib/rustlib/x86_64-unknown-linux-gnu/lib/libcompiler_builtins-abe05db089cc2c62.rlib" "-Wl,-Bdynamic" "-lgcc_s" "-lutil" "-lrt" "-lpthread" "-lm" "-ldl" "-lc" "-Wl,--eh-frame-hdr" "-Wl,-z,noexecstack" "-L" "/opt/rustwide/rustup-home/toolchains/1.83.0-x86_64-unknown-linux-gnu/lib/rustlib/x86_64-unknown-linux-gnu/lib" "-o" "/opt/rustwide/target/debug/deps/libasync_trait-00442cb85e89e111.so" "-Wl,--gc-sections" "-shared" "-Wl,-z,relro,-z,now" "-nodefaultlibs"
[INFO] [stdout]   = note: /usr/bin/ld: final link failed: No space left on device
[INFO] [stdout]           collect2: error: ld returned 1 exit status
[INFO] [stdout]           
[INFO] [stdout] 
[INFO] [stdout] 
[INFO] [stderr] error: could not compile `async-trait` (lib) due to 1 previous error
[INFO] [stderr] warning: build failed, waiting for other jobs to finish...
[INFO] [stdout] error: error writing dependencies to `/opt/rustwide/target/debug/deps/tokio-8cc2327c53da85d2.d`: No space left on device (os error 28)
[INFO] [stdout] 
[INFO] [stdout] 
[INFO] [stderr] error: could not compile `tokio` (lib) due to 1 previous error
[INFO] [stdout] error: failed to write to `/opt/rustwide/target/debug/deps/rmeta0KTowz/lib.rmeta`: No space left on device (os error 28)
[INFO] [stdout] 
[INFO] [stdout] 
[INFO] [stderr] error: could not compile `serde_derive` (lib) due to 1 previous error
[INFO] [stderr] error: failed to run custom build command for `rdkafka-sys v4.7.0+2.3.0`
[INFO] [stderr] note: To improve backtraces for build dependencies, set the CARGO_PROFILE_DEV_BUILD_OVERRIDE_DEBUG=true environment variable to enable debug information generation.
[INFO] [stderr] 
[INFO] [stderr] Caused by:
[INFO] [stderr]   process didn't exit successfully: `/opt/rustwide/target/debug/build/rdkafka-sys-4a5db29a9890a0a7/build-script-build` (exit status: 101)
[INFO] [stderr]   --- stdout
[INFO] [stderr]   Configuring and compiling librdkafka
[INFO] [stderr]   CMAKE_TOOLCHAIN_FILE_x86_64-unknown-linux-gnu = None
[INFO] [stderr]   CMAKE_TOOLCHAIN_FILE_x86_64_unknown_linux_gnu = None
[INFO] [stderr]   HOST_CMAKE_TOOLCHAIN_FILE = None
[INFO] [stderr]   CMAKE_TOOLCHAIN_FILE = None
[INFO] [stderr]   CMAKE_GENERATOR_x86_64-unknown-linux-gnu = None
[INFO] [stderr]   CMAKE_GENERATOR_x86_64_unknown_linux_gnu = None
[INFO] [stderr]   HOST_CMAKE_GENERATOR = None
[INFO] [stderr]   CMAKE_GENERATOR = None
[INFO] [stderr]   CMAKE_PREFIX_PATH_x86_64-unknown-linux-gnu = None
[INFO] [stderr]   CMAKE_PREFIX_PATH_x86_64_unknown_linux_gnu = None
[INFO] [stderr]   HOST_CMAKE_PREFIX_PATH = None
[INFO] [stderr]   CMAKE_PREFIX_PATH = None
[INFO] [stderr]   CMAKE_x86_64-unknown-linux-gnu = None
[INFO] [stderr]   CMAKE_x86_64_unknown_linux_gnu = None
[INFO] [stderr]   HOST_CMAKE = None
[INFO] [stderr]   CMAKE = None
[INFO] [stderr]   running: cd "/opt/rustwide/target/debug/build/rdkafka-sys-b666eb85e438c3fd/out/build" && CMAKE_PREFIX_PATH="" "cmake" "/opt/rustwide/cargo-home/registry/src/index.crates.io-6f17d22bba15001f/rdkafka-sys-4.7.0+2.3.0/librdkafka" "-DRDKAFKA_BUILD_STATIC=1" "-DRDKAFKA_BUILD_TESTS=0" "-DRDKAFKA_BUILD_EXAMPLES=0" "-DCMAKE_INSTALL_LIBDIR=lib" "-DWITH_ZLIB=1" "-DWITH_CURL=0" "-DWITH_SSL=0" "-DWITH_SASL=0" "-DWITH_ZSTD=0" "-DENABLE_LZ4_EXT=0" "-DCMAKE_INSTALL_PREFIX=/opt/rustwide/target/debug/build/rdkafka-sys-b666eb85e438c3fd/out" "-DCMAKE_C_FLAGS= -ffunction-sections -fdata-sections -fPIC -m64" "-DCMAKE_C_COMPILER=/usr/bin/cc" "-DCMAKE_CXX_FLAGS= -ffunction-sections -fdata-sections -fPIC -m64" "-DCMAKE_CXX_COMPILER=/usr/bin/c++" "-DCMAKE_ASM_FLAGS= -ffunction-sections -fdata-sections -fPIC -m64" "-DCMAKE_ASM_COMPILER=/usr/bin/cc" "-DCMAKE_BUILD_TYPE=Debug"
[INFO] [stderr]   -- The C compiler identification is GNU 11.4.0
[INFO] [stderr]   -- The CXX compiler identification is GNU 11.4.0
[INFO] [stderr]   -- Detecting C compiler ABI info
[INFO] [stderr]   -- Detecting C compiler ABI info - done
[INFO] [stderr]   -- Check for working C compiler: /usr/bin/cc - skipped
[INFO] [stderr]   -- Detecting C compile features
[INFO] [stderr]   -- Detecting C compile features - done
[INFO] [stderr]   -- Detecting CXX compiler ABI info
[INFO] [stderr]   -- Detecting CXX compiler ABI info - done
[INFO] [stderr]   -- Check for working CXX compiler: /usr/bin/c++ - skipped
[INFO] [stderr]   -- Detecting CXX compile features
[INFO] [stderr]   -- Detecting CXX compile features - done
[INFO] [stderr]   -- Looking for pow in m
[INFO] [stderr]   -- Looking for pow in m - found
[INFO] [stderr]   -- Found Zstd: /usr/lib/x86_64-linux-gnu/libzstd.so
[INFO] [stderr]   -- Checking for module 'libsasl2'
[INFO] [stderr]   --   Found libsasl2, version 2.1.27
[INFO] [stderr]   -- Found ZLIB: /usr/lib/x86_64-linux-gnu/libz.so (found version "1.2.11") 
[INFO] [stderr]   -- Looking for pthread.h
[INFO] [stderr]   -- Looking for pthread.h - found
[INFO] [stderr]   -- Performing Test CMAKE_HAVE_LIBC_PTHREAD
[INFO] [stderr]   -- Performing Test CMAKE_HAVE_LIBC_PTHREAD - Success
[INFO] [stderr]   -- Found Threads: TRUE  
[INFO] [stderr]   -- Configuring done
[INFO] [stderr]   -- Generating done
[INFO] [stderr]   -- Build files have been written to: /opt/rustwide/target/debug/build/rdkafka-sys-b666eb85e438c3fd/out/build
[INFO] [stderr]   running: cd "/opt/rustwide/target/debug/build/rdkafka-sys-b666eb85e438c3fd/out/build" && MAKEFLAGS="-j --jobserver-fds=8,9 --jobserver-auth=8,9" "cmake" "--build" "." "--target" "install" "--config" "Debug"
[INFO] [stderr]   [  1%] Building C object src/CMakeFiles/rdkafka.dir/rdbuf.c.o
[INFO] [stderr]   [  2%] Building C object src/CMakeFiles/rdkafka.dir/rdkafka_cgrp.c.o
[INFO] [stderr]   [  3%] Building C object src/CMakeFiles/rdkafka.dir/rdkafka_buf.c.o
[INFO] [stderr]   [  4%] Building C object src/CMakeFiles/rdkafka.dir/rdaddr.c.o
[INFO] [stderr]   [  5%] Building C object src/CMakeFiles/rdkafka.dir/crc32c.c.o
[INFO] [stderr]   [  6%] Building C object src/CMakeFiles/rdkafka.dir/rdkafka.c.o
[INFO] [stderr]   [  8%] Building C object src/CMakeFiles/rdkafka.dir/rdkafka_assignor.c.o
[INFO] [stderr]   [  9%] Building C object src/CMakeFiles/rdkafka.dir/rdavl.c.o
[INFO] [stderr]   [ 10%] Building C object src/CMakeFiles/rdkafka.dir/rdkafka_broker.c.o
[INFO] [stderr]   [ 11%] Building C object src/CMakeFiles/rdkafka.dir/rdcrc32.c.o
[INFO] [stderr]   [ 12%] Building C object src/CMakeFiles/rdkafka.dir/rdbase64.c.o
[INFO] [stderr]   [ 13%] Building C object src/CMakeFiles/rdkafka.dir/rdfnv1a.c.o
[INFO] [stderr]   [ 14%] Building C object src/CMakeFiles/rdkafka.dir/rdkafka_conf.c.o
[INFO] [stderr]   [ 16%] Building C object src/CMakeFiles/rdkafka.dir/rdkafka_event.c.o
[INFO] [stderr]   [ 17%] Building C object src/CMakeFiles/rdkafka.dir/rdkafka_feature.c.o
[INFO] [stderr]   [ 18%] Building C object src/CMakeFiles/rdkafka.dir/rdkafka_lz4.c.o
[INFO] [stderr]   [ 19%] Building C object src/CMakeFiles/rdkafka.dir/rdkafka_metadata.c.o
[INFO] [stderr]   [ 20%] Building C object src/CMakeFiles/rdkafka.dir/rdkafka_metadata_cache.c.o
[INFO] [stderr]   [ 21%] Building C object src/CMakeFiles/rdkafka.dir/rdkafka_msg.c.o
[INFO] [stderr]   [ 22%] Building C object src/CMakeFiles/rdkafka.dir/rdkafka_msgset_reader.c.o
[INFO] [stderr]   [ 24%] Building C object src/CMakeFiles/rdkafka.dir/rdkafka_msgset_writer.c.o
[INFO] [stderr]   [ 25%] Building C object src/CMakeFiles/rdkafka.dir/rdkafka_offset.c.o
[INFO] [stderr]   [ 26%] Building C object src/CMakeFiles/rdkafka.dir/rdkafka_op.c.o
[INFO] [stderr]   [ 27%] Building C object src/CMakeFiles/rdkafka.dir/rdkafka_partition.c.o
[INFO] [stderr]   [ 28%] Building C object src/CMakeFiles/rdkafka.dir/rdkafka_pattern.c.o
[INFO] [stderr]   [ 29%] Building C object src/CMakeFiles/rdkafka.dir/rdkafka_range_assignor.c.o
[INFO] [stderr]   [ 31%] Building C object src/CMakeFiles/rdkafka.dir/rdkafka_queue.c.o
[INFO] [stderr]   [ 32%] Building C object src/CMakeFiles/rdkafka.dir/rdkafka_request.c.o
[INFO] [stderr]   [ 33%] Building C object src/CMakeFiles/rdkafka.dir/rdkafka_roundrobin_assignor.c.o
[INFO] [stderr]   [ 34%] Building C object src/CMakeFiles/rdkafka.dir/rdkafka_sasl.c.o
[INFO] [stderr]   [ 35%] Building C object src/CMakeFiles/rdkafka.dir/rdkafka_sasl_plain.c.o
[INFO] [stderr]   [ 36%] Building C object src/CMakeFiles/rdkafka.dir/rdkafka_sticky_assignor.c.o
[INFO] [stderr]   [ 37%] Building C object src/CMakeFiles/rdkafka.dir/rdkafka_subscription.c.o
[INFO] [stderr]   [ 39%] Building C object src/CMakeFiles/rdkafka.dir/rdkafka_assignment.c.o
[INFO] [stderr]   [ 40%] Building C object src/CMakeFiles/rdkafka.dir/rdkafka_timer.c.o
[INFO] [stderr]   [ 41%] Building C object src/CMakeFiles/rdkafka.dir/rdkafka_topic.c.o
[INFO] [stderr]   [ 42%] Building C object src/CMakeFiles/rdkafka.dir/rdkafka_transport.c.o
[INFO] [stderr]   [ 43%] Building C object src/CMakeFiles/rdkafka.dir/rdkafka_interceptor.c.o
[INFO] [stderr]   [ 45%] Building C object src/CMakeFiles/rdkafka.dir/rdkafka_header.c.o
[INFO] [stderr]   [ 45%] Building C object src/CMakeFiles/rdkafka.dir/rdkafka_admin.c.o
[INFO] [stderr]   [ 47%] Building C object src/CMakeFiles/rdkafka.dir/rdkafka_aux.c.o
[INFO] [stderr]   [ 48%] Building C object src/CMakeFiles/rdkafka.dir/rdkafka_background.c.o
[INFO] [stderr]   [ 49%] Building C object src/CMakeFiles/rdkafka.dir/rdkafka_idempotence.c.o
[INFO] [stderr]   [ 50%] Building C object src/CMakeFiles/rdkafka.dir/rdkafka_txnmgr.c.o
[INFO] [stderr]   [ 51%] Building C object src/CMakeFiles/rdkafka.dir/rdkafka_cert.c.o
[INFO] [stderr]   [ 52%] Building C object src/CMakeFiles/rdkafka.dir/rdkafka_coord.c.o
[INFO] [stderr] 
[INFO] [stderr]   --- stderr
[INFO] [stderr]   Building and linking librdkafka statically
[INFO] [stderr]   CMake Warning:
[INFO] [stderr]     Manually-specified variables were not used by the project:
[INFO] [stderr] 
[INFO] [stderr]       CMAKE_ASM_COMPILER
[INFO] [stderr]       CMAKE_ASM_FLAGS
[INFO] [stderr] 
[INFO] [stderr] 
[INFO] [stderr]   /tmp/ccfbYhPt.s: Assembler messages:
[INFO] [stderr]   /tmp/ccfbYhPt.s: Fatal error: can't write 17 bytes to section .text.__bswap_64 of CMakeFiles/rdkafka.dir/rdkafka_aux.c.o: 'No space left on device'
[INFO] [stderr]   /tmp/ccfbYhPt.s: Fatal error: CMakeFiles/rdkafka.dir/rdkafka_aux.c.o: No space left on device
[INFO] [stderr]   gmake[2]: *** [src/CMakeFiles/rdkafka.dir/build.make:636: src/CMakeFiles/rdkafka.dir/rdkafka_aux.c.o] Error 1
[INFO] [stderr]   gmake[2]: *** Waiting for unfinished jobs....
[INFO] [stderr]   /opt/rustwide/cargo-home/registry/src/index.crates.io-6f17d22bba15001f/rdkafka-sys-4.7.0+2.3.0/librdkafka/src/rdkafka_interceptor.c:819:1: fatal error: error writing to /tmp/cceWUcAO.s: No space left on device
[INFO] [stderr]     819 | }
[INFO] [stderr]         | ^
[INFO] [stderr]   compilation terminated.
[INFO] [stderr]   /opt/rustwide/cargo-home/registry/src/index.crates.io-6f17d22bba15001f/rdkafka-sys-4.7.0+2.3.0/librdkafka/src/rdkafka_header.c:220:1: fatal error: error writing to /tmp/ccsiDAHX.s: No space left on device
[INFO] [stderr]     220 | }
[INFO] [stderr]         | ^
[INFO] [stderr]   compilation terminated.
[INFO] [stderr]   gmake[2]: *** [src/CMakeFiles/rdkafka.dir/build.make:594: src/CMakeFiles/rdkafka.dir/rdkafka_interceptor.c.o] Error 1
[INFO] [stderr]   gmake[2]: *** [src/CMakeFiles/rdkafka.dir/build.make:608: src/CMakeFiles/rdkafka.dir/rdkafka_header.c.o] Error 1
[INFO] [stderr]   /opt/rustwide/cargo-home/registry/src/index.crates.io-6f17d22bba15001f/rdkafka-sys-4.7.0+2.3.0/librdkafka/src/rdkafka_background.c:221:1: fatal error: error writing to /tmp/ccZjlzA1.s: No space left on device
[INFO] [stderr]     221 | }
[INFO] [stderr]         | ^
[INFO] [stderr]   compilation terminated.
[INFO] [stderr]   gmake[2]: *** [src/CMakeFiles/rdkafka.dir/build.make:650: src/CMakeFiles/rdkafka.dir/rdkafka_background.c.o] Error 1
[INFO] [stderr]   /opt/rustwide/cargo-home/registry/src/index.crates.io-6f17d22bba15001f/rdkafka-sys-4.7.0+2.3.0/librdkafka/src/rdkafka_cert.c:549:1: fatal error: error writing to /tmp/ccivMlo2.s: No space left on device
[INFO] [stderr]     549 | }
[INFO] [stderr]         | ^
[INFO] [stderr]   compilation terminated.
[INFO] [stderr]   /opt/rustwide/cargo-home/registry/src/index.crates.io-6f17d22bba15001f/rdkafka-sys-4.7.0+2.3.0/librdkafka/src/rdkafka_coord.c:621:1: fatal error: error writing to /tmp/ccj1CmIV.s: No space left on device
[INFO] [stderr]     621 | }
[INFO] [stderr]         | ^
[INFO] [stderr]   compilation terminated.
[INFO] [stderr]   gmake[2]: *** [src/CMakeFiles/rdkafka.dir/build.make:692: src/CMakeFiles/rdkafka.dir/rdkafka_cert.c.o] Error 1
[INFO] [stderr]   gmake[2]: *** [src/CMakeFiles/rdkafka.dir/build.make:706: src/CMakeFiles/rdkafka.dir/rdkafka_coord.c.o] Error 1
[INFO] [stderr]   /opt/rustwide/cargo-home/registry/src/index.crates.io-6f17d22bba15001f/rdkafka-sys-4.7.0+2.3.0/librdkafka/src/rdkafka_topic.c:2028:1: fatal error: error writing to /tmp/ccDJ7MHj.s: No space left on device
[INFO] [stderr]    2028 | }
[INFO] [stderr]         | ^
[INFO] [stderr]   compilation terminated.
[INFO] [stderr]   gmake[2]: *** [src/CMakeFiles/rdkafka.dir/build.make:566: src/CMakeFiles/rdkafka.dir/rdkafka_topic.c.o] Error 1
[INFO] [stderr]   /opt/rustwide/cargo-home/registry/src/index.crates.io-6f17d22bba15001f/rdkafka-sys-4.7.0+2.3.0/librdkafka/src/rdkafka_idempotence.c:807:1: fatal error: error writing to /tmp/ccNTs3pP.s: No space left on device
[INFO] [stderr]     807 | }
[INFO] [stderr]         | ^
[INFO] [stderr]   compilation terminated.
[INFO] [stderr]   gmake[2]: *** [src/CMakeFiles/rdkafka.dir/build.make:664: src/CMakeFiles/rdkafka.dir/rdkafka_idempotence.c.o] Error 1
[INFO] [stderr]   /opt/rustwide/cargo-home/registry/src/index.crates.io-6f17d22bba15001f/rdkafka-sys-4.7.0+2.3.0/librdkafka/src/rdkafka_request.c:5782:1: fatal error: error writing to /tmp/ccPwtRL9.s: No space left on device
[INFO] [stderr]    5782 | }
[INFO] [stderr]         | ^
[INFO] [stderr]   compilation terminated.
[INFO] [stderr]   gmake[2]: *** [src/CMakeFiles/rdkafka.dir/build.make:454: src/CMakeFiles/rdkafka.dir/rdkafka_request.c.o] Error 1
[INFO] [stderr]   /opt/rustwide/cargo-home/registry/src/index.crates.io-6f17d22bba15001f/rdkafka-sys-4.7.0+2.3.0/librdkafka/src/rdkafka_sticky_assignor.c:4779:1: fatal error: error writing to /tmp/ccENMQFj.s: No space left on device
[INFO] [stderr]    4779 | }
[INFO] [stderr]         | ^
[INFO] [stderr]   compilation terminated.
[INFO] [stderr]   gmake[2]: *** [src/CMakeFiles/rdkafka.dir/build.make:510: src/CMakeFiles/rdkafka.dir/rdkafka_sticky_assignor.c.o] Error 1
[INFO] [stderr]   /opt/rustwide/cargo-home/registry/src/index.crates.io-6f17d22bba15001f/rdkafka-sys-4.7.0+2.3.0/librdkafka/src/rdkafka_txnmgr.c:3249:1: fatal error: error writing to /tmp/ccikgJBI.s: No space left on device
[INFO] [stderr]    3249 | }
[INFO] [stderr]         | ^
[INFO] [stderr]   compilation terminated.
[INFO] [stderr]   gmake[2]: *** [src/CMakeFiles/rdkafka.dir/build.make:678: src/CMakeFiles/rdkafka.dir/rdkafka_txnmgr.c.o] Error 1
[INFO] [stderr]   /opt/rustwide/cargo-home/registry/src/index.crates.io-6f17d22bba15001f/rdkafka-sys-4.7.0+2.3.0/librdkafka/src/rdkafka_admin.c:9006:1: fatal error: error writing to /tmp/ccqcqZ8U.s: No space left on device
[INFO] [stderr]    9006 | }
[INFO] [stderr]         | ^
[INFO] [stderr]   compilation terminated.
[INFO] [stderr]   gmake[2]: *** [src/CMakeFiles/rdkafka.dir/build.make:622: src/CMakeFiles/rdkafka.dir/rdkafka_admin.c.o] Error 1
[INFO] [stderr]   gmake[1]: *** [CMakeFiles/Makefile2:116: src/CMakeFiles/rdkafka.dir/all] Error 2
[INFO] [stderr]   gmake: *** [Makefile:136: all] Error 2
[INFO] [stderr]   thread 'main' panicked at /opt/rustwide/cargo-home/registry/src/index.crates.io-6f17d22bba15001f/cmake-0.1.50/src/lib.rs:1098:5:
[INFO] [stderr] 
[INFO] [stderr]   command did not execute successfully, got: exit status: 2
[INFO] [stderr] 
[INFO] [stderr]   build script failed, must exit now
[INFO] [stderr]   stack backtrace:
[INFO] [stderr]      0:     0x60e730dfb33a - std::backtrace_rs::backtrace::libunwind::trace::h5a5b8284f2d0c266
[INFO] [stderr]                                  at /rustc/90b35a6239c3d8bdabc530a6a0816f7ff89a0aaf/library/std/src/../../backtrace/src/backtrace/libunwind.rs:116:5
[INFO] [stderr]      1:     0x60e730dfb33a - std::backtrace_rs::backtrace::trace_unsynchronized::h76d4f1c9b0b875e3
[INFO] [stderr]                                  at /rustc/90b35a6239c3d8bdabc530a6a0816f7ff89a0aaf/library/std/src/../../backtrace/src/backtrace/mod.rs:66:5
[INFO] [stderr]      2:     0x60e730dfb33a - std::sys::backtrace::_print_fmt::hc4546b8364a537c6
[INFO] [stderr]                                  at /rustc/90b35a6239c3d8bdabc530a6a0816f7ff89a0aaf/library/std/src/sys/backtrace.rs:66:9
[INFO] [stderr]      3:     0x60e730dfb33a - <std::sys::backtrace::BacktraceLock::print::DisplayBacktrace as core::fmt::Display>::fmt::h5b6bd5631a6d1f6b
[INFO] [stderr]                                  at /rustc/90b35a6239c3d8bdabc530a6a0816f7ff89a0aaf/library/std/src/sys/backtrace.rs:39:26
[INFO] [stderr]      4:     0x60e730e1e083 - core::fmt::rt::Argument::fmt::h270f6602a2b96f62
[INFO] [stderr]                                  at /rustc/90b35a6239c3d8bdabc530a6a0816f7ff89a0aaf/library/core/src/fmt/rt.rs:177:76
[INFO] [stderr]      5:     0x60e730e1e083 - core::fmt::write::h7550c97b06c86515
[INFO] [stderr]                                  at /rustc/90b35a6239c3d8bdabc530a6a0816f7ff89a0aaf/library/core/src/fmt/mod.rs:1186:21
[INFO] [stderr]      6:     0x60e730df8023 - std::io::Write::write_fmt::h7b09c64fe0be9c84
[INFO] [stderr]                                  at /rustc/90b35a6239c3d8bdabc530a6a0816f7ff89a0aaf/library/std/src/io/mod.rs:1839:15
[INFO] [stderr]      7:     0x60e730dfb182 - std::sys::backtrace::BacktraceLock::print::h2395ccd2c84ba3aa
[INFO] [stderr]                                  at /rustc/90b35a6239c3d8bdabc530a6a0816f7ff89a0aaf/library/std/src/sys/backtrace.rs:42:9
[INFO] [stderr]      8:     0x60e730dfc34c - std::panicking::default_hook::{{closure}}::he19d4c7230e07961
[INFO] [stderr]                                  at /rustc/90b35a6239c3d8bdabc530a6a0816f7ff89a0aaf/library/std/src/panicking.rs:268:22
[INFO] [stderr]      9:     0x60e730dfc192 - std::panicking::default_hook::hf614597d3c67bbdb
[INFO] [stderr]                                  at /rustc/90b35a6239c3d8bdabc530a6a0816f7ff89a0aaf/library/std/src/panicking.rs:295:9
[INFO] [stderr]     10:     0x60e730dfc927 - std::panicking::rust_panic_with_hook::h8942133a8b252070
[INFO] [stderr]                                  at /rustc/90b35a6239c3d8bdabc530a6a0816f7ff89a0aaf/library/std/src/panicking.rs:801:13
[INFO] [stderr]     11:     0x60e730dfc7ba - std::panicking::begin_panic_handler::{{closure}}::hb5f5963570096b29
[INFO] [stderr]                                  at /rustc/90b35a6239c3d8bdabc530a6a0816f7ff89a0aaf/library/std/src/panicking.rs:674:13
[INFO] [stderr]     12:     0x60e730dfb819 - std::sys::backtrace::__rust_end_short_backtrace::h6208cedc1922feda
[INFO] [stderr]                                  at /rustc/90b35a6239c3d8bdabc530a6a0816f7ff89a0aaf/library/std/src/sys/backtrace.rs:170:18
[INFO] [stderr]     13:     0x60e730dfc44c - rust_begin_unwind
[INFO] [stderr]                                  at /rustc/90b35a6239c3d8bdabc530a6a0816f7ff89a0aaf/library/std/src/panicking.rs:665:5
[INFO] [stderr]     14:     0x60e730d465d0 - core::panicking::panic_fmt::h0c3082644d1bf418
[INFO] [stderr]                                  at /rustc/90b35a6239c3d8bdabc530a6a0816f7ff89a0aaf/library/core/src/panicking.rs:74:14
[INFO] [stderr]     15:     0x60e730d54df2 - cmake::fail::hdb596646e73e15e2
[INFO] [stderr]     16:     0x60e730d545c9 - cmake::run::h163eb78420ab8a3d
[INFO] [stderr]     17:     0x60e730d50f5f - cmake::Config::build::h28ccca933a85793f
[INFO] [stderr]     18:     0x60e730d4bfcf - build_script_build::build_librdkafka::h1c9ff84e0577ff16
[INFO] [stderr]     19:     0x60e730d4a259 - build_script_build::main::he613d3564050b566
[INFO] [stderr]     20:     0x60e730d47a93 - core::ops::function::FnOnce::call_once::h63063d89e1d80002
[INFO] [stderr]     21:     0x60e730d47576 - std::sys::backtrace::__rust_begin_short_backtrace::hc700fbd4b37566a4
[INFO] [stderr]     22:     0x60e730d47159 - std::rt::lang_start::{{closure}}::ha262ecb92f6941de
[INFO] [stderr]     23:     0x60e730df472e - core::ops::function::impls::<impl core::ops::function::FnOnce<A> for &F>::call_once::hfdb85f4ee94732d3
[INFO] [stderr]                                  at /rustc/90b35a6239c3d8bdabc530a6a0816f7ff89a0aaf/library/core/src/ops/function.rs:284:13
[INFO] [stderr]     24:     0x60e730df472e - std::panicking::try::do_call::h6e577310f330cbef
[INFO] [stderr]                                  at /rustc/90b35a6239c3d8bdabc530a6a0816f7ff89a0aaf/library/std/src/panicking.rs:557:40
[INFO] [stderr]     25:     0x60e730df472e - std::panicking::try::ha588d438267d2645
[INFO] [stderr]                                  at /rustc/90b35a6239c3d8bdabc530a6a0816f7ff89a0aaf/library/std/src/panicking.rs:520:19
[INFO] [stderr]     26:     0x60e730df472e - std::panic::catch_unwind::h429fda1e025f26d9
[INFO] [stderr]                                  at /rustc/90b35a6239c3d8bdabc530a6a0816f7ff89a0aaf/library/std/src/panic.rs:358:14
[INFO] [stderr]     27:     0x60e730df472e - std::rt::lang_start_internal::{{closure}}::h7b731265e841c4bf
[INFO] [stderr]                                  at /rustc/90b35a6239c3d8bdabc530a6a0816f7ff89a0aaf/library/std/src/rt.rs:174:48
[INFO] [stderr]     28:     0x60e730df472e - std::panicking::try::do_call::hc0f6a675b7ae5a36
[INFO] [stderr]                                  at /rustc/90b35a6239c3d8bdabc530a6a0816f7ff89a0aaf/library/std/src/panicking.rs:557:40
[INFO] [stderr]     29:     0x60e730df472e - std::panicking::try::h4c93b7ff0671f1ff
[INFO] [stderr]                                  at /rustc/90b35a6239c3d8bdabc530a6a0816f7ff89a0aaf/library/std/src/panicking.rs:520:19
[INFO] [stderr]     30:     0x60e730df472e - std::panic::catch_unwind::hcc1e154961d16ce6
[INFO] [stderr]                                  at /rustc/90b35a6239c3d8bdabc530a6a0816f7ff89a0aaf/library/std/src/panic.rs:358:14
[INFO] [stderr]     31:     0x60e730df472e - std::rt::lang_start_internal::h1c66660c99c8424c
[INFO] [stderr]                                  at /rustc/90b35a6239c3d8bdabc530a6a0816f7ff89a0aaf/library/std/src/rt.rs:174:20
[INFO] [stderr]     32:     0x60e730d47137 - std::rt::lang_start::h90d474ec0f5c431d
[INFO] [stderr]     33:     0x60e730d4c165 - main
[INFO] [stderr]     34:     0x705c1d149d90 - <unknown>
[INFO] [stderr]     35:     0x705c1d149e40 - __libc_start_main
[INFO] [stderr]     36:     0x60e730d46de5 - _start
[INFO] [stderr]     37:                0x0 - <unknown>
[INFO] running `Command { std: "docker" "inspect" "6af96e28dc4aa8b6cea026b761d8d0a44eab99242772528b05100c4c07900b97", kill_on_drop: false }`
[INFO] running `Command { std: "docker" "rm" "-f" "6af96e28dc4aa8b6cea026b761d8d0a44eab99242772528b05100c4c07900b97", kill_on_drop: false }`
[INFO] [stdout] 6af96e28dc4aa8b6cea026b761d8d0a44eab99242772528b05100c4c07900b97
