[INFO] cloning repository https://github.com/gianmarcob4ch/yasa-egui
[INFO] running `Command { std: "git" "-c" "credential.helper=" "-c" "credential.helper=/workspace/cargo-home/bin/git-credential-null" "clone" "--bare" "https://github.com/gianmarcob4ch/yasa-egui" "/workspace/cache/git-repos/https%3A%2F%2Fgithub.com%2Fgianmarcob4ch%2Fyasa-egui", kill_on_drop: false }`
[INFO] [stderr] Cloning into bare repository '/workspace/cache/git-repos/https%3A%2F%2Fgithub.com%2Fgianmarcob4ch%2Fyasa-egui'...
[INFO] running `Command { std: "git" "rev-parse" "HEAD", kill_on_drop: false }`
[INFO] [stdout] f58b6ce4bf6e97d183b21d8a5386aa978a33ce36
[INFO] testing gianmarcob4ch/yasa-egui against 1.83.0 for beta-1.84.0-4-retry
[INFO] running `Command { std: "git" "clone" "/workspace/cache/git-repos/https%3A%2F%2Fgithub.com%2Fgianmarcob4ch%2Fyasa-egui" "/workspace/builds/worker-2-tc1/source", kill_on_drop: false }`
[INFO] [stderr] Cloning into '/workspace/builds/worker-2-tc1/source'...
[INFO] [stderr] done.
[INFO] validating manifest of git repo https://github.com/gianmarcob4ch/yasa-egui on toolchain 1.83.0
[INFO] running `Command { std: CARGO_HOME="/workspace/cargo-home" RUSTUP_HOME="/workspace/rustup-home" "/workspace/cargo-home/bin/cargo" "+1.83.0" "metadata" "--manifest-path" "Cargo.toml" "--no-deps", kill_on_drop: false }`
[INFO] removed /workspace/builds/worker-2-tc1/source/rust-toolchain
[INFO] started tweaking git repo https://github.com/gianmarcob4ch/yasa-egui
[INFO] finished tweaking git repo https://github.com/gianmarcob4ch/yasa-egui
[INFO] tweaked toml for git repo https://github.com/gianmarcob4ch/yasa-egui written to /workspace/builds/worker-2-tc1/source/Cargo.toml
[INFO] crate git repo https://github.com/gianmarcob4ch/yasa-egui already has a lockfile, it will not be regenerated
[INFO] running `Command { std: CARGO_HOME="/workspace/cargo-home" RUSTUP_HOME="/workspace/rustup-home" "/workspace/cargo-home/bin/cargo" "+1.83.0" "fetch" "--manifest-path" "Cargo.toml", kill_on_drop: false }`
[INFO] [stderr]     Blocking waiting for file lock on package cache
[INFO] [stderr]     Blocking waiting for file lock on package cache
[INFO] [stderr]  Downloading crates ...
[INFO] [stderr]   Downloaded screenshots v0.6.0
[INFO] [stderr]   Downloaded egui-modal v0.2.4
[INFO] [stderr]   Downloaded xcb v1.3.0
[INFO] [stderr]   Downloaded egui-toast v0.8.1
[INFO] running `Command { std: "docker" "create" "-v" "/var/lib/crater-agent-workspace/builds/worker-2-tc1/target:/opt/rustwide/target:rw,Z" "-v" "/var/lib/crater-agent-workspace/builds/worker-2-tc1/source:/opt/rustwide/workdir:ro,Z" "-v" "/var/lib/crater-agent-workspace/cargo-home:/opt/rustwide/cargo-home:ro,Z" "-v" "/var/lib/crater-agent-workspace/rustup-home:/opt/rustwide/rustup-home:ro,Z" "-e" "SOURCE_DIR=/opt/rustwide/workdir" "-e" "CARGO_TARGET_DIR=/opt/rustwide/target" "-e" "CARGO_HOME=/opt/rustwide/cargo-home" "-e" "RUSTUP_HOME=/opt/rustwide/rustup-home" "-w" "/opt/rustwide/workdir" "-m" "1610612736" "--user" "0:0" "--network" "none" "ghcr.io/rust-lang/crates-build-env/linux@sha256:f3a9d4ad9d972b27faf3965f35b62e55ba32bbce8f20bc8fe909558a86702fde" "/opt/rustwide/cargo-home/bin/cargo" "+1.83.0" "metadata" "--no-deps" "--format-version=1", kill_on_drop: false }`
[INFO] [stdout] 3daf1b31addcec13b4e4115c21c4e580f4a24d2bdf6333b54fd880929e7ba4df
[INFO] running `Command { std: "docker" "start" "-a" "3daf1b31addcec13b4e4115c21c4e580f4a24d2bdf6333b54fd880929e7ba4df", kill_on_drop: false }`
[INFO] running `Command { std: "docker" "inspect" "3daf1b31addcec13b4e4115c21c4e580f4a24d2bdf6333b54fd880929e7ba4df", kill_on_drop: false }`
[INFO] running `Command { std: "docker" "rm" "-f" "3daf1b31addcec13b4e4115c21c4e580f4a24d2bdf6333b54fd880929e7ba4df", kill_on_drop: false }`
[INFO] [stdout] 3daf1b31addcec13b4e4115c21c4e580f4a24d2bdf6333b54fd880929e7ba4df
[INFO] running `Command { std: "docker" "create" "-v" "/var/lib/crater-agent-workspace/builds/worker-2-tc1/target:/opt/rustwide/target:rw,Z" "-v" "/var/lib/crater-agent-workspace/builds/worker-2-tc1/source:/opt/rustwide/workdir:ro,Z" "-v" "/var/lib/crater-agent-workspace/cargo-home:/opt/rustwide/cargo-home:ro,Z" "-v" "/var/lib/crater-agent-workspace/rustup-home:/opt/rustwide/rustup-home:ro,Z" "-e" "SOURCE_DIR=/opt/rustwide/workdir" "-e" "CARGO_TARGET_DIR=/opt/rustwide/target" "-e" "CARGO_INCREMENTAL=0" "-e" "RUST_BACKTRACE=full" "-e" "RUSTFLAGS=--cap-lints=warn" "-e" "RUSTDOCFLAGS=--cap-lints=warn" "-e" "CARGO_HOME=/opt/rustwide/cargo-home" "-e" "RUSTUP_HOME=/opt/rustwide/rustup-home" "-w" "/opt/rustwide/workdir" "-m" "1610612736" "--user" "0:0" "--network" "none" "ghcr.io/rust-lang/crates-build-env/linux@sha256:f3a9d4ad9d972b27faf3965f35b62e55ba32bbce8f20bc8fe909558a86702fde" "/opt/rustwide/cargo-home/bin/cargo" "+1.83.0" "build" "--frozen" "--message-format=json", kill_on_drop: false }`
[INFO] [stdout] 1df06dfa78315826a5640ec0a53118c629c79899e613a2e9d43058d0ac8f4501
[INFO] running `Command { std: "docker" "start" "-a" "1df06dfa78315826a5640ec0a53118c629c79899e613a2e9d43058d0ac8f4501", kill_on_drop: false }`
[INFO] [stderr]    Compiling autocfg v1.1.0
[INFO] [stderr]    Compiling proc-macro2 v1.0.76
[INFO] [stderr]    Compiling unicode-ident v1.0.8
[INFO] [stderr]    Compiling cfg-if v1.0.0
[INFO] [stderr]    Compiling libc v0.2.144
[INFO] [stderr]    Compiling bitflags v1.3.2
[INFO] [stderr]    Compiling once_cell v1.19.0
[INFO] [stderr]    Compiling memchr v2.5.0
[INFO] [stderr]    Compiling version_check v0.9.4
[INFO] [stderr]    Compiling pkg-config v0.3.27
[INFO] [stderr]    Compiling log v0.4.20
[INFO] [stderr]    Compiling xml-rs v0.8.13
[INFO] [stderr]    Compiling smallvec v1.10.0
[INFO] [stderr]    Compiling crossbeam-utils v0.8.19
[INFO] [stderr]    Compiling futures-core v0.3.28
[INFO] [stderr]    Compiling scopeguard v1.1.0
[INFO] [stderr]    Compiling libloading v0.7.4
[INFO] [stderr]    Compiling lazy_static v1.4.0
[INFO] [stderr]    Compiling typenum v1.16.0
[INFO] [stderr]    Compiling ab_glyph_rasterizer v0.1.8
[INFO] [stderr]    Compiling simd-adler32 v0.3.5
[INFO] [stderr]    Compiling crc32fast v1.3.2
[INFO] [stderr]    Compiling syn v1.0.109
[INFO] [stderr]    Compiling adler v1.0.2
[INFO] [stderr]    Compiling dlib v0.5.0
[INFO] [stderr]    Compiling pin-project-lite v0.2.9
[INFO] [stderr]    Compiling ttf-parser v0.19.0
[INFO] [stderr]    Compiling memoffset v0.6.5
[INFO] [stderr]    Compiling num-traits v0.2.17
[INFO] [stderr]    Compiling indexmap v1.9.3
[INFO] [stderr]    Compiling memoffset v0.7.1
[INFO] [stderr]    Compiling miniz_oxide v0.7.1
[INFO] [stderr]    Compiling wayland-sys v0.29.5
[INFO] [stderr]    Compiling hashbrown v0.12.3
[INFO] [stderr]    Compiling event-listener v2.5.3
[INFO] [stderr]    Compiling static_assertions v1.1.0
[INFO] [stderr]    Compiling generic-array v0.14.7
[INFO] [stderr]    Compiling lock_api v0.4.9
[INFO] [stderr]    Compiling quote v1.0.35
[INFO] [stderr]    Compiling num-integer v0.1.45
[INFO] [stderr]    Compiling fdeflate v0.3.0
[INFO] [stderr]    Compiling futures-io v0.3.28
[INFO] [stderr]    Compiling syn v2.0.48
[INFO] [stderr]    Compiling wayland-scanner v0.29.5
[INFO] [stderr]    Compiling flate2 v1.0.26
[INFO] [stderr]    Compiling serde v1.0.195
[INFO] [stderr]    Compiling winnow v0.4.1
[INFO] [stderr]    Compiling nix v0.24.3
[INFO] [stderr]    Compiling cfg_aliases v0.1.1
[INFO] [stderr]    Compiling khronos_api v3.1.0
[INFO] [stderr]    Compiling parking_lot_core v0.9.7
[INFO] [stderr]    Compiling toml_datetime v0.6.2
[INFO] [stderr]    Compiling ppv-lite86 v0.2.17
[INFO] [stderr]    Compiling thiserror v1.0.40
[INFO] [stderr]    Compiling concurrent-queue v2.2.0
[INFO] [stderr]    Compiling slotmap v1.0.6
[INFO] [stderr]    Compiling slab v0.4.8
[INFO] [stderr]    Compiling png v0.17.8
[INFO] [stderr]    Compiling scoped-tls v1.0.1
[INFO] [stderr]    Compiling byteorder v1.4.3
[INFO] [stderr]    Compiling minimal-lexical v0.2.1
[INFO] [stderr]    Compiling fastrand v1.9.0
[INFO] [stderr]    Compiling parking v2.1.0
[INFO] [stderr]    Compiling waker-fn v1.1.0
[INFO] [stderr]    Compiling downcast-rs v1.2.0
[INFO] [stderr]    Compiling nix v0.26.2
[INFO] [stderr]    Compiling wayland-client v0.29.5
[INFO] [stderr]    Compiling nom v7.1.3
[INFO] [stderr]    Compiling futures-lite v1.13.0
[INFO] [stderr]    Compiling wayland-protocols v0.29.5
[INFO] [stderr]    Compiling async-lock v2.7.0
[INFO] [stderr]    Compiling ahash v0.8.7
[INFO] [stderr]    Compiling num-bigint v0.4.4
[INFO] [stderr]    Compiling io-lifetimes v1.0.10
[INFO] [stderr]    Compiling toml_edit v0.19.8
[INFO] [stderr]    Compiling accesskit v0.11.0
[INFO] [stderr]    Compiling gl_generator v0.14.0
[INFO] [stderr]    Compiling parking_lot v0.12.1
[INFO] [stderr]    Compiling owned_ttf_parser v0.19.0
[INFO] [stderr]    Compiling ab_glyph v0.2.21
[INFO] [stderr]    Compiling nix v0.25.1
[INFO] [stderr]    Compiling getrandom v0.2.9
[INFO] [stderr]    Compiling wayland-commons v0.29.5
[INFO] [stderr]    Compiling x11-dl v2.21.0
[INFO] [stderr]    Compiling smithay-client-toolkit v0.16.0
[INFO] [stderr]    Compiling polling v2.8.0
[INFO] [stderr]    Compiling num-rational v0.4.1
[INFO] [stderr]    Compiling async-task v4.4.0
[INFO] [stderr]    Compiling zerocopy v0.7.32
[INFO] [stderr]    Compiling vec_map v0.8.2
[INFO] [stderr]    Compiling rustix v0.37.19
[INFO] [stderr]    Compiling futures-task v0.3.28
[INFO] [stderr]    Compiling rand_core v0.6.4
[INFO] [stderr]    Compiling crypto-common v0.1.6
[INFO] [stderr]    Compiling block-buffer v0.10.4
[INFO] [stderr]    Compiling async-channel v1.8.0
[INFO] [stderr]    Compiling aho-corasick v1.0.1
[INFO] [stderr]    Compiling memmap2 v0.5.10
[INFO] [stderr]    Compiling async-io v1.13.0
[INFO] [stderr]    Compiling xcursor v0.3.4
[INFO] [stderr]    Compiling async-fs v1.6.0
[INFO] [stderr]    Compiling async-trait v0.1.68
[INFO] [stderr]    Compiling regex-syntax v0.7.2
[INFO] [stderr]    Compiling atomic-waker v1.1.1
[INFO] [stderr]    Compiling arrayref v0.3.7
[INFO] [stderr]    Compiling nohash-hasher v0.2.0
[INFO] [stderr]    Compiling linux-raw-sys v0.3.8
[INFO] [stderr]    Compiling futures-util v0.3.28
[INFO] [stderr]    Compiling strict-num v0.1.1
[INFO] [stderr]    Compiling percent-encoding v2.3.0
[INFO] [stderr]    Compiling blocking v1.3.1
[INFO] [stderr]    Compiling digest v0.10.7
[INFO] [stderr]    Compiling rand_chacha v0.3.1
[INFO] [stderr]    Compiling socket2 v0.4.9
[INFO] [stderr]    Compiling memoffset v0.9.0
[INFO] [stderr]    Compiling zvariant_utils v1.0.1
[INFO] [stderr]    Compiling proc-macro-crate v1.3.1
[INFO] [stderr]    Compiling tracing-core v0.1.31
[INFO] [stderr]    Compiling tinyvec_macros v0.1.1
[INFO] [stderr]    Compiling arrayvec v0.7.2
[INFO] [stderr]    Compiling cpufeatures v0.2.7
[INFO] [stderr]    Compiling getrandom v0.1.16
[INFO] [stderr]    Compiling futures-sink v0.3.28
[INFO] [stderr]    Compiling pin-utils v0.1.0
[INFO] [stderr]    Compiling sha1 v0.10.5
[INFO] [stderr]    Compiling tinyvec v1.6.0
[INFO] [stderr]    Compiling rand v0.8.5
[INFO] [stderr]    Compiling regex v1.8.2
[INFO] [stderr]    Compiling async-executor v1.5.1
[INFO] [stderr]    Compiling xdg-home v1.0.0
[INFO] [stderr]    Compiling winit v0.28.6
[INFO] [stderr]    Compiling async-broadcast v0.5.1
[INFO] [stderr]    Compiling crossbeam-epoch v0.9.15
[INFO] [stderr]    Compiling ordered-stream v0.2.0
[INFO] [stderr]    Compiling color_quant v1.1.0
[INFO] [stderr]    Compiling wayland-cursor v0.29.5
[INFO] [stderr]    Compiling weezl v0.1.7
[INFO] [stderr]    Compiling raw-window-handle v0.5.2
[INFO] [stderr]    Compiling hex v0.4.3
[INFO] [stderr]    Compiling unicode-normalization v0.1.22
[INFO] [stderr]    Compiling bytemuck_derive v1.4.1
[INFO] [stderr]    Compiling thiserror-impl v1.0.40
[INFO] [stderr]    Compiling serde_derive v1.0.195
[INFO] [stderr]    Compiling enumflags2_derive v0.7.7
[INFO] [stderr]    Compiling tracing-attributes v0.1.24
[INFO] [stderr]    Compiling async-recursion v1.0.4
[INFO] [stderr]    Compiling serde_repr v0.1.12
[INFO] [stderr]    Compiling gif v0.12.0
[INFO] [stderr]    Compiling zvariant_derive v3.14.0
[INFO] [stderr]    Compiling derivative v2.2.0
[INFO] [stderr]    Compiling atspi-macros v0.2.0
[INFO] [stderr]    Compiling bytemuck v1.13.1
[INFO] [stderr]    Compiling ecolor v0.22.0
[INFO] [stderr]    Compiling emath v0.22.0
[INFO] [stderr]    Compiling tiny-skia-path v0.8.4
[INFO] [stderr]    Compiling glutin_glx_sys v0.4.0
[INFO] [stderr]    Compiling glutin_egl_sys v0.5.0
[INFO] [stderr]    Compiling epaint v0.22.0
[INFO] [stdout] error: error writing metadata object file: No space left on device (os error 28)
[INFO] [stdout] 
[INFO] [stdout] 
[INFO] [stdout] error: linking with `cc` failed: exit status: 1
[INFO] [stdout]   |
[INFO] [stdout]   = note: LC_ALL="C" PATH="/opt/rustwide/rustup-home/toolchains/1.83.0-x86_64-unknown-linux-gnu/lib/rustlib/x86_64-unknown-linux-gnu/bin:/opt/rustwide/cargo-home/bin:/usr/local/sbin:/usr/local/bin:/usr/sbin:/usr/bin:/sbin:/bin" VSLANG="1033" "cc" "-Wl,--version-script=/tmp/rustcHDDfiK/list" "-Wl,--no-undefined-version" "-m64" "/tmp/rustcHDDfiK/symbols.o" "/opt/rustwide/target/debug/deps/atspi_macros-303cc28464001754.atspi_macros.788d67a50712f510-cgu.0.rcgu.o" "/opt/rustwide/target/debug/deps/atspi_macros-303cc28464001754.atspi_macros.788d67a50712f510-cgu.1.rcgu.o" "/opt/rustwide/target/debug/deps/atspi_macros-303cc28464001754.7alm01ady05fv14ww64i3plit.rcgu.rmeta" "/opt/rustwide/target/debug/deps/atspi_macros-303cc28464001754.au0ozg3ca7f3ma6k0qeniy8er.rcgu.o" "-Wl,--as-needed" "-Wl,-Bstatic" "/opt/rustwide/target/debug/deps/libsyn-f2623119e3928a67.rlib" "/opt/rustwide/target/debug/deps/libquote-63bbe48564c7a19e.rlib" "/opt/rustwide/target/debug/deps/libproc_macro2-68f9e41cbf8052eb.rlib" "/opt/rustwide/target/debug/deps/libunicode_ident-ebc68aceade367ec.rlib" "/opt/rustwide/rustup-home/toolchains/1.83.0-x86_64-unknown-linux-gnu/lib/rustlib/x86_64-unknown-linux-gnu/lib/libproc_macro-a2fc9021817a412b.rlib" "/opt/rustwide/rustup-home/toolchains/1.83.0-x86_64-unknown-linux-gnu/lib/rustlib/x86_64-unknown-linux-gnu/lib/libstd-ca74a2d9c5166d9f.rlib" "/opt/rustwide/rustup-home/toolchains/1.83.0-x86_64-unknown-linux-gnu/lib/rustlib/x86_64-unknown-linux-gnu/lib/libpanic_unwind-e31ab23316ed5080.rlib" "/opt/rustwide/rustup-home/toolchains/1.83.0-x86_64-unknown-linux-gnu/lib/rustlib/x86_64-unknown-linux-gnu/lib/libobject-27dc4aa955912662.rlib" "/opt/rustwide/rustup-home/toolchains/1.83.0-x86_64-unknown-linux-gnu/lib/rustlib/x86_64-unknown-linux-gnu/lib/libmemchr-bd0d6cccce077b99.rlib" "/opt/rustwide/rustup-home/toolchains/1.83.0-x86_64-unknown-linux-gnu/lib/rustlib/x86_64-unknown-linux-gnu/lib/libaddr2line-8d001680935b5e3c.rlib" "/opt/rustwide/rustup-home/toolchains/1.83.0-x86_64-unknown-linux-gnu/lib/rustlib/x86_64-unknown-linux-gnu/lib/libgimli-ba8ce71964f984f4.rlib" "/opt/rustwide/rustup-home/toolchains/1.83.0-x86_64-unknown-linux-gnu/lib/rustlib/x86_64-unknown-linux-gnu/lib/librustc_demangle-99a73526abcec14b.rlib" "/opt/rustwide/rustup-home/toolchains/1.83.0-x86_64-unknown-linux-gnu/lib/rustlib/x86_64-unknown-linux-gnu/lib/libstd_detect-63ac0d22cff92579.rlib" "/opt/rustwide/rustup-home/toolchains/1.83.0-x86_64-unknown-linux-gnu/lib/rustlib/x86_64-unknown-linux-gnu/lib/libhashbrown-9057355c92c922d5.rlib" "/opt/rustwide/rustup-home/toolchains/1.83.0-x86_64-unknown-linux-gnu/lib/rustlib/x86_64-unknown-linux-gnu/lib/librustc_std_workspace_alloc-358be9bc1f6bab04.rlib" "/opt/rustwide/rustup-home/toolchains/1.83.0-x86_64-unknown-linux-gnu/lib/rustlib/x86_64-unknown-linux-gnu/lib/libminiz_oxide-aca15549d5bff974.rlib" "/opt/rustwide/rustup-home/toolchains/1.83.0-x86_64-unknown-linux-gnu/lib/rustlib/x86_64-unknown-linux-gnu/lib/libadler-8251d2cef7072448.rlib" "/opt/rustwide/rustup-home/toolchains/1.83.0-x86_64-unknown-linux-gnu/lib/rustlib/x86_64-unknown-linux-gnu/lib/libunwind-7d50b86011c66411.rlib" "/opt/rustwide/rustup-home/toolchains/1.83.0-x86_64-unknown-linux-gnu/lib/rustlib/x86_64-unknown-linux-gnu/lib/libcfg_if-51ea098fce5006bf.rlib" "/opt/rustwide/rustup-home/toolchains/1.83.0-x86_64-unknown-linux-gnu/lib/rustlib/x86_64-unknown-linux-gnu/lib/liblibc-5a14e0d0b712e731.rlib" "/opt/rustwide/rustup-home/toolchains/1.83.0-x86_64-unknown-linux-gnu/lib/rustlib/x86_64-unknown-linux-gnu/lib/liballoc-8b83dbf3a7b8f999.rlib" "/opt/rustwide/rustup-home/toolchains/1.83.0-x86_64-unknown-linux-gnu/lib/rustlib/x86_64-unknown-linux-gnu/lib/librustc_std_workspace_core-c6fd227bdc7b39ff.rlib" "/opt/rustwide/rustup-home/toolchains/1.83.0-x86_64-unknown-linux-gnu/lib/rustlib/x86_64-unknown-linux-gnu/lib/libcore-959d3389fa3da8a5.rlib" "/opt/rustwide/rustup-home/toolchains/1.83.0-x86_64-unknown-linux-gnu/lib/rustlib/x86_64-unknown-linux-gnu/lib/libcompiler_builtins-abe05db089cc2c62.rlib" "-Wl,-Bdynamic" "-lgcc_s" "-lutil" "-lrt" "-lpthread" "-lm" "-ldl" "-lc" "-Wl,--eh-frame-hdr" "-Wl,-z,noexecstack" "-L" "/opt/rustwide/rustup-home/toolchains/1.83.0-x86_64-unknown-linux-gnu/lib/rustlib/x86_64-unknown-linux-gnu/lib" "-o" "/opt/rustwide/target/debug/deps/libatspi_macros-303cc28464001754.so" "-Wl,--gc-sections" "-shared" "-Wl,-z,relro,-z,now" "-nodefaultlibs"
[INFO] [stdout]   = note: /usr/bin/ld: final link failed: No space left on device
[INFO] [stdout]           collect2: error: ld returned 1 exit status
[INFO] [stdout]           
[INFO] [stdout] 
[INFO] [stdout] 
[INFO] [stderr] rustc-LLVM ERROR: IO failure on output stream: No space left on device
[INFO] [stdout] error: couldn't create a temp dir: No space left on device (os error 28) at path "/tmp/rustccSdpo3"
[INFO] [stdout] 
[INFO] [stdout] 
[INFO] [stderr] error: could not compile `derivative` (lib) due to 1 previous error
[INFO] [stderr] warning: build failed, waiting for other jobs to finish...
[INFO] [stderr] error: could not compile `atspi-macros` (lib) due to 1 previous error
[INFO] [stderr] error: could not compile `glutin_glx_sys` (build script)
[INFO] [stderr] 
[INFO] [stderr] Caused by:
[INFO] [stderr]   No space left on device (os error 28)
[INFO] [stderr] 
[INFO] [stderr] Caused by:
[INFO] [stderr]   failed to parse process output: `/opt/rustwide/rustup-home/toolchains/1.83.0-x86_64-unknown-linux-gnu/bin/rustc --crate-name build_script_build --edition=2021 /opt/rustwide/cargo-home/registry/src/index.crates.io-6f17d22bba15001f/glutin_glx_sys-0.4.0/build.rs --error-format=json --json=diagnostic-rendered-ansi,artifacts,future-incompat --crate-type bin --emit=dep-info,link -C embed-bitcode=no --check-cfg 'cfg(docsrs)' --check-cfg 'cfg(feature, values())' -C metadata=c5d6c314988040ba -C extra-filename=-c5d6c314988040ba --out-dir /opt/rustwide/target/debug/build/glutin_glx_sys-c5d6c314988040ba -L dependency=/opt/rustwide/target/debug/deps --extern gl_generator=/opt/rustwide/target/debug/deps/libgl_generator-0aad5cf7d353b800.rlib --cap-lints allow --cap-lints=warn` (exit status: 101)
[INFO] [stderr] error: could not compile `emath` (lib) due to 1 previous error
[INFO] [stderr] rustc-LLVM ERROR: IO failure on output stream: No space left on device
[INFO] [stderr] rustc-LLVM ERROR: IO failure on output stream: No space left on device
[INFO] [stderr] error: could not compile `glutin_egl_sys` (build script)
[INFO] [stderr] 
[INFO] [stderr] Caused by:
[INFO] [stderr]   No space left on device (os error 28)
[INFO] [stderr] 
[INFO] [stderr] Caused by:
[INFO] [stderr]   failed to parse process output: `/opt/rustwide/rustup-home/toolchains/1.83.0-x86_64-unknown-linux-gnu/bin/rustc --crate-name build_script_build --edition=2021 /opt/rustwide/cargo-home/registry/src/index.crates.io-6f17d22bba15001f/glutin_egl_sys-0.5.0/build.rs --error-format=json --json=diagnostic-rendered-ansi,artifacts,future-incompat --crate-type bin --emit=dep-info,link -C embed-bitcode=no --check-cfg 'cfg(docsrs)' --check-cfg 'cfg(feature, values())' -C metadata=2034dff9617a13e0 -C extra-filename=-2034dff9617a13e0 --out-dir /opt/rustwide/target/debug/build/glutin_egl_sys-2034dff9617a13e0 -L dependency=/opt/rustwide/target/debug/deps --extern gl_generator=/opt/rustwide/target/debug/deps/libgl_generator-0aad5cf7d353b800.rlib --cap-lints allow --cap-lints=warn` (exit status: 101)
[INFO] [stderr] rustc-LLVM ERROR: IO failure on output stream: No space left on device
[INFO] [stderr] error: could not compile `async-io` (lib)
[INFO] [stderr] 
[INFO] [stderr] Caused by:
[INFO] [stderr]   process didn't exit successfully: `/opt/rustwide/rustup-home/toolchains/1.83.0-x86_64-unknown-linux-gnu/bin/rustc --crate-name async_io --edition=2018 /opt/rustwide/cargo-home/registry/src/index.crates.io-6f17d22bba15001f/async-io-1.13.0/src/lib.rs --error-format=json --json=diagnostic-rendered-ansi,artifacts,future-incompat --crate-type lib --emit=dep-info,metadata,link -C embed-bitcode=no -C debuginfo=2 --check-cfg 'cfg(docsrs)' --check-cfg 'cfg(feature, values())' -C metadata=292133b3fcdcfc55 -C extra-filename=-292133b3fcdcfc55 --out-dir /opt/rustwide/target/debug/deps -L dependency=/opt/rustwide/target/debug/deps --extern async_lock=/opt/rustwide/target/debug/deps/libasync_lock-68b1640be419e255.rmeta --extern cfg_if=/opt/rustwide/target/debug/deps/libcfg_if-8217498f8667ada9.rmeta --extern concurrent_queue=/opt/rustwide/target/debug/deps/libconcurrent_queue-f71e3bacdefff58b.rmeta --extern futures_lite=/opt/rustwide/target/debug/deps/libfutures_lite-a2b7970ef3e919bd.rmeta --extern log=/opt/rustwide/target/debug/deps/liblog-113019cdfc5d301e.rmeta --extern parking=/opt/rustwide/target/debug/deps/libparking-c5f7f5694de647b5.rmeta --extern polling=/opt/rustwide/target/debug/deps/libpolling-8b151b68643ee5d3.rmeta --extern rustix=/opt/rustwide/target/debug/deps/librustix-664cc5a502d1dd85.rmeta --extern slab=/opt/rustwide/target/debug/deps/libslab-714e1e49288fbc92.rmeta --extern socket2=/opt/rustwide/target/debug/deps/libsocket2-97af09aa11c1570a.rmeta --extern waker_fn=/opt/rustwide/target/debug/deps/libwaker_fn-e5e9acb48c268ead.rmeta --cap-lints allow --cap-lints=warn` (exit status: 101)
[INFO] [stdout] error: failed to write to `/opt/rustwide/target/debug/deps/rmetaJO1gIG/lib.rmeta`: No space left on device (os error 28)
[INFO] [stdout] 
[INFO] [stdout] 
[INFO] [stderr] error: could not compile `regex` (lib)
[INFO] [stderr] 
[INFO] [stderr] Caused by:
[INFO] [stderr]   process didn't exit successfully: `/opt/rustwide/rustup-home/toolchains/1.83.0-x86_64-unknown-linux-gnu/bin/rustc --crate-name regex --edition=2021 /opt/rustwide/cargo-home/registry/src/index.crates.io-6f17d22bba15001f/regex-1.8.2/src/lib.rs --error-format=json --json=diagnostic-rendered-ansi,artifacts,future-incompat --crate-type lib --emit=dep-info,metadata,link -C embed-bitcode=no --cfg 'feature="aho-corasick"' --cfg 'feature="default"' --cfg 'feature="memchr"' --cfg 'feature="perf"' --cfg 'feature="perf-cache"' --cfg 'feature="perf-dfa"' --cfg 'feature="perf-inline"' --cfg 'feature="perf-literal"' --cfg 'feature="std"' --cfg 'feature="unicode"' --cfg 'feature="unicode-age"' --cfg 'feature="unicode-bool"' --cfg 'feature="unicode-case"' --cfg 'feature="unicode-gencat"' --cfg 'feature="unicode-perl"' --cfg 'feature="unicode-script"' --cfg 'feature="unicode-segment"' --check-cfg 'cfg(docsrs)' --check-cfg 'cfg(feature, values("aho-corasick", "default", "memchr", "pattern", "perf", "perf-cache", "perf-dfa", "perf-inline", "perf-literal", "std", "unicode", "unicode-age", "unicode-bool", "unicode-case", "unicode-gencat", "unicode-perl", "unicode-script", "unicode-segment", "unstable", "use_std"))' -C metadata=2c4178dac1057886 -C extra-filename=-2c4178dac1057886 --out-dir /opt/rustwide/target/debug/deps -L dependency=/opt/rustwide/target/debug/deps --extern aho_corasick=/opt/rustwide/target/debug/deps/libaho_corasick-ee45ab4179156710.rmeta --extern memchr=/opt/rustwide/target/debug/deps/libmemchr-2cf4fc732d907b26.rmeta --extern regex_syntax=/opt/rustwide/target/debug/deps/libregex_syntax-8d407f16309437ff.rmeta --cap-lints allow --cap-lints=warn` (exit status: 101)
[INFO] [stderr] error: could not compile `futures-util` (lib) due to 1 previous error
[INFO] [stderr] error: failed to run custom build command for `wayland-protocols v0.29.5`
[INFO] [stderr] note: To improve backtraces for build dependencies, set the CARGO_PROFILE_DEV_BUILD_OVERRIDE_DEBUG=true environment variable to enable debug information generation.
[INFO] [stderr] 
[INFO] [stderr] Caused by:
[INFO] [stderr]   process didn't exit successfully: `/opt/rustwide/target/debug/build/wayland-protocols-b57c9eb6123f7420/build-script-build` (exit status: 101)
[INFO] [stderr]   --- stdout
[INFO] [stderr]   cargo:rerun-if-changed-env=CARGO_FEATURE_CLIENT
[INFO] [stderr]   cargo:rerun-if-changed-env=CARGO_FEATURE_SERVER
[INFO] [stderr]   cargo:rerun-if-changed-env=CARGO_FEATURE_UNSTABLE_PROTOCOLS
[INFO] [stderr]   cargo:rerun-if-changed=./protocols/stable/presentation-time/presentation-time.xml
[INFO] [stderr]   cargo:rerun-if-changed=./protocols/stable/viewporter/viewporter.xml
[INFO] [stderr]   cargo:rerun-if-changed=./protocols/stable/xdg-shell/xdg-shell.xml
[INFO] [stderr]   cargo:rerun-if-changed=./protocols/staging/xdg-activation/xdg-activation-v1.xml
[INFO] [stderr]   cargo:rerun-if-changed=./misc/gtk-primary-selection.xml
[INFO] [stderr]   cargo:rerun-if-changed=./misc/input-method-unstable-v2.xml
[INFO] [stderr]   cargo:rerun-if-changed=./misc/server-decoration.xml
[INFO] [stderr]   cargo:rerun-if-changed=./protocols/unstable/fullscreen-shell/fullscreen-shell-unstable-v1.xml
[INFO] [stderr]   cargo:rerun-if-changed=./protocols/unstable/idle-inhibit/idle-inhibit-unstable-v1.xml
[INFO] [stderr]   cargo:rerun-if-changed=./protocols/unstable/input-method/input-method-unstable-v1.xml
[INFO] [stderr] 
[INFO] [stderr]   --- stderr
[INFO] [stderr]   error: 'rustfmt' is not installed for the toolchain '1.83.0-x86_64-unknown-linux-gnu'.
[INFO] [stderr]   To install, run `rustup component add --toolchain 1.83.0-x86_64-unknown-linux-gnu rustfmt`
[INFO] [stderr]   error: 'rustfmt' is not installed for the toolchain '1.83.0-x86_64-unknown-linux-gnu'.
[INFO] [stderr]   To install, run `rustup component add --toolchain 1.83.0-x86_64-unknown-linux-gnu rustfmt`
[INFO] [stderr]   error: 'rustfmt' is not installed for the toolchain '1.83.0-x86_64-unknown-linux-gnu'.
[INFO] [stderr]   To install, run `rustup component add --toolchain 1.83.0-x86_64-unknown-linux-gnu rustfmt`
[INFO] [stderr]   error: 'rustfmt' is not installed for the toolchain '1.83.0-x86_64-unknown-linux-gnu'.
[INFO] [stderr]   To install, run `rustup component add --toolchain 1.83.0-x86_64-unknown-linux-gnu rustfmt`
[INFO] [stderr]   error: 'rustfmt' is not installed for the toolchain '1.83.0-x86_64-unknown-linux-gnu'.
[INFO] [stderr]   To install, run `rustup component add --toolchain 1.83.0-x86_64-unknown-linux-gnu rustfmt`
[INFO] [stderr]   error: 'rustfmt' is not installed for the toolchain '1.83.0-x86_64-unknown-linux-gnu'.
[INFO] [stderr]   To install, run `rustup component add --toolchain 1.83.0-x86_64-unknown-linux-gnu rustfmt`
[INFO] [stderr]   error: 'rustfmt' is not installed for the toolchain '1.83.0-x86_64-unknown-linux-gnu'.
[INFO] [stderr]   To install, run `rustup component add --toolchain 1.83.0-x86_64-unknown-linux-gnu rustfmt`
[INFO] [stderr]   error: 'rustfmt' is not installed for the toolchain '1.83.0-x86_64-unknown-linux-gnu'.
[INFO] [stderr]   To install, run `rustup component add --toolchain 1.83.0-x86_64-unknown-linux-gnu rustfmt`
[INFO] [stderr]   error: 'rustfmt' is not installed for the toolchain '1.83.0-x86_64-unknown-linux-gnu'.
[INFO] [stderr]   To install, run `rustup component add --toolchain 1.83.0-x86_64-unknown-linux-gnu rustfmt`
[INFO] [stderr]   thread 'main' panicked at /opt/rustwide/cargo-home/registry/src/index.crates.io-6f17d22bba15001f/wayland-scanner-0.29.5/src/lib.rs:156:40:
[INFO] [stderr]   called `Result::unwrap()` on an `Err` value: Os { code: 28, kind: StorageFull, message: "No space left on device" }
[INFO] [stderr]   stack backtrace:
[INFO] [stderr]      0:     0x631ee9cf81fa - std::backtrace_rs::backtrace::libunwind::trace::h5a5b8284f2d0c266
[INFO] [stderr]                                  at /rustc/90b35a6239c3d8bdabc530a6a0816f7ff89a0aaf/library/std/src/../../backtrace/src/backtrace/libunwind.rs:116:5
[INFO] [stderr]      1:     0x631ee9cf81fa - std::backtrace_rs::backtrace::trace_unsynchronized::h76d4f1c9b0b875e3
[INFO] [stderr]                                  at /rustc/90b35a6239c3d8bdabc530a6a0816f7ff89a0aaf/library/std/src/../../backtrace/src/backtrace/mod.rs:66:5
[INFO] [stderr]      2:     0x631ee9cf81fa - std::sys::backtrace::_print_fmt::hc4546b8364a537c6
[INFO] [stderr]                                  at /rustc/90b35a6239c3d8bdabc530a6a0816f7ff89a0aaf/library/std/src/sys/backtrace.rs:66:9
[INFO] [stderr]      3:     0x631ee9cf81fa - <std::sys::backtrace::BacktraceLock::print::DisplayBacktrace as core::fmt::Display>::fmt::h5b6bd5631a6d1f6b
[INFO] [stderr]                                  at /rustc/90b35a6239c3d8bdabc530a6a0816f7ff89a0aaf/library/std/src/sys/backtrace.rs:39:26
[INFO] [stderr]      4:     0x631ee9d17d73 - core::fmt::rt::Argument::fmt::h270f6602a2b96f62
[INFO] [stderr]                                  at /rustc/90b35a6239c3d8bdabc530a6a0816f7ff89a0aaf/library/core/src/fmt/rt.rs:177:76
[INFO] [stderr]      5:     0x631ee9d17d73 - core::fmt::write::h7550c97b06c86515
[INFO] [stderr]                                  at /rustc/90b35a6239c3d8bdabc530a6a0816f7ff89a0aaf/library/core/src/fmt/mod.rs:1186:21
[INFO] [stderr]      6:     0x631ee9cf5b23 - std::io::Write::write_fmt::h7b09c64fe0be9c84
[INFO] [stderr]                                  at /rustc/90b35a6239c3d8bdabc530a6a0816f7ff89a0aaf/library/std/src/io/mod.rs:1839:15
[INFO] [stderr]      7:     0x631ee9cf8042 - std::sys::backtrace::BacktraceLock::print::h2395ccd2c84ba3aa
[INFO] [stderr]                                  at /rustc/90b35a6239c3d8bdabc530a6a0816f7ff89a0aaf/library/std/src/sys/backtrace.rs:42:9
[INFO] [stderr]      8:     0x631ee9cf8fec - std::panicking::default_hook::{{closure}}::he19d4c7230e07961
[INFO] [stderr]                                  at /rustc/90b35a6239c3d8bdabc530a6a0816f7ff89a0aaf/library/std/src/panicking.rs:268:22
[INFO] [stderr]      9:     0x631ee9cf8e32 - std::panicking::default_hook::hf614597d3c67bbdb
[INFO] [stderr]                                  at /rustc/90b35a6239c3d8bdabc530a6a0816f7ff89a0aaf/library/std/src/panicking.rs:295:9
[INFO] [stderr]     10:     0x631ee9cf95c7 - std::panicking::rust_panic_with_hook::h8942133a8b252070
[INFO] [stderr]                                  at /rustc/90b35a6239c3d8bdabc530a6a0816f7ff89a0aaf/library/std/src/panicking.rs:801:13
[INFO] [stderr]     11:     0x631ee9cf945a - std::panicking::begin_panic_handler::{{closure}}::hb5f5963570096b29
[INFO] [stderr]                                  at /rustc/90b35a6239c3d8bdabc530a6a0816f7ff89a0aaf/library/std/src/panicking.rs:674:13
[INFO] [stderr]     12:     0x631ee9cf86d9 - std::sys::backtrace::__rust_end_short_backtrace::h6208cedc1922feda
[INFO] [stderr]                                  at /rustc/90b35a6239c3d8bdabc530a6a0816f7ff89a0aaf/library/std/src/sys/backtrace.rs:170:18
[INFO] [stderr]     13:     0x631ee9cf90ec - rust_begin_unwind
[INFO] [stderr]                                  at /rustc/90b35a6239c3d8bdabc530a6a0816f7ff89a0aaf/library/std/src/panicking.rs:665:5
[INFO] [stderr]     14:     0x631ee9c28050 - core::panicking::panic_fmt::h0c3082644d1bf418
[INFO] [stderr]                                  at /rustc/90b35a6239c3d8bdabc530a6a0816f7ff89a0aaf/library/core/src/panicking.rs:74:14
[INFO] [stderr]     15:     0x631ee9c283c6 - core::result::unwrap_failed::hd20b4aa073bda1e2
[INFO] [stderr]                                  at /rustc/90b35a6239c3d8bdabc530a6a0816f7ff89a0aaf/library/core/src/result.rs:1700:5
[INFO] [stderr]     16:     0x631ee9c32e5a - wayland_scanner::generate_code_with_destructor_events::h3dcf09c32db07986
[INFO] [stderr]     17:     0x631ee9c37c70 - build_script_build::generate_protocol::h3ca305aa3369b3b0
[INFO] [stderr]     18:     0x631ee9c3926d - build_script_build::main::hd98b4f4c5a2be089
[INFO] [stderr]     19:     0x631ee9c3c273 - core::ops::function::FnOnce::call_once::h21b189a92a8df795
[INFO] [stderr]     20:     0x631ee9c360b6 - std::sys::backtrace::__rust_begin_short_backtrace::hed9c85f7d9954846
[INFO] [stderr]     21:     0x631ee9c3a579 - std::rt::lang_start::{{closure}}::h4d816509122c5976
[INFO] [stderr]     22:     0x631ee9cf2fee - core::ops::function::impls::<impl core::ops::function::FnOnce<A> for &F>::call_once::hfdb85f4ee94732d3
[INFO] [stderr]                                  at /rustc/90b35a6239c3d8bdabc530a6a0816f7ff89a0aaf/library/core/src/ops/function.rs:284:13
[INFO] [stderr]     23:     0x631ee9cf2fee - std::panicking::try::do_call::h6e577310f330cbef
[INFO] [stderr]                                  at /rustc/90b35a6239c3d8bdabc530a6a0816f7ff89a0aaf/library/std/src/panicking.rs:557:40
[INFO] [stderr]     24:     0x631ee9cf2fee - std::panicking::try::ha588d438267d2645
[INFO] [stderr]                                  at /rustc/90b35a6239c3d8bdabc530a6a0816f7ff89a0aaf/library/std/src/panicking.rs:520:19
[INFO] [stderr]     25:     0x631ee9cf2fee - std::panic::catch_unwind::h429fda1e025f26d9
[INFO] [stderr]                                  at /rustc/90b35a6239c3d8bdabc530a6a0816f7ff89a0aaf/library/std/src/panic.rs:358:14
[INFO] [stderr]     26:     0x631ee9cf2fee - std::rt::lang_start_internal::{{closure}}::h7b731265e841c4bf
[INFO] [stderr]                                  at /rustc/90b35a6239c3d8bdabc530a6a0816f7ff89a0aaf/library/std/src/rt.rs:174:48
[INFO] [stderr]     27:     0x631ee9cf2fee - std::panicking::try::do_call::hc0f6a675b7ae5a36
[INFO] [stderr]                                  at /rustc/90b35a6239c3d8bdabc530a6a0816f7ff89a0aaf/library/std/src/panicking.rs:557:40
[INFO] [stderr]     28:     0x631ee9cf2fee - std::panicking::try::h4c93b7ff0671f1ff
[INFO] [stderr]                                  at /rustc/90b35a6239c3d8bdabc530a6a0816f7ff89a0aaf/library/std/src/panicking.rs:520:19
[INFO] [stderr]     29:     0x631ee9cf2fee - std::panic::catch_unwind::hcc1e154961d16ce6
[INFO] [stderr]                                  at /rustc/90b35a6239c3d8bdabc530a6a0816f7ff89a0aaf/library/std/src/panic.rs:358:14
[INFO] [stderr]     30:     0x631ee9cf2fee - std::rt::lang_start_internal::h1c66660c99c8424c
[INFO] [stderr]                                  at /rustc/90b35a6239c3d8bdabc530a6a0816f7ff89a0aaf/library/std/src/rt.rs:174:20
[INFO] [stderr]     31:     0x631ee9c3a557 - std::rt::lang_start::h6c3ebb1d1783bd1c
[INFO] [stderr]     32:     0x631ee9c39ec5 - main
[INFO] [stderr]     33:     0x764451a54d90 - <unknown>
[INFO] [stderr]     34:     0x764451a54e40 - __libc_start_main
[INFO] [stderr]     35:     0x631ee9c28805 - _start
[INFO] [stderr]     36:                0x0 - <unknown>
[INFO] running `Command { std: "docker" "inspect" "1df06dfa78315826a5640ec0a53118c629c79899e613a2e9d43058d0ac8f4501", kill_on_drop: false }`
[INFO] running `Command { std: "docker" "rm" "-f" "1df06dfa78315826a5640ec0a53118c629c79899e613a2e9d43058d0ac8f4501", kill_on_drop: false }`
[INFO] [stdout] 1df06dfa78315826a5640ec0a53118c629c79899e613a2e9d43058d0ac8f4501
