[INFO] cloning repository https://github.com/felixSchl/matasano
[INFO] running `Command { std: "git" "-c" "credential.helper=" "-c" "credential.helper=/workspace/cargo-home/bin/git-credential-null" "clone" "--bare" "https://github.com/felixSchl/matasano" "/workspace/cache/git-repos/https%3A%2F%2Fgithub.com%2FfelixSchl%2Fmatasano", kill_on_drop: false }`
[INFO] [stderr] Cloning into bare repository '/workspace/cache/git-repos/https%3A%2F%2Fgithub.com%2FfelixSchl%2Fmatasano'...
[INFO] running `Command { std: "git" "rev-parse" "HEAD", kill_on_drop: false }`
[INFO] [stdout] b548e3f7c1dac388a30f611b2d53c932d845e112
[INFO] testing felixSchl/matasano/b548e3f7c1dac388a30f611b2d53c932d845e112 against 1.83.0 for beta-1.84.0-4-retry
[INFO] running `Command { std: "git" "clone" "/workspace/cache/git-repos/https%3A%2F%2Fgithub.com%2FfelixSchl%2Fmatasano" "/workspace/builds/worker-1-tc1/source", kill_on_drop: false }`
[INFO] [stderr] Cloning into '/workspace/builds/worker-1-tc1/source'...
[INFO] [stderr] done.
[INFO] validating manifest of git repo https://github.com/felixSchl/matasano on toolchain 1.83.0
[INFO] running `Command { std: CARGO_HOME="/workspace/cargo-home" RUSTUP_HOME="/workspace/rustup-home" "/workspace/cargo-home/bin/cargo" "+1.83.0" "metadata" "--manifest-path" "Cargo.toml" "--no-deps", kill_on_drop: false }`
[INFO] started tweaking git repo https://github.com/felixSchl/matasano
[INFO] finished tweaking git repo https://github.com/felixSchl/matasano
[INFO] tweaked toml for git repo https://github.com/felixSchl/matasano written to /workspace/builds/worker-1-tc1/source/Cargo.toml
[INFO] crate git repo https://github.com/felixSchl/matasano already has a lockfile, it will not be regenerated
[INFO] running `Command { std: CARGO_HOME="/workspace/cargo-home" RUSTUP_HOME="/workspace/rustup-home" "/workspace/cargo-home/bin/cargo" "+1.83.0" "fetch" "--manifest-path" "Cargo.toml", kill_on_drop: false }`
[INFO] [stderr] warning: no edition set: defaulting to the 2015 edition while the latest is 2021
[INFO] [stderr]     Updating crates.io index
[INFO] [stderr]  Downloading crates ...
[INFO] [stderr]   Downloaded memchr v0.1.7
[INFO] [stderr]   Downloaded simple_parallel v0.3.0
[INFO] [stderr]   Downloaded libc v0.2.5
[INFO] [stderr]   Downloaded openssl-sys-extras v0.7.5
[INFO] [stderr]   Downloaded openssl-sys v0.7.5
[INFO] [stderr]   Downloaded rand v0.3.13
[INFO] [stderr]   Downloaded regex-syntax v0.2.2
[INFO] [stderr]   Downloaded openssl v0.7.5
[INFO] [stderr]   Downloaded regex v0.1.48
[INFO] [stderr]   Downloaded aho-corasick v0.4.0
[INFO] [stderr]   Downloaded crossbeam v0.1.6
[INFO] running `Command { std: "docker" "create" "-v" "/var/lib/crater-agent-workspace/builds/worker-1-tc1/target:/opt/rustwide/target:rw,Z" "-v" "/var/lib/crater-agent-workspace/builds/worker-1-tc1/source:/opt/rustwide/workdir:ro,Z" "-v" "/var/lib/crater-agent-workspace/cargo-home:/opt/rustwide/cargo-home:ro,Z" "-v" "/var/lib/crater-agent-workspace/rustup-home:/opt/rustwide/rustup-home:ro,Z" "-e" "SOURCE_DIR=/opt/rustwide/workdir" "-e" "CARGO_TARGET_DIR=/opt/rustwide/target" "-e" "CARGO_HOME=/opt/rustwide/cargo-home" "-e" "RUSTUP_HOME=/opt/rustwide/rustup-home" "-w" "/opt/rustwide/workdir" "-m" "1610612736" "--user" "0:0" "--network" "none" "ghcr.io/rust-lang/crates-build-env/linux@sha256:f3a9d4ad9d972b27faf3965f35b62e55ba32bbce8f20bc8fe909558a86702fde" "/opt/rustwide/cargo-home/bin/cargo" "+1.83.0" "metadata" "--no-deps" "--format-version=1", kill_on_drop: false }`
[INFO] [stdout] a6774a73696ca028bf4adccbb47d927a66d814f0fc63e38985095db5dd4aeb9a
[INFO] running `Command { std: "docker" "start" "-a" "a6774a73696ca028bf4adccbb47d927a66d814f0fc63e38985095db5dd4aeb9a", kill_on_drop: false }`
[INFO] running `Command { std: "docker" "inspect" "a6774a73696ca028bf4adccbb47d927a66d814f0fc63e38985095db5dd4aeb9a", kill_on_drop: false }`
[INFO] running `Command { std: "docker" "rm" "-f" "a6774a73696ca028bf4adccbb47d927a66d814f0fc63e38985095db5dd4aeb9a", kill_on_drop: false }`
[INFO] [stdout] a6774a73696ca028bf4adccbb47d927a66d814f0fc63e38985095db5dd4aeb9a
[INFO] running `Command { std: "docker" "create" "-v" "/var/lib/crater-agent-workspace/builds/worker-1-tc1/target:/opt/rustwide/target:rw,Z" "-v" "/var/lib/crater-agent-workspace/builds/worker-1-tc1/source:/opt/rustwide/workdir:ro,Z" "-v" "/var/lib/crater-agent-workspace/cargo-home:/opt/rustwide/cargo-home:ro,Z" "-v" "/var/lib/crater-agent-workspace/rustup-home:/opt/rustwide/rustup-home:ro,Z" "-e" "SOURCE_DIR=/opt/rustwide/workdir" "-e" "CARGO_TARGET_DIR=/opt/rustwide/target" "-e" "CARGO_INCREMENTAL=0" "-e" "RUST_BACKTRACE=full" "-e" "RUSTFLAGS=--cap-lints=warn" "-e" "RUSTDOCFLAGS=--cap-lints=warn" "-e" "CARGO_HOME=/opt/rustwide/cargo-home" "-e" "RUSTUP_HOME=/opt/rustwide/rustup-home" "-w" "/opt/rustwide/workdir" "-m" "1610612736" "--user" "0:0" "--network" "none" "ghcr.io/rust-lang/crates-build-env/linux@sha256:f3a9d4ad9d972b27faf3965f35b62e55ba32bbce8f20bc8fe909558a86702fde" "/opt/rustwide/cargo-home/bin/cargo" "+1.83.0" "build" "--frozen" "--message-format=json", kill_on_drop: false }`
[INFO] [stdout] b982d6bf25f8eb4274506b655c48816cbd5a82389f891cdc3fec67d01be96376
[INFO] running `Command { std: "docker" "start" "-a" "b982d6bf25f8eb4274506b655c48816cbd5a82389f891cdc3fec67d01be96376", kill_on_drop: false }`
[INFO] [stderr] warning: no edition set: defaulting to the 2015 edition while the latest is 2021
[INFO] [stderr]    Compiling pkg-config v0.3.6
[INFO] [stderr]    Compiling gcc v0.3.21
[INFO] [stderr]    Compiling libc v0.2.5
[INFO] [stderr]    Compiling crossbeam v0.1.6
[INFO] [stderr]    Compiling regex-syntax v0.2.2
[INFO] [stderr]    Compiling lazy_static v0.1.15
[INFO] [stderr]    Compiling bitflags v0.3.3
[INFO] [stderr]    Compiling rustc-serialize v0.3.16
[INFO] [stderr]    Compiling bit-vec v0.4.3
[INFO] [stdout] error[E0512]: cannot transmute between types of different sizes, or dependently-sized types
[INFO] [stdout]   --> /opt/rustwide/cargo-home/registry/src/index.crates.io-6f17d22bba15001f/crossbeam-0.1.6/src/sync/seg_queue.rs:34:29
[INFO] [stdout]    |
[INFO] [stdout] 34 |             ready: unsafe { mem::transmute([0usize; SEG_SIZE]) },
[INFO] [stdout]    |                             ^^^^^^^^^^^^^^
[INFO] [stdout]    |
[INFO] [stdout]    = note: source type: `[usize; 32]` (2048 bits)
[INFO] [stdout]    = note: target type: `[AtomicBool; 32]` (256 bits)
[INFO] [stdout] 
[INFO] [stdout] 
[INFO] [stdout] error[E0642]: patterns aren't allowed in functions without bodies
[INFO] [stdout]    --> /opt/rustwide/cargo-home/registry/src/index.crates.io-6f17d22bba15001f/rustc-serialize-0.3.16/src/serialize.rs:145:45
[INFO] [stdout]     |
[INFO] [stdout] 145 | ...                   &f_name: &str,
[INFO] [stdout]     |                       ^^^^^^^ pattern not allowed in function without body
[INFO] [stdout] 
[INFO] [stdout] 
[INFO] [stderr]    Compiling memchr v0.1.7
[INFO] [stdout] For more information about this error, try `rustc --explain E0512`.
[INFO] [stdout] 
[INFO] [stderr] error: could not compile `crossbeam` (lib) due to 1 previous error
[INFO] [stderr] warning: build failed, waiting for other jobs to finish...
[INFO] [stdout] error[E0310]: the parameter type `T` may not live long enough
[INFO] [stdout]    --> /opt/rustwide/cargo-home/registry/src/index.crates.io-6f17d22bba15001f/rustc-serialize-0.3.16/src/serialize.rs:452:5
[INFO] [stdout]     |
[INFO] [stdout] 452 |     fn decode<D: Decoder>(d: &mut D) -> Result<Cow<'static, T>, D::Error> {
[INFO] [stdout]     |     ^^^^^^^^^^^^^^^^^^^^^^^^^^^^^^^^^^^^^^^^^^^^^^^^^^^^^^^^^^^^^^^^^^^^^
[INFO] [stdout]     |     |
[INFO] [stdout]     |     the parameter type `T` must be valid for the static lifetime...
[INFO] [stdout]     |     ...so that the type `T` will meet its required lifetime bounds...
[INFO] [stdout]     |
[INFO] [stdout] note: ...that is required by this bound
[INFO] [stdout]    --> /rustc/90b35a6239c3d8bdabc530a6a0816f7ff89a0aaf/library/alloc/src/borrow.rs:179:30
[INFO] [stdout] help: consider adding an explicit lifetime bound
[INFO] [stdout]     |
[INFO] [stdout] 448 | impl<'a, T: ?Sized + 'static> Decodable for Cow<'a, T>
[INFO] [stdout]     |                    +++++++++
[INFO] [stdout] 
[INFO] [stdout] 
[INFO] [stdout] Some errors have detailed explanations: E0310, E0642.
[INFO] [stdout] 
[INFO] [stdout] For more information about an error, try `rustc --explain E0310`.
[INFO] [stdout] 
[INFO] [stderr] error: could not compile `rustc-serialize` (lib) due to 2 previous errors
[INFO] running `Command { std: "docker" "inspect" "b982d6bf25f8eb4274506b655c48816cbd5a82389f891cdc3fec67d01be96376", kill_on_drop: false }`
[INFO] running `Command { std: "docker" "rm" "-f" "b982d6bf25f8eb4274506b655c48816cbd5a82389f891cdc3fec67d01be96376", kill_on_drop: false }`
[INFO] [stdout] b982d6bf25f8eb4274506b655c48816cbd5a82389f891cdc3fec67d01be96376
