[INFO] cloning repository https://github.com/famasoon/amsibypass
[INFO] running `Command { std: "git" "-c" "credential.helper=" "-c" "credential.helper=/workspace/cargo-home/bin/git-credential-null" "clone" "--bare" "https://github.com/famasoon/amsibypass" "/workspace/cache/git-repos/https%3A%2F%2Fgithub.com%2Ffamasoon%2Famsibypass", kill_on_drop: false }`
[INFO] [stderr] Cloning into bare repository '/workspace/cache/git-repos/https%3A%2F%2Fgithub.com%2Ffamasoon%2Famsibypass'...
[INFO] running `Command { std: "git" "rev-parse" "HEAD", kill_on_drop: false }`
[INFO] [stdout] 8273289103bfb2afd90890a93a264c46f7c697ba
[INFO] testing famasoon/amsibypass against beta-2024-12-08 for beta-1.84.0-4-retry
[INFO] running `Command { std: "git" "clone" "/workspace/cache/git-repos/https%3A%2F%2Fgithub.com%2Ffamasoon%2Famsibypass" "/workspace/builds/worker-4-tc2/source", kill_on_drop: false }`
[INFO] [stderr] Cloning into '/workspace/builds/worker-4-tc2/source'...
[INFO] [stderr] done.
[INFO] validating manifest of git repo https://github.com/famasoon/amsibypass on toolchain beta-2024-12-08
[INFO] running `Command { std: CARGO_HOME="/workspace/cargo-home" RUSTUP_HOME="/workspace/rustup-home" "/workspace/cargo-home/bin/cargo" "+beta-2024-12-08" "metadata" "--manifest-path" "Cargo.toml" "--no-deps", kill_on_drop: false }`
[INFO] started tweaking git repo https://github.com/famasoon/amsibypass
[INFO] finished tweaking git repo https://github.com/famasoon/amsibypass
[INFO] tweaked toml for git repo https://github.com/famasoon/amsibypass written to /workspace/builds/worker-4-tc2/source/Cargo.toml
[INFO] crate git repo https://github.com/famasoon/amsibypass already has a lockfile, it will not be regenerated
[INFO] running `Command { std: CARGO_HOME="/workspace/cargo-home" RUSTUP_HOME="/workspace/rustup-home" "/workspace/cargo-home/bin/cargo" "+beta-2024-12-08" "fetch" "--manifest-path" "Cargo.toml", kill_on_drop: false }`
[INFO] [stderr]     Blocking waiting for file lock on package cache
[INFO] [stderr]     Updating crates.io index
[INFO] [stderr]     Blocking waiting for file lock on package cache
[INFO] [stderr]  Downloading crates ...
[INFO] [stderr]   Downloaded win32-error v0.9.0
[INFO] running `Command { std: "docker" "create" "-v" "/var/lib/crater-agent-workspace/builds/worker-4-tc2/target:/opt/rustwide/target:rw,Z" "-v" "/var/lib/crater-agent-workspace/builds/worker-4-tc2/source:/opt/rustwide/workdir:ro,Z" "-v" "/var/lib/crater-agent-workspace/cargo-home:/opt/rustwide/cargo-home:ro,Z" "-v" "/var/lib/crater-agent-workspace/rustup-home:/opt/rustwide/rustup-home:ro,Z" "-e" "SOURCE_DIR=/opt/rustwide/workdir" "-e" "CARGO_TARGET_DIR=/opt/rustwide/target" "-e" "CARGO_HOME=/opt/rustwide/cargo-home" "-e" "RUSTUP_HOME=/opt/rustwide/rustup-home" "-w" "/opt/rustwide/workdir" "-m" "1610612736" "--user" "0:0" "--network" "none" "ghcr.io/rust-lang/crates-build-env/linux@sha256:f3a9d4ad9d972b27faf3965f35b62e55ba32bbce8f20bc8fe909558a86702fde" "/opt/rustwide/cargo-home/bin/cargo" "+beta-2024-12-08" "metadata" "--no-deps" "--format-version=1", kill_on_drop: false }`
[INFO] [stdout] f1f35237f07ebee5458c0096c78e21d324ac561122071ddbac11d4e4ca63372d
[INFO] running `Command { std: "docker" "start" "-a" "f1f35237f07ebee5458c0096c78e21d324ac561122071ddbac11d4e4ca63372d", kill_on_drop: false }`
[INFO] running `Command { std: "docker" "inspect" "f1f35237f07ebee5458c0096c78e21d324ac561122071ddbac11d4e4ca63372d", kill_on_drop: false }`
[INFO] running `Command { std: "docker" "rm" "-f" "f1f35237f07ebee5458c0096c78e21d324ac561122071ddbac11d4e4ca63372d", kill_on_drop: false }`
[INFO] [stdout] f1f35237f07ebee5458c0096c78e21d324ac561122071ddbac11d4e4ca63372d
[INFO] running `Command { std: "docker" "create" "-v" "/var/lib/crater-agent-workspace/builds/worker-4-tc2/target:/opt/rustwide/target:rw,Z" "-v" "/var/lib/crater-agent-workspace/builds/worker-4-tc2/source:/opt/rustwide/workdir:ro,Z" "-v" "/var/lib/crater-agent-workspace/cargo-home:/opt/rustwide/cargo-home:ro,Z" "-v" "/var/lib/crater-agent-workspace/rustup-home:/opt/rustwide/rustup-home:ro,Z" "-e" "SOURCE_DIR=/opt/rustwide/workdir" "-e" "CARGO_TARGET_DIR=/opt/rustwide/target" "-e" "CARGO_INCREMENTAL=0" "-e" "RUST_BACKTRACE=full" "-e" "RUSTFLAGS=--cap-lints=warn" "-e" "RUSTDOCFLAGS=--cap-lints=warn" "-e" "CARGO_HOME=/opt/rustwide/cargo-home" "-e" "RUSTUP_HOME=/opt/rustwide/rustup-home" "-w" "/opt/rustwide/workdir" "-m" "1610612736" "--user" "0:0" "--network" "none" "ghcr.io/rust-lang/crates-build-env/linux@sha256:f3a9d4ad9d972b27faf3965f35b62e55ba32bbce8f20bc8fe909558a86702fde" "/opt/rustwide/cargo-home/bin/cargo" "+beta-2024-12-08" "build" "--frozen" "--message-format=json", kill_on_drop: false }`
[INFO] [stdout] d29d03f3d7782c5ea773ff58ef2d925fb870dedf3604b2420c9e9c816bf7cac0
[INFO] running `Command { std: "docker" "start" "-a" "d29d03f3d7782c5ea773ff58ef2d925fb870dedf3604b2420c9e9c816bf7cac0", kill_on_drop: false }`
[INFO] [stderr]    Compiling winapi-build v0.1.1
[INFO] [stderr]    Compiling winapi v0.2.8
[INFO] [stderr]    Compiling winapi v0.3.9
[INFO] [stderr]    Compiling kernel32-sys v0.2.2
[INFO] [stderr]    Compiling win32-error v0.9.0
[INFO] [stdout] error[E0432]: unresolved imports `kernel32::GetLastError`, `kernel32::FormatMessageW`
[INFO] [stdout]  --> /opt/rustwide/cargo-home/registry/src/index.crates.io-6f17d22bba15001f/win32-error-0.9.0/src/lib.rs:9:16
[INFO] [stdout]   |
[INFO] [stdout] 9 | use kernel32::{GetLastError, FormatMessageW};
[INFO] [stdout]   |                ^^^^^^^^^^^^  ^^^^^^^^^^^^^^ no `FormatMessageW` in the root
[INFO] [stdout]   |                |
[INFO] [stdout]   |                no `GetLastError` in the root
[INFO] [stdout] 
[INFO] [stdout] 
[INFO] [stdout] error[E0432]: unresolved import `winapi::FORMAT_MESSAGE_IGNORE_INSERTS`
[INFO] [stdout]   --> /opt/rustwide/cargo-home/registry/src/index.crates.io-6f17d22bba15001f/win32-error-0.9.0/src/lib.rs:11:5
[INFO] [stdout]    |
[INFO] [stdout] 11 | use winapi::FORMAT_MESSAGE_IGNORE_INSERTS;
[INFO] [stdout]    |     ^^^^^^^^^^^^^^^^^^^^^^^^^^^^^^^^^^^^^ no `FORMAT_MESSAGE_IGNORE_INSERTS` in the root
[INFO] [stdout] 
[INFO] [stdout] 
[INFO] [stdout] error[E0432]: unresolved import `winapi::FORMAT_MESSAGE_FROM_SYSTEM`
[INFO] [stdout]   --> /opt/rustwide/cargo-home/registry/src/index.crates.io-6f17d22bba15001f/win32-error-0.9.0/src/lib.rs:12:5
[INFO] [stdout]    |
[INFO] [stdout] 12 | use winapi::FORMAT_MESSAGE_FROM_SYSTEM;
[INFO] [stdout]    |     ^^^^^^^^^^^^^^^^^^^^^^^^^^^^^^^^^^ no `FORMAT_MESSAGE_FROM_SYSTEM` in the root
[INFO] [stdout] 
[INFO] [stdout] 
[INFO] [stdout] error[E0432]: unresolved import `winapi::FORMAT_MESSAGE_ARGUMENT_ARRAY`
[INFO] [stdout]   --> /opt/rustwide/cargo-home/registry/src/index.crates.io-6f17d22bba15001f/win32-error-0.9.0/src/lib.rs:13:5
[INFO] [stdout]    |
[INFO] [stdout] 13 | use winapi::FORMAT_MESSAGE_ARGUMENT_ARRAY;
[INFO] [stdout]    |     ^^^^^^^^^^^^^^^^^^^^^^^^^^^^^^^^^^^^^ no `FORMAT_MESSAGE_ARGUMENT_ARRAY` in the root
[INFO] [stdout] 
[INFO] [stdout] 
[INFO] [stdout] For more information about this error, try `rustc --explain E0432`.
[INFO] [stdout] 
[INFO] [stderr] error: could not compile `win32-error` (lib) due to 4 previous errors
[INFO] [stderr] warning: build failed, waiting for other jobs to finish...
[INFO] running `Command { std: "docker" "inspect" "d29d03f3d7782c5ea773ff58ef2d925fb870dedf3604b2420c9e9c816bf7cac0", kill_on_drop: false }`
[INFO] running `Command { std: "docker" "rm" "-f" "d29d03f3d7782c5ea773ff58ef2d925fb870dedf3604b2420c9e9c816bf7cac0", kill_on_drop: false }`
[INFO] [stdout] d29d03f3d7782c5ea773ff58ef2d925fb870dedf3604b2420c9e9c816bf7cac0
