[INFO] cloning repository https://github.com/demand-open-source/demand-cli
[INFO] running `Command { std: "git" "-c" "credential.helper=" "-c" "credential.helper=/workspace/cargo-home/bin/git-credential-null" "clone" "--bare" "https://github.com/demand-open-source/demand-cli" "/workspace/cache/git-repos/https%3A%2F%2Fgithub.com%2Fdemand-open-source%2Fdemand-cli", kill_on_drop: false }`
[INFO] [stderr] Cloning into bare repository '/workspace/cache/git-repos/https%3A%2F%2Fgithub.com%2Fdemand-open-source%2Fdemand-cli'...
[INFO] running `Command { std: "git" "rev-parse" "HEAD", kill_on_drop: false }`
[INFO] [stdout] 63a3598150d4a6c62fba5d2eaec7e3f6a1b20226
[INFO] testing demand-open-source/demand-cli/63a3598150d4a6c62fba5d2eaec7e3f6a1b20226 against 1.83.0 for beta-1.84.0-4-retry
[INFO] running `Command { std: "git" "clone" "/workspace/cache/git-repos/https%3A%2F%2Fgithub.com%2Fdemand-open-source%2Fdemand-cli" "/workspace/builds/worker-6-tc1/source", kill_on_drop: false }`
[INFO] [stderr] Cloning into '/workspace/builds/worker-6-tc1/source'...
[INFO] [stderr] done.
[INFO] validating manifest of git repo https://github.com/demand-open-source/demand-cli on toolchain 1.83.0
[INFO] running `Command { std: CARGO_HOME="/workspace/cargo-home" RUSTUP_HOME="/workspace/rustup-home" "/workspace/cargo-home/bin/cargo" "+1.83.0" "metadata" "--manifest-path" "Cargo.toml" "--no-deps", kill_on_drop: false }`
[INFO] removed /workspace/builds/worker-6-tc1/source/.cargo/config.toml
[INFO] started tweaking git repo https://github.com/demand-open-source/demand-cli
[INFO] finished tweaking git repo https://github.com/demand-open-source/demand-cli
[INFO] tweaked toml for git repo https://github.com/demand-open-source/demand-cli written to /workspace/builds/worker-6-tc1/source/Cargo.toml
[INFO] crate git repo https://github.com/demand-open-source/demand-cli already has a lockfile, it will not be regenerated
[INFO] running `Command { std: CARGO_HOME="/workspace/cargo-home" RUSTUP_HOME="/workspace/rustup-home" "/workspace/cargo-home/bin/cargo" "+1.83.0" "fetch" "--manifest-path" "Cargo.toml", kill_on_drop: false }`
[INFO] [stderr] warning: unused manifest key: dependencies.binary_sv2.subdirectory
[INFO] [stderr] warning: unused manifest key: dependencies.codec_sv2.subdirectory
[INFO] [stderr] warning: unused manifest key: dependencies.framing_sv2.subdirectory
[INFO] [stderr] warning: unused manifest key: dependencies.noise_sv2.subdirectory
[INFO] [stderr] warning: unused manifest key: dependencies.roles_logic_sv2.subdirectory
[INFO] [stderr] warning: unused manifest key: dependencies.sv1_api.subdirectory
[INFO] [stderr]     Blocking waiting for file lock on package cache
[INFO] [stderr]     Updating git repository `https://github.com/demand-open-source/stratum`
[INFO] [stderr]     Updating git repository `https://github.com/demand-open-source/share-accounting-ext`
[INFO] [stderr]     Updating git repository `https://github.com/demand-open-source/demand-sv2-connection`
[INFO] [stderr]     Updating crates.io index
[INFO] [stderr]     Blocking waiting for file lock on package cache
[INFO] [stderr]  Downloading crates ...
[INFO] [stderr]   Downloaded bitcoin_hashes v0.3.2
[INFO] [stderr]   Downloaded key-utils v1.1.0
[INFO] running `Command { std: "docker" "create" "-v" "/var/lib/crater-agent-workspace/builds/worker-6-tc1/target:/opt/rustwide/target:rw,Z" "-v" "/var/lib/crater-agent-workspace/builds/worker-6-tc1/source:/opt/rustwide/workdir:ro,Z" "-v" "/var/lib/crater-agent-workspace/cargo-home:/opt/rustwide/cargo-home:ro,Z" "-v" "/var/lib/crater-agent-workspace/rustup-home:/opt/rustwide/rustup-home:ro,Z" "-e" "SOURCE_DIR=/opt/rustwide/workdir" "-e" "CARGO_TARGET_DIR=/opt/rustwide/target" "-e" "CARGO_HOME=/opt/rustwide/cargo-home" "-e" "RUSTUP_HOME=/opt/rustwide/rustup-home" "-w" "/opt/rustwide/workdir" "-m" "1610612736" "--user" "0:0" "--network" "none" "ghcr.io/rust-lang/crates-build-env/linux@sha256:f3a9d4ad9d972b27faf3965f35b62e55ba32bbce8f20bc8fe909558a86702fde" "/opt/rustwide/cargo-home/bin/cargo" "+1.83.0" "metadata" "--no-deps" "--format-version=1", kill_on_drop: false }`
[INFO] [stdout] 58089ea42c0a18235486588ccad8b328ca722903ffcfed245229f23553f3c932
[INFO] running `Command { std: "docker" "start" "-a" "58089ea42c0a18235486588ccad8b328ca722903ffcfed245229f23553f3c932", kill_on_drop: false }`
[INFO] running `Command { std: "docker" "inspect" "58089ea42c0a18235486588ccad8b328ca722903ffcfed245229f23553f3c932", kill_on_drop: false }`
[INFO] running `Command { std: "docker" "rm" "-f" "58089ea42c0a18235486588ccad8b328ca722903ffcfed245229f23553f3c932", kill_on_drop: false }`
[INFO] [stdout] 58089ea42c0a18235486588ccad8b328ca722903ffcfed245229f23553f3c932
[INFO] running `Command { std: "docker" "create" "-v" "/var/lib/crater-agent-workspace/builds/worker-6-tc1/target:/opt/rustwide/target:rw,Z" "-v" "/var/lib/crater-agent-workspace/builds/worker-6-tc1/source:/opt/rustwide/workdir:ro,Z" "-v" "/var/lib/crater-agent-workspace/cargo-home:/opt/rustwide/cargo-home:ro,Z" "-v" "/var/lib/crater-agent-workspace/rustup-home:/opt/rustwide/rustup-home:ro,Z" "-e" "SOURCE_DIR=/opt/rustwide/workdir" "-e" "CARGO_TARGET_DIR=/opt/rustwide/target" "-e" "CARGO_INCREMENTAL=0" "-e" "RUST_BACKTRACE=full" "-e" "RUSTFLAGS=--cap-lints=warn" "-e" "RUSTDOCFLAGS=--cap-lints=warn" "-e" "CARGO_HOME=/opt/rustwide/cargo-home" "-e" "RUSTUP_HOME=/opt/rustwide/rustup-home" "-w" "/opt/rustwide/workdir" "-m" "1610612736" "--user" "0:0" "--network" "none" "ghcr.io/rust-lang/crates-build-env/linux@sha256:f3a9d4ad9d972b27faf3965f35b62e55ba32bbce8f20bc8fe909558a86702fde" "/opt/rustwide/cargo-home/bin/cargo" "+1.83.0" "build" "--frozen" "--message-format=json", kill_on_drop: false }`
[INFO] [stdout] d5cc40b02c60f5f3421ea77d9330f82ff822bc861c9b0148e5017b166e5bc0a6
[INFO] running `Command { std: "docker" "start" "-a" "d5cc40b02c60f5f3421ea77d9330f82ff822bc861c9b0148e5017b166e5bc0a6", kill_on_drop: false }`
[INFO] [stderr] warning: unused manifest key: dependencies.binary_sv2.subdirectory
[INFO] [stderr] warning: unused manifest key: dependencies.codec_sv2.subdirectory
[INFO] [stderr] warning: unused manifest key: dependencies.framing_sv2.subdirectory
[INFO] [stderr] warning: unused manifest key: dependencies.noise_sv2.subdirectory
[INFO] [stderr] warning: unused manifest key: dependencies.roles_logic_sv2.subdirectory
[INFO] [stderr] warning: unused manifest key: dependencies.sv1_api.subdirectory
[INFO] [stderr]    Compiling libc v0.2.158
[INFO] [stderr]    Compiling cfg-if v1.0.0
[INFO] [stderr]    Compiling proc-macro2 v1.0.86
[INFO] [stderr]    Compiling unicode-ident v1.0.12
[INFO] [stderr]    Compiling version_check v0.9.5
[INFO] [stderr]    Compiling typenum v1.17.0
[INFO] [stderr]    Compiling cpufeatures v0.2.13
[INFO] [stderr]    Compiling opaque-debug v0.3.1
[INFO] [stderr]    Compiling shlex v1.3.0
[INFO] [stderr]    Compiling zeroize v1.8.1
[INFO] [stderr]    Compiling subtle v2.6.1
[INFO] [stderr]    Compiling once_cell v1.19.0
[INFO] [stderr]    Compiling pin-project-lite v0.2.14
[INFO] [stderr]    Compiling byteorder v1.5.0
[INFO] [stderr]    Compiling autocfg v1.3.0
[INFO] [stderr]    Compiling binary_codec_sv2 v1.2.0 (https://github.com/demand-open-source/stratum?branch=ImproveCoinbase#0a6f3d72)
[INFO] [stderr]    Compiling bitcoin-internals v0.2.0
[INFO] [stderr]    Compiling serde v1.0.209
[INFO] [stderr]    Compiling const_sv2 v2.1.0 (https://github.com/demand-open-source/stratum?branch=ImproveCoinbase#0a6f3d72)
[INFO] [stderr]    Compiling hex-conservative v0.1.2
[INFO] [stderr]    Compiling parking_lot_core v0.9.10
[INFO] [stderr]    Compiling cc v1.1.16
[INFO] [stderr]    Compiling tracing-core v0.1.32
[INFO] [stderr]    Compiling smallvec v1.13.2
[INFO] [stderr]    Compiling futures-sink v0.3.30
[INFO] [stderr]    Compiling memchr v2.7.4
[INFO] [stderr]    Compiling futures-core v0.3.30
[INFO] [stderr]    Compiling scopeguard v1.2.0
[INFO] [stderr]    Compiling bech32 v0.9.1
[INFO] [stderr]    Compiling futures-channel v0.3.30
[INFO] [stderr]    Compiling generic-array v0.14.7
[INFO] [stderr]    Compiling pin-utils v0.1.0
[INFO] [stderr]    Compiling futures-io v0.3.30
[INFO] [stderr]    Compiling futures-task v0.3.30
[INFO] [stderr]    Compiling lock_api v0.4.12
[INFO] [stderr]    Compiling slab v0.4.9
[INFO] [stderr]    Compiling crossbeam-utils v0.8.20
[INFO] [stderr]    Compiling bytes v1.7.1
[INFO] [stderr]    Compiling serde_json v1.0.127
[INFO] [stderr]    Compiling ryu v1.0.18
[INFO] [stderr]    Compiling nohash-hasher v0.2.0
[INFO] [stderr]    Compiling quote v1.0.37
[INFO] [stderr]    Compiling log v0.4.22
[INFO] [stderr]    Compiling itoa v1.0.11
[INFO] [stderr]    Compiling bitcoin_hashes v0.13.0
[INFO] [stderr]    Compiling lazy_static v1.5.0
[INFO] [stderr]    Compiling overload v0.1.1
[INFO] [stderr]    Compiling syn v2.0.77
[INFO] [stderr]    Compiling siphasher v1.0.1
[INFO] [stderr]    Compiling sharded-slab v0.1.7
[INFO] [stderr]    Compiling tracing-log v0.2.0
[INFO] [stderr]    Compiling nu-ansi-term v0.46.0
[INFO] [stderr]    Compiling bitcoin_hashes v0.3.2
[INFO] [stderr]    Compiling thread_local v1.1.8
[INFO] [stderr]    Compiling hashbrown v0.14.5
[INFO] [stderr]    Compiling hex v0.4.3
[INFO] [stderr]    Compiling derive_codec_sv2 v1.1.0 (https://github.com/demand-open-source/stratum?branch=ImproveCoinbase#0a6f3d72)
[INFO] [stderr]    Compiling getrandom v0.2.15
[INFO] [stderr]    Compiling mio v1.0.2
[INFO] [stderr]    Compiling signal-hook-registry v1.4.2
[INFO] [stderr]    Compiling socket2 v0.5.7
[INFO] [stderr]    Compiling rand_core v0.6.4
[INFO] [stderr]    Compiling parking_lot v0.12.3
[INFO] [stderr]    Compiling secp256k1-sys v0.9.2
[INFO] [stderr]    Compiling secp256k1-sys v0.6.1
[INFO] [stderr]    Compiling jemalloc-sys v0.5.4+5.3.0-patched
[INFO] [stderr]    Compiling tracing-subscriber v0.3.18
[INFO] [stderr]    Compiling dashmap v6.1.0
[INFO] [stderr]    Compiling crypto-common v0.1.6
[INFO] [stderr]    Compiling inout v0.1.3
[INFO] [stderr]    Compiling block-buffer v0.9.0
[INFO] [stderr]    Compiling digest v0.9.0
[INFO] [stderr]    Compiling universal-hash v0.5.1
[INFO] [stderr]    Compiling aead v0.5.2
[INFO] [stderr]    Compiling sha2 v0.9.9
[INFO] [stderr]    Compiling polyval v0.6.2
[INFO] [stderr]    Compiling poly1305 v0.8.0
[INFO] [stderr]    Compiling cipher v0.4.4
[INFO] [stderr]    Compiling ghash v0.5.1
[INFO] [stderr]    Compiling bs58 v0.4.0
[INFO] [stderr]    Compiling ctr v0.9.2
[INFO] [stderr]    Compiling aes v0.8.4
[INFO] [stderr]    Compiling chacha20 v0.9.1
[INFO] [stderr]    Compiling chacha20poly1305 v0.10.1
[INFO] [stderr]    Compiling aes-gcm v0.10.3
[INFO] [stderr]    Compiling buffer_sv2 v1.1.0 (https://github.com/demand-open-source/stratum?branch=ImproveCoinbase#0a6f3d72)
[INFO] [stderr]    Compiling zerocopy-derive v0.7.35
[INFO] [stderr]    Compiling tracing-attributes v0.1.27
[INFO] [stderr]    Compiling serde_derive v1.0.209
[INFO] [stderr]    Compiling futures-macro v0.3.30
[INFO] [stderr]    Compiling tokio-macros v2.4.0
[INFO] [stderr]    Compiling async-recursion v1.1.1
[INFO] [stderr]    Compiling tokio v1.40.0
[INFO] [stderr]    Compiling futures-util v0.3.30
[INFO] [stderr]    Compiling zerocopy v0.7.35
[INFO] [stderr]    Compiling tracing v0.1.40
[INFO] [stderr]    Compiling binary_sv2 v1.2.0 (https://github.com/demand-open-source/stratum?branch=ImproveCoinbase#0a6f3d72)
[INFO] [stderr]    Compiling framing_sv2 v2.0.0 (https://github.com/demand-open-source/stratum?branch=ImproveCoinbase#0a6f3d72)
[INFO] [stderr]    Compiling template_distribution_sv2 v1.0.2 (https://github.com/demand-open-source/stratum?branch=ImproveCoinbase#0a6f3d72)
[INFO] [stderr]    Compiling job_declaration_sv2 v1.0.0 (https://github.com/demand-open-source/stratum?branch=ImproveCoinbase#0a6f3d72)
[INFO] [stderr]    Compiling mining_sv2 v2.0.0 (https://github.com/demand-open-source/stratum?branch=ImproveCoinbase#0a6f3d72)
[INFO] [stderr]    Compiling common_messages_sv2 v2.0.0 (https://github.com/demand-open-source/stratum?branch=ImproveCoinbase#0a6f3d72)
[INFO] [stderr]    Compiling ppv-lite86 v0.2.20
[INFO] [stderr]    Compiling rand_chacha v0.3.1
[INFO] [stderr]    Compiling rand v0.8.5
[INFO] [stderr]    Compiling futures-executor v0.3.30
[INFO] [stderr]    Compiling futures v0.3.30
[INFO] [stderr]    Compiling secp256k1 v0.28.2
[INFO] [stderr]    Compiling noise_sv2 v1.2.0 (https://github.com/demand-open-source/stratum?branch=ImproveCoinbase#0a6f3d72)
[INFO] [stderr]    Compiling codec_sv2 v1.3.0 (https://github.com/demand-open-source/stratum?branch=ImproveCoinbase#0a6f3d72)
[INFO] [stderr]    Compiling bitcoin_hashes v0.11.0
[INFO] [stderr]    Compiling key-utils v1.1.0
[INFO] [stderr]    Compiling demand-sv2-connection v0.0.6 (https://github.com/demand-open-source/demand-sv2-connection#6fdcaa78)
[INFO] [stderr]    Compiling tokio-util v0.7.11
[INFO] [stderr]    Compiling sv1_api v1.0.1 (https://github.com/demand-open-source/stratum?branch=ImproveCoinbase#0a6f3d72)
[INFO] [stderr]    Compiling secp256k1 v0.24.3
[INFO] [stderr]    Compiling bitcoin v0.29.2
[INFO] [stderr]    Compiling stratum-common v1.0.0 (https://github.com/demand-open-source/stratum?branch=ImproveCoinbase#0a6f3d72)
[INFO] [stderr]    Compiling roles_logic_sv2 v2.0.0 (https://github.com/demand-open-source/stratum?branch=ImproveCoinbase#0a6f3d72)
[INFO] [stderr]    Compiling demand-share-accounting-ext v0.0.12 (https://github.com/demand-open-source/share-accounting-ext#9cad26c3)
[INFO] [stderr]    Compiling jemallocator v0.5.4
[INFO] [stderr]    Compiling demand-cli v0.1.0 (/opt/rustwide/workdir)
[INFO] [stderr]     Finished `dev` profile [unoptimized + debuginfo] target(s) in 1m 59s
[INFO] running `Command { std: "docker" "inspect" "d5cc40b02c60f5f3421ea77d9330f82ff822bc861c9b0148e5017b166e5bc0a6", kill_on_drop: false }`
[INFO] running `Command { std: "docker" "rm" "-f" "d5cc40b02c60f5f3421ea77d9330f82ff822bc861c9b0148e5017b166e5bc0a6", kill_on_drop: false }`
[INFO] [stdout] d5cc40b02c60f5f3421ea77d9330f82ff822bc861c9b0148e5017b166e5bc0a6
[INFO] running `Command { std: "docker" "create" "-v" "/var/lib/crater-agent-workspace/builds/worker-6-tc1/target:/opt/rustwide/target:rw,Z" "-v" "/var/lib/crater-agent-workspace/builds/worker-6-tc1/source:/opt/rustwide/workdir:ro,Z" "-v" "/var/lib/crater-agent-workspace/cargo-home:/opt/rustwide/cargo-home:ro,Z" "-v" "/var/lib/crater-agent-workspace/rustup-home:/opt/rustwide/rustup-home:ro,Z" "-e" "SOURCE_DIR=/opt/rustwide/workdir" "-e" "CARGO_TARGET_DIR=/opt/rustwide/target" "-e" "CARGO_INCREMENTAL=0" "-e" "RUST_BACKTRACE=full" "-e" "RUSTFLAGS=--cap-lints=warn" "-e" "RUSTDOCFLAGS=--cap-lints=warn" "-e" "CARGO_HOME=/opt/rustwide/cargo-home" "-e" "RUSTUP_HOME=/opt/rustwide/rustup-home" "-w" "/opt/rustwide/workdir" "-m" "1610612736" "--user" "0:0" "--network" "none" "ghcr.io/rust-lang/crates-build-env/linux@sha256:f3a9d4ad9d972b27faf3965f35b62e55ba32bbce8f20bc8fe909558a86702fde" "/opt/rustwide/cargo-home/bin/cargo" "+1.83.0" "test" "--frozen" "--no-run" "--message-format=json", kill_on_drop: false }`
[INFO] [stdout] 5b7abd521a25554f653e6bc3cb441921cee551937da4e288ef6827ff5600e04e
[INFO] running `Command { std: "docker" "start" "-a" "5b7abd521a25554f653e6bc3cb441921cee551937da4e288ef6827ff5600e04e", kill_on_drop: false }`
[INFO] [stderr] warning: unused manifest key: dependencies.binary_sv2.subdirectory
[INFO] [stderr] warning: unused manifest key: dependencies.codec_sv2.subdirectory
[INFO] [stderr] warning: unused manifest key: dependencies.framing_sv2.subdirectory
[INFO] [stderr] warning: unused manifest key: dependencies.noise_sv2.subdirectory
[INFO] [stderr] warning: unused manifest key: dependencies.roles_logic_sv2.subdirectory
[INFO] [stderr] warning: unused manifest key: dependencies.sv1_api.subdirectory
[INFO] [stderr]    Compiling cfg-if v1.0.0
[INFO] [stderr]    Compiling cpufeatures v0.2.13
[INFO] [stderr]    Compiling opaque-debug v0.3.1
[INFO] [stderr]    Compiling subtle v2.6.1
[INFO] [stderr]    Compiling zeroize v1.8.1
[INFO] [stderr]    Compiling pin-project-lite v0.2.14
[INFO] [stderr]    Compiling once_cell v1.19.0
[INFO] [stderr]    Compiling byteorder v1.5.0
[INFO] [stderr]    Compiling libc v0.2.158
[INFO] [stderr]    Compiling typenum v1.17.0
[INFO] [stderr]    Compiling const_sv2 v2.1.0 (https://github.com/demand-open-source/stratum?branch=ImproveCoinbase#0a6f3d72)
[INFO] [stderr]    Compiling bitcoin-internals v0.2.0
[INFO] [stderr]    Compiling hex-conservative v0.1.2
[INFO] [stderr]    Compiling secp256k1-sys v0.9.2
[INFO] [stderr]    Compiling serde v1.0.209
[INFO] [stderr]    Compiling smallvec v1.13.2
[INFO] [stderr]    Compiling futures-sink v0.3.30
[INFO] [stderr]    Compiling memchr v2.7.4
[INFO] [stderr]    Compiling scopeguard v1.2.0
[INFO] [stderr]    Compiling futures-core v0.3.30
[INFO] [stderr]    Compiling lock_api v0.4.12
[INFO] [stderr]    Compiling secp256k1-sys v0.6.1
[INFO] [stderr]    Compiling tracing-core v0.1.32
[INFO] [stderr]    Compiling slab v0.4.9
[INFO] [stderr]    Compiling zerocopy v0.7.35
[INFO] [stderr]    Compiling futures-channel v0.3.30
[INFO] [stderr]    Compiling bech32 v0.9.1
[INFO] [stderr]    Compiling pin-utils v0.1.0
[INFO] [stderr]    Compiling futures-io v0.3.30
[INFO] [stderr]    Compiling futures-task v0.3.30
[INFO] [stderr]    Compiling bytes v1.7.1
[INFO] [stderr]    Compiling bitcoin_hashes v0.13.0
[INFO] [stderr]    Compiling log v0.4.22
[INFO] [stderr]    Compiling nohash-hasher v0.2.0
[INFO] [stderr]    Compiling siphasher v1.0.1
[INFO] [stderr]    Compiling itoa v1.0.11
[INFO] [stderr]    Compiling tracing v0.1.40
[INFO] [stderr]    Compiling futures-util v0.3.30
[INFO] [stderr]    Compiling ryu v1.0.18
[INFO] [stderr]    Compiling lazy_static v1.5.0
[INFO] [stderr]    Compiling overload v0.1.1
[INFO] [stderr]    Compiling crossbeam-utils v0.8.20
[INFO] [stderr]    Compiling tracing-log v0.2.0
[INFO] [stderr]    Compiling sharded-slab v0.1.7
[INFO] [stderr]    Compiling nu-ansi-term v0.46.0
[INFO] [stderr]    Compiling getrandom v0.2.15
[INFO] [stderr]    Compiling rand_core v0.6.4
[INFO] [stderr]    Compiling generic-array v0.14.7
[INFO] [stderr]    Compiling parking_lot_core v0.9.10
[INFO] [stderr]    Compiling mio v1.0.2
[INFO] [stderr]    Compiling socket2 v0.5.7
[INFO] [stderr]    Compiling signal-hook-registry v1.4.2
[INFO] [stderr]    Compiling jemalloc-sys v0.5.4+5.3.0-patched
[INFO] [stderr]    Compiling ppv-lite86 v0.2.20
[INFO] [stderr]    Compiling bitcoin_hashes v0.3.2
[INFO] [stderr]    Compiling thread_local v1.1.8
[INFO] [stderr]    Compiling hashbrown v0.14.5
[INFO] [stderr]    Compiling parking_lot v0.12.3
[INFO] [stderr]    Compiling crypto-common v0.1.6
[INFO] [stderr]    Compiling inout v0.1.3
[INFO] [stderr]    Compiling universal-hash v0.5.1
[INFO] [stderr]    Compiling aead v0.5.2
[INFO] [stderr]    Compiling digest v0.9.0
[INFO] [stderr]    Compiling cipher v0.4.4
[INFO] [stderr]    Compiling polyval v0.6.2
[INFO] [stderr]    Compiling poly1305 v0.8.0
[INFO] [stderr]    Compiling block-buffer v0.9.0
[INFO] [stderr]    Compiling block-buffer v0.10.4
[INFO] [stderr]    Compiling hex v0.4.3
[INFO] [stderr]    Compiling tracing-subscriber v0.3.18
[INFO] [stderr]    Compiling sha2 v0.9.9
[INFO] [stderr]    Compiling rand_chacha v0.3.1
[INFO] [stderr]    Compiling ghash v0.5.1
[INFO] [stderr]    Compiling tokio v1.40.0
[INFO] [stderr]    Compiling digest v0.10.7
[INFO] [stderr]    Compiling aes v0.8.4
[INFO] [stderr]    Compiling ctr v0.9.2
[INFO] [stderr]    Compiling chacha20 v0.9.1
[INFO] [stderr]    Compiling dashmap v6.1.0
[INFO] [stderr]    Compiling jemallocator v0.5.4
[INFO] [stderr]    Compiling rand v0.8.5
[INFO] [stderr]    Compiling sha2 v0.10.8
[INFO] [stderr]    Compiling chacha20poly1305 v0.10.1
[INFO] [stderr]    Compiling bs58 v0.4.0
[INFO] [stderr]    Compiling secp256k1 v0.28.2
[INFO] [stderr]    Compiling aes-gcm v0.10.3
[INFO] [stderr]    Compiling buffer_sv2 v1.1.0 (https://github.com/demand-open-source/stratum?branch=ImproveCoinbase#0a6f3d72)
[INFO] [stderr]    Compiling noise_sv2 v1.2.0 (https://github.com/demand-open-source/stratum?branch=ImproveCoinbase#0a6f3d72)
[INFO] [stderr]    Compiling binary_codec_sv2 v1.2.0 (https://github.com/demand-open-source/stratum?branch=ImproveCoinbase#0a6f3d72)
[INFO] [stderr]    Compiling bitcoin_hashes v0.11.0
[INFO] [stderr]    Compiling serde_json v1.0.127
[INFO] [stderr]    Compiling key-utils v1.1.0
[INFO] [stderr]    Compiling binary_sv2 v1.2.0 (https://github.com/demand-open-source/stratum?branch=ImproveCoinbase#0a6f3d72)
[INFO] [stderr]    Compiling framing_sv2 v2.0.0 (https://github.com/demand-open-source/stratum?branch=ImproveCoinbase#0a6f3d72)
[INFO] [stderr]    Compiling job_declaration_sv2 v1.0.0 (https://github.com/demand-open-source/stratum?branch=ImproveCoinbase#0a6f3d72)
[INFO] [stderr]    Compiling common_messages_sv2 v2.0.0 (https://github.com/demand-open-source/stratum?branch=ImproveCoinbase#0a6f3d72)
[INFO] [stderr]    Compiling mining_sv2 v2.0.0 (https://github.com/demand-open-source/stratum?branch=ImproveCoinbase#0a6f3d72)
[INFO] [stderr]    Compiling template_distribution_sv2 v1.0.2 (https://github.com/demand-open-source/stratum?branch=ImproveCoinbase#0a6f3d72)
[INFO] [stderr]    Compiling futures-executor v0.3.30
[INFO] [stderr]    Compiling codec_sv2 v1.3.0 (https://github.com/demand-open-source/stratum?branch=ImproveCoinbase#0a6f3d72)
[INFO] [stderr]    Compiling futures v0.3.30
[INFO] [stderr]    Compiling secp256k1 v0.24.3
[INFO] [stderr]    Compiling bitcoin v0.29.2
[INFO] [stderr]    Compiling sv1_api v1.0.1 (https://github.com/demand-open-source/stratum?branch=ImproveCoinbase#0a6f3d72)
[INFO] [stderr]    Compiling tokio-util v0.7.11
[INFO] [stderr]    Compiling demand-sv2-connection v0.0.6 (https://github.com/demand-open-source/demand-sv2-connection#6fdcaa78)
[INFO] [stderr]    Compiling stratum-common v1.0.0 (https://github.com/demand-open-source/stratum?branch=ImproveCoinbase#0a6f3d72)
[INFO] [stderr]    Compiling roles_logic_sv2 v2.0.0 (https://github.com/demand-open-source/stratum?branch=ImproveCoinbase#0a6f3d72)
[INFO] [stderr]    Compiling demand-share-accounting-ext v0.0.12 (https://github.com/demand-open-source/share-accounting-ext#9cad26c3)
[INFO] [stderr]    Compiling demand-cli v0.1.0 (/opt/rustwide/workdir)
[INFO] [stderr]     Finished `test` profile [unoptimized + debuginfo] target(s) in 32.25s
[INFO] running `Command { std: "docker" "inspect" "5b7abd521a25554f653e6bc3cb441921cee551937da4e288ef6827ff5600e04e", kill_on_drop: false }`
[INFO] running `Command { std: "docker" "rm" "-f" "5b7abd521a25554f653e6bc3cb441921cee551937da4e288ef6827ff5600e04e", kill_on_drop: false }`
[INFO] [stdout] 5b7abd521a25554f653e6bc3cb441921cee551937da4e288ef6827ff5600e04e
[INFO] running `Command { std: "docker" "create" "-v" "/var/lib/crater-agent-workspace/builds/worker-6-tc1/target:/opt/rustwide/target:rw,Z" "-v" "/var/lib/crater-agent-workspace/builds/worker-6-tc1/source:/opt/rustwide/workdir:ro,Z" "-v" "/var/lib/crater-agent-workspace/cargo-home:/opt/rustwide/cargo-home:ro,Z" "-v" "/var/lib/crater-agent-workspace/rustup-home:/opt/rustwide/rustup-home:ro,Z" "-e" "SOURCE_DIR=/opt/rustwide/workdir" "-e" "CARGO_TARGET_DIR=/opt/rustwide/target" "-e" "CARGO_INCREMENTAL=0" "-e" "RUST_BACKTRACE=full" "-e" "RUSTFLAGS=--cap-lints=warn" "-e" "RUSTDOCFLAGS=--cap-lints=warn" "-e" "CARGO_HOME=/opt/rustwide/cargo-home" "-e" "RUSTUP_HOME=/opt/rustwide/rustup-home" "-w" "/opt/rustwide/workdir" "-m" "1610612736" "--user" "0:0" "--network" "none" "ghcr.io/rust-lang/crates-build-env/linux@sha256:f3a9d4ad9d972b27faf3965f35b62e55ba32bbce8f20bc8fe909558a86702fde" "/opt/rustwide/cargo-home/bin/cargo" "+1.83.0" "test" "--frozen", kill_on_drop: false }`
[INFO] [stdout] ff83fc3a757cc56a5b73d79672b748d111abf4ed0ac8f0e186ef1ba493414091
[INFO] running `Command { std: "docker" "start" "-a" "ff83fc3a757cc56a5b73d79672b748d111abf4ed0ac8f0e186ef1ba493414091", kill_on_drop: false }`
[INFO] [stderr] warning: unused manifest key: dependencies.binary_sv2.subdirectory
[INFO] [stderr] warning: unused manifest key: dependencies.codec_sv2.subdirectory
[INFO] [stderr] warning: unused manifest key: dependencies.framing_sv2.subdirectory
[INFO] [stderr] warning: unused manifest key: dependencies.noise_sv2.subdirectory
[INFO] [stderr] warning: unused manifest key: dependencies.roles_logic_sv2.subdirectory
[INFO] [stderr] warning: unused manifest key: dependencies.sv1_api.subdirectory
[INFO] [stderr]     Finished `test` profile [unoptimized + debuginfo] target(s) in 0.17s
[INFO] [stderr]      Running unittests src/main.rs (/opt/rustwide/target/debug/deps/demand_cli-92199b2019c5bf76)
[INFO] [stdout] 
[INFO] [stdout] running 4 tests
[INFO] [stdout] test translator::proxy::bridge::test::test_version_bits_insert ... ok
[INFO] [stdout] test translator::downstream::diff_management::test::test_converge_to_spm_from_low ... ok
[INFO] [stdout] test translator::downstream::diff_management::test::test_converge_to_spm_from_high ... ok
[INFO] [stdout] test translator::downstream::diff_management::test::test_diff_management ... FAILED
[INFO] [stdout] 
[INFO] [stdout] failures:
[INFO] [stdout] 
[INFO] [stdout] ---- translator::downstream::diff_management::test::test_diff_management stdout ----
[INFO] [stdout] [src/translator/downstream/diff_management.rs:348:40] measure_hashrate(10) = 58751.03102022523
[INFO] [stdout] [src/translator/downstream/diff_management.rs:373:14] calculated_share_per_min = 1155.9276
[INFO] [stdout] [src/translator/downstream/diff_management.rs:373:47] expected_shares_per_minute as f32 = 1000.0
[INFO] [stdout] [src/translator/downstream/diff_management.rs:375:13] error = 155.92761
[INFO] [stdout] thread 'translator::downstream::diff_management::test::test_diff_management' panicked at src/translator/downstream/diff_management.rs:374:9:
[INFO] [stdout] Calculated shares per minute are outside the 99% confidence interval. Error: 155.92761, Error margin: 81.46027252593746, 1155.9276
[INFO] [stdout] stack backtrace:
[INFO] [stdout]    0:     0x650a3edacaaa - std::backtrace_rs::backtrace::libunwind::trace::h5a5b8284f2d0c266
[INFO] [stdout]                                at /rustc/90b35a6239c3d8bdabc530a6a0816f7ff89a0aaf/library/std/src/../../backtrace/src/backtrace/libunwind.rs:116:5
[INFO] [stdout]    1:     0x650a3edacaaa - std::backtrace_rs::backtrace::trace_unsynchronized::h76d4f1c9b0b875e3
[INFO] [stdout]                                at /rustc/90b35a6239c3d8bdabc530a6a0816f7ff89a0aaf/library/std/src/../../backtrace/src/backtrace/mod.rs:66:5
[INFO] [stdout]    2:     0x650a3edacaaa - std::sys::backtrace::_print_fmt::hc4546b8364a537c6
[INFO] [stdout]                                at /rustc/90b35a6239c3d8bdabc530a6a0816f7ff89a0aaf/library/std/src/sys/backtrace.rs:66:9
[INFO] [stdout]    3:     0x650a3edacaaa - <std::sys::backtrace::BacktraceLock::print::DisplayBacktrace as core::fmt::Display>::fmt::h5b6bd5631a6d1f6b
[INFO] [stdout]                                at /rustc/90b35a6239c3d8bdabc530a6a0816f7ff89a0aaf/library/std/src/sys/backtrace.rs:39:26
[INFO] [stdout]    4:     0x650a3edd31a3 - core::fmt::rt::Argument::fmt::h270f6602a2b96f62
[INFO] [stdout]                                at /rustc/90b35a6239c3d8bdabc530a6a0816f7ff89a0aaf/library/core/src/fmt/rt.rs:177:76
[INFO] [stdout]    5:     0x650a3edd31a3 - core::fmt::write::h7550c97b06c86515
[INFO] [stdout]                                at /rustc/90b35a6239c3d8bdabc530a6a0816f7ff89a0aaf/library/core/src/fmt/mod.rs:1186:21
[INFO] [stdout]    6:     0x650a3eda9a93 - std::io::Write::write_fmt::h509ff860e5956e5e
[INFO] [stdout]                                at /rustc/90b35a6239c3d8bdabc530a6a0816f7ff89a0aaf/library/std/src/io/mod.rs:1839:15
[INFO] [stdout]    7:     0x650a3edac8f2 - std::sys::backtrace::BacktraceLock::print::h2395ccd2c84ba3aa
[INFO] [stdout]                                at /rustc/90b35a6239c3d8bdabc530a6a0816f7ff89a0aaf/library/std/src/sys/backtrace.rs:42:9
[INFO] [stdout]    8:     0x650a3edadd5a - std::panicking::default_hook::{{closure}}::he19d4c7230e07961
[INFO] [stdout]                                at /rustc/90b35a6239c3d8bdabc530a6a0816f7ff89a0aaf/library/std/src/panicking.rs:268:22
[INFO] [stdout]    9:     0x650a3edadb64 - std::panicking::default_hook::hf614597d3c67bbdb
[INFO] [stdout]                                at /rustc/90b35a6239c3d8bdabc530a6a0816f7ff89a0aaf/library/std/src/panicking.rs:292:9
[INFO] [stdout]   10:     0x650a3e912379 - <alloc::boxed::Box<F,A> as core::ops::function::Fn<Args>>::call::h39b51ce4599c23d1
[INFO] [stdout]                                at /rustc/90b35a6239c3d8bdabc530a6a0816f7ff89a0aaf/library/alloc/src/boxed.rs:2468:9
[INFO] [stdout]   11:     0x650a3e912379 - test::test_main::{{closure}}::he977ae839a582784
[INFO] [stdout]                                at /rustc/90b35a6239c3d8bdabc530a6a0816f7ff89a0aaf/library/test/src/lib.rs:133:21
[INFO] [stdout]   12:     0x650a3edae3f8 - <alloc::boxed::Box<F,A> as core::ops::function::Fn<Args>>::call::h9455091b6b06f9fb
[INFO] [stdout]                                at /rustc/90b35a6239c3d8bdabc530a6a0816f7ff89a0aaf/library/alloc/src/boxed.rs:2468:9
[INFO] [stdout]   13:     0x650a3edae3f8 - std::panicking::rust_panic_with_hook::h8942133a8b252070
[INFO] [stdout]                                at /rustc/90b35a6239c3d8bdabc530a6a0816f7ff89a0aaf/library/std/src/panicking.rs:809:13
[INFO] [stdout]   14:     0x650a3edae1ba - std::panicking::begin_panic_handler::{{closure}}::hb5f5963570096b29
[INFO] [stdout]                                at /rustc/90b35a6239c3d8bdabc530a6a0816f7ff89a0aaf/library/std/src/panicking.rs:674:13
[INFO] [stdout]   15:     0x650a3edacf89 - std::sys::backtrace::__rust_end_short_backtrace::h6208cedc1922feda
[INFO] [stdout]                                at /rustc/90b35a6239c3d8bdabc530a6a0816f7ff89a0aaf/library/std/src/sys/backtrace.rs:170:18
[INFO] [stdout]   16:     0x650a3edade4c - rust_begin_unwind
[INFO] [stdout]                                at /rustc/90b35a6239c3d8bdabc530a6a0816f7ff89a0aaf/library/std/src/panicking.rs:665:5
[INFO] [stdout]   17:     0x650a3e8a8360 - core::panicking::panic_fmt::h0c3082644d1bf418
[INFO] [stdout]                                at /rustc/90b35a6239c3d8bdabc530a6a0816f7ff89a0aaf/library/core/src/panicking.rs:74:14
[INFO] [stdout]   18:     0x650a3e8c165b - demand_cli::translator::downstream::diff_management::test::test_diff_management::ha5f1178eb86f8071
[INFO] [stdout]                                at /opt/rustwide/workdir/src/translator/downstream/diff_management.rs:374:9
[INFO] [stdout]   19:     0x650a3e8c0947 - demand_cli::translator::downstream::diff_management::test::test_diff_management::{{closure}}::h649482a454ea76f7
[INFO] [stdout]                                at /opt/rustwide/workdir/src/translator/downstream/diff_management.rs:345:30
[INFO] [stdout]   20:     0x650a3e8a8f86 - core::ops::function::FnOnce::call_once::h474759612d4f1e13
[INFO] [stdout]                                at /rustc/90b35a6239c3d8bdabc530a6a0816f7ff89a0aaf/library/core/src/ops/function.rs:250:5
[INFO] [stdout]   21:     0x650a3e916d3b - core::ops::function::FnOnce::call_once::h109cf8051a59b34e
[INFO] [stdout]                                at /rustc/90b35a6239c3d8bdabc530a6a0816f7ff89a0aaf/library/core/src/ops/function.rs:250:5
[INFO] [stdout]   22:     0x650a3e916d3b - test::__rust_begin_short_backtrace::hf4fff89d377446ba
[INFO] [stdout]                                at /rustc/90b35a6239c3d8bdabc530a6a0816f7ff89a0aaf/library/test/src/lib.rs:621:18
[INFO] [stdout]   23:     0x650a3e916577 - test::run_test_in_process::{{closure}}::h0e39181dd7ee5a43
[INFO] [stdout]                                at /rustc/90b35a6239c3d8bdabc530a6a0816f7ff89a0aaf/library/test/src/lib.rs:644:60
[INFO] [stdout]   24:     0x650a3e916577 - <core::panic::unwind_safe::AssertUnwindSafe<F> as core::ops::function::FnOnce<()>>::call_once::hc5a66a30f0bdfd1f
[INFO] [stdout]                                at /rustc/90b35a6239c3d8bdabc530a6a0816f7ff89a0aaf/library/core/src/panic/unwind_safe.rs:272:9
[INFO] [stdout]   25:     0x650a3e916577 - std::panicking::try::do_call::h873b7cf639554a5e
[INFO] [stdout]                                at /rustc/90b35a6239c3d8bdabc530a6a0816f7ff89a0aaf/library/std/src/panicking.rs:557:40
[INFO] [stdout]   26:     0x650a3e916577 - std::panicking::try::hdb19862fad9c8bd1
[INFO] [stdout]                                at /rustc/90b35a6239c3d8bdabc530a6a0816f7ff89a0aaf/library/std/src/panicking.rs:520:19
[INFO] [stdout]   27:     0x650a3e916577 - std::panic::catch_unwind::h281fe732d236d260
[INFO] [stdout]                                at /rustc/90b35a6239c3d8bdabc530a6a0816f7ff89a0aaf/library/std/src/panic.rs:358:14
[INFO] [stdout]   28:     0x650a3e916577 - test::run_test_in_process::h949b6df8457ed338
[INFO] [stdout]                                at /rustc/90b35a6239c3d8bdabc530a6a0816f7ff89a0aaf/library/test/src/lib.rs:644:27
[INFO] [stdout]   29:     0x650a3e916577 - test::run_test::{{closure}}::h52c556a6d4740e10
[INFO] [stdout]                                at /rustc/90b35a6239c3d8bdabc530a6a0816f7ff89a0aaf/library/test/src/lib.rs:565:43
[INFO] [stdout]   30:     0x650a3e8db854 - test::run_test::{{closure}}::h4237f6381c45ccb9
[INFO] [stdout]                                at /rustc/90b35a6239c3d8bdabc530a6a0816f7ff89a0aaf/library/test/src/lib.rs:595:41
[INFO] [stdout]   31:     0x650a3e8db854 - std::sys::backtrace::__rust_begin_short_backtrace::h505c97a579eca628
[INFO] [stdout]                                at /rustc/90b35a6239c3d8bdabc530a6a0816f7ff89a0aaf/library/std/src/sys/backtrace.rs:154:18
[INFO] [stdout]   32:     0x650a3e8def1e - std::thread::Builder::spawn_unchecked_::{{closure}}::{{closure}}::h9e86b2e2bc107ea3
[INFO] [stdout]                                at /rustc/90b35a6239c3d8bdabc530a6a0816f7ff89a0aaf/library/std/src/thread/mod.rs:538:17
[INFO] [stdout]   33:     0x650a3e8def1e - <core::panic::unwind_safe::AssertUnwindSafe<F> as core::ops::function::FnOnce<()>>::call_once::h8b06ddb275ff4a25
[INFO] [stdout]                                at /rustc/90b35a6239c3d8bdabc530a6a0816f7ff89a0aaf/library/core/src/panic/unwind_safe.rs:272:9
[INFO] [stdout]   34:     0x650a3e8def1e - std::panicking::try::do_call::hb26ecd7cd9a9355d
[INFO] [stdout]                                at /rustc/90b35a6239c3d8bdabc530a6a0816f7ff89a0aaf/library/std/src/panicking.rs:557:40
[INFO] [stdout]   35:     0x650a3e8def1e - std::panicking::try::h8ddeca9d705f9069
[INFO] [stdout]                                at /rustc/90b35a6239c3d8bdabc530a6a0816f7ff89a0aaf/library/std/src/panicking.rs:520:19
[INFO] [stdout]   36:     0x650a3e8def1e - std::panic::catch_unwind::h49e1c33078844c46
[INFO] [stdout]                                at /rustc/90b35a6239c3d8bdabc530a6a0816f7ff89a0aaf/library/std/src/panic.rs:358:14
[INFO] [stdout]   37:     0x650a3e8def1e - std::thread::Builder::spawn_unchecked_::{{closure}}::h6073db6ff56ad35d
[INFO] [stdout]                                at /rustc/90b35a6239c3d8bdabc530a6a0816f7ff89a0aaf/library/std/src/thread/mod.rs:537:30
[INFO] [stdout]   38:     0x650a3e8def1e - core::ops::function::FnOnce::call_once{{vtable.shim}}::h2c5a5f3779c774f1
[INFO] [stdout]                                at /rustc/90b35a6239c3d8bdabc530a6a0816f7ff89a0aaf/library/core/src/ops/function.rs:250:5
[INFO] [stdout]   39:     0x650a3edb23db - <alloc::boxed::Box<F,A> as core::ops::function::FnOnce<Args>>::call_once::hf75717d9f28faebf
[INFO] [stdout]                                at /rustc/90b35a6239c3d8bdabc530a6a0816f7ff89a0aaf/library/alloc/src/boxed.rs:2454:9
[INFO] [stdout]   40:     0x650a3edb23db - <alloc::boxed::Box<F,A> as core::ops::function::FnOnce<Args>>::call_once::h7bd883a5f3c5f3c1
[INFO] [stdout]                                at /rustc/90b35a6239c3d8bdabc530a6a0816f7ff89a0aaf/library/alloc/src/boxed.rs:2454:9
[INFO] [stdout]   41:     0x650a3edb23db - std::sys::pal::unix::thread::Thread::new::thread_start::hcc78f3943333fa94
[INFO] [stdout]                                at /rustc/90b35a6239c3d8bdabc530a6a0816f7ff89a0aaf/library/std/src/sys/pal/unix/thread.rs:105:17
[INFO] [stdout]   42:     0x74d9db34cac3 - <unknown>
[INFO] [stdout]   43:     0x74d9db3dda04 - clone
[INFO] [stdout]   44:                0x0 - <unknown>
[INFO] [stdout] 
[INFO] [stdout] 
[INFO] [stdout] failures:
[INFO] [stdout]     translator::downstream::diff_management::test::test_diff_management
[INFO] [stdout] 
[INFO] [stdout] test result: FAILED. 3 passed; 1 failed; 0 ignored; 0 measured; 0 filtered out; finished in 50.15s
[INFO] [stdout] 
[INFO] [stderr] error: test failed, to rerun pass `--bin demand-cli`
[INFO] running `Command { std: "docker" "inspect" "ff83fc3a757cc56a5b73d79672b748d111abf4ed0ac8f0e186ef1ba493414091", kill_on_drop: false }`
[INFO] running `Command { std: "docker" "rm" "-f" "ff83fc3a757cc56a5b73d79672b748d111abf4ed0ac8f0e186ef1ba493414091", kill_on_drop: false }`
[INFO] [stdout] ff83fc3a757cc56a5b73d79672b748d111abf4ed0ac8f0e186ef1ba493414091
