[INFO] cloning repository https://github.com/daniel-kullmann/rust0
[INFO] running `Command { std: "git" "-c" "credential.helper=" "-c" "credential.helper=/workspace/cargo-home/bin/git-credential-null" "clone" "--bare" "https://github.com/daniel-kullmann/rust0" "/workspace/cache/git-repos/https%3A%2F%2Fgithub.com%2Fdaniel-kullmann%2Frust0", kill_on_drop: false }`
[INFO] [stderr] Cloning into bare repository '/workspace/cache/git-repos/https%3A%2F%2Fgithub.com%2Fdaniel-kullmann%2Frust0'...
[INFO] running `Command { std: "git" "rev-parse" "HEAD", kill_on_drop: false }`
[INFO] [stdout] 9afab499e5a10a58cd69197445e3f6234a3a44ed
[INFO] testing daniel-kullmann/rust0/9afab499e5a10a58cd69197445e3f6234a3a44ed against 1.83.0 for beta-1.84.0-4-retry
[INFO] running `Command { std: "git" "clone" "/workspace/cache/git-repos/https%3A%2F%2Fgithub.com%2Fdaniel-kullmann%2Frust0" "/workspace/builds/worker-6-tc1/source", kill_on_drop: false }`
[INFO] [stderr] Cloning into '/workspace/builds/worker-6-tc1/source'...
[INFO] [stderr] done.
[INFO] validating manifest of git repo https://github.com/daniel-kullmann/rust0 on toolchain 1.83.0
[INFO] running `Command { std: CARGO_HOME="/workspace/cargo-home" RUSTUP_HOME="/workspace/rustup-home" "/workspace/cargo-home/bin/cargo" "+1.83.0" "metadata" "--manifest-path" "Cargo.toml" "--no-deps", kill_on_drop: false }`
[INFO] started tweaking git repo https://github.com/daniel-kullmann/rust0
[INFO] finished tweaking git repo https://github.com/daniel-kullmann/rust0
[INFO] tweaked toml for git repo https://github.com/daniel-kullmann/rust0 written to /workspace/builds/worker-6-tc1/source/Cargo.toml
[INFO] crate git repo https://github.com/daniel-kullmann/rust0 already has a lockfile, it will not be regenerated
[INFO] running `Command { std: CARGO_HOME="/workspace/cargo-home" RUSTUP_HOME="/workspace/rustup-home" "/workspace/cargo-home/bin/cargo" "+1.83.0" "fetch" "--manifest-path" "Cargo.toml", kill_on_drop: false }`
[INFO] [stderr] warning: no edition set: defaulting to the 2015 edition while the latest is 2021
[INFO] [stderr]  Downloading crates ...
[INFO] [stderr]   Downloaded reqwest v0.9.8
[INFO] [stderr]   Downloaded shellexpand v1.0.0
[INFO] [stderr]   Downloaded r2d2_sqlite v0.6.0
[INFO] [stderr]   Downloaded tokio-threadpool v0.1.10
[INFO] [stderr]   Downloaded r2d2 v0.8.3
[INFO] [stderr]   Downloaded base64 v0.10.0
[INFO] [stderr]   Downloaded libflate v0.1.19
[INFO] [stderr]   Downloaded crossbeam-epoch v0.7.0
[INFO] [stderr]   Downloaded tokio v0.1.14
[INFO] [stderr]   Downloaded crossbeam-channel v0.3.6
[INFO] [stderr]   Downloaded rusqlite v0.14.0
[INFO] [stderr]   Downloaded openssl v0.10.16
[INFO] [stderr]   Downloaded h2 v0.1.14
[INFO] [stderr]   Downloaded hyper v0.12.20
[INFO] [stderr]   Downloaded serde_json v1.0.34
[INFO] [stderr]   Downloaded MacTypes-sys v1.3.0
[INFO] [stderr]   Downloaded security-framework-sys v0.2.2
[INFO] [stderr]   Downloaded autocfg v0.1.1
[INFO] [stderr]   Downloaded crossbeam-utils v0.6.3
[INFO] [stderr]   Downloaded encoding_rs v0.8.14
[INFO] [stderr]   Downloaded libsqlite3-sys v0.9.3
[INFO] running `Command { std: "docker" "create" "-v" "/var/lib/crater-agent-workspace/builds/worker-6-tc1/target:/opt/rustwide/target:rw,Z" "-v" "/var/lib/crater-agent-workspace/builds/worker-6-tc1/source:/opt/rustwide/workdir:ro,Z" "-v" "/var/lib/crater-agent-workspace/cargo-home:/opt/rustwide/cargo-home:ro,Z" "-v" "/var/lib/crater-agent-workspace/rustup-home:/opt/rustwide/rustup-home:ro,Z" "-e" "SOURCE_DIR=/opt/rustwide/workdir" "-e" "CARGO_TARGET_DIR=/opt/rustwide/target" "-e" "CARGO_HOME=/opt/rustwide/cargo-home" "-e" "RUSTUP_HOME=/opt/rustwide/rustup-home" "-w" "/opt/rustwide/workdir" "-m" "1610612736" "--user" "0:0" "--network" "none" "ghcr.io/rust-lang/crates-build-env/linux@sha256:f3a9d4ad9d972b27faf3965f35b62e55ba32bbce8f20bc8fe909558a86702fde" "/opt/rustwide/cargo-home/bin/cargo" "+1.83.0" "metadata" "--no-deps" "--format-version=1", kill_on_drop: false }`
[INFO] [stdout] 2c90000ddb222fce82b9a69ab4634d92c4557c649381708344d80aac061d0ef3
[INFO] running `Command { std: "docker" "start" "-a" "2c90000ddb222fce82b9a69ab4634d92c4557c649381708344d80aac061d0ef3", kill_on_drop: false }`
[INFO] running `Command { std: "docker" "inspect" "2c90000ddb222fce82b9a69ab4634d92c4557c649381708344d80aac061d0ef3", kill_on_drop: false }`
[INFO] running `Command { std: "docker" "rm" "-f" "2c90000ddb222fce82b9a69ab4634d92c4557c649381708344d80aac061d0ef3", kill_on_drop: false }`
[INFO] [stdout] 2c90000ddb222fce82b9a69ab4634d92c4557c649381708344d80aac061d0ef3
[INFO] running `Command { std: "docker" "create" "-v" "/var/lib/crater-agent-workspace/builds/worker-6-tc1/target:/opt/rustwide/target:rw,Z" "-v" "/var/lib/crater-agent-workspace/builds/worker-6-tc1/source:/opt/rustwide/workdir:ro,Z" "-v" "/var/lib/crater-agent-workspace/cargo-home:/opt/rustwide/cargo-home:ro,Z" "-v" "/var/lib/crater-agent-workspace/rustup-home:/opt/rustwide/rustup-home:ro,Z" "-e" "SOURCE_DIR=/opt/rustwide/workdir" "-e" "CARGO_TARGET_DIR=/opt/rustwide/target" "-e" "CARGO_INCREMENTAL=0" "-e" "RUST_BACKTRACE=full" "-e" "RUSTFLAGS=--cap-lints=warn" "-e" "RUSTDOCFLAGS=--cap-lints=warn" "-e" "CARGO_HOME=/opt/rustwide/cargo-home" "-e" "RUSTUP_HOME=/opt/rustwide/rustup-home" "-w" "/opt/rustwide/workdir" "-m" "1610612736" "--user" "0:0" "--network" "none" "ghcr.io/rust-lang/crates-build-env/linux@sha256:f3a9d4ad9d972b27faf3965f35b62e55ba32bbce8f20bc8fe909558a86702fde" "/opt/rustwide/cargo-home/bin/cargo" "+1.83.0" "build" "--frozen" "--message-format=json", kill_on_drop: false }`
[INFO] [stdout] a0ead6e6faf9d92f3ea6435851b49d479c190d320926cb549a7c03e4d8aa1fa3
[INFO] running `Command { std: "docker" "start" "-a" "a0ead6e6faf9d92f3ea6435851b49d479c190d320926cb549a7c03e4d8aa1fa3", kill_on_drop: false }`
[INFO] [stderr] warning: no edition set: defaulting to the 2015 edition while the latest is 2021
[INFO] [stderr]    Compiling libc v0.2.46
[INFO] [stderr]    Compiling cfg-if v0.1.6
[INFO] [stderr]    Compiling rand_core v0.3.0
[INFO] [stderr]    Compiling semver-parser v0.7.0
[INFO] [stderr]    Compiling autocfg v0.1.1
[INFO] [stderr]    Compiling version_check v0.1.5
[INFO] [stderr]    Compiling byteorder v1.2.7
[INFO] [stderr]    Compiling futures v0.1.25
[INFO] [stderr]    Compiling siphasher v0.2.3
[INFO] [stderr]    Compiling pkg-config v0.3.14
[INFO] [stderr]    Compiling scopeguard v0.3.3
[INFO] [stderr]    Compiling void v1.0.2
[INFO] [stderr]    Compiling lazy_static v1.2.0
[INFO] [stderr]    Compiling stable_deref_trait v1.1.1
[INFO] [stderr]    Compiling arrayvec v0.4.10
[INFO] [stderr]    Compiling httparse v1.3.3
[INFO] [stderr]    Compiling log v0.4.6
[INFO] [stderr]    Compiling crossbeam-utils v0.6.3
[INFO] [stderr]    Compiling unreachable v1.0.0
[INFO] [stderr]    Compiling owning_ref v0.4.0
[INFO] [stderr]    Compiling cc v1.0.28
[INFO] [stderr]    Compiling rand_xorshift v0.1.1
[INFO] [stderr]    Compiling rand_hc v0.1.0
[INFO] [stderr]    Compiling semver v0.9.0
[INFO] [stderr]    Compiling rand_isaac v0.1.1
[INFO] [stderr]    Compiling smallvec v0.6.7
[INFO] [stderr]    Compiling lock_api v0.1.5
[INFO] [stderr]    Compiling unicase v1.4.2
[INFO] [stderr]    Compiling rand_chacha v0.1.1
[INFO] [stderr]    Compiling rand v0.6.4
[INFO] [stderr]    Compiling slab v0.4.2
[INFO] [stderr]    Compiling matches v0.1.8
[INFO] [stderr]    Compiling nodrop v0.1.13
[INFO] [stderr]    Compiling unicode-bidi v0.3.4
[INFO] [stderr]    Compiling unicode-normalization v0.1.7
[INFO] [stderr]    Compiling rustc_version v0.2.3
[INFO] [stderr]    Compiling itoa v0.4.3
[INFO] [stderr]    Compiling traitobject v0.1.0
[INFO] [stderr]    Compiling lazycell v1.2.1
[INFO] [stderr]    Compiling bitflags v1.0.4
[INFO] [stderr]    Compiling percent-encoding v1.0.1
[INFO] [stderr]    Compiling rand_os v0.1.1
[INFO] [stderr]    Compiling phf_shared v0.7.24
[INFO] [stderr]    Compiling num_cpus v1.9.0
[INFO] [stderr]    Compiling iovec v0.1.2
[INFO] [stderr]    Compiling time v0.1.42
[INFO] [stderr]    Compiling net2 v0.2.33
[INFO] [stderr]    Compiling memoffset v0.2.1
[INFO] [stderr]    Compiling rand_pcg v0.1.1
[INFO] [stderr]    Compiling parking_lot_core v0.4.0
[INFO] [stderr]    Compiling bytes v0.4.11
[INFO] [stderr]    Compiling phf v0.7.24
[INFO] [stderr]    Compiling log v0.3.9
[INFO] [stderr]    Compiling tokio-executor v0.1.6
[INFO] [stderr]    Compiling openssl-sys v0.9.40
[INFO] [stderr]    Compiling serde v1.0.84
[INFO] [stderr]    Compiling unsafe-any v0.4.2
[INFO] [stderr]    Compiling mime v0.2.6
[INFO] [stderr]    Compiling unicase v2.2.0
[INFO] [stderr]    Compiling crossbeam-epoch v0.7.0
[INFO] [stderr]    Compiling tokio-io v0.1.11
[INFO] [stderr]    Compiling mio v0.6.16
[INFO] [stderr]    Compiling foreign-types-shared v0.1.1
[INFO] [stderr]    Compiling safemem v0.3.0
[INFO] [stderr]    Compiling ryu v0.2.7
[INFO] [stderr]    Compiling openssl v0.10.16
[INFO] [stderr]    Compiling fnv v1.0.6
[INFO] [stderr]    Compiling proc-macro2 v0.4.24
[INFO] [stderr]    Compiling foreign-types v0.3.2
[INFO] [stderr]    Compiling tokio-current-thread v0.1.4
[INFO] [stderr]    Compiling base64 v0.9.3
[INFO] [stderr]    Compiling http v0.1.14
[INFO] [stderr]    Compiling tokio-timer v0.2.8
[INFO] [stderr]    Compiling typemap v0.3.3
[INFO] [stderr]    Compiling idna v0.1.5
[INFO] [stderr]    Compiling crossbeam-deque v0.6.3
[INFO] [stderr]    Compiling libsqlite3-sys v0.9.3
[INFO] [stderr] The following warnings were emitted during compilation:
[INFO] [stderr] 
[INFO] [stderr] warning: openssl-sys@0.9.40: /opt/rustwide/target/debug/build/openssl-sys-00491506c1d31ac9/out/expando.c:4:24: error: pasting "RUST_VERSION_OPENSSL_" and "(" does not give a valid preprocessing token
[INFO] [stderr] warning: openssl-sys@0.9.40:     4 | #define VERSION2(n, v) RUST_VERSION_ ## n ## _ ## v
[INFO] [stderr] warning: openssl-sys@0.9.40:       |                        ^~~~~~~~~~~~~
[INFO] [stderr] warning: openssl-sys@0.9.40: /opt/rustwide/target/debug/build/openssl-sys-00491506c1d31ac9/out/expando.c:5:23: note: in expansion of macro 'VERSION2'
[INFO] [stderr] warning: openssl-sys@0.9.40:     5 | #define VERSION(n, v) VERSION2(n, v)
[INFO] [stderr] warning: openssl-sys@0.9.40:       |                       ^~~~~~~~
[INFO] [stderr] warning: openssl-sys@0.9.40: /opt/rustwide/target/debug/build/openssl-sys-00491506c1d31ac9/out/expando.c:7:1: note: in expansion of macro 'VERSION'
[INFO] [stderr] warning: openssl-sys@0.9.40:     7 | VERSION(OPENSSL, OPENSSL_VERSION_NUMBER)
[INFO] [stderr] warning: openssl-sys@0.9.40:       | ^~~~~~~
[INFO] [stderr] 
[INFO] [stderr] error: failed to run custom build command for `openssl-sys v0.9.40`
[INFO] [stderr] note: To improve backtraces for build dependencies, set the CARGO_PROFILE_DEV_BUILD_OVERRIDE_DEBUG=true environment variable to enable debug information generation.
[INFO] [stderr] 
[INFO] [stderr] Caused by:
[INFO] [stderr]   process didn't exit successfully: `/opt/rustwide/target/debug/build/openssl-sys-db4734a257c1b4d8/build-script-main` (exit status: 101)
[INFO] [stderr]   --- stdout
[INFO] [stderr]   cargo:rerun-if-env-changed=X86_64_UNKNOWN_LINUX_GNU_OPENSSL_LIB_DIR
[INFO] [stderr]   cargo:rerun-if-env-changed=OPENSSL_LIB_DIR
[INFO] [stderr]   cargo:rerun-if-env-changed=X86_64_UNKNOWN_LINUX_GNU_OPENSSL_INCLUDE_DIR
[INFO] [stderr]   cargo:rerun-if-env-changed=OPENSSL_INCLUDE_DIR
[INFO] [stderr]   cargo:rerun-if-env-changed=X86_64_UNKNOWN_LINUX_GNU_OPENSSL_DIR
[INFO] [stderr]   cargo:rerun-if-env-changed=OPENSSL_DIR
[INFO] [stderr]   cargo:rustc-link-lib=ssl
[INFO] [stderr]   cargo:rustc-link-lib=crypto
[INFO] [stderr]   OPT_LEVEL = Some("0")
[INFO] [stderr]   TARGET = Some("x86_64-unknown-linux-gnu")
[INFO] [stderr]   HOST = Some("x86_64-unknown-linux-gnu")
[INFO] [stderr]   CC_x86_64-unknown-linux-gnu = None
[INFO] [stderr]   CC_x86_64_unknown_linux_gnu = None
[INFO] [stderr]   HOST_CC = None
[INFO] [stderr]   CC = None
[INFO] [stderr]   CFLAGS_x86_64-unknown-linux-gnu = None
[INFO] [stderr]   CFLAGS_x86_64_unknown_linux_gnu = None
[INFO] [stderr]   HOST_CFLAGS = None
[INFO] [stderr]   CFLAGS = None
[INFO] [stderr]   DEBUG = Some("true")
[INFO] [stderr]   running: "cc" "-O0" "-ffunction-sections" "-fdata-sections" "-fPIC" "-g" "-fno-omit-frame-pointer" "-m64" "-Wall" "-Wextra" "-E" "/opt/rustwide/target/debug/build/openssl-sys-00491506c1d31ac9/out/expando.c"
[INFO] [stderr]   cargo:warning=/opt/rustwide/target/debug/build/openssl-sys-00491506c1d31ac9/out/expando.c:4:24: error: pasting "RUST_VERSION_OPENSSL_" and "(" does not give a valid preprocessing token
[INFO] [stderr]   cargo:warning=    4 | #define VERSION2(n, v) RUST_VERSION_ ## n ## _ ## v
[INFO] [stderr]   cargo:warning=      |                        ^~~~~~~~~~~~~
[INFO] [stderr]   cargo:warning=/opt/rustwide/target/debug/build/openssl-sys-00491506c1d31ac9/out/expando.c:5:23: note: in expansion of macro 'VERSION2'
[INFO] [stderr]   cargo:warning=    5 | #define VERSION(n, v) VERSION2(n, v)
[INFO] [stderr]   cargo:warning=      |                       ^~~~~~~~
[INFO] [stderr]   cargo:warning=/opt/rustwide/target/debug/build/openssl-sys-00491506c1d31ac9/out/expando.c:7:1: note: in expansion of macro 'VERSION'
[INFO] [stderr]   cargo:warning=    7 | VERSION(OPENSSL, OPENSSL_VERSION_NUMBER)
[INFO] [stderr]   cargo:warning=      | ^~~~~~~
[INFO] [stderr]   exit status: 1
[INFO] [stderr] 
[INFO] [stderr]   --- stderr
[INFO] [stderr]   thread 'main' panicked at /opt/rustwide/cargo-home/registry/src/index.crates.io-6f17d22bba15001f/openssl-sys-0.9.40/build/main.rs:432:13:
[INFO] [stderr] 
[INFO] [stderr]   Header expansion error:
[INFO] [stderr]   Error { kind: ToolExecError, message: "Command \"cc\" \"-O0\" \"-ffunction-sections\" \"-fdata-sections\" \"-fPIC\" \"-g\" \"-fno-omit-frame-pointer\" \"-m64\" \"-Wall\" \"-Wextra\" \"-E\" \"/opt/rustwide/target/debug/build/openssl-sys-00491506c1d31ac9/out/expando.c\" with args \"cc\" did not execute successfully (status code exit status: 1)." }
[INFO] [stderr] 
[INFO] [stderr]   Failed to find OpenSSL development headers.
[INFO] [stderr] 
[INFO] [stderr]   You can try fixing this setting the `OPENSSL_DIR` environment variable
[INFO] [stderr]   pointing to your OpenSSL installation or installing OpenSSL headers package
[INFO] [stderr]   specific to your distribution:
[INFO] [stderr] 
[INFO] [stderr]       # On Ubuntu
[INFO] [stderr]       sudo apt-get install libssl-dev
[INFO] [stderr]       # On Arch Linux
[INFO] [stderr]       sudo pacman -S openssl
[INFO] [stderr]       # On Fedora
[INFO] [stderr]       sudo dnf install openssl-devel
[INFO] [stderr] 
[INFO] [stderr]   See rust-openssl README for more information:
[INFO] [stderr] 
[INFO] [stderr]       https://github.com/sfackler/rust-openssl#linux
[INFO] [stderr] 
[INFO] [stderr]   stack backtrace:
[INFO] [stderr]      0:     0x6538f89e6e2a - std::backtrace_rs::backtrace::libunwind::trace::h5a5b8284f2d0c266
[INFO] [stderr]                                  at /rustc/90b35a6239c3d8bdabc530a6a0816f7ff89a0aaf/library/std/src/../../backtrace/src/backtrace/libunwind.rs:116:5
[INFO] [stderr]      1:     0x6538f89e6e2a - std::backtrace_rs::backtrace::trace_unsynchronized::h76d4f1c9b0b875e3
[INFO] [stderr]                                  at /rustc/90b35a6239c3d8bdabc530a6a0816f7ff89a0aaf/library/std/src/../../backtrace/src/backtrace/mod.rs:66:5
[INFO] [stderr]      2:     0x6538f89e6e2a - std::sys::backtrace::_print_fmt::hc4546b8364a537c6
[INFO] [stderr]                                  at /rustc/90b35a6239c3d8bdabc530a6a0816f7ff89a0aaf/library/std/src/sys/backtrace.rs:66:9
[INFO] [stderr]      3:     0x6538f89e6e2a - <std::sys::backtrace::BacktraceLock::print::DisplayBacktrace as core::fmt::Display>::fmt::h5b6bd5631a6d1f6b
[INFO] [stderr]                                  at /rustc/90b35a6239c3d8bdabc530a6a0816f7ff89a0aaf/library/std/src/sys/backtrace.rs:39:26
[INFO] [stderr]      4:     0x6538f8a09243 - core::fmt::rt::Argument::fmt::h270f6602a2b96f62
[INFO] [stderr]                                  at /rustc/90b35a6239c3d8bdabc530a6a0816f7ff89a0aaf/library/core/src/fmt/rt.rs:177:76
[INFO] [stderr]      5:     0x6538f8a09243 - core::fmt::write::h7550c97b06c86515
[INFO] [stderr]                                  at /rustc/90b35a6239c3d8bdabc530a6a0816f7ff89a0aaf/library/core/src/fmt/mod.rs:1186:21
[INFO] [stderr]      6:     0x6538f89e3f53 - std::io::Write::write_fmt::h7b09c64fe0be9c84
[INFO] [stderr]                                  at /rustc/90b35a6239c3d8bdabc530a6a0816f7ff89a0aaf/library/std/src/io/mod.rs:1839:15
[INFO] [stderr]      7:     0x6538f89e6c72 - std::sys::backtrace::BacktraceLock::print::h2395ccd2c84ba3aa
[INFO] [stderr]                                  at /rustc/90b35a6239c3d8bdabc530a6a0816f7ff89a0aaf/library/std/src/sys/backtrace.rs:42:9
[INFO] [stderr]      8:     0x6538f89e7e3c - std::panicking::default_hook::{{closure}}::he19d4c7230e07961
[INFO] [stderr]                                  at /rustc/90b35a6239c3d8bdabc530a6a0816f7ff89a0aaf/library/std/src/panicking.rs:268:22
[INFO] [stderr]      9:     0x6538f89e7c82 - std::panicking::default_hook::hf614597d3c67bbdb
[INFO] [stderr]                                  at /rustc/90b35a6239c3d8bdabc530a6a0816f7ff89a0aaf/library/std/src/panicking.rs:295:9
[INFO] [stderr]     10:     0x6538f89e8417 - std::panicking::rust_panic_with_hook::h8942133a8b252070
[INFO] [stderr]                                  at /rustc/90b35a6239c3d8bdabc530a6a0816f7ff89a0aaf/library/std/src/panicking.rs:801:13
[INFO] [stderr]     11:     0x6538f89e82aa - std::panicking::begin_panic_handler::{{closure}}::hb5f5963570096b29
[INFO] [stderr]                                  at /rustc/90b35a6239c3d8bdabc530a6a0816f7ff89a0aaf/library/std/src/panicking.rs:674:13
[INFO] [stderr]     12:     0x6538f89e7309 - std::sys::backtrace::__rust_end_short_backtrace::h6208cedc1922feda
[INFO] [stderr]                                  at /rustc/90b35a6239c3d8bdabc530a6a0816f7ff89a0aaf/library/std/src/sys/backtrace.rs:170:18
[INFO] [stderr]     13:     0x6538f89e7f3c - rust_begin_unwind
[INFO] [stderr]                                  at /rustc/90b35a6239c3d8bdabc530a6a0816f7ff89a0aaf/library/std/src/panicking.rs:665:5
[INFO] [stderr]     14:     0x6538f89676b0 - core::panicking::panic_fmt::h0c3082644d1bf418
[INFO] [stderr]                                  at /rustc/90b35a6239c3d8bdabc530a6a0816f7ff89a0aaf/library/core/src/panicking.rs:74:14
[INFO] [stderr]     15:     0x6538f896ec90 - build_script_main::validate_headers::h54da856e0580e5f4
[INFO] [stderr]     16:     0x6538f8973ddf - build_script_main::imp::try_pkg_config::hcc40b2f2fc061a2c
[INFO] [stderr]     17:     0x6538f8972ae8 - build_script_main::imp::find_openssl_dir::hf2a62a1e8f31ec04
[INFO] [stderr]     18:     0x6538f89728f2 - build_script_main::imp::get_openssl::{{closure}}::h248fd915a253d15f
[INFO] [stderr]     19:     0x6538f8975073 - core::option::Option<T>::unwrap_or_else::h2934e883728e268d
[INFO] [stderr]     20:     0x6538f8972710 - build_script_main::imp::get_openssl::h4adf27594af31d47
[INFO] [stderr]     21:     0x6538f896c564 - build_script_main::main::he2fdcf461889098c
[INFO] [stderr]     22:     0x6538f896ac93 - core::ops::function::FnOnce::call_once::h93c14df522c86111
[INFO] [stderr]     23:     0x6538f89747c6 - std::sys::backtrace::__rust_begin_short_backtrace::hcff7753f384adaa4
[INFO] [stderr]     24:     0x6538f896aad9 - std::rt::lang_start::{{closure}}::h2ed5e0fcae67fd34
[INFO] [stderr]     25:     0x6538f89e0bfe - core::ops::function::impls::<impl core::ops::function::FnOnce<A> for &F>::call_once::hfdb85f4ee94732d3
[INFO] [stderr]                                  at /rustc/90b35a6239c3d8bdabc530a6a0816f7ff89a0aaf/library/core/src/ops/function.rs:284:13
[INFO] [stderr]     26:     0x6538f89e0bfe - std::panicking::try::do_call::h6e577310f330cbef
[INFO] [stderr]                                  at /rustc/90b35a6239c3d8bdabc530a6a0816f7ff89a0aaf/library/std/src/panicking.rs:557:40
[INFO] [stderr]     27:     0x6538f89e0bfe - std::panicking::try::ha588d438267d2645
[INFO] [stderr]                                  at /rustc/90b35a6239c3d8bdabc530a6a0816f7ff89a0aaf/library/std/src/panicking.rs:520:19
[INFO] [stderr]     28:     0x6538f89e0bfe - std::panic::catch_unwind::h429fda1e025f26d9
[INFO] [stderr]                                  at /rustc/90b35a6239c3d8bdabc530a6a0816f7ff89a0aaf/library/std/src/panic.rs:358:14
[INFO] [stderr]     29:     0x6538f89e0bfe - std::rt::lang_start_internal::{{closure}}::h7b731265e841c4bf
[INFO] [stderr]                                  at /rustc/90b35a6239c3d8bdabc530a6a0816f7ff89a0aaf/library/std/src/rt.rs:174:48
[INFO] [stderr]     30:     0x6538f89e0bfe - std::panicking::try::do_call::hc0f6a675b7ae5a36
[INFO] [stderr]                                  at /rustc/90b35a6239c3d8bdabc530a6a0816f7ff89a0aaf/library/std/src/panicking.rs:557:40
[INFO] [stderr]     31:     0x6538f89e0bfe - std::panicking::try::h4c93b7ff0671f1ff
[INFO] [stderr]                                  at /rustc/90b35a6239c3d8bdabc530a6a0816f7ff89a0aaf/library/std/src/panicking.rs:520:19
[INFO] [stderr]     32:     0x6538f89e0bfe - std::panic::catch_unwind::hcc1e154961d16ce6
[INFO] [stderr]                                  at /rustc/90b35a6239c3d8bdabc530a6a0816f7ff89a0aaf/library/std/src/panic.rs:358:14
[INFO] [stderr]     33:     0x6538f89e0bfe - std::rt::lang_start_internal::h1c66660c99c8424c
[INFO] [stderr]                                  at /rustc/90b35a6239c3d8bdabc530a6a0816f7ff89a0aaf/library/std/src/rt.rs:174:20
[INFO] [stderr]     34:     0x6538f896aab7 - std::rt::lang_start::hf061d0a724a34391
[INFO] [stderr]     35:     0x6538f896fd75 - main
[INFO] [stderr]     36:     0x79dafa4f3d90 - <unknown>
[INFO] [stderr]     37:     0x79dafa4f3e40 - __libc_start_main
[INFO] [stderr]     38:     0x6538f8967e45 - _start
[INFO] [stderr]     39:                0x0 - <unknown>
[INFO] [stderr] warning: build failed, waiting for other jobs to finish...
[INFO] running `Command { std: "docker" "inspect" "a0ead6e6faf9d92f3ea6435851b49d479c190d320926cb549a7c03e4d8aa1fa3", kill_on_drop: false }`
[INFO] running `Command { std: "docker" "rm" "-f" "a0ead6e6faf9d92f3ea6435851b49d479c190d320926cb549a7c03e4d8aa1fa3", kill_on_drop: false }`
[INFO] [stdout] a0ead6e6faf9d92f3ea6435851b49d479c190d320926cb549a7c03e4d8aa1fa3
