[INFO] cloning repository https://github.com/clstatham/cursor-clamp
[INFO] running `Command { std: "git" "-c" "credential.helper=" "-c" "credential.helper=/workspace/cargo-home/bin/git-credential-null" "clone" "--bare" "https://github.com/clstatham/cursor-clamp" "/workspace/cache/git-repos/https%3A%2F%2Fgithub.com%2Fclstatham%2Fcursor-clamp", kill_on_drop: false }`
[INFO] [stderr] Cloning into bare repository '/workspace/cache/git-repos/https%3A%2F%2Fgithub.com%2Fclstatham%2Fcursor-clamp'...
[INFO] running `Command { std: "git" "rev-parse" "HEAD", kill_on_drop: false }`
[INFO] [stdout] 7c4e7ce788b899649c152a3ea5b5395ab6495205
[INFO] testing clstatham/cursor-clamp against beta-2024-12-08 for beta-1.84.0-4-retry
[INFO] running `Command { std: "git" "clone" "/workspace/cache/git-repos/https%3A%2F%2Fgithub.com%2Fclstatham%2Fcursor-clamp" "/workspace/builds/worker-5-tc2/source", kill_on_drop: false }`
[INFO] [stderr] Cloning into '/workspace/builds/worker-5-tc2/source'...
[INFO] [stderr] done.
[INFO] validating manifest of git repo https://github.com/clstatham/cursor-clamp on toolchain beta-2024-12-08
[INFO] running `Command { std: CARGO_HOME="/workspace/cargo-home" RUSTUP_HOME="/workspace/rustup-home" "/workspace/cargo-home/bin/cargo" "+beta-2024-12-08" "metadata" "--manifest-path" "Cargo.toml" "--no-deps", kill_on_drop: false }`
[INFO] started tweaking git repo https://github.com/clstatham/cursor-clamp
[INFO] finished tweaking git repo https://github.com/clstatham/cursor-clamp
[INFO] tweaked toml for git repo https://github.com/clstatham/cursor-clamp written to /workspace/builds/worker-5-tc2/source/Cargo.toml
[INFO] crate git repo https://github.com/clstatham/cursor-clamp already has a lockfile, it will not be regenerated
[INFO] running `Command { std: CARGO_HOME="/workspace/cargo-home" RUSTUP_HOME="/workspace/rustup-home" "/workspace/cargo-home/bin/cargo" "+beta-2024-12-08" "fetch" "--manifest-path" "Cargo.toml", kill_on_drop: false }`
[INFO] [stderr]     Blocking waiting for file lock on package cache
[INFO] [stderr]     Blocking waiting for file lock on package cache
[ERROR] error running command: no output for 300 seconds
[INFO] testing clstatham/cursor-clamp against beta-2024-12-08 for beta-1.84.0-4-retry
[INFO] running `Command { std: "git" "clone" "/workspace/cache/git-repos/https%3A%2F%2Fgithub.com%2Fclstatham%2Fcursor-clamp" "/workspace/builds/worker-5-tc2/source", kill_on_drop: false }`
[INFO] [stderr] Cloning into '/workspace/builds/worker-5-tc2/source'...
[INFO] [stderr] done.
[INFO] validating manifest of git repo https://github.com/clstatham/cursor-clamp on toolchain beta-2024-12-08
[INFO] running `Command { std: CARGO_HOME="/workspace/cargo-home" RUSTUP_HOME="/workspace/rustup-home" "/workspace/cargo-home/bin/cargo" "+beta-2024-12-08" "metadata" "--manifest-path" "Cargo.toml" "--no-deps", kill_on_drop: false }`
[INFO] started tweaking git repo https://github.com/clstatham/cursor-clamp
[INFO] finished tweaking git repo https://github.com/clstatham/cursor-clamp
[INFO] tweaked toml for git repo https://github.com/clstatham/cursor-clamp written to /workspace/builds/worker-5-tc2/source/Cargo.toml
[INFO] crate git repo https://github.com/clstatham/cursor-clamp already has a lockfile, it will not be regenerated
[INFO] running `Command { std: CARGO_HOME="/workspace/cargo-home" RUSTUP_HOME="/workspace/rustup-home" "/workspace/cargo-home/bin/cargo" "+beta-2024-12-08" "fetch" "--manifest-path" "Cargo.toml", kill_on_drop: false }`
[INFO] [stderr]     Blocking waiting for file lock on package cache
[INFO] [stderr]     Blocking waiting for file lock on package cache
[INFO] running `Command { std: "docker" "create" "-v" "/var/lib/crater-agent-workspace/builds/worker-5-tc2/target:/opt/rustwide/target:rw,Z" "-v" "/var/lib/crater-agent-workspace/builds/worker-5-tc2/source:/opt/rustwide/workdir:ro,Z" "-v" "/var/lib/crater-agent-workspace/cargo-home:/opt/rustwide/cargo-home:ro,Z" "-v" "/var/lib/crater-agent-workspace/rustup-home:/opt/rustwide/rustup-home:ro,Z" "-e" "SOURCE_DIR=/opt/rustwide/workdir" "-e" "CARGO_TARGET_DIR=/opt/rustwide/target" "-e" "CARGO_HOME=/opt/rustwide/cargo-home" "-e" "RUSTUP_HOME=/opt/rustwide/rustup-home" "-w" "/opt/rustwide/workdir" "-m" "1610612736" "--user" "0:0" "--network" "none" "ghcr.io/rust-lang/crates-build-env/linux@sha256:f3a9d4ad9d972b27faf3965f35b62e55ba32bbce8f20bc8fe909558a86702fde" "/opt/rustwide/cargo-home/bin/cargo" "+beta-2024-12-08" "metadata" "--no-deps" "--format-version=1", kill_on_drop: false }`
[INFO] [stdout] 8c79aa332172aa48e888a1bbd5d2df88f68e12a892d28e5abc2f624d724fde5c
[INFO] running `Command { std: "docker" "start" "-a" "8c79aa332172aa48e888a1bbd5d2df88f68e12a892d28e5abc2f624d724fde5c", kill_on_drop: false }`
[INFO] running `Command { std: "docker" "inspect" "8c79aa332172aa48e888a1bbd5d2df88f68e12a892d28e5abc2f624d724fde5c", kill_on_drop: false }`
[INFO] running `Command { std: "docker" "rm" "-f" "8c79aa332172aa48e888a1bbd5d2df88f68e12a892d28e5abc2f624d724fde5c", kill_on_drop: false }`
[INFO] [stdout] 8c79aa332172aa48e888a1bbd5d2df88f68e12a892d28e5abc2f624d724fde5c
[INFO] running `Command { std: "docker" "create" "-v" "/var/lib/crater-agent-workspace/builds/worker-5-tc2/target:/opt/rustwide/target:rw,Z" "-v" "/var/lib/crater-agent-workspace/builds/worker-5-tc2/source:/opt/rustwide/workdir:ro,Z" "-v" "/var/lib/crater-agent-workspace/cargo-home:/opt/rustwide/cargo-home:ro,Z" "-v" "/var/lib/crater-agent-workspace/rustup-home:/opt/rustwide/rustup-home:ro,Z" "-e" "SOURCE_DIR=/opt/rustwide/workdir" "-e" "CARGO_TARGET_DIR=/opt/rustwide/target" "-e" "CARGO_INCREMENTAL=0" "-e" "RUST_BACKTRACE=full" "-e" "RUSTFLAGS=--cap-lints=warn" "-e" "RUSTDOCFLAGS=--cap-lints=warn" "-e" "CARGO_HOME=/opt/rustwide/cargo-home" "-e" "RUSTUP_HOME=/opt/rustwide/rustup-home" "-w" "/opt/rustwide/workdir" "-m" "1610612736" "--user" "0:0" "--network" "none" "ghcr.io/rust-lang/crates-build-env/linux@sha256:f3a9d4ad9d972b27faf3965f35b62e55ba32bbce8f20bc8fe909558a86702fde" "/opt/rustwide/cargo-home/bin/cargo" "+beta-2024-12-08" "build" "--frozen" "--message-format=json", kill_on_drop: false }`
[INFO] [stdout] 581bf0b050cdf28876d572b403623834b136f35165013ed637f976dbbcc277ed
[INFO] running `Command { std: "docker" "start" "-a" "581bf0b050cdf28876d572b403623834b136f35165013ed637f976dbbcc277ed", kill_on_drop: false }`
[INFO] [stderr]    Compiling proc-macro2 v1.0.86
[INFO] [stderr]    Compiling unicode-ident v1.0.12
[INFO] [stderr]    Compiling libc v0.2.158
[INFO] [stderr]    Compiling memchr v2.7.4
[INFO] [stderr]    Compiling autocfg v1.3.0
[INFO] [stderr]    Compiling utf8parse v0.2.2
[INFO] [stderr]    Compiling regex-syntax v0.8.4
[INFO] [stderr]    Compiling anstyle-query v1.1.1
[INFO] [stderr]    Compiling colorchoice v1.0.2
[INFO] [stderr]    Compiling parking_lot_core v0.9.10
[INFO] [stderr]    Compiling is_terminal_polyfill v1.70.1
[INFO] [stderr]    Compiling anstyle v1.0.8
[INFO] [stderr]    Compiling cfg-if v1.0.0
[INFO] [stderr]    Compiling scopeguard v1.2.0
[INFO] [stderr]    Compiling smallvec v1.13.2
[INFO] [stderr]    Compiling heck v0.5.0
[INFO] [stderr]    Compiling log v0.4.22
[INFO] [stderr]    Compiling thiserror v1.0.63
[INFO] [stderr]    Compiling anstyle-parse v0.2.5
[INFO] [stderr]    Compiling winapi v0.3.9
[INFO] [stderr]    Compiling strsim v0.11.1
[INFO] [stderr]    Compiling clap_lex v0.7.2
[INFO] [stderr]    Compiling pin-project-lite v0.2.14
[INFO] [stderr]    Compiling humantime v2.1.0
[INFO] [stderr]    Compiling bytes v1.7.1
[INFO] [stderr]    Compiling lock_api v0.4.12
[INFO] [stderr]    Compiling anstream v0.6.15
[INFO] [stderr]    Compiling aho-corasick v1.1.3
[INFO] [stderr]    Compiling clap_builder v4.5.17
[INFO] [stderr]    Compiling quote v1.0.37
[INFO] [stderr]    Compiling syn v2.0.77
[INFO] [stderr]    Compiling signal-hook-registry v1.4.2
[INFO] [stderr]    Compiling socket2 v0.5.7
[INFO] [stderr]    Compiling mio v1.0.2
[INFO] [stderr]    Compiling parking_lot v0.12.3
[INFO] [stderr]    Compiling regex-automata v0.4.7
[INFO] [stderr]    Compiling regex v1.10.6
[INFO] [stderr]    Compiling thiserror-impl v1.0.63
[INFO] [stderr]    Compiling clap_derive v4.5.13
[INFO] [stderr]    Compiling tokio-macros v2.4.0
[INFO] [stderr]    Compiling env_filter v0.1.2
[INFO] [stderr]    Compiling env_logger v0.11.5
[INFO] [stderr]    Compiling tokio v1.40.0
[INFO] [stderr]    Compiling clap v4.5.17
[INFO] [stderr]    Compiling cursor-clamp v0.1.0 (/opt/rustwide/workdir)
[INFO] [stdout] error[E0433]: failed to resolve: could not find `windows` in `os`
[INFO] [stdout]  --> src/main.rs:1:30
[INFO] [stdout]   |
[INFO] [stdout] 1 | use std::{ffi::OsString, os::windows::ffi::OsStringExt, time::Duration};
[INFO] [stdout]   |                              ^^^^^^^ could not find `windows` in `os`
[INFO] [stdout]   |
[INFO] [stdout] note: found an item that was configured out
[INFO] [stdout]  --> /rustc/202008a1b8de96d2e5b6bc02d379db03a877d34d/library/std/src/os/mod.rs:63:9
[INFO] [stdout] note: the item is gated here
[INFO] [stdout]  --> /rustc/202008a1b8de96d2e5b6bc02d379db03a877d34d/library/std/src/os/mod.rs:55:1
[INFO] [stdout] note: found an item that was configured out
[INFO] [stdout]  --> /rustc/202008a1b8de96d2e5b6bc02d379db03a877d34d/library/std/src/os/mod.rs:121:9
[INFO] [stdout] note: the item is gated here
[INFO] [stdout]  --> /rustc/202008a1b8de96d2e5b6bc02d379db03a877d34d/library/std/src/os/mod.rs:120:1
[INFO] [stdout] 
[INFO] [stdout] 
[INFO] [stdout] error[E0433]: failed to resolve: could not find `um` in `winapi`
[INFO] [stdout]  --> src/main.rs:6:41
[INFO] [stdout]   |
[INFO] [stdout] 6 | const RIGHT_MOUSE_BUTTON: i32 = winapi::um::winuser::VK_RBUTTON;
[INFO] [stdout]   |                                         ^^ could not find `um` in `winapi`
[INFO] [stdout] 
[INFO] [stdout] 
[INFO] [stdout] error[E0433]: failed to resolve: could not find `um` in `winapi`
[INFO] [stdout]  --> src/main.rs:7:40
[INFO] [stdout]   |
[INFO] [stdout] 7 | const LEFT_MOUSE_BUTTON: i32 = winapi::um::winuser::VK_LBUTTON;
[INFO] [stdout]   |                                        ^^ could not find `um` in `winapi`
[INFO] [stdout] 
[INFO] [stdout] 
[INFO] [stdout] error[E0433]: failed to resolve: could not find `um` in `winapi`
[INFO] [stdout]  --> src/main.rs:8:42
[INFO] [stdout]   |
[INFO] [stdout] 8 | const MIDDLE_MOUSE_BUTTON: i32 = winapi::um::winuser::VK_MBUTTON;
[INFO] [stdout]   |                                          ^^ could not find `um` in `winapi`
[INFO] [stdout] 
[INFO] [stdout] 
[INFO] [stdout] error[E0433]: failed to resolve: could not find `um` in `winapi`
[INFO] [stdout]   --> src/main.rs:22:16
[INFO] [stdout]    |
[INFO] [stdout] 22 |     if winapi::um::winuser::GetCursorPos(&mut point) == 0 {
[INFO] [stdout]    |                ^^ could not find `um` in `winapi`
[INFO] [stdout] 
[INFO] [stdout] 
[INFO] [stdout] error[E0433]: failed to resolve: could not find `um` in `winapi`
[INFO] [stdout]   --> src/main.rs:29:16
[INFO] [stdout]    |
[INFO] [stdout] 29 |     if winapi::um::winuser::SetCursorPos(x, y) == 0 {
[INFO] [stdout]    |                ^^ could not find `um` in `winapi`
[INFO] [stdout] 
[INFO] [stdout] 
[INFO] [stdout] error[E0433]: failed to resolve: could not find `um` in `winapi`
[INFO] [stdout]   --> src/main.rs:36:13
[INFO] [stdout]    |
[INFO] [stdout] 36 |     winapi::um::winuser::GetAsyncKeyState(button) != 0
[INFO] [stdout]    |             ^^ could not find `um` in `winapi`
[INFO] [stdout] 
[INFO] [stdout] 
[INFO] [stdout] error[E0433]: failed to resolve: could not find `um` in `winapi`
[INFO] [stdout]   --> src/main.rs:41:13
[INFO] [stdout]    |
[INFO] [stdout] 41 |     winapi::um::winuser::GetWindowThreadProcessId(
[INFO] [stdout]    |             ^^ could not find `um` in `winapi`
[INFO] [stdout] 
[INFO] [stdout] 
[INFO] [stdout] error[E0433]: failed to resolve: could not find `um` in `winapi`
[INFO] [stdout]   --> src/main.rs:42:17
[INFO] [stdout]    |
[INFO] [stdout] 42 |         winapi::um::winuser::GetForegroundWindow(),
[INFO] [stdout]    |                 ^^ could not find `um` in `winapi`
[INFO] [stdout] 
[INFO] [stdout] 
[INFO] [stdout] error[E0433]: failed to resolve: could not find `um` in `winapi`
[INFO] [stdout]   --> src/main.rs:45:26
[INFO] [stdout]    |
[INFO] [stdout] 45 |     let handle = winapi::um::processthreadsapi::OpenProcess(
[INFO] [stdout]    |                          ^^ could not find `um` in `winapi`
[INFO] [stdout] 
[INFO] [stdout] 
[INFO] [stdout] error[E0433]: failed to resolve: could not find `um` in `winapi`
[INFO] [stdout]   --> src/main.rs:46:17
[INFO] [stdout]    |
[INFO] [stdout] 46 |         winapi::um::winnt::PROCESS_QUERY_LIMITED_INFORMATION,
[INFO] [stdout]    |                 ^^ could not find `um` in `winapi`
[INFO] [stdout] 
[INFO] [stdout] 
[INFO] [stdout] error[E0433]: failed to resolve: could not find `um` in `winapi`
[INFO] [stdout]   --> src/main.rs:55:16
[INFO] [stdout]    |
[INFO] [stdout] 55 |     if winapi::um::psapi::GetProcessImageFileNameW(handle, buffer.as_mut_ptr(), size) == 0 {
[INFO] [stdout]    |                ^^ could not find `um` in `winapi`
[INFO] [stdout] 
[INFO] [stdout] 
[INFO] [stdout] error[E0599]: no function or associated item named `from_wide` found for struct `OsString` in the current scope
[INFO] [stdout]   --> src/main.rs:58:36
[INFO] [stdout]    |
[INFO] [stdout] 58 |     let path = std::ffi::OsString::from_wide(&buffer[..]);
[INFO] [stdout]    |                                    ^^^^^^^^^ function or associated item not found in `OsString`
[INFO] [stdout]    |
[INFO] [stdout] note: if you're trying to build a new `OsString` consider using one of the following associated functions:
[INFO] [stdout]       OsString::new
[INFO] [stdout]       OsString::from_encoded_bytes_unchecked
[INFO] [stdout]       OsString::with_capacity
[INFO] [stdout]   --> /rustc/202008a1b8de96d2e5b6bc02d379db03a877d34d/library/std/src/ffi/os_str.rs:140:5
[INFO] [stdout] help: there is an associated function `from_iter` with a similar name
[INFO] [stdout]    |
[INFO] [stdout] 58 |     let path = std::ffi::OsString::from_iter(&buffer[..]);
[INFO] [stdout]    |                                    ~~~~~~~~~
[INFO] [stdout] 
[INFO] [stdout] 
[INFO] [stdout] Some errors have detailed explanations: E0433, E0599.
[INFO] [stdout] 
[INFO] [stdout] For more information about an error, try `rustc --explain E0433`.
[INFO] [stdout] 
[INFO] [stderr] error: could not compile `cursor-clamp` (bin "cursor-clamp") due to 13 previous errors
[INFO] running `Command { std: "docker" "inspect" "581bf0b050cdf28876d572b403623834b136f35165013ed637f976dbbcc277ed", kill_on_drop: false }`
[INFO] running `Command { std: "docker" "rm" "-f" "581bf0b050cdf28876d572b403623834b136f35165013ed637f976dbbcc277ed", kill_on_drop: false }`
[INFO] [stdout] 581bf0b050cdf28876d572b403623834b136f35165013ed637f976dbbcc277ed
