[INFO] cloning repository https://github.com/SuperPlatformFunctionality/spf-part-evm
[INFO] running `Command { std: "git" "-c" "credential.helper=" "-c" "credential.helper=/workspace/cargo-home/bin/git-credential-null" "clone" "--bare" "https://github.com/SuperPlatformFunctionality/spf-part-evm" "/workspace/cache/git-repos/https%3A%2F%2Fgithub.com%2FSuperPlatformFunctionality%2Fspf-part-evm", kill_on_drop: false }`
[INFO] [stderr] Cloning into bare repository '/workspace/cache/git-repos/https%3A%2F%2Fgithub.com%2FSuperPlatformFunctionality%2Fspf-part-evm'...
[INFO] running `Command { std: "git" "rev-parse" "HEAD", kill_on_drop: false }`
[INFO] [stdout] 8e3734088a7472a60710a625864d7dde1fb2e3f4
[INFO] testing SuperPlatformFunctionality/spf-part-evm/8e3734088a7472a60710a625864d7dde1fb2e3f4 against 1.83.0 for beta-1.84.0-4-retry
[INFO] running `Command { std: "git" "clone" "/workspace/cache/git-repos/https%3A%2F%2Fgithub.com%2FSuperPlatformFunctionality%2Fspf-part-evm" "/workspace/builds/worker-7-tc1/source", kill_on_drop: false }`
[INFO] [stderr] Cloning into '/workspace/builds/worker-7-tc1/source'...
[INFO] [stderr] done.
[INFO] validating manifest of git repo https://github.com/SuperPlatformFunctionality/spf-part-evm on toolchain 1.83.0
[INFO] running `Command { std: CARGO_HOME="/workspace/cargo-home" RUSTUP_HOME="/workspace/rustup-home" "/workspace/cargo-home/bin/cargo" "+1.83.0" "metadata" "--manifest-path" "Cargo.toml" "--no-deps", kill_on_drop: false }`
[INFO] removed /workspace/builds/worker-7-tc1/source/.cargo/config.toml
[INFO] removed /workspace/builds/worker-7-tc1/source/rust-toolchain
[INFO] started tweaking git repo https://github.com/SuperPlatformFunctionality/spf-part-evm
[INFO] finished tweaking git repo https://github.com/SuperPlatformFunctionality/spf-part-evm
[INFO] tweaked toml for git repo https://github.com/SuperPlatformFunctionality/spf-part-evm written to /workspace/builds/worker-7-tc1/source/Cargo.toml
[INFO] crate git repo https://github.com/SuperPlatformFunctionality/spf-part-evm already has a lockfile, it will not be regenerated
[INFO] running `Command { std: CARGO_HOME="/workspace/cargo-home" RUSTUP_HOME="/workspace/rustup-home" "/workspace/cargo-home/bin/cargo" "+1.83.0" "fetch" "--manifest-path" "Cargo.toml", kill_on_drop: false }`
[INFO] [stderr] warning: virtual workspace defaulting to `resolver = "1"` despite one or more workspace members being on edition 2021 which implies `resolver = "2"`
[INFO] [stderr] note: to keep the current resolver, specify `workspace.resolver = "1"` in the workspace root's manifest
[INFO] [stderr] note: to use the edition 2021 resolver, specify `workspace.resolver = "2"` in the workspace root's manifest
[INFO] [stderr] note: for more details see https://doc.rust-lang.org/cargo/reference/resolver.html#resolver-versions
[INFO] [stderr]     Updating git repository `https://github.com/PureStake/jsonrpsee`
[INFO] [stderr]     Updating git repository `https://github.com/purestake/crates`
[INFO] [stderr]     Updating git repository `https://github.com/purestake/substrate`
[INFO] [stderr]     Updating git repository `https://github.com/purestake/frontier`
[INFO] [stderr]     Updating git repository `https://github.com/purestake/cumulus`
[INFO] [stderr]     Updating git repository `https://github.com/purestake/polkadot`
[INFO] [stderr]     Updating git repository `https://github.com/purestake/nimbus`
[INFO] [stderr]     Updating git repository `https://github.com/purestake/evm`
[INFO] [stderr]     Updating git repository `https://github.com/purestake/open-runtime-module-library`
[INFO] [stderr]     Updating git repository `https://github.com/purestake/crowdloan-rewards`
[INFO] [stderr]     Updating git repository `https://github.com/encointer/substrate-fixed`
[INFO] [stderr]     Updating crates.io index
[INFO] [stderr]     Updating git repository `https://github.com/encointer/typenum`
[INFO] [stderr]     Blocking waiting for file lock on package cache
[INFO] [stderr]  Downloading crates ...
[INFO] [stderr]   Downloaded wasmtime-jit-debug v0.38.3
[INFO] [stderr]   Downloaded wasmtime-types v0.38.3
[INFO] [stderr]   Downloaded wasmtime-jit v0.38.3
[INFO] [stderr]   Downloaded cranelift-entity v0.85.3
[INFO] [stderr]   Downloaded wasmtime-environ v0.38.3
[INFO] [stderr]   Downloaded triehash v0.8.4
[INFO] [stderr]   Downloaded memory-lru v0.1.0
[INFO] [stderr]   Downloaded always-assert v0.1.2
[INFO] [stderr]   Downloaded mick-jaeger v0.1.8
[INFO] [stderr]   Downloaded assert_cmd v0.12.2
[INFO] [stderr]   Downloaded escargot v0.5.7
[INFO] [stderr]   Downloaded thrift v0.15.0
[INFO] [stderr]   Downloaded parity-db v0.3.17
[INFO] [stderr]   Downloaded secp256k1 v0.24.0
[INFO] [stderr]   Downloaded cranelift-codegen-meta v0.85.3
[INFO] [stderr]   Downloaded cranelift-isle v0.85.3
[INFO] [stderr]   Downloaded wasmtime-cranelift v0.38.3
[INFO] [stderr]   Downloaded strum_macros v0.24.0
[INFO] [stderr]   Downloaded prettyplease v0.1.18
[INFO] [stderr]   Downloaded similar-asserts v1.2.0
[INFO] [stderr]   Downloaded cranelift-wasm v0.85.3
[INFO] [stderr]   Downloaded trie-db v0.24.0
[INFO] [stderr]   Downloaded cranelift-bforest v0.85.3
[INFO] [stderr]   Downloaded cranelift-frontend v0.85.3
[INFO] [stderr]   Downloaded wasmtime v0.38.3
[INFO] [stderr]   Downloaded lru v0.8.0
[INFO] [stderr]   Downloaded comfy-table v6.1.0
[INFO] [stderr]   Downloaded static_init v0.5.2
[INFO] [stderr]   Downloaded reed-solomon-novelpoly v1.0.0
[INFO] [stderr]   Downloaded coarsetime v0.1.22
[INFO] [stderr]   Downloaded bounded-vec v0.6.0
[INFO] [stderr]   Downloaded fs-err v2.7.0
[INFO] [stderr]   Downloaded enumn v0.1.4
[INFO] [stderr]   Downloaded affix v0.1.2
[INFO] [stderr]   Downloaded ethereum v0.12.0
[INFO] [stderr]   Downloaded cfg-expr v0.10.3
[INFO] [stderr]   Downloaded wasmtime-cache v0.38.3
[INFO] [stderr]   Downloaded static_init_macro v0.5.0
[INFO] [stderr]   Downloaded clap_lex v0.2.3
[INFO] [stderr]   Downloaded rustls-native-certs v0.6.1
[INFO] [stderr]   Downloaded integer-encoding v3.0.3
[INFO] [stderr]   Downloaded ckb-merkle-mountain-range v0.3.2
[INFO] [stderr]   Downloaded macrotest v1.0.9
[INFO] [stderr]   Downloaded faster-hex v0.6.1
[INFO] [stderr]   Downloaded psm v0.1.17
[INFO] [stderr]   Downloaded cranelift-codegen v0.85.3
[INFO] [stderr]   Downloaded fatality v0.0.6
[INFO] [stderr]   Downloaded expander v0.0.6
[INFO] [stderr]   Downloaded ss58-registry v1.22.0
[INFO] [stderr]   Downloaded redox_users v0.4.2
[INFO] [stderr]   Downloaded expander v0.0.4
[INFO] [stderr]   Downloaded fatality-proc-macro v0.0.6
[INFO] [stderr]   Downloaded slices v0.2.0
[INFO] [stderr]   Downloaded cranelift-codegen-shared v0.85.3
[INFO] [stderr]   Downloaded wasmtime-runtime v0.38.3
[INFO] [stderr]   Downloaded cranelift-native v0.85.3
[INFO] [stderr]   Downloaded backtrace v0.3.64
[INFO] [stderr]   Downloaded secp256k1-sys v0.6.0
[INFO] running `Command { std: "docker" "create" "-v" "/var/lib/crater-agent-workspace/builds/worker-7-tc1/target:/opt/rustwide/target:rw,Z" "-v" "/var/lib/crater-agent-workspace/builds/worker-7-tc1/source:/opt/rustwide/workdir:ro,Z" "-v" "/var/lib/crater-agent-workspace/cargo-home:/opt/rustwide/cargo-home:ro,Z" "-v" "/var/lib/crater-agent-workspace/rustup-home:/opt/rustwide/rustup-home:ro,Z" "-e" "SOURCE_DIR=/opt/rustwide/workdir" "-e" "CARGO_TARGET_DIR=/opt/rustwide/target" "-e" "CARGO_HOME=/opt/rustwide/cargo-home" "-e" "RUSTUP_HOME=/opt/rustwide/rustup-home" "-w" "/opt/rustwide/workdir" "-m" "1610612736" "--user" "0:0" "--network" "none" "ghcr.io/rust-lang/crates-build-env/linux@sha256:f3a9d4ad9d972b27faf3965f35b62e55ba32bbce8f20bc8fe909558a86702fde" "/opt/rustwide/cargo-home/bin/cargo" "+1.83.0" "metadata" "--no-deps" "--format-version=1", kill_on_drop: false }`
[INFO] [stdout] 1ae8e2deb00e453e1faf7aaca2c315b0095f17545a90d05add85f140baca8ebd
[INFO] running `Command { std: "docker" "start" "-a" "1ae8e2deb00e453e1faf7aaca2c315b0095f17545a90d05add85f140baca8ebd", kill_on_drop: false }`
[INFO] running `Command { std: "docker" "inspect" "1ae8e2deb00e453e1faf7aaca2c315b0095f17545a90d05add85f140baca8ebd", kill_on_drop: false }`
[INFO] running `Command { std: "docker" "rm" "-f" "1ae8e2deb00e453e1faf7aaca2c315b0095f17545a90d05add85f140baca8ebd", kill_on_drop: false }`
[INFO] [stdout] 1ae8e2deb00e453e1faf7aaca2c315b0095f17545a90d05add85f140baca8ebd
[INFO] running `Command { std: "docker" "create" "-v" "/var/lib/crater-agent-workspace/builds/worker-7-tc1/target:/opt/rustwide/target:rw,Z" "-v" "/var/lib/crater-agent-workspace/builds/worker-7-tc1/source:/opt/rustwide/workdir:ro,Z" "-v" "/var/lib/crater-agent-workspace/cargo-home:/opt/rustwide/cargo-home:ro,Z" "-v" "/var/lib/crater-agent-workspace/rustup-home:/opt/rustwide/rustup-home:ro,Z" "-e" "SOURCE_DIR=/opt/rustwide/workdir" "-e" "CARGO_TARGET_DIR=/opt/rustwide/target" "-e" "CARGO_INCREMENTAL=0" "-e" "RUST_BACKTRACE=full" "-e" "RUSTFLAGS=--cap-lints=warn" "-e" "RUSTDOCFLAGS=--cap-lints=warn" "-e" "CARGO_HOME=/opt/rustwide/cargo-home" "-e" "RUSTUP_HOME=/opt/rustwide/rustup-home" "-w" "/opt/rustwide/workdir" "-m" "1610612736" "--user" "0:0" "--network" "none" "ghcr.io/rust-lang/crates-build-env/linux@sha256:f3a9d4ad9d972b27faf3965f35b62e55ba32bbce8f20bc8fe909558a86702fde" "/opt/rustwide/cargo-home/bin/cargo" "+1.83.0" "build" "--frozen" "--message-format=json", kill_on_drop: false }`
[INFO] [stdout] 8fae4b5177c4dee20d4a28ee56c1a59fac251798f0c7ef814afc369946055471
[INFO] running `Command { std: "docker" "start" "-a" "8fae4b5177c4dee20d4a28ee56c1a59fac251798f0c7ef814afc369946055471", kill_on_drop: false }`
[INFO] [stderr] warning: virtual workspace defaulting to `resolver = "1"` despite one or more workspace members being on edition 2021 which implies `resolver = "2"`
[INFO] [stderr] note: to keep the current resolver, specify `workspace.resolver = "1"` in the workspace root's manifest
[INFO] [stderr] note: to use the edition 2021 resolver, specify `workspace.resolver = "2"` in the workspace root's manifest
[INFO] [stderr] note: for more details see https://doc.rust-lang.org/cargo/reference/resolver.html#resolver-versions
[INFO] [stderr]    Compiling proc-macro2 v1.0.43
[INFO] [stderr]    Compiling unicode-ident v1.0.0
[INFO] [stderr]    Compiling quote v1.0.21
[INFO] [stderr]    Compiling syn v1.0.100
[INFO] [stderr]    Compiling libc v0.2.126
[INFO] [stderr]    Compiling version_check v0.9.4
[INFO] [stderr]    Compiling once_cell v1.15.0
[INFO] [stderr]    Compiling serde_derive v1.0.144
[INFO] [stderr]    Compiling serde v1.0.144
[INFO] [stderr]    Compiling autocfg v1.1.0
[INFO] [stderr]    Compiling memchr v2.4.1
[INFO] [stderr]    Compiling log v0.4.17
[INFO] [stderr]    Compiling value-bag v1.0.0-alpha.9
[INFO] [stderr]    Compiling typenum v1.15.0
[INFO] [stderr]    Compiling thiserror v1.0.35
[INFO] [stderr]    Compiling spin v0.5.2
[INFO] [stderr]    Compiling bytes v1.2.1
[INFO] [stderr]    Compiling generic-array v0.14.5
[INFO] [stderr]    Compiling lazy_static v1.4.0
[INFO] [stderr]    Compiling ahash v0.7.6
[INFO] [stderr]    Compiling subtle v2.4.1
[INFO] [stderr]    Compiling indexmap v1.9.1
[INFO] [stderr]    Compiling byteorder v1.4.3
[INFO] [stderr]    Compiling regex-syntax v0.6.25
[INFO] [stderr]    Compiling aho-corasick v0.7.18
[INFO] [stderr]    Compiling pin-project-lite v0.2.9
[INFO] [stderr]    Compiling anyhow v1.0.56
[INFO] [stderr]    Compiling smallvec v1.8.0
[INFO] [stderr]    Compiling ppv-lite86 v0.2.16
[INFO] [stderr]    Compiling futures-core v0.3.24
[INFO] [stderr]    Compiling getrandom v0.2.6
[INFO] [stderr]    Compiling jobserver v0.1.24
[INFO] [stderr]    Compiling cc v1.0.73
[INFO] [stderr]    Compiling rand_core v0.6.3
[INFO] [stderr]    Compiling hashbrown v0.12.3
[INFO] [stderr]    Compiling arrayvec v0.7.2
[INFO] [stderr]    Compiling digest v0.9.0
[INFO] [stderr]    Compiling rand_chacha v0.3.1
[INFO] [stderr]    Compiling num_cpus v1.13.1
[INFO] [stderr]    Compiling futures-io v0.3.24
[INFO] [stderr]    Compiling rand v0.8.5
[INFO] [stderr]    Compiling regex v1.5.5
[INFO] [stderr]    Compiling either v1.6.1
[INFO] [stderr]    Compiling lock_api v0.4.6
[INFO] [stderr]    Compiling slab v0.4.5
[INFO] [stderr]    Compiling futures-sink v0.3.24
[INFO] [stderr]    Compiling itertools v0.10.3
[INFO] [stderr]    Compiling futures-channel v0.3.24
[INFO] [stderr]    Compiling futures-task v0.3.24
[INFO] [stderr]    Compiling futures-util v0.3.24
[INFO] [stderr]    Compiling futures v0.1.31
[INFO] [stderr]    Compiling cpufeatures v0.2.2
[INFO] [stderr]    Compiling parking_lot_core v0.9.1
[INFO] [stderr]    Compiling crunchy v0.2.2
[INFO] [stderr]    Compiling unicode-xid v0.2.2
[INFO] [stderr]    Compiling opaque-debug v0.3.0
[INFO] [stderr]    Compiling crypto-common v0.1.3
[INFO] [stderr]    Compiling block-buffer v0.10.2
[INFO] [stderr]    Compiling block-padding v0.2.1
[INFO] [stderr]    Compiling parking_lot v0.12.1
[INFO] [stderr]    Compiling digest v0.10.3
[INFO] [stderr]    Compiling static_assertions v1.1.0
[INFO] [stderr]    Compiling block-buffer v0.9.0
[INFO] [stderr]    Compiling keccak v0.1.0
[INFO] [stderr]    Compiling base64 v0.13.0
[INFO] [stderr]    Compiling itoa v1.0.1
[INFO] [stderr]    Compiling getrandom v0.1.16
[INFO] [stderr]    Compiling sha2 v0.9.9
[INFO] [stderr]    Compiling radium v0.7.0
[INFO] [stderr]    Compiling sha3 v0.10.1
[INFO] [stderr]    Compiling arrayref v0.3.6
[INFO] [stderr]    Compiling tap v1.0.1
[INFO] [stderr]    Compiling funty v2.0.0
[INFO] [stderr]    Compiling wyz v0.5.0
[INFO] [stderr]    Compiling rand_core v0.5.1
[INFO] [stderr]    Compiling instant v0.1.12
[INFO] [stderr]    Compiling serde_json v1.0.85
[INFO] [stderr]    Compiling byte-slice-cast v1.2.1
[INFO] [stderr]    Compiling constant_time_eq v0.1.5
[INFO] [stderr]    Compiling ryu v1.0.9
[INFO] [stderr]    Compiling tinyvec_macros v0.1.0
[INFO] [stderr]    Compiling tinyvec v1.5.1
[INFO] [stderr]    Compiling bitvec v1.0.0
[INFO] [stderr]    Compiling rand_chacha v0.2.2
[INFO] [stderr]    Compiling rand_pcg v0.2.1
[INFO] [stderr]    Compiling convert_case v0.4.0
[INFO] [stderr]    Compiling libm v0.2.2
[INFO] [stderr]    Compiling rand v0.7.3
[INFO] [stderr]    Compiling sha2 v0.10.2
[INFO] [stderr]    Compiling num-traits v0.2.14
[INFO] [stderr]    Compiling synstructure v0.12.6
[INFO] [stderr]    Compiling crypto-mac v0.8.0
[INFO] [stderr]    Compiling libsecp256k1-core v0.3.0
[INFO] [stderr]    Compiling unicode-normalization v0.1.19
[INFO] [stderr]    Compiling crc32fast v1.3.2
[INFO] [stderr]    Compiling hmac v0.8.1
[INFO] [stderr]    Compiling hmac-drbg v0.3.0
[INFO] [stderr]    Compiling miniz_oxide v0.4.4
[INFO] [stderr]    Compiling tracing-core v0.1.29
[INFO] [stderr]    Compiling adler v1.0.2
[INFO] [stderr]    Compiling rustc-hex v2.1.0
[INFO] [stderr]    Compiling hashbrown v0.11.2
[INFO] [stderr]    Compiling stable_deref_trait v1.2.0
[INFO] [stderr]    Compiling zstd-sys v2.0.1+zstd.1.5.2
[INFO] [stderr]    Compiling libsecp256k1-gen-genmult v0.3.0
[INFO] [stderr]    Compiling libsecp256k1-gen-ecmult v0.3.0
[INFO] [stderr]    Compiling signature v1.4.0
[INFO] [stderr]    Compiling rlp v0.5.1
[INFO] [stderr]    Compiling crossbeam-utils v0.8.8
[INFO] [stderr]    Compiling libsecp256k1 v0.7.0
[INFO] [stderr]    Compiling memoffset v0.6.5
[INFO] [stderr]    Compiling rustc-demangle v0.1.21
[INFO] [stderr]    Compiling zstd-safe v5.0.2+zstd.1.5.2
[INFO] [stderr]    Compiling impl-rlp v0.3.0
[INFO] [stderr]    Compiling ed25519 v1.4.1
[INFO] [stderr]    Compiling fixed-hash v0.7.0
[INFO] [stderr]    Compiling num-integer v0.1.44
[INFO] [stderr]    Compiling paste v1.0.8
[INFO] [stderr]    Compiling regex-automata v0.1.10
[INFO] [stderr]    Compiling ansi_term v0.12.1
[INFO] [stderr]    Compiling tiny-keccak v2.0.2
[INFO] [stderr]    Compiling fallible-iterator v0.2.0
[INFO] [stderr]    Compiling async-trait v0.1.57
[INFO] [stderr]    Compiling rustc-hash v1.1.0
[INFO] [stderr]    Compiling target-lexicon v0.12.3
[INFO] [stderr]    Compiling parking_lot_core v0.8.5
[INFO] [stderr]    Compiling cranelift-isle v0.85.3
[INFO] [stderr]    Compiling ctor v0.1.22
[INFO] [stderr]    Compiling thiserror-impl v1.0.35
[INFO] [stderr]    Compiling futures-macro v0.3.24
[INFO] [stderr]    Compiling zeroize_derive v1.3.2
[INFO] [stderr]    Compiling impl-trait-for-tuples v0.2.2
[INFO] [stderr]    Compiling derive_more v0.99.17
[INFO] [stderr]    Compiling zeroize v1.4.3
[INFO] [stderr]    Compiling curve25519-dalek v3.2.0
[INFO] [stderr]    Compiling tracing-attributes v0.1.22
[INFO] [stderr]    Compiling cranelift-codegen-shared v0.85.3
[INFO] [stderr]    Compiling cranelift-codegen-meta v0.85.3
[INFO] [stderr]    Compiling parking_lot v0.11.2
[INFO] [stderr]    Compiling tracing v0.1.36
[INFO] [stderr]    Compiling blake2 v0.10.4
[INFO] [stderr]    Compiling io-lifetimes v0.5.3
[INFO] [stderr]    Compiling futures-executor v0.3.24
[INFO] [stderr]    Compiling errno v0.2.8
[INFO] [stderr]    Compiling futures v0.3.24
[INFO] [stderr]    Compiling atty v0.2.14
[INFO] [stderr]    Compiling fxhash v0.2.1
[INFO] [stderr]    Compiling hash-db v0.15.2
[INFO] [stderr]    Compiling sp-std v4.0.0 (https://github.com/purestake/substrate?branch=moonbeam-polkadot-v0.9.29#b97f87e3)
[INFO] [stderr]    Compiling rustix v0.33.7
[INFO] [stderr]    Compiling slice-group-by v0.3.0
[INFO] [stderr]    Compiling lru v0.7.7
[INFO] [stderr]    Compiling backtrace v0.3.64
[INFO] [stderr]    Compiling crossbeam-epoch v0.9.7
[INFO] [stderr]    Compiling linux-raw-sys v0.0.42
[INFO] [stderr]    Compiling Inflector v0.11.4
[INFO] [stderr]    Compiling object v0.27.1
[INFO] [stderr]    Compiling regalloc2 v0.2.3
[INFO] [stderr]    Compiling termcolor v1.1.3
[INFO] [stderr]    Compiling rayon-core v1.9.1
[INFO] [stderr]    Compiling more-asserts v0.2.2
[INFO] [stderr]    Compiling wasmtime-runtime v0.38.3
[INFO] [stderr]    Compiling generic-array v0.12.4
[INFO] [stderr]    Compiling num-bigint v0.2.6
[INFO] [stderr]    Compiling humantime v2.1.0
[INFO] [stderr]    Compiling cpp_demangle v0.3.5
[INFO] [stderr]    Compiling cranelift-codegen v0.85.3
[INFO] [stderr]    Compiling env_logger v0.9.0
[INFO] [stderr]    Compiling crossbeam-deque v0.8.1
[INFO] [stderr]    Compiling sp-debug-derive v4.0.0 (https://github.com/purestake/substrate?branch=moonbeam-polkadot-v0.9.29#b97f87e3)
[INFO] [stderr]    Compiling crossbeam-channel v0.5.4
[INFO] [stderr]    Compiling region v2.2.0
[INFO] [stderr]    Compiling psm v0.1.17
[INFO] [stderr]    Compiling time v0.1.44
[INFO] [stderr]    Compiling memfd v0.4.1
[INFO] [stderr]    Compiling dirs-sys-next v0.1.2
[INFO] [stderr]    Compiling rayon v1.5.1
[INFO] [stderr]    Compiling num-rational v0.2.4
[INFO] [stderr]    Compiling parity-util-mem v0.11.0
[INFO] [stderr]    Compiling ref-cast v1.0.6
[INFO] [stderr]    Compiling environmental v1.1.3
[INFO] [stderr]    Compiling parity-wasm v0.42.2
[INFO] [stderr]    Compiling wasmtime-cache v0.38.3
[INFO] [stderr]    Compiling chrono v0.4.19
[INFO] [stderr]    Compiling directories-next v2.0.0
[INFO] [stderr]    Compiling file-per-thread-logger v0.1.5
[INFO] [stderr]    Compiling toml v0.5.8
[INFO] [stderr]    Compiling hex v0.4.3
[INFO] [stderr]    Compiling proc-macro-crate v1.2.1
[INFO] [stderr]    Compiling uint v0.9.3
[INFO] [stderr]    Compiling impl-serde v0.3.2
[INFO] [stderr]    Compiling ed25519-dalek v1.0.1
[INFO] [stderr]    Compiling gimli v0.26.1
[INFO] [stderr]    Compiling cranelift-entity v0.85.3
[INFO] [stderr]    Compiling wasmparser v0.85.0
[INFO] [stderr]    Compiling object v0.28.4
[INFO] [stderr]    Compiling cranelift-bforest v0.85.3
[INFO] [stderr]    Compiling bincode v1.3.3
[INFO] [stderr]    Compiling parity-scale-codec-derive v3.1.3
[INFO] [stderr]    Compiling scale-info-derive v2.1.2
[INFO] [stderr]    Compiling digest v0.8.1
[INFO] [stderr]    Compiling ref-cast-impl v1.0.6
[INFO] [stderr]    Compiling wasmtime-types v0.38.3
[INFO] [stderr]    Compiling parity-scale-codec v3.1.5
[INFO] [stderr]    Compiling parity-util-mem-derive v0.1.0
[INFO] [stderr]    Compiling hash256-std-hasher v0.15.2
[INFO] [stderr]    Compiling crypto-mac v0.11.1
[INFO] [stderr]    Compiling arrayvec v0.4.12
[INFO] [stderr]    Compiling wasmtime v0.38.3
[INFO] [stderr]    Compiling wasmi-validation v0.4.1
[INFO] [stderr]    Compiling scale-info v2.1.2
[INFO] [stderr]    Compiling impl-codec v0.6.0
[INFO] [stderr]    Compiling tracing-serde v0.1.3
[INFO] [stderr]    Compiling addr2line v0.17.0
[INFO] [stderr]    Compiling block-buffer v0.7.3
[INFO] [stderr]    Compiling wasmtime-environ v0.38.3
[INFO] [stderr]    Compiling primitive-types v0.11.1
[INFO] [stderr]    Compiling ethbloom v0.12.1
[INFO] [stderr]    Compiling wasmtime-jit-debug v0.38.3
[INFO] [stderr]    Compiling tracing-log v0.1.3
[INFO] [stderr]    Compiling matchers v0.0.1
[INFO] [stderr]    Compiling sharded-slab v0.1.4
[INFO] [stderr]    Compiling thread_local v1.1.4
[INFO] [stderr]    Compiling memory_units v0.3.0
[INFO] [stderr]    Compiling nodrop v0.1.14
[INFO] [stderr]    Compiling downcast-rs v1.2.0
[INFO] [stderr]    Compiling wasmi v0.9.1
[INFO] [stderr]    Compiling sp-storage v6.0.0 (https://github.com/purestake/substrate?branch=moonbeam-polkadot-v0.9.29#b97f87e3)
[INFO] [stderr]    Compiling ethereum-types v0.13.1
[INFO] [stderr]    Compiling tracing-subscriber v0.2.25
[INFO] [stderr]    Compiling hmac v0.11.0
[INFO] [stderr]    Compiling sp-externalities v0.12.0 (https://github.com/purestake/substrate?branch=moonbeam-polkadot-v0.9.29#b97f87e3)
[INFO] [stderr]    Compiling sp-runtime-interface-proc-macro v5.0.0 (https://github.com/purestake/substrate?branch=moonbeam-polkadot-v0.9.29#b97f87e3)
[INFO] [stderr]    Compiling secp256k1-sys v0.6.0
[INFO] [stderr]    Compiling fake-simd v0.1.2
[INFO] [stderr]    Compiling sha2 v0.8.2
[INFO] [stderr]    Compiling curve25519-dalek v2.1.3
[INFO] [stderr]    Compiling ss58-registry v1.22.0
[INFO] [stderr]    Compiling merlin v2.0.1
[INFO] [stderr]    Compiling dyn-clonable-impl v0.9.0
[INFO] [stderr]    Compiling wasmtime-jit v0.38.3
[INFO] [stderr]    Compiling sp-tracing v5.0.0 (https://github.com/purestake/substrate?branch=moonbeam-polkadot-v0.9.29#b97f87e3)
[INFO] [stderr]    Compiling twox-hash v1.6.3
[INFO] [stderr]    Compiling nohash-hasher v0.2.0
[INFO] [stderr]    Compiling itoa v0.4.8
[INFO] [stderr]    Compiling dyn-clone v1.0.9
[INFO] [stderr]    Compiling arrayvec v0.5.2
[INFO] [stderr]    Compiling dyn-clonable v0.9.0
[INFO] [stderr]    Compiling num-format v0.4.0
[INFO] [stderr]    Compiling sp-core-hashing v4.0.0 (https://github.com/purestake/substrate?branch=moonbeam-polkadot-v0.9.29#b97f87e3)
[INFO] [stderr]    Compiling schnorrkel v0.9.1
[INFO] [stderr]    Compiling blake2-rfc v0.2.18
[INFO] [stderr]    Compiling pbkdf2 v0.8.0
[INFO] [stderr]    Compiling pbkdf2 v0.4.0
[INFO] [stderr]    Compiling tiny-bip39 v0.8.2
[INFO] [stderr]    Compiling ed25519-zebra v3.0.0
[INFO] [stderr]    Compiling secrecy v0.8.0
[INFO] [stderr]    Compiling base58 v0.2.0
[INFO] [stderr]    Compiling memory-db v0.29.0
[INFO] [stderr]    Compiling substrate-bip39 v0.4.4
[INFO] [stderr]    Compiling trie-db v0.24.0
[INFO] [stderr]    Compiling trie-root v0.17.0
[INFO] [stderr]    Compiling sp-panic-handler v4.0.0 (https://github.com/purestake/substrate?branch=moonbeam-polkadot-v0.9.29#b97f87e3)
[INFO] [stderr]    Compiling integer-sqrt v0.1.5
[INFO] [stderr]    Compiling sp-core-hashing-proc-macro v5.0.0 (https://github.com/purestake/substrate?branch=moonbeam-polkadot-v0.9.29#b97f87e3)
[INFO] [stderr]    Compiling sp-arithmetic v5.0.0 (https://github.com/purestake/substrate?branch=moonbeam-polkadot-v0.9.29#b97f87e3)
[INFO] [stderr]    Compiling sp-version-proc-macro v4.0.0-dev (https://github.com/purestake/substrate?branch=moonbeam-polkadot-v0.9.29#b97f87e3)
[INFO] [stderr]    Compiling sp-api-proc-macro v4.0.0-dev (https://github.com/purestake/substrate?branch=moonbeam-polkadot-v0.9.29#b97f87e3)
[INFO] [stderr]    Compiling futures-timer v3.0.2
[INFO] [stderr]    Compiling const-oid v0.7.1
[INFO] [stderr]    Compiling crypto-bigint v0.3.2
[INFO] [stderr]    Compiling der v0.5.1
[INFO] [stderr]    Compiling cranelift-frontend v0.85.3
[INFO] [stderr]    Compiling cranelift-wasm v0.85.3
[INFO] [stderr]    Compiling cranelift-native v0.85.3
[INFO] [stderr]    Compiling ff v0.11.0
[INFO] [stderr]    Compiling sec1 v0.2.1
[INFO] [stderr]    Compiling group v0.11.0
[INFO] [stderr]    Compiling base16ct v0.1.1
[INFO] [stderr]    Compiling rfc6979 v0.1.0
[INFO] [stderr]    Compiling wasmtime-cranelift v0.38.3
[INFO] [stderr]    Compiling frame-support-procedural-tools-derive v3.0.0 (https://github.com/purestake/substrate?branch=moonbeam-polkadot-v0.9.29#b97f87e3)
[INFO] [stderr]    Compiling cfg-expr v0.10.3
[INFO] [stderr]    Compiling elliptic-curve v0.11.12
[INFO] [stderr]    Compiling frame-metadata v15.0.0
[INFO] [stderr]    Compiling ecdsa v0.13.4
[INFO] [stderr]    Compiling tt-call v1.0.8
[INFO] [stderr]    Compiling k256 v0.10.4
[INFO] [stderr]    Compiling frame-support-procedural-tools v4.0.0-dev (https://github.com/purestake/substrate?branch=moonbeam-polkadot-v0.9.29#b97f87e3)
[INFO] [stderr]    Compiling heck v0.4.0
[INFO] [stderr]    Compiling fastrand v1.7.0
[INFO] [stderr]    Compiling proc-macro-error-attr v1.0.4
[INFO] [stderr]    Compiling proc-macro-error v1.0.4
[INFO] [stderr]    Compiling remove_dir_all v0.5.3
[INFO] [stderr]    Compiling frame-support-procedural v4.0.0-dev (https://github.com/purestake/substrate?branch=moonbeam-polkadot-v0.9.29#b97f87e3)
[INFO] [stderr]    Compiling tempfile v3.3.0
[INFO] [stderr]    Compiling prost-derive v0.10.1
[INFO] [stderr]    Compiling fixedbitset v0.4.1
[INFO] [stderr]    Compiling which v4.2.5
[INFO] [stderr]    Compiling cmake v0.1.48
[INFO] [stderr]    Compiling multimap v0.8.3
[INFO] [stderr]    Compiling petgraph v0.6.0
[INFO] [stderr]    Compiling ring v0.16.20
[INFO] [stderr]    Compiling prost-build v0.10.4
[INFO] [stderr]    Compiling socket2 v0.4.4
[INFO] [stderr]    Compiling pin-project-internal v1.0.10
[INFO] [stderr]    Compiling prost v0.10.4
[INFO] [stderr]    Compiling signal-hook-registry v1.4.0
[INFO] [stderr]    Compiling untrusted v0.7.1
[INFO] [stderr]    Compiling tokio v1.21.1
[INFO] [stderr]    Compiling mio v0.8.4
[INFO] [stderr]    Compiling prost-types v0.10.1
[INFO] [stderr]    Compiling tokio-macros v1.7.0
[INFO] [stderr]    Compiling bs58 v0.4.0
[INFO] [stderr]    Compiling pkg-config v0.3.24
[INFO] [stderr]    Compiling matches v0.1.9
[INFO] [stderr]    Compiling httparse v1.6.0
[INFO] [stderr]    Compiling pin-project v1.0.10
[INFO] [stderr]    Compiling blake3 v1.3.1
[INFO] [stderr]    Compiling unicode-bidi v0.3.7
[INFO] [stderr]    Compiling data-encoding v2.3.2
[INFO] [stderr]    Compiling percent-encoding v2.1.0
[INFO] [stderr]    Compiling event-listener v2.5.2
[INFO] [stderr]    Compiling form_urlencoded v1.0.1
[INFO] [stderr]    Compiling idna v0.2.3
[INFO] [stderr]    Compiling libz-sys v1.1.5
[INFO] [stderr]    Compiling asynchronous-codec v0.6.0
[INFO] [stderr]    Compiling url v2.2.2
[INFO] [stderr]    Compiling unsigned-varint v0.7.1
[INFO] [stderr]    Compiling multihash-derive v0.8.0
[INFO] [stderr]    Compiling http v0.2.8
[INFO] [stderr]    Compiling blake2b_simd v1.0.0
[INFO] [stderr]    Compiling blake2s_simd v1.0.0
[INFO] [stderr]    Compiling core2 v0.4.0
[INFO] [stderr]    Compiling try-lock v0.2.3
[INFO] [stderr]    Compiling want v0.3.0
[INFO] [stderr]    Compiling libp2p-core v0.34.0
[INFO] [stderr]    Compiling tokio-util v0.6.9
[INFO] [stderr]    Compiling http-body v0.4.4
[INFO] [stderr]    Compiling httpdate v1.0.2
[INFO] [stderr]    Compiling semver v1.0.7
[INFO] [stderr]    Compiling tower-service v0.3.1
[INFO] [stderr]    Compiling multistream-select v0.11.0
[INFO] [stderr]    Compiling h2 v0.3.12
[INFO] [stderr]    Compiling rw-stream-sink v0.3.0
[INFO] [stderr]    Compiling asn1_der v0.7.5
[INFO] [stderr]    Compiling void v1.0.2
[INFO] [stderr]    Compiling sha3 v0.9.1
[INFO] [stderr]    Compiling async-lock v2.5.0
[INFO] [stderr]    Compiling webpki v0.22.0
[INFO] [stderr]    Compiling rustls v0.20.4
[INFO] [stderr]    Compiling sct v0.7.0
[INFO] [stderr]    Compiling sha-1 v0.9.8
[INFO] [stderr]    Compiling cache-padded v1.2.0
[INFO] [stderr]    Compiling concurrent-queue v1.2.2
[INFO] [stderr]    Compiling parking v2.0.0
[INFO] [stderr]    Compiling waker-fn v1.1.0
[INFO] [stderr]    Compiling webpki-roots v0.22.2
[INFO] [stderr]    Compiling futures-lite v1.12.0
[INFO] [stderr]    Compiling polling v2.2.0
[INFO] [stderr]    Compiling kvdb v0.11.0
[INFO] [stderr]    Compiling prometheus v0.13.1
[INFO] [stderr]    Compiling async-task v4.2.0
[INFO] [stderr]    Compiling async-channel v1.6.1
[INFO] [stderr]    Compiling atomic-waker v1.0.0
[INFO] [stderr]    Compiling async-mutex v1.4.0
[INFO] [stderr]    Compiling bstr v0.2.17
[INFO] [stderr]    Compiling cipher v0.3.0
[INFO] [stderr]    Compiling io-lifetimes v0.7.2
[INFO] [stderr]    Compiling async-io v1.6.0
[INFO] [stderr]    Compiling async-executor v1.4.1
[INFO] [stderr]    Compiling blocking v1.2.0
[INFO] [stderr]    Compiling linked-hash-map v0.5.4
[INFO] [stderr]    Compiling wasm-bindgen-shared v0.2.79
[INFO] [stderr]    Compiling async-global-executor v2.0.3
[INFO] [stderr]    Compiling sp-database v4.0.0-dev (https://github.com/purestake/substrate?branch=moonbeam-polkadot-v0.9.29#b97f87e3)
[INFO] [stderr]    Compiling wasm-instrument v0.1.1
[INFO] [stderr]    Compiling rustix v0.35.7
[INFO] [stderr]    Compiling hyper v0.14.18
[INFO] [stderr]    Compiling netlink-packet-utils v0.5.1
[INFO] [stderr]    Compiling universal-hash v0.4.1
[INFO] [stderr]    Compiling bumpalo v3.9.1
[INFO] [stderr]    Compiling ipnet v2.4.0
[INFO] [stderr]    Compiling linux-raw-sys v0.0.46
[INFO] [stderr]    Compiling signal-hook v0.3.13
[INFO] [stderr]    Compiling sc-executor-wasmtime v0.10.0-dev (https://github.com/purestake/substrate?branch=moonbeam-polkadot-v0.9.29#b97f87e3)
[INFO] [stderr]    Compiling wasm-bindgen-backend v0.2.79
[INFO] [stderr]    Compiling netlink-packet-core v0.4.2
[INFO] [stderr]    Compiling owning_ref v0.4.1
[INFO] [stderr]    Compiling quick-error v1.2.3
[INFO] [stderr]    Compiling netlink-sys v0.8.2
[INFO] [stderr]    Compiling sc-utils v4.0.0-dev (https://github.com/purestake/substrate?branch=moonbeam-polkadot-v0.9.29#b97f87e3)
[INFO] [stderr]    Compiling match_cfg v0.1.0
[INFO] [stderr]    Compiling wasm-bindgen v0.2.79
[INFO] [stderr]    Compiling hostname v0.3.1
[INFO] [stderr]    Compiling async-process v1.3.0
[INFO] [stderr]    Compiling netlink-proto v0.9.2
[INFO] [stderr]    Compiling wasm-bindgen-macro-support v0.2.79
[INFO] [stderr]    Compiling netlink-packet-route v0.11.0
[INFO] [stderr]    Compiling polyval v0.5.3
[INFO] [stderr]    Compiling rustc_version v0.4.0
[INFO] [stderr]    Compiling enum-as-inner v0.4.0
[INFO] [stderr]    Compiling kv-log-macro v1.0.7
[INFO] [stderr]    Compiling async-attributes v1.1.2
[INFO] [stderr]    Compiling nix v0.22.3
[INFO] [stderr]    Compiling wasm-bindgen-macro v0.2.79
[INFO] [stderr]    Compiling aead v0.4.3
[INFO] [stderr]    Compiling num-bigint v0.4.3
[INFO] [stderr]    Compiling async-std v1.11.0
[INFO] [stderr]    Compiling trust-dns-proto v0.21.2
[INFO] [stderr]    Compiling snow v0.9.0
[INFO] [stderr]    Compiling ghash v0.4.4
[INFO] [stderr]    Compiling resolv-conf v0.7.0
[INFO] [stderr]    Compiling poly1305 v0.7.2
[INFO] [stderr]    Compiling substrate-prometheus-endpoint v0.10.0-dev (https://github.com/purestake/substrate?branch=moonbeam-polkadot-v0.9.29#b97f87e3)
[INFO] [stderr]    Compiling lru-cache v0.1.2
[INFO] [stderr]    Compiling aes v0.7.5
[INFO] [stderr]    Compiling chacha20 v0.8.1
[INFO] [stderr]    Compiling ctr v0.8.0
[INFO] [stderr]    Compiling num-rational v0.4.0
[INFO] [stderr]    Compiling js-sys v0.3.56
[INFO] [stderr]    Compiling chacha20poly1305 v0.9.0
[INFO] [stderr]    Compiling aes-gcm v0.9.4
[INFO] [stderr]    Compiling prost-codec v0.1.0
[INFO] [stderr]    Compiling libp2p-floodsub v0.37.0
[INFO] [stderr]    Compiling libp2p-rendezvous v0.7.0
[INFO] [stderr]    Compiling trust-dns-resolver v0.21.2
[INFO] [stderr]    Compiling libp2p-autonat v0.5.0
[INFO] [stderr]    Compiling rtnetlink v0.9.1
[INFO] [stderr]    Compiling libp2p-noise v0.37.0
[INFO] [stderr]    Compiling if-watch v1.0.0
[INFO] [stderr]    Compiling libp2p-gossipsub v0.39.0
[INFO] [stderr]    Compiling libp2p-kad v0.38.0
[INFO] [stderr]    Compiling libp2p-identify v0.37.0
[INFO] [stderr]    Compiling libp2p-relay v0.10.0
[INFO] [stderr]    Compiling libp2p-plaintext v0.34.0
[INFO] [stderr]    Compiling curve25519-dalek v4.0.0-pre.1
[INFO] [stderr]    Compiling prometheus-client-derive-text-encode v0.2.0
[INFO] [stderr]    Compiling num-complex v0.4.0
[INFO] [stderr]    Compiling pin-project-lite v0.1.12
[INFO] [stderr]    Compiling dtoa v1.0.2
[INFO] [stderr]    Compiling quicksink v0.1.2
[INFO] [stderr]    Compiling prometheus-client v0.16.0
[INFO] [stderr]    Compiling wasm-bindgen-futures v0.4.29
[INFO] [stderr]    Compiling async-std-resolver v0.21.2
[INFO] [stderr]    Compiling dns-parser v0.8.0
[INFO] [stderr]    Compiling futures-rustls v0.22.1
[INFO] [stderr]    Compiling salsa20 v0.9.0
[INFO] [stderr]    Compiling cuckoofilter v0.5.0
[INFO] [stderr]    Compiling yamux v0.10.1
[INFO] [stderr]    Compiling wasm-timer v0.2.5
[INFO] [stderr]    Compiling x25519-dalek v1.1.1
[INFO] [stderr]    Compiling bimap v0.6.2
[INFO] [stderr]    Compiling parity-send-wrapper v0.1.0
[INFO] [stderr]    Compiling hex_fmt v0.3.0
[INFO] [stderr]    Compiling libp2p-pnet v0.22.0
[INFO] [stderr]    Compiling libp2p-swarm-derive v0.28.0
[INFO] [stderr]    Compiling approx v0.5.1
[INFO] [stderr]    Compiling rawpointer v0.2.1
[INFO] [stderr]    Compiling nalgebra-macros v0.1.0
[INFO] [stderr]    Compiling matrixmultiply v0.3.2
[INFO] [stderr]    Compiling simba v0.5.1
[INFO] [stderr]    Compiling rand_distr v0.4.3
[INFO] [stderr]    Compiling hex-literal v0.3.4
[INFO] [stderr]    Compiling finality-grandpa v0.16.0
[INFO] [stderr]    Compiling unicase v2.6.0
[INFO] [stderr]    Compiling beef v0.5.1
[INFO] [stderr]    Compiling globset v0.4.8
[INFO] [stderr]    Compiling tracing-futures v0.2.5
[INFO] [stderr]    Compiling rustls-pemfile v0.2.1
[INFO] [stderr]    Compiling jsonrpsee-types v0.15.1 (https://github.com/PureStake/jsonrpsee?branch=moonbeam-v0.15.1#7c2a0149)
[INFO] [stderr]    Compiling openssl-probe v0.1.5
[INFO] [stderr]    Compiling rustls-native-certs v0.6.1
[INFO] [stderr]    Compiling tokio-rustls v0.23.3
[INFO] [stderr]    Compiling tokio-util v0.7.1
[INFO] [stderr]    Compiling rustversion v1.0.6
[INFO] [stderr]    Compiling tokio-stream v0.1.9
[INFO] [stderr]    Compiling jsonrpsee-proc-macros v0.15.1 (https://github.com/PureStake/jsonrpsee?branch=moonbeam-v0.15.1#7c2a0149)
[INFO] [stderr]    Compiling memmap2 v0.5.3
[INFO] [stderr]    Compiling fork-tree v3.0.0 (https://github.com/purestake/substrate?branch=moonbeam-polkadot-v0.9.29#b97f87e3)
[INFO] [stderr]    Compiling data-encoding-macro-internal v0.1.10
[INFO] [stderr]    Compiling glob v0.3.0
[INFO] [stderr]    Compiling base-x v0.2.8
[INFO] [stderr]    Compiling sc-network v0.10.0-dev (https://github.com/purestake/substrate?branch=moonbeam-polkadot-v0.9.29#b97f87e3)
[INFO] [stderr]    Compiling sc-chain-spec-derive v4.0.0-dev (https://github.com/purestake/substrate?branch=moonbeam-polkadot-v0.9.29#b97f87e3)
[INFO] [stderr]    Compiling clang-sys v1.3.1
[INFO] [stderr]    Compiling minimal-lexical v0.2.1
[INFO] [stderr]    Compiling strum_macros v0.24.0
[INFO] [stderr]    Compiling ip_network v0.4.1
[INFO] [stderr]    Compiling nom v7.1.1
[INFO] [stderr]    Compiling data-encoding-macro v0.1.12
[INFO] [stderr]    Compiling multibase v0.9.1
[INFO] [stderr]    Compiling linked_hash_set v0.1.4
[INFO] [stderr]    Compiling libloading v0.7.3
[INFO] [stderr]    Compiling bindgen v0.59.2
[INFO] [stderr]    Compiling fs_extra v1.2.0
[INFO] [stderr]    Compiling bzip2-sys v0.1.11+1.0.8
[INFO] [stderr]    Compiling peeking_take_while v0.1.2
[INFO] [stderr]    Compiling lazycell v1.3.0
[INFO] [stderr]    Compiling tikv-jemalloc-sys v0.4.3+5.2.1-patched.2
[INFO] [stderr]    Compiling shlex v1.1.0
[INFO] [stderr]    Compiling lz4-sys v1.9.4
[INFO] [stderr]    Compiling threadpool v1.8.1
[INFO] [stderr]    Compiling snap v1.0.5
[INFO] [stderr]    Compiling xcm-procedural v0.9.29 (https://github.com/purestake/polkadot?branch=moonbeam-polkadot-v0.9.29#3e0eaf29)
[INFO] [stderr]    Compiling strum v0.24.1
[INFO] [stderr]    Compiling derivative v2.2.0
[INFO] [stderr]    Compiling cexpr v0.6.0
[INFO] [stderr]    Compiling sc-tracing-proc-macro v4.0.0-dev (https://github.com/purestake/substrate?branch=moonbeam-polkadot-v0.9.29#b97f87e3)
[INFO] [stderr]    Compiling fs-swap v0.2.6
[INFO] [stderr]    Compiling nalgebra v0.27.1
[INFO] [stderr]    Compiling fs2 v0.4.3
[INFO] [stderr]    Compiling kvdb-memorydb v0.11.0
[INFO] [stderr]    Compiling fs-err v2.7.0
[INFO] [stderr]    Compiling triehash v0.8.4
[INFO] [stderr]    Compiling rlp-derive v0.1.0
[INFO] [stderr]    Compiling sc-network-light v0.10.0-dev (https://github.com/purestake/substrate?branch=moonbeam-polkadot-v0.9.29#b97f87e3)
[INFO] [stderr]    Compiling sc-network-sync v0.10.0-dev (https://github.com/purestake/substrate?branch=moonbeam-polkadot-v0.9.29#b97f87e3)
[INFO] [stderr]    Compiling sc-sysinfo v6.0.0-dev (https://github.com/purestake/substrate?branch=moonbeam-polkadot-v0.9.29#b97f87e3)
[INFO] [stderr]    Compiling hyper-rustls v0.23.0
[INFO] [stderr]    Compiling dirs-sys v0.3.7
[INFO] [stderr]    Compiling ethereum v0.12.0
[INFO] [stderr]    Compiling directories v4.0.1
[INFO] [stderr]    Compiling exit-future v0.2.0
[INFO] [stderr]    Compiling os_str_bytes v6.0.0
[INFO] [stderr]    Compiling expander v0.0.6
[INFO] [stderr]    Compiling clap_derive v3.2.18
[INFO] [stderr]    Compiling textwrap v0.15.1
[INFO] [stderr]    Compiling clap_lex v0.2.3
[INFO] [stderr]    Compiling strsim v0.10.0
[INFO] [stderr]    Compiling bounded-vec v0.6.0
[INFO] [stderr]    Compiling ordered-float v1.1.1
[INFO] [stderr]    Compiling integer-encoding v3.0.3
[INFO] [stderr]    Compiling names v0.13.0
[INFO] [stderr]    Compiling thrift v0.15.0
[INFO] [stderr]    Compiling nanorand v0.7.0
[INFO] [stderr]    Compiling crossbeam-queue v0.3.5
[INFO] [stderr]    Compiling expander v0.0.4
[INFO] [stderr]    Compiling mick-jaeger v0.1.8
[INFO] [stderr]    Compiling rpassword v7.0.0
[INFO] [stderr]    Compiling fdlimit v0.2.1
[INFO] [stderr]    Compiling tracing-gum-proc-macro v0.9.29 (https://github.com/purestake/polkadot?branch=moonbeam-polkadot-v0.9.29#3e0eaf29)
[INFO] [stderr]    Compiling sc-authority-discovery v0.10.0-dev (https://github.com/purestake/substrate?branch=moonbeam-polkadot-v0.9.29#b97f87e3)
[INFO] [stderr]    Compiling clap v3.2.22
[INFO] [stderr]    Compiling auto_impl v0.5.0
[INFO] [stderr]    Compiling librocksdb-sys v0.6.1+6.28.2
[INFO] [stderr]    Compiling evm-core v0.35.0 (https://github.com/purestake/evm?branch=moonbeam-polkadot-v0.9.29#27ac63fa)
[INFO] [stderr]    Compiling coarsetime v0.1.22
[INFO] [stderr]    Compiling orchestra-proc-macro v0.0.1 (https://github.com/purestake/polkadot?branch=moonbeam-polkadot-v0.9.29#3e0eaf29)
[INFO] [stderr]    Compiling prioritized-metered-channel v0.2.0 (https://github.com/purestake/polkadot?branch=moonbeam-polkadot-v0.9.29#3e0eaf29)
[INFO] [stderr]    Compiling camino v1.0.7
[INFO] [stderr]    Compiling semver-parser v0.7.0
[INFO] [stderr]    Compiling evm-runtime v0.35.0 (https://github.com/purestake/evm?branch=moonbeam-polkadot-v0.9.29#27ac63fa)
[INFO] [stderr]    Compiling semver v0.6.0
[INFO] [stderr]    Compiling evm-gasometer v0.35.0 (https://github.com/purestake/evm?branch=moonbeam-polkadot-v0.9.29#27ac63fa)
[INFO] [stderr]    Compiling cargo-platform v0.1.2
[INFO] [stderr]    Compiling evm v0.35.0 (https://github.com/purestake/evm?branch=moonbeam-polkadot-v0.9.29#27ac63fa)
[INFO] [stderr]    Compiling parity-wasm v0.32.0
[INFO] [stderr]    Compiling same-file v1.0.6
[INFO] [stderr]    Compiling walkdir v2.3.2
[INFO] [stderr]    Compiling cargo_metadata v0.14.2
[INFO] [stderr]    Compiling wasm-gc-api v0.1.11
[INFO] [stderr]    Compiling build-helper v0.1.1
[INFO] [stderr]    Compiling statrs v0.15.0
[INFO] [stderr]    Compiling frame-election-provider-solution-type v4.0.0-dev (https://github.com/purestake/substrate?branch=moonbeam-polkadot-v0.9.29#b97f87e3)
[INFO] [stderr]    Compiling filetime v0.2.17
[INFO] [stderr]    Compiling cfg_aliases v0.1.1
[INFO] [stderr]    Compiling ckb-merkle-mountain-range v0.3.2
[INFO] [stderr]    Compiling static_init_macro v0.5.0
[INFO] [stderr]    Compiling linregress v0.4.4
[INFO] [stderr]    Compiling enumn v0.1.4
[INFO] [stderr]    Compiling orchestra v0.0.1 (https://github.com/purestake/polkadot?branch=moonbeam-polkadot-v0.9.29#3e0eaf29)
[INFO] [stderr]    Compiling static_init v0.5.2
[INFO] [stderr]    Compiling num_enum_derive v0.5.7
[INFO] [stderr]    Compiling reed-solomon-novelpoly v1.0.0
[INFO] [stderr]    Compiling sc-consensus-slots v0.10.0-dev (https://github.com/purestake/substrate?branch=moonbeam-polkadot-v0.9.29#b97f87e3)
[INFO] [stderr]    Compiling sha3 v0.8.2
[INFO] [stderr]    Compiling enumflags2_derive v0.7.4
[INFO] [stderr]    Compiling ucd-trie v0.1.3
[INFO] [stderr]    Compiling unicode-segmentation v1.9.0
[INFO] [stderr]    Compiling pest v2.1.3
[INFO] [stderr]    Compiling maplit v1.0.2
[INFO] [stderr]    Compiling unicode-width v0.1.9
[INFO] [stderr]    Compiling slotmap v1.0.6
[INFO] [stderr]    Compiling num_enum v0.5.7
[INFO] [stderr]    Compiling always-assert v0.1.2
[INFO] [stderr]    Compiling enumflags2 v0.7.5
[INFO] [stderr]    Compiling prettyplease v0.1.18
[INFO] [stderr]    Compiling terminal_size v0.1.17
[INFO] [stderr]    Compiling assert_matches v1.5.0
[INFO] [stderr]    Compiling console v0.15.0
[INFO] [stderr]    Compiling similar v2.1.0
[INFO] [stderr]    Compiling pallet-staking-reward-fn v4.0.0-dev (https://github.com/purestake/substrate?branch=moonbeam-polkadot-v0.9.29#b97f87e3)
[INFO] [stderr]    Compiling pest_meta v2.1.3
[INFO] [stderr]    Compiling pallet-staking-reward-curve v4.0.0-dev (https://github.com/purestake/substrate?branch=moonbeam-polkadot-v0.9.29#b97f87e3)
[INFO] [stderr]    Compiling quick-error v2.0.1
[INFO] [stderr]    Compiling convert_case v0.5.0
[INFO] [stderr]    Compiling frame-benchmarking-cli v4.0.0-dev (https://github.com/purestake/substrate?branch=moonbeam-polkadot-v0.9.29#b97f87e3)
[INFO] [stderr]    Compiling case v1.0.0
[INFO] [stderr]    Compiling affix v0.1.2
[INFO] [stderr]    Compiling similar-asserts v1.2.0
[INFO] [stderr]    Compiling precompile-utils-macro v0.1.0 (/opt/rustwide/workdir/precompiles/utils/macro)
[INFO] [stderr]    Compiling pest_generator v2.1.3
[INFO] [stdout] warning: field `0` is never read
[INFO] [stdout]   --> precompiles/utils/macro/src/precompile/attr.rs:56:9
[INFO] [stdout]    |
[INFO] [stdout] 56 |     Public(Span, syn::LitStr),
[INFO] [stdout]    |     ------ ^^^^
[INFO] [stdout]    |     |
[INFO] [stdout]    |     field in this variant
[INFO] [stdout]    |
[INFO] [stdout]    = note: `#[warn(dead_code)]` on by default
[INFO] [stdout] help: consider changing the field to be of unit type to suppress this warning while preserving the field numbering, or remove the field
[INFO] [stdout]    |
[INFO] [stdout] 56 |     Public((), syn::LitStr),
[INFO] [stdout]    |            ~~
[INFO] [stdout] 
[INFO] [stdout] 
[INFO] [stdout] warning: field `0` is never read
[INFO] [stdout]    --> precompiles/utils/macro/src/precompile/attr.rs:108:16
[INFO] [stdout]     |
[INFO] [stdout] 108 |     PrecompileSet(Span),
[INFO] [stdout]     |     ------------- ^^^^
[INFO] [stdout]     |     |
[INFO] [stdout]     |     field in this variant
[INFO] [stdout]     |
[INFO] [stdout] help: consider changing the field to be of unit type to suppress this warning while preserving the field numbering, or remove the field
[INFO] [stdout]     |
[INFO] [stdout] 108 |     PrecompileSet(()),
[INFO] [stdout]     |                   ~~
[INFO] [stdout] 
[INFO] [stdout] 
[INFO] [stderr]    Compiling comfy-table v6.1.0
[INFO] [stderr]    Compiling serde_nanos v0.1.2
[INFO] [stderr]    Compiling lru v0.6.6
[INFO] [stderr]    Compiling rand_pcg v0.3.1
[INFO] [stderr]    Compiling gethostname v0.2.3
[INFO] [stderr]    Compiling thousands v0.2.0
[INFO] [stderr]    Compiling memory-lru v0.1.0
[INFO] [stderr]    Compiling sc-proposer-metrics v0.10.0-dev (https://github.com/purestake/substrate?branch=moonbeam-polkadot-v0.9.29#b97f87e3)
[INFO] [stderr]    Compiling fp-storage v2.0.0 (https://github.com/purestake/frontier?branch=moonbeam-polkadot-v0.9.29#b9d68661)
[INFO] [stderr]    Compiling libsecp256k1-core v0.2.2
[INFO] [stderr]    Compiling pest_derive v2.1.0
[INFO] [stderr]    Compiling platforms v2.0.0
[INFO] [stderr]    Compiling faster-hex v0.6.1
[INFO] [stderr]    Compiling typenum v1.16.0 (https://github.com/encointer/typenum?tag=v1.16.0#4c8dddaa)
[INFO] [stderr]    Compiling slices v0.2.0
[INFO] [stderr]    Compiling substrate-build-script-utils v3.0.0 (https://github.com/purestake/substrate?branch=moonbeam-polkadot-v0.9.29#b97f87e3)
[INFO] [stderr]    Compiling libsecp256k1-gen-ecmult v0.2.1
[INFO] [stderr]    Compiling libsecp256k1-gen-genmult v0.2.1
[INFO] [stderr]    Compiling handlebars v4.2.2
[INFO] [stderr]    Compiling base64 v0.12.3
[INFO] [stderr]    Compiling substrate-fixed v0.5.9 (https://github.com/encointer/substrate-fixed#a4fb461a)
[INFO] [stderr]    Compiling ripemd v0.1.1
[INFO] [stderr]    Compiling libsecp256k1 v0.6.0
[INFO] [stderr]    Compiling lru v0.8.0
[INFO] [stderr]    Compiling num-iter v0.1.42
[INFO] [stderr]    Compiling moonbeam-rpc-core-types v0.1.0 (/opt/rustwide/workdir/client/rpc-core/types)
[INFO] [stderr]    Compiling polkadot-performance-test v0.9.29 (https://github.com/purestake/polkadot?branch=moonbeam-polkadot-v0.9.29#3e0eaf29)
[INFO] [stderr]    Compiling polkadot-cli v0.9.29 (https://github.com/purestake/polkadot?branch=moonbeam-polkadot-v0.9.29#3e0eaf29)
[INFO] [stderr]    Compiling hmac v0.12.1
[INFO] [stderr]    Compiling pbkdf2 v0.11.0
[INFO] [stderr]    Compiling num v0.4.0
[INFO] [stderr]    Compiling textwrap v0.11.0
[INFO] [stderr]    Compiling heck v0.3.3
[INFO] [stderr]    Compiling cumulus-pallet-parachain-system-proc-macro v0.1.0 (https://github.com/purestake/cumulus?branch=moonbeam-polkadot-v0.9.29#35a3f861)
[INFO] [stderr]    Compiling substrate-bn v0.6.0
[INFO] [stderr]    Compiling bip32 v0.4.0 (https://github.com/purestake/crates?branch=bip32-v0.4.0-fix#e6448895)
[INFO] [stderr]    Compiling spin v0.9.2
[INFO] [stderr]    Compiling strsim v0.8.0
[INFO] [stderr]    Compiling safe-mix v1.0.1
[INFO] [stderr]    Compiling vec_map v0.8.2
[INFO] [stderr]    Compiling clap v2.34.0
[INFO] [stderr]    Compiling flume v0.10.12
[INFO] [stderr]    Compiling structopt-derive v0.4.18
[INFO] [stderr]    Compiling backoff v0.4.0
[INFO] [stderr]    Compiling moonbeam-cli v0.28.0 (/opt/rustwide/workdir/node/cli)
[INFO] [stderr]    Compiling trie-root v0.15.2
[INFO] [stderr]    Compiling secp256k1 v0.24.0
[INFO] [stderr]    Compiling structopt v0.3.26
[INFO] [stderr] error: failed to run custom build command for `tikv-jemalloc-sys v0.4.3+5.2.1-patched.2`
[INFO] [stderr] note: To improve backtraces for build dependencies, set the CARGO_PROFILE_DEV_BUILD_OVERRIDE_DEBUG=true environment variable to enable debug information generation.
[INFO] [stderr] 
[INFO] [stderr] Caused by:
[INFO] [stderr]   process didn't exit successfully: `/opt/rustwide/target/debug/build/tikv-jemalloc-sys-d1ebd658d521b758/build-script-build` (exit status: 101)
[INFO] [stderr]   --- stdout
[INFO] [stderr]   TARGET=x86_64-unknown-linux-gnu
[INFO] [stderr]   HOST=x86_64-unknown-linux-gnu
[INFO] [stderr]   NUM_JOBS=8
[INFO] [stderr]   OUT_DIR="/opt/rustwide/target/debug/build/tikv-jemalloc-sys-95461327bfedf14c/out"
[INFO] [stderr]   BUILD_DIR="/opt/rustwide/target/debug/build/tikv-jemalloc-sys-95461327bfedf14c/out/build"
[INFO] [stderr]   SRC_DIR="/opt/rustwide/cargo-home/registry/src/index.crates.io-6f17d22bba15001f/tikv-jemalloc-sys-0.4.3+5.2.1-patched.2"
[INFO] [stderr]   OPT_LEVEL = Some("0")
[INFO] [stderr]   TARGET = Some("x86_64-unknown-linux-gnu")
[INFO] [stderr]   HOST = Some("x86_64-unknown-linux-gnu")
[INFO] [stderr]   CC_x86_64-unknown-linux-gnu = None
[INFO] [stderr]   CC_x86_64_unknown_linux_gnu = None
[INFO] [stderr]   HOST_CC = None
[INFO] [stderr]   CC = None
[INFO] [stderr]   CFLAGS_x86_64-unknown-linux-gnu = None
[INFO] [stderr]   CFLAGS_x86_64_unknown_linux_gnu = None
[INFO] [stderr]   HOST_CFLAGS = None
[INFO] [stderr]   CFLAGS = None
[INFO] [stderr]   CRATE_CC_NO_DEFAULTS = None
[INFO] [stderr]   DEBUG = Some("true")
[INFO] [stderr]   CARGO_CFG_TARGET_FEATURE = Some("fxsr,sse,sse2")
[INFO] [stderr]   CC="cc"
[INFO] [stderr]   CFLAGS="-O0 -ffunction-sections -fdata-sections -fPIC -g -fno-omit-frame-pointer -m64 -Wall"
[INFO] [stderr]   JEMALLOC_REPO_DIR="jemalloc"
[INFO] [stderr]   running: cd "/opt/rustwide/target/debug/build/tikv-jemalloc-sys-95461327bfedf14c/out/build" && CC="cc" CFLAGS="-O0 -ffunction-sections -fdata-sections -fPIC -g -fno-omit-frame-pointer -m64 -Wall" CPPFLAGS="-O0 -ffunction-sections -fdata-sections -fPIC -g -fno-omit-frame-pointer -m64 -Wall" LDFLAGS="-O0 -ffunction-sections -fdata-sections -fPIC -g -fno-omit-frame-pointer -m64 -Wall" "sh" "/opt/rustwide/target/debug/build/tikv-jemalloc-sys-95461327bfedf14c/out/build/configure" "--disable-cxx" "--with-private-namespace=_rjem_" "--host=x86_64-unknown-linux-gnu" "--build=x86_64-unknown-linux-gnu" "--prefix=/opt/rustwide/target/debug/build/tikv-jemalloc-sys-95461327bfedf14c/out"
[INFO] [stderr]   checking for xsltproc... false
[INFO] [stderr]   checking for x86_64-unknown-linux-gnu-gcc... cc
[INFO] [stderr]   checking whether the C compiler works... yes
[INFO] [stderr]   checking for C compiler default output file name... a.out
[INFO] [stderr]   checking for suffix of executables... 
[INFO] [stderr]   checking whether we are cross compiling... no
[INFO] [stderr]   checking for suffix of object files... o
[INFO] [stderr]   checking whether we are using the GNU C compiler... yes
[INFO] [stderr]   checking whether cc accepts -g... yes
[INFO] [stderr]   checking for cc option to accept ISO C89... none needed
[INFO] [stderr]   checking whether compiler is cray... no
[INFO] [stderr]   checking whether compiler supports -std=gnu11... yes
[INFO] [stderr]   checking whether compiler supports -Wall... yes
[INFO] [stderr]   checking whether compiler supports -Wextra... yes
[INFO] [stderr]   checking whether compiler supports -Wshorten-64-to-32... no
[INFO] [stderr]   checking whether compiler supports -Wsign-compare... yes
[INFO] [stderr]   checking whether compiler supports -Wundef... yes
[INFO] [stderr]   checking whether compiler supports -Wno-format-zero-length... yes
[INFO] [stderr]   checking whether compiler supports -pipe... yes
[INFO] [stderr]   checking whether compiler supports -g3... yes
[INFO] [stderr]   checking how to run the C preprocessor... cc -E
[INFO] [stderr]   checking for grep that handles long lines and -e... /usr/bin/grep
[INFO] [stderr]   checking for egrep... /usr/bin/grep -E
[INFO] [stderr]   checking for ANSI C header files... yes
[INFO] [stderr]   checking for sys/types.h... yes
[INFO] [stderr]   checking for sys/stat.h... yes
[INFO] [stderr]   checking for stdlib.h... yes
[INFO] [stderr]   checking for string.h... yes
[INFO] [stderr]   checking for memory.h... yes
[INFO] [stderr]   checking for strings.h... yes
[INFO] [stderr]   checking for inttypes.h... yes
[INFO] [stderr]   checking for stdint.h... yes
[INFO] [stderr]   checking for unistd.h... yes
[INFO] [stderr]   checking whether byte ordering is bigendian... no
[INFO] [stderr]   checking size of void *... 8
[INFO] [stderr]   checking size of int... 4
[INFO] [stderr]   checking size of long... 8
[INFO] [stderr]   checking size of long long... 8
[INFO] [stderr]   checking size of intmax_t... 8
[INFO] [stderr]   checking build system type... x86_64-unknown-linux-gnu
[INFO] [stderr]   checking host system type... x86_64-unknown-linux-gnu
[INFO] [stderr]   checking whether pause instruction is compilable... yes
[INFO] [stderr]   checking number of significant virtual address bits... 48
[INFO] [stderr]   checking for x86_64-unknown-linux-gnu-ar... no
[INFO] [stderr]   checking for ar... ar
[INFO] [stderr]   checking for x86_64-unknown-linux-gnu-nm... no
[INFO] [stderr]   checking for nm... nm
[INFO] [stderr]   checking for gawk... no
[INFO] [stderr]   checking for mawk... mawk
[INFO] [stderr]   checking malloc.h usability... yes
[INFO] [stderr]   checking malloc.h presence... yes
[INFO] [stderr]   checking for malloc.h... yes
[INFO] [stderr]   checking whether malloc_usable_size definition can use const argument... no
[INFO] [stderr]   checking for library containing log... -lm
[INFO] [stderr]   checking whether __attribute__ syntax is compilable... yes
[INFO] [stderr]   checking whether compiler supports -fvisibility=hidden... yes
[INFO] [stderr]   checking whether compiler supports -fvisibility=hidden... no
[INFO] [stderr]   checking whether compiler supports -Werror... yes
[INFO] [stderr]   checking whether compiler supports -herror_on_warning... yes
[INFO] [stderr]   checking whether tls_model attribute is compilable... yes
[INFO] [stderr]   checking whether compiler supports -Werror... yes
[INFO] [stderr]   checking whether compiler supports -herror_on_warning... yes
[INFO] [stderr]   checking whether alloc_size attribute is compilable... yes
[INFO] [stderr]   checking whether compiler supports -Werror... yes
[INFO] [stderr]   checking whether compiler supports -herror_on_warning... yes
[INFO] [stderr]   checking whether format(gnu_printf, ...) attribute is compilable... yes
[INFO] [stderr]   checking whether compiler supports -Werror... yes
[INFO] [stderr]   checking whether compiler supports -herror_on_warning... yes
[INFO] [stderr]   checking whether format(printf, ...) attribute is compilable... yes
[INFO] [stderr]   checking whether compiler supports -Werror... yes
[INFO] [stderr]   checking whether compiler supports -herror_on_warning... yes
[INFO] [stderr]   checking whether format(printf, ...) attribute is compilable... yes
[INFO] [stderr]   checking for a BSD-compatible install... /usr/bin/install -c
[INFO] [stderr]   checking for x86_64-unknown-linux-gnu-ranlib... no
[INFO] [stderr]   checking for ranlib... ranlib
[INFO] [stderr]   checking for ld... /usr/bin/ld
[INFO] [stderr]   checking for autoconf... /usr/bin/autoconf
[INFO] [stderr]   checking for memalign... yes
[INFO] [stderr]   checking for valloc... yes
[INFO] [stderr]   checking for __libc_calloc... yes
[INFO] [stderr]   checking for __libc_free... yes
[INFO] [stderr]   checking for __libc_malloc... yes
[INFO] [stderr]   checking for __libc_memalign... yes
[INFO] [stderr]   checking for __libc_realloc... yes
[INFO] [stderr]   checking for __libc_valloc... yes
[INFO] [stderr]   checking for __posix_memalign... no
[INFO] [stderr]   checking whether compiler supports -O3... yes
[INFO] [stderr]   checking whether compiler supports -O3... no
[INFO] [stderr]   checking whether compiler supports -funroll-loops... yes
[INFO] [stderr]   checking configured backtracing method... N/A
[INFO] [stderr]   checking for sbrk... yes
[INFO] [stderr]   checking whether utrace(2) is compilable... no
[INFO] [stderr]   checking whether a program using __builtin_unreachable is compilable... yes
[INFO] [stderr]   checking whether a program using __builtin_ffsl is compilable... yes
[INFO] [stderr]   checking whether a program using __builtin_popcountl is compilable... yes
[INFO] [stderr]   checking LG_PAGE... 12
[INFO] [stderr]   checking pthread.h usability... yes
[INFO] [stderr]   checking pthread.h presence... yes
[INFO] [stderr]   checking for pthread.h... yes
[INFO] [stderr]   checking for pthread_create in -lpthread... yes
[INFO] [stderr]   checking dlfcn.h usability... yes
[INFO] [stderr]   checking dlfcn.h presence... yes
[INFO] [stderr]   checking for dlfcn.h... yes
[INFO] [stderr]   checking for dlsym... yes
[INFO] [stderr]   checking whether pthread_atfork(3) is compilable... yes
[INFO] [stderr]   checking whether pthread_setname_np(3) is compilable... yes
[INFO] [stderr]   checking for library containing clock_gettime... none required
[INFO] [stderr]   checking whether clock_gettime(CLOCK_MONOTONIC_COARSE, ...) is compilable... yes
[INFO] [stderr]   checking whether clock_gettime(CLOCK_MONOTONIC, ...) is compilable... yes
[INFO] [stderr]   checking whether mach_absolute_time() is compilable... no
[INFO] [stderr]   checking whether compiler supports -Werror... yes
[INFO] [stderr]   checking whether syscall(2) is compilable... yes
[INFO] [stderr]   checking for secure_getenv... yes
[INFO] [stderr]   checking for sched_getcpu... yes
[INFO] [stderr]   checking for sched_setaffinity... yes
[INFO] [stderr]   checking for issetugid... no
[INFO] [stderr]   checking for _malloc_thread_cleanup... no
[INFO] [stderr]   checking for _pthread_mutex_init_calloc_cb... no
[INFO] [stderr]   checking for TLS... yes
[INFO] [stderr]   checking whether C11 atomics is compilable... yes
[INFO] [stderr]   checking whether GCC __atomic atomics is compilable... yes
[INFO] [stderr]   checking whether GCC 8-bit __atomic atomics is compilable... yes
[INFO] [stderr]   checking whether GCC __sync atomics is compilable... yes
[INFO] [stderr]   checking whether GCC 8-bit __sync atomics is compilable... yes
[INFO] [stderr]   checking whether Darwin OSAtomic*() is compilable... no
[INFO] [stderr]   checking whether madvise(2) is compilable... yes
[INFO] [stderr]   checking whether madvise(..., MADV_FREE) is compilable... yes
[INFO] [stderr]   checking whether madvise(..., MADV_DONTNEED) is compilable... yes
[INFO] [stderr]   checking whether madvise(..., MADV_DO[NT]DUMP) is compilable... yes
[INFO] [stderr]   checking whether madvise(..., MADV_[NO]HUGEPAGE) is compilable... yes
[INFO] [stderr]   checking for __builtin_clz... yes
[INFO] [stderr]   checking whether Darwin os_unfair_lock_*() is compilable... no
[INFO] [stderr]   checking whether glibc malloc hook is compilable... no
[INFO] [stderr]   checking whether glibc memalign hook is compilable... no
[INFO] [stderr]   checking whether pthreads adaptive mutexes is compilable... yes
[INFO] [stderr]   checking whether compiler supports -D_GNU_SOURCE... yes
[INFO] [stderr]   checking whether compiler supports -Werror... yes
[INFO] [stderr]   checking whether compiler supports -herror_on_warning... yes
[INFO] [stderr]   checking whether strerror_r returns char with gnu source is compilable... yes
[INFO] [stderr]   checking for stdbool.h that conforms to C99... yes
[INFO] [stderr]   checking for _Bool... yes
[INFO] [stderr]   configure: creating ./config.status
[INFO] [stderr]   config.status: creating Makefile
[INFO] [stderr]   config.status: creating jemalloc.pc
[INFO] [stderr]   config.status: creating doc/html.xsl
[INFO] [stderr]   config.status: creating doc/manpages.xsl
[INFO] [stderr]   config.status: creating doc/jemalloc.xml
[INFO] [stderr]   config.status: creating include/jemalloc/jemalloc_macros.h
[INFO] [stderr]   config.status: creating include/jemalloc/jemalloc_protos.h
[INFO] [stderr]   config.status: creating include/jemalloc/jemalloc_typedefs.h
[INFO] [stderr]   config.status: creating include/jemalloc/internal/jemalloc_preamble.h
[INFO] [stderr]   config.status: creating test/test.sh
[INFO] [stderr]   config.status: creating test/include/test/jemalloc_test.h
[INFO] [stderr]   config.status: creating config.stamp
[INFO] [stderr]   config.status: creating bin/jemalloc-config
[INFO] [stderr]   config.status: creating bin/jemalloc.sh
[INFO] [stderr]   config.status: creating bin/jeprof
[INFO] [stderr]   config.status: creating include/jemalloc/jemalloc_defs.h
[INFO] [stderr]   config.status: creating include/jemalloc/internal/jemalloc_internal_defs.h
[INFO] [stderr]   config.status: creating test/include/test/jemalloc_test_defs.h
[INFO] [stderr]   config.status: executing include/jemalloc/internal/public_symbols.txt commands
[INFO] [stderr]   config.status: executing include/jemalloc/internal/private_symbols.awk commands
[INFO] [stderr]   config.status: executing include/jemalloc/internal/private_symbols_jet.awk commands
[INFO] [stderr]   config.status: executing include/jemalloc/internal/public_namespace.h commands
[INFO] [stderr]   config.status: executing include/jemalloc/internal/public_unnamespace.h commands
[INFO] [stderr]   config.status: executing include/jemalloc/jemalloc_protos_jet.h commands
[INFO] [stderr]   config.status: executing include/jemalloc/jemalloc_rename.h commands
[INFO] [stderr]   config.status: executing include/jemalloc/jemalloc_mangle.h commands
[INFO] [stderr]   config.status: executing include/jemalloc/jemalloc_mangle_jet.h commands
[INFO] [stderr]   config.status: executing include/jemalloc/jemalloc.h commands
[INFO] [stderr]   ===============================================================================
[INFO] [stderr]   jemalloc version   : 5.2.1-2-g172143a2979d9d948035423ce347e35cd1388fc3
[INFO] [stderr]   library revision   : 2
[INFO] [stderr] 
[INFO] [stderr]   CONFIG             : --disable-cxx --with-private-namespace=_rjem_ --host=x86_64-unknown-linux-gnu --build=x86_64-unknown-linux-gnu --prefix=/opt/rustwide/target/debug/build/tikv-jemalloc-sys-95461327bfedf14c/out build_alias=x86_64-unknown-linux-gnu host_alias=x86_64-unknown-linux-gnu CC=cc 'CFLAGS=-O0 -ffunction-sections -fdata-sections -fPIC -g -fno-omit-frame-pointer -m64 -Wall' 'LDFLAGS=-O0 -ffunction-sections -fdata-sections -fPIC -g -fno-omit-frame-pointer -m64 -Wall' 'CPPFLAGS=-O0 -ffunction-sections -fdata-sections -fPIC -g -fno-omit-frame-pointer -m64 -Wall'
[INFO] [stderr]   CC                 : cc
[INFO] [stderr]   CONFIGURE_CFLAGS   : -std=gnu11 -Wall -Wextra -Wsign-compare -Wundef -Wno-format-zero-length -pipe -g3 -fvisibility=hidden -O3 -funroll-loops
[INFO] [stderr]   SPECIFIED_CFLAGS   : -O0 -ffunction-sections -fdata-sections -fPIC -g -fno-omit-frame-pointer -m64 -Wall
[INFO] [stderr]   EXTRA_CFLAGS       : 
[INFO] [stderr]   CPPFLAGS           : -O0 -ffunction-sections -fdata-sections -fPIC -g -fno-omit-frame-pointer -m64 -Wall -D_GNU_SOURCE -D_REENTRANT
[INFO] [stderr]   CXX                : 
[INFO] [stderr]   CONFIGURE_CXXFLAGS : 
[INFO] [stderr]   SPECIFIED_CXXFLAGS : 
[INFO] [stderr]   EXTRA_CXXFLAGS     : 
[INFO] [stderr]   LDFLAGS            : -O0 -ffunction-sections -fdata-sections -fPIC -g -fno-omit-frame-pointer -m64 -Wall
[INFO] [stderr]   EXTRA_LDFLAGS      : 
[INFO] [stderr]   DSO_LDFLAGS        : -shared -Wl,-soname,$(@F)
[INFO] [stderr]   LIBS               : -lm  -pthread
[INFO] [stderr]   RPATH_EXTRA        : 
[INFO] [stderr] 
[INFO] [stderr]   XSLTPROC           : false
[INFO] [stderr]   XSLROOT            : 
[INFO] [stderr] 
[INFO] [stderr]   PREFIX             : /opt/rustwide/target/debug/build/tikv-jemalloc-sys-95461327bfedf14c/out
[INFO] [stderr]   BINDIR             : /opt/rustwide/target/debug/build/tikv-jemalloc-sys-95461327bfedf14c/out/bin
[INFO] [stderr]   DATADIR            : /opt/rustwide/target/debug/build/tikv-jemalloc-sys-95461327bfedf14c/out/share
[INFO] [stderr]   INCLUDEDIR         : /opt/rustwide/target/debug/build/tikv-jemalloc-sys-95461327bfedf14c/out/include
[INFO] [stderr]   LIBDIR             : /opt/rustwide/target/debug/build/tikv-jemalloc-sys-95461327bfedf14c/out/lib
[INFO] [stderr]   MANDIR             : /opt/rustwide/target/debug/build/tikv-jemalloc-sys-95461327bfedf14c/out/share/man
[INFO] [stderr] 
[INFO] [stderr]   srcroot            : 
[INFO] [stderr]   abs_srcroot        : /opt/rustwide/target/debug/build/tikv-jemalloc-sys-95461327bfedf14c/out/build/
[INFO] [stderr]   objroot            : 
[INFO] [stderr]   abs_objroot        : /opt/rustwide/target/debug/build/tikv-jemalloc-sys-95461327bfedf14c/out/build/
[INFO] [stderr] 
[INFO] [stderr]   JEMALLOC_PREFIX    : 
[INFO] [stderr]   JEMALLOC_PRIVATE_NAMESPACE
[INFO] [stderr]                      : _rjem_je_
[INFO] [stderr]   install_suffix     : 
[INFO] [stderr]   malloc_conf        : 
[INFO] [stderr]   documentation      : 1
[INFO] [stderr]   shared libs        : 1
[INFO] [stderr]   static libs        : 1
[INFO] [stderr]   autogen            : 0
[INFO] [stderr]   debug              : 0
[INFO] [stderr]   stats              : 1
[INFO] [stderr]   experimetal_smallocx : 0
[INFO] [stderr]   prof               : 0
[INFO] [stderr]   prof-libunwind     : 0
[INFO] [stderr]   prof-libgcc        : 0
[INFO] [stderr]   prof-gcc           : 0
[INFO] [stderr]   fill               : 1
[INFO] [stderr]   utrace             : 0
[INFO] [stderr]   xmalloc            : 0
[INFO] [stderr]   log                : 0
[INFO] [stderr]   lazy_lock          : 0
[INFO] [stderr]   cache-oblivious    : 1
[INFO] [stderr]   cxx                : 0
[INFO] [stderr]   ===============================================================================
[INFO] [stderr]   running: cd "/opt/rustwide/target/debug/build/tikv-jemalloc-sys-95461327bfedf14c/out/build" && "make" "-j" "8"
[INFO] [stderr]   cc -std=gnu11 -Wall -Wextra -Wsign-compare -Wundef -Wno-format-zero-length -pipe -g3 -fvisibility=hidden -O3 -funroll-loops -O0 -ffunction-sections -fdata-sections -fPIC -g -fno-omit-frame-pointer -m64 -Wall -fPIC -DPIC -c -O0 -ffunction-sections -fdata-sections -fPIC -g -fno-omit-frame-pointer -m64 -Wall -D_GNU_SOURCE -D_REENTRANT -Iinclude -Iinclude -DJEMALLOC_NO_PRIVATE_NAMESPACE -o src/arena.sym.o src/arena.c
[INFO] [stderr]   cc -std=gnu11 -Wall -Wextra -Wsign-compare -Wundef -Wno-format-zero-length -pipe -g3 -fvisibility=hidden -O3 -funroll-loops -O0 -ffunction-sections -fdata-sections -fPIC -g -fno-omit-frame-pointer -m64 -Wall -fPIC -DPIC -c -O0 -ffunction-sections -fdata-sections -fPIC -g -fno-omit-frame-pointer -m64 -Wall -D_GNU_SOURCE -D_REENTRANT -Iinclude -Iinclude -DJEMALLOC_NO_PRIVATE_NAMESPACE -o src/background_thread.sym.o src/background_thread.c
[INFO] [stderr]   cc -std=gnu11 -Wall -Wextra -Wsign-compare -Wundef -Wno-format-zero-length -pipe -g3 -fvisibility=hidden -O3 -funroll-loops -O0 -ffunction-sections -fdata-sections -fPIC -g -fno-omit-frame-pointer -m64 -Wall -fPIC -DPIC -c -O0 -ffunction-sections -fdata-sections -fPIC -g -fno-omit-frame-pointer -m64 -Wall -D_GNU_SOURCE -D_REENTRANT -Iinclude -Iinclude -DJEMALLOC_NO_PRIVATE_NAMESPACE -o src/jemalloc.sym.o src/jemalloc.c
[INFO] [stderr]   cc -std=gnu11 -Wall -Wextra -Wsign-compare -Wundef -Wno-format-zero-length -pipe -g3 -fvisibility=hidden -O3 -funroll-loops -O0 -ffunction-sections -fdata-sections -fPIC -g -fno-omit-frame-pointer -m64 -Wall -fPIC -DPIC -c -O0 -ffunction-sections -fdata-sections -fPIC -g -fno-omit-frame-pointer -m64 -Wall -D_GNU_SOURCE -D_REENTRANT -Iinclude -Iinclude -DJEMALLOC_NO_PRIVATE_NAMESPACE -o src/base.sym.o src/base.c
[INFO] [stderr]   cc -std=gnu11 -Wall -Wextra -Wsign-compare -Wundef -Wno-format-zero-length -pipe -g3 -fvisibility=hidden -O3 -funroll-loops -O0 -ffunction-sections -fdata-sections -fPIC -g -fno-omit-frame-pointer -m64 -Wall -fPIC -DPIC -c -O0 -ffunction-sections -fdata-sections -fPIC -g -fno-omit-frame-pointer -m64 -Wall -D_GNU_SOURCE -D_REENTRANT -Iinclude -Iinclude -DJEMALLOC_NO_PRIVATE_NAMESPACE -o src/bin.sym.o src/bin.c
[INFO] [stderr]   cc -std=gnu11 -Wall -Wextra -Wsign-compare -Wundef -Wno-format-zero-length -pipe -g3 -fvisibility=hidden -O3 -funroll-loops -O0 -ffunction-sections -fdata-sections -fPIC -g -fno-omit-frame-pointer -m64 -Wall -fPIC -DPIC -c -O0 -ffunction-sections -fdata-sections -fPIC -g -fno-omit-frame-pointer -m64 -Wall -D_GNU_SOURCE -D_REENTRANT -Iinclude -Iinclude -DJEMALLOC_NO_PRIVATE_NAMESPACE -o src/bitmap.sym.o src/bitmap.c
[INFO] [stderr]   cc -std=gnu11 -Wall -Wextra -Wsign-compare -Wundef -Wno-format-zero-length -pipe -g3 -fvisibility=hidden -O3 -funroll-loops -O0 -ffunction-sections -fdata-sections -fPIC -g -fno-omit-frame-pointer -m64 -Wall -fPIC -DPIC -c -O0 -ffunction-sections -fdata-sections -fPIC -g -fno-omit-frame-pointer -m64 -Wall -D_GNU_SOURCE -D_REENTRANT -Iinclude -Iinclude -DJEMALLOC_NO_PRIVATE_NAMESPACE -o src/ckh.sym.o src/ckh.c
[INFO] [stderr]   cc -std=gnu11 -Wall -Wextra -Wsign-compare -Wundef -Wno-format-zero-length -pipe -g3 -fvisibility=hidden -O3 -funroll-loops -O0 -ffunction-sections -fdata-sections -fPIC -g -fno-omit-frame-pointer -m64 -Wall -fPIC -DPIC -c -O0 -ffunction-sections -fdata-sections -fPIC -g -fno-omit-frame-pointer -m64 -Wall -D_GNU_SOURCE -D_REENTRANT -Iinclude -Iinclude -DJEMALLOC_NO_PRIVATE_NAMESPACE -o src/ctl.sym.o src/ctl.c
[INFO] [stderr]   cc -std=gnu11 -Wall -Wextra -Wsign-compare -Wundef -Wno-format-zero-length -pipe -g3 -fvisibility=hidden -O3 -funroll-loops -O0 -ffunction-sections -fdata-sections -fPIC -g -fno-omit-frame-pointer -m64 -Wall -fPIC -DPIC -c -O0 -ffunction-sections -fdata-sections -fPIC -g -fno-omit-frame-pointer -m64 -Wall -D_GNU_SOURCE -D_REENTRANT -Iinclude -Iinclude -DJEMALLOC_NO_PRIVATE_NAMESPACE -o src/div.sym.o src/div.c
[INFO] [stderr]   cc -std=gnu11 -Wall -Wextra -Wsign-compare -Wundef -Wno-format-zero-length -pipe -g3 -fvisibility=hidden -O3 -funroll-loops -O0 -ffunction-sections -fdata-sections -fPIC -g -fno-omit-frame-pointer -m64 -Wall -fPIC -DPIC -c -O0 -ffunction-sections -fdata-sections -fPIC -g -fno-omit-frame-pointer -m64 -Wall -D_GNU_SOURCE -D_REENTRANT -Iinclude -Iinclude -DJEMALLOC_NO_PRIVATE_NAMESPACE -o src/extent.sym.o src/extent.c
[INFO] [stderr]   cc -std=gnu11 -Wall -Wextra -Wsign-compare -Wundef -Wno-format-zero-length -pipe -g3 -fvisibility=hidden -O3 -funroll-loops -O0 -ffunction-sections -fdata-sections -fPIC -g -fno-omit-frame-pointer -m64 -Wall -fPIC -DPIC -c -O0 -ffunction-sections -fdata-sections -fPIC -g -fno-omit-frame-pointer -m64 -Wall -D_GNU_SOURCE -D_REENTRANT -Iinclude -Iinclude -DJEMALLOC_NO_PRIVATE_NAMESPACE -o src/extent_dss.sym.o src/extent_dss.c
[INFO] [stderr]   cc -std=gnu11 -Wall -Wextra -Wsign-compare -Wundef -Wno-format-zero-length -pipe -g3 -fvisibility=hidden -O3 -funroll-loops -O0 -ffunction-sections -fdata-sections -fPIC -g -fno-omit-frame-pointer -m64 -Wall -fPIC -DPIC -c -O0 -ffunction-sections -fdata-sections -fPIC -g -fno-omit-frame-pointer -m64 -Wall -D_GNU_SOURCE -D_REENTRANT -Iinclude -Iinclude -DJEMALLOC_NO_PRIVATE_NAMESPACE -o src/extent_mmap.sym.o src/extent_mmap.c
[INFO] [stderr]   cc -std=gnu11 -Wall -Wextra -Wsign-compare -Wundef -Wno-format-zero-length -pipe -g3 -fvisibility=hidden -O3 -funroll-loops -O0 -ffunction-sections -fdata-sections -fPIC -g -fno-omit-frame-pointer -m64 -Wall -fPIC -DPIC -c -O0 -ffunction-sections -fdata-sections -fPIC -g -fno-omit-frame-pointer -m64 -Wall -D_GNU_SOURCE -D_REENTRANT -Iinclude -Iinclude -DJEMALLOC_NO_PRIVATE_NAMESPACE -o src/hash.sym.o src/hash.c
[INFO] [stderr]   cc -std=gnu11 -Wall -Wextra -Wsign-compare -Wundef -Wno-format-zero-length -pipe -g3 -fvisibility=hidden -O3 -funroll-loops -O0 -ffunction-sections -fdata-sections -fPIC -g -fno-omit-frame-pointer -m64 -Wall -fPIC -DPIC -c -O0 -ffunction-sections -fdata-sections -fPIC -g -fno-omit-frame-pointer -m64 -Wall -D_GNU_SOURCE -D_REENTRANT -Iinclude -Iinclude -DJEMALLOC_NO_PRIVATE_NAMESPACE -o src/hook.sym.o src/hook.c
[INFO] [stderr]   cc -std=gnu11 -Wall -Wextra -Wsign-compare -Wundef -Wno-format-zero-length -pipe -g3 -fvisibility=hidden -O3 -funroll-loops -O0 -ffunction-sections -fdata-sections -fPIC -g -fno-omit-frame-pointer -m64 -Wall -fPIC -DPIC -c -O0 -ffunction-sections -fdata-sections -fPIC -g -fno-omit-frame-pointer -m64 -Wall -D_GNU_SOURCE -D_REENTRANT -Iinclude -Iinclude -DJEMALLOC_NO_PRIVATE_NAMESPACE -o src/large.sym.o src/large.c
[INFO] [stderr]   cc -std=gnu11 -Wall -Wextra -Wsign-compare -Wundef -Wno-format-zero-length -pipe -g3 -fvisibility=hidden -O3 -funroll-loops -O0 -ffunction-sections -fdata-sections -fPIC -g -fno-omit-frame-pointer -m64 -Wall -fPIC -DPIC -c -O0 -ffunction-sections -fdata-sections -fPIC -g -fno-omit-frame-pointer -m64 -Wall -D_GNU_SOURCE -D_REENTRANT -Iinclude -Iinclude -DJEMALLOC_NO_PRIVATE_NAMESPACE -o src/log.sym.o src/log.c
[INFO] [stderr]   cc -std=gnu11 -Wall -Wextra -Wsign-compare -Wundef -Wno-format-zero-length -pipe -g3 -fvisibility=hidden -O3 -funroll-loops -O0 -ffunction-sections -fdata-sections -fPIC -g -fno-omit-frame-pointer -m64 -Wall -fPIC -DPIC -c -O0 -ffunction-sections -fdata-sections -fPIC -g -fno-omit-frame-pointer -m64 -Wall -D_GNU_SOURCE -D_REENTRANT -Iinclude -Iinclude -DJEMALLOC_NO_PRIVATE_NAMESPACE -o src/malloc_io.sym.o src/malloc_io.c
[INFO] [stderr]   cc -std=gnu11 -Wall -Wextra -Wsign-compare -Wundef -Wno-format-zero-length -pipe -g3 -fvisibility=hidden -O3 -funroll-loops -O0 -ffunction-sections -fdata-sections -fPIC -g -fno-omit-frame-pointer -m64 -Wall -fPIC -DPIC -c -O0 -ffunction-sections -fdata-sections -fPIC -g -fno-omit-frame-pointer -m64 -Wall -D_GNU_SOURCE -D_REENTRANT -Iinclude -Iinclude -DJEMALLOC_NO_PRIVATE_NAMESPACE -o src/mutex.sym.o src/mutex.c
[INFO] [stderr]   cc -std=gnu11 -Wall -Wextra -Wsign-compare -Wundef -Wno-format-zero-length -pipe -g3 -fvisibility=hidden -O3 -funroll-loops -O0 -ffunction-sections -fdata-sections -fPIC -g -fno-omit-frame-pointer -m64 -Wall -fPIC -DPIC -c -O0 -ffunction-sections -fdata-sections -fPIC -g -fno-omit-frame-pointer -m64 -Wall -D_GNU_SOURCE -D_REENTRANT -Iinclude -Iinclude -DJEMALLOC_NO_PRIVATE_NAMESPACE -o src/mutex_pool.sym.o src/mutex_pool.c
[INFO] [stderr]   cc -std=gnu11 -Wall -Wextra -Wsign-compare -Wundef -Wno-format-zero-length -pipe -g3 -fvisibility=hidden -O3 -funroll-loops -O0 -ffunction-sections -fdata-sections -fPIC -g -fno-omit-frame-pointer -m64 -Wall -fPIC -DPIC -c -O0 -ffunction-sections -fdata-sections -fPIC -g -fno-omit-frame-pointer -m64 -Wall -D_GNU_SOURCE -D_REENTRANT -Iinclude -Iinclude -DJEMALLOC_NO_PRIVATE_NAMESPACE -o src/nstime.sym.o src/nstime.c
[INFO] [stderr]   cc -std=gnu11 -Wall -Wextra -Wsign-compare -Wundef -Wno-format-zero-length -pipe -g3 -fvisibility=hidden -O3 -funroll-loops -O0 -ffunction-sections -fdata-sections -fPIC -g -fno-omit-frame-pointer -m64 -Wall -fPIC -DPIC -c -O0 -ffunction-sections -fdata-sections -fPIC -g -fno-omit-frame-pointer -m64 -Wall -D_GNU_SOURCE -D_REENTRANT -Iinclude -Iinclude -DJEMALLOC_NO_PRIVATE_NAMESPACE -o src/pages.sym.o src/pages.c
[INFO] [stderr]   cc -std=gnu11 -Wall -Wextra -Wsign-compare -Wundef -Wno-format-zero-length -pipe -g3 -fvisibility=hidden -O3 -funroll-loops -O0 -ffunction-sections -fdata-sections -fPIC -g -fno-omit-frame-pointer -m64 -Wall -fPIC -DPIC -c -O0 -ffunction-sections -fdata-sections -fPIC -g -fno-omit-frame-pointer -m64 -Wall -D_GNU_SOURCE -D_REENTRANT -Iinclude -Iinclude -DJEMALLOC_NO_PRIVATE_NAMESPACE -o src/prng.sym.o src/prng.c
[INFO] [stderr]   cc -std=gnu11 -Wall -Wextra -Wsign-compare -Wundef -Wno-format-zero-length -pipe -g3 -fvisibility=hidden -O3 -funroll-loops -O0 -ffunction-sections -fdata-sections -fPIC -g -fno-omit-frame-pointer -m64 -Wall -fPIC -DPIC -c -O0 -ffunction-sections -fdata-sections -fPIC -g -fno-omit-frame-pointer -m64 -Wall -D_GNU_SOURCE -D_REENTRANT -Iinclude -Iinclude -DJEMALLOC_NO_PRIVATE_NAMESPACE -o src/prof.sym.o src/prof.c
[INFO] [stderr]   cc -std=gnu11 -Wall -Wextra -Wsign-compare -Wundef -Wno-format-zero-length -pipe -g3 -fvisibility=hidden -O3 -funroll-loops -O0 -ffunction-sections -fdata-sections -fPIC -g -fno-omit-frame-pointer -m64 -Wall -fPIC -DPIC -c -O0 -ffunction-sections -fdata-sections -fPIC -g -fno-omit-frame-pointer -m64 -Wall -D_GNU_SOURCE -D_REENTRANT -Iinclude -Iinclude -DJEMALLOC_NO_PRIVATE_NAMESPACE -o src/rtree.sym.o src/rtree.c
[INFO] [stderr]   cc -std=gnu11 -Wall -Wextra -Wsign-compare -Wundef -Wno-format-zero-length -pipe -g3 -fvisibility=hidden -O3 -funroll-loops -O0 -ffunction-sections -fdata-sections -fPIC -g -fno-omit-frame-pointer -m64 -Wall -fPIC -DPIC -c -O0 -ffunction-sections -fdata-sections -fPIC -g -fno-omit-frame-pointer -m64 -Wall -D_GNU_SOURCE -D_REENTRANT -Iinclude -Iinclude -DJEMALLOC_NO_PRIVATE_NAMESPACE -o src/safety_check.sym.o src/safety_check.c
[INFO] [stderr]   cc -std=gnu11 -Wall -Wextra -Wsign-compare -Wundef -Wno-format-zero-length -pipe -g3 -fvisibility=hidden -O3 -funroll-loops -O0 -ffunction-sections -fdata-sections -fPIC -g -fno-omit-frame-pointer -m64 -Wall -fPIC -DPIC -c -O0 -ffunction-sections -fdata-sections -fPIC -g -fno-omit-frame-pointer -m64 -Wall -D_GNU_SOURCE -D_REENTRANT -Iinclude -Iinclude -DJEMALLOC_NO_PRIVATE_NAMESPACE -o src/stats.sym.o src/stats.c
[INFO] [stderr]   cc -std=gnu11 -Wall -Wextra -Wsign-compare -Wundef -Wno-format-zero-length -pipe -g3 -fvisibility=hidden -O3 -funroll-loops -O0 -ffunction-sections -fdata-sections -fPIC -g -fno-omit-frame-pointer -m64 -Wall -fPIC -DPIC -c -O0 -ffunction-sections -fdata-sections -fPIC -g -fno-omit-frame-pointer -m64 -Wall -D_GNU_SOURCE -D_REENTRANT -Iinclude -Iinclude -DJEMALLOC_NO_PRIVATE_NAMESPACE -o src/sc.sym.o src/sc.c
[INFO] [stderr]   cc -std=gnu11 -Wall -Wextra -Wsign-compare -Wundef -Wno-format-zero-length -pipe -g3 -fvisibility=hidden -O3 -funroll-loops -O0 -ffunction-sections -fdata-sections -fPIC -g -fno-omit-frame-pointer -m64 -Wall -fPIC -DPIC -c -O0 -ffunction-sections -fdata-sections -fPIC -g -fno-omit-frame-pointer -m64 -Wall -D_GNU_SOURCE -D_REENTRANT -Iinclude -Iinclude -DJEMALLOC_NO_PRIVATE_NAMESPACE -o src/sz.sym.o src/sz.c
[INFO] [stderr]   cc -std=gnu11 -Wall -Wextra -Wsign-compare -Wundef -Wno-format-zero-length -pipe -g3 -fvisibility=hidden -O3 -funroll-loops -O0 -ffunction-sections -fdata-sections -fPIC -g -fno-omit-frame-pointer -m64 -Wall -fPIC -DPIC -c -O0 -ffunction-sections -fdata-sections -fPIC -g -fno-omit-frame-pointer -m64 -Wall -D_GNU_SOURCE -D_REENTRANT -Iinclude -Iinclude -DJEMALLOC_NO_PRIVATE_NAMESPACE -o src/tcache.sym.o src/tcache.c
[INFO] [stderr]   cc -std=gnu11 -Wall -Wextra -Wsign-compare -Wundef -Wno-format-zero-length -pipe -g3 -fvisibility=hidden -O3 -funroll-loops -O0 -ffunction-sections -fdata-sections -fPIC -g -fno-omit-frame-pointer -m64 -Wall -fPIC -DPIC -c -O0 -ffunction-sections -fdata-sections -fPIC -g -fno-omit-frame-pointer -m64 -Wall -D_GNU_SOURCE -D_REENTRANT -Iinclude -Iinclude -DJEMALLOC_NO_PRIVATE_NAMESPACE -o src/test_hooks.sym.o src/test_hooks.c
[INFO] [stderr]   cc -std=gnu11 -Wall -Wextra -Wsign-compare -Wundef -Wno-format-zero-length -pipe -g3 -fvisibility=hidden -O3 -funroll-loops -O0 -ffunction-sections -fdata-sections -fPIC -g -fno-omit-frame-pointer -m64 -Wall -fPIC -DPIC -c -O0 -ffunction-sections -fdata-sections -fPIC -g -fno-omit-frame-pointer -m64 -Wall -D_GNU_SOURCE -D_REENTRANT -Iinclude -Iinclude -DJEMALLOC_NO_PRIVATE_NAMESPACE -o src/ticker.sym.o src/ticker.c
[INFO] [stderr]   cc -std=gnu11 -Wall -Wextra -Wsign-compare -Wundef -Wno-format-zero-length -pipe -g3 -fvisibility=hidden -O3 -funroll-loops -O0 -ffunction-sections -fdata-sections -fPIC -g -fno-omit-frame-pointer -m64 -Wall -fPIC -DPIC -c -O0 -ffunction-sections -fdata-sections -fPIC -g -fno-omit-frame-pointer -m64 -Wall -D_GNU_SOURCE -D_REENTRANT -Iinclude -Iinclude -DJEMALLOC_NO_PRIVATE_NAMESPACE -o src/tsd.sym.o src/tsd.c
[INFO] [stderr]   cc -std=gnu11 -Wall -Wextra -Wsign-compare -Wundef -Wno-format-zero-length -pipe -g3 -fvisibility=hidden -O3 -funroll-loops -O0 -ffunction-sections -fdata-sections -fPIC -g -fno-omit-frame-pointer -m64 -Wall -fPIC -DPIC -c -O0 -ffunction-sections -fdata-sections -fPIC -g -fno-omit-frame-pointer -m64 -Wall -D_GNU_SOURCE -D_REENTRANT -Iinclude -Iinclude -DJEMALLOC_NO_PRIVATE_NAMESPACE -o src/witness.sym.o src/witness.c
[INFO] [stderr]   nm -a src/arena.sym.o | mawk -f include/jemalloc/internal/private_symbols.awk > src/arena.sym
[INFO] [stderr]   nm -a src/background_thread.sym.o | mawk -f include/jemalloc/internal/private_symbols.awk > src/background_thread.sym
[INFO] [stderr]   nm -a src/base.sym.o | mawk -f include/jemalloc/internal/private_symbols.awk > src/base.sym
[INFO] [stderr]   nm -a src/bin.sym.o | mawk -f include/jemalloc/internal/private_symbols.awk > src/bin.sym
[INFO] [stderr]   nm -a src/bitmap.sym.o | mawk -f include/jemalloc/internal/private_symbols.awk > src/bitmap.sym
[INFO] [stderr]   nm -a src/ckh.sym.o | mawk -f include/jemalloc/internal/private_symbols.awk > src/ckh.sym
[INFO] [stderr]   nm -a src/ctl.sym.o | mawk -f include/jemalloc/internal/private_symbols.awk > src/ctl.sym
[INFO] [stderr]   nm -a src/div.sym.o | mawk -f include/jemalloc/internal/private_symbols.awk > src/div.sym
[INFO] [stderr]   nm -a src/extent.sym.o | mawk -f include/jemalloc/internal/private_symbols.awk > src/extent.sym
[INFO] [stderr]   nm -a src/extent_dss.sym.o | mawk -f include/jemalloc/internal/private_symbols.awk > src/extent_dss.sym
[INFO] [stderr]   nm -a src/extent_mmap.sym.o | mawk -f include/jemalloc/internal/private_symbols.awk > src/extent_mmap.sym
[INFO] [stderr]   nm -a src/hash.sym.o | mawk -f include/jemalloc/internal/private_symbols.awk > src/hash.sym
[INFO] [stderr]   nm -a src/hook.sym.o | mawk -f include/jemalloc/internal/private_symbols.awk > src/hook.sym
[INFO] [stderr]   nm -a src/large.sym.o | mawk -f include/jemalloc/internal/private_symbols.awk > src/large.sym
[INFO] [stderr]   nm -a src/log.sym.o | mawk -f include/jemalloc/internal/private_symbols.awk > src/log.sym
[INFO] [stderr]   nm -a src/malloc_io.sym.o | mawk -f include/jemalloc/internal/private_symbols.awk > src/malloc_io.sym
[INFO] [stderr]   nm -a src/mutex.sym.o | mawk -f include/jemalloc/internal/private_symbols.awk > src/mutex.sym
[INFO] [stderr]   nm -a src/mutex_pool.sym.o | mawk -f include/jemalloc/internal/private_symbols.awk > src/mutex_pool.sym
[INFO] [stderr]   nm -a src/nstime.sym.o | mawk -f include/jemalloc/internal/private_symbols.awk > src/nstime.sym
[INFO] [stderr]   nm -a src/pages.sym.o | mawk -f include/jemalloc/internal/private_symbols.awk > src/pages.sym
[INFO] [stderr]   nm -a src/prng.sym.o | mawk -f include/jemalloc/internal/private_symbols.awk > src/prng.sym
[INFO] [stderr]   nm -a src/rtree.sym.o | mawk -f include/jemalloc/internal/private_symbols.awk > src/rtree.sym
[INFO] [stderr]   nm -a src/safety_check.sym.o | mawk -f include/jemalloc/internal/private_symbols.awk > src/safety_check.sym
[INFO] [stderr]   nm -a src/stats.sym.o | mawk -f include/jemalloc/internal/private_symbols.awk > src/stats.sym
[INFO] [stderr]   nm -a src/sc.sym.o | mawk -f include/jemalloc/internal/private_symbols.awk > src/sc.sym
[INFO] [stderr]   nm -a src/sz.sym.o | mawk -f include/jemalloc/internal/private_symbols.awk > src/sz.sym
[INFO] [stderr]   nm -a src/test_hooks.sym.o | mawk -f include/jemalloc/internal/private_symbols.awk > src/test_hooks.sym
[INFO] [stderr]   nm -a src/ticker.sym.o | mawk -f include/jemalloc/internal/private_symbols.awk > src/ticker.sym
[INFO] [stderr]   nm -a src/tsd.sym.o | mawk -f include/jemalloc/internal/private_symbols.awk > src/tsd.sym
[INFO] [stderr]   nm -a src/witness.sym.o | mawk -f include/jemalloc/internal/private_symbols.awk > src/witness.sym
[INFO] [stderr]   nm -a src/tcache.sym.o | mawk -f include/jemalloc/internal/private_symbols.awk > src/tcache.sym
[INFO] [stderr]   nm -a src/prof.sym.o | mawk -f include/jemalloc/internal/private_symbols.awk > src/prof.sym
[INFO] [stderr] 
[INFO] [stderr]   --- stderr
[INFO] [stderr]   {standard input}: Assembler messages:
[INFO] [stderr]   {standard input}:433638: Warning: end of file in string; '"' inserted
[INFO] [stderr]   cc: fatal error: Killed signal terminated program cc1
[INFO] [stderr]   compilation terminated.
[INFO] [stderr]   make: *** [Makefile:388: src/jemalloc.sym.o] Error 1
[INFO] [stderr]   thread 'main' panicked at /opt/rustwide/cargo-home/registry/src/index.crates.io-6f17d22bba15001f/tikv-jemalloc-sys-0.4.3+5.2.1-patched.2/build.rs:338:9:
[INFO] [stderr]   command did not execute successfully: cd "/opt/rustwide/target/debug/build/tikv-jemalloc-sys-95461327bfedf14c/out/build" && "make" "-j" "8"
[INFO] [stderr]   expected success, got: exit status: 2
[INFO] [stderr]   stack backtrace:
[INFO] [stderr]      0:     0x5ff4367345ea - std::backtrace_rs::backtrace::libunwind::trace::h5a5b8284f2d0c266
[INFO] [stderr]                                  at /rustc/90b35a6239c3d8bdabc530a6a0816f7ff89a0aaf/library/std/src/../../backtrace/src/backtrace/libunwind.rs:116:5
[INFO] [stderr]      1:     0x5ff4367345ea - std::backtrace_rs::backtrace::trace_unsynchronized::h76d4f1c9b0b875e3
[INFO] [stderr]                                  at /rustc/90b35a6239c3d8bdabc530a6a0816f7ff89a0aaf/library/std/src/../../backtrace/src/backtrace/mod.rs:66:5
[INFO] [stderr]      2:     0x5ff4367345ea - std::sys::backtrace::_print_fmt::hc4546b8364a537c6
[INFO] [stderr]                                  at /rustc/90b35a6239c3d8bdabc530a6a0816f7ff89a0aaf/library/std/src/sys/backtrace.rs:66:9
[INFO] [stderr]      3:     0x5ff4367345ea - <std::sys::backtrace::BacktraceLock::print::DisplayBacktrace as core::fmt::Display>::fmt::h5b6bd5631a6d1f6b
[INFO] [stderr]                                  at /rustc/90b35a6239c3d8bdabc530a6a0816f7ff89a0aaf/library/std/src/sys/backtrace.rs:39:26
[INFO] [stderr]      4:     0x5ff436756d93 - core::fmt::rt::Argument::fmt::h270f6602a2b96f62
[INFO] [stderr]                                  at /rustc/90b35a6239c3d8bdabc530a6a0816f7ff89a0aaf/library/core/src/fmt/rt.rs:177:76
[INFO] [stderr]      5:     0x5ff436756d93 - core::fmt::write::h7550c97b06c86515
[INFO] [stderr]                                  at /rustc/90b35a6239c3d8bdabc530a6a0816f7ff89a0aaf/library/core/src/fmt/mod.rs:1186:21
[INFO] [stderr]      6:     0x5ff436731563 - std::io::Write::write_fmt::h7b09c64fe0be9c84
[INFO] [stderr]                                  at /rustc/90b35a6239c3d8bdabc530a6a0816f7ff89a0aaf/library/std/src/io/mod.rs:1839:15
[INFO] [stderr]      7:     0x5ff436734432 - std::sys::backtrace::BacktraceLock::print::h2395ccd2c84ba3aa
[INFO] [stderr]                                  at /rustc/90b35a6239c3d8bdabc530a6a0816f7ff89a0aaf/library/std/src/sys/backtrace.rs:42:9
[INFO] [stderr]      8:     0x5ff4367355fc - std::panicking::default_hook::{{closure}}::he19d4c7230e07961
[INFO] [stderr]                                  at /rustc/90b35a6239c3d8bdabc530a6a0816f7ff89a0aaf/library/std/src/panicking.rs:268:22
[INFO] [stderr]      9:     0x5ff436735442 - std::panicking::default_hook::hf614597d3c67bbdb
[INFO] [stderr]                                  at /rustc/90b35a6239c3d8bdabc530a6a0816f7ff89a0aaf/library/std/src/panicking.rs:295:9
[INFO] [stderr]     10:     0x5ff436735bd7 - std::panicking::rust_panic_with_hook::h8942133a8b252070
[INFO] [stderr]                                  at /rustc/90b35a6239c3d8bdabc530a6a0816f7ff89a0aaf/library/std/src/panicking.rs:801:13
[INFO] [stderr]     11:     0x5ff436735a6a - std::panicking::begin_panic_handler::{{closure}}::hb5f5963570096b29
[INFO] [stderr]                                  at /rustc/90b35a6239c3d8bdabc530a6a0816f7ff89a0aaf/library/std/src/panicking.rs:674:13
[INFO] [stderr]     12:     0x5ff436734ac9 - std::sys::backtrace::__rust_end_short_backtrace::h6208cedc1922feda
[INFO] [stderr]                                  at /rustc/90b35a6239c3d8bdabc530a6a0816f7ff89a0aaf/library/std/src/sys/backtrace.rs:170:18
[INFO] [stderr]     13:     0x5ff4367356fc - rust_begin_unwind
[INFO] [stderr]                                  at /rustc/90b35a6239c3d8bdabc530a6a0816f7ff89a0aaf/library/std/src/panicking.rs:665:5
[INFO] [stderr]     14:     0x5ff4366c0550 - core::panicking::panic_fmt::h0c3082644d1bf418
[INFO] [stderr]                                  at /rustc/90b35a6239c3d8bdabc530a6a0816f7ff89a0aaf/library/core/src/panicking.rs:74:14
[INFO] [stderr]     15:     0x5ff4366ccb18 - build_script_build::execute::hc031e736b6ae2909
[INFO] [stderr]     16:     0x5ff4366cc8d6 - build_script_build::run::h33a5867f9ecfe326
[INFO] [stderr]     17:     0x5ff4366cbc9d - build_script_build::main::hd51b03857fb99f1d
[INFO] [stderr]     18:     0x5ff4366cda33 - core::ops::function::FnOnce::call_once::h4cec799c2cd8b1d0
[INFO] [stderr]     19:     0x5ff4366c6926 - std::sys::backtrace::__rust_begin_short_backtrace::h2c6535fcf14f69e8
[INFO] [stderr]     20:     0x5ff4366cd8f9 - std::rt::lang_start::{{closure}}::h02d4f19714316ce4
[INFO] [stderr]     21:     0x5ff43672d8ce - core::ops::function::impls::<impl core::ops::function::FnOnce<A> for &F>::call_once::hfdb85f4ee94732d3
[INFO] [stderr]                                  at /rustc/90b35a6239c3d8bdabc530a6a0816f7ff89a0aaf/library/core/src/ops/function.rs:284:13
[INFO] [stderr]     22:     0x5ff43672d8ce - std::panicking::try::do_call::h6e577310f330cbef
[INFO] [stderr]                                  at /rustc/90b35a6239c3d8bdabc530a6a0816f7ff89a0aaf/library/std/src/panicking.rs:557:40
[INFO] [stderr]     23:     0x5ff43672d8ce - std::panicking::try::ha588d438267d2645
[INFO] [stderr]                                  at /rustc/90b35a6239c3d8bdabc530a6a0816f7ff89a0aaf/library/std/src/panicking.rs:520:19
[INFO] [stderr]     24:     0x5ff43672d8ce - std::panic::catch_unwind::h429fda1e025f26d9
[INFO] [stderr]                                  at /rustc/90b35a6239c3d8bdabc530a6a0816f7ff89a0aaf/library/std/src/panic.rs:358:14
[INFO] [stderr]     25:     0x5ff43672d8ce - std::rt::lang_start_internal::{{closure}}::h7b731265e841c4bf
[INFO] [stderr]                                  at /rustc/90b35a6239c3d8bdabc530a6a0816f7ff89a0aaf/library/std/src/rt.rs:174:48
[INFO] [stderr]     26:     0x5ff43672d8ce - std::panicking::try::do_call::hc0f6a675b7ae5a36
[INFO] [stderr]                                  at /rustc/90b35a6239c3d8bdabc530a6a0816f7ff89a0aaf/library/std/src/panicking.rs:557:40
[INFO] [stderr]     27:     0x5ff43672d8ce - std::panicking::try::h4c93b7ff0671f1ff
[INFO] [stderr]                                  at /rustc/90b35a6239c3d8bdabc530a6a0816f7ff89a0aaf/library/std/src/panicking.rs:520:19
[INFO] [stderr]     28:     0x5ff43672d8ce - std::panic::catch_unwind::hcc1e154961d16ce6
[INFO] [stderr]                                  at /rustc/90b35a6239c3d8bdabc530a6a0816f7ff89a0aaf/library/std/src/panic.rs:358:14
[INFO] [stderr]     29:     0x5ff43672d8ce - std::rt::lang_start_internal::h1c66660c99c8424c
[INFO] [stderr]                                  at /rustc/90b35a6239c3d8bdabc530a6a0816f7ff89a0aaf/library/std/src/rt.rs:174:20
[INFO] [stderr]     30:     0x5ff4366cd8d7 - std::rt::lang_start::haf4db1a5e1244f09
[INFO] [stderr]     31:     0x5ff4366cd2f5 - main
[INFO] [stderr]     32:     0x76e0d2ac0d90 - <unknown>
[INFO] [stderr]     33:     0x76e0d2ac0e40 - __libc_start_main
[INFO] [stderr]     34:     0x5ff4366c0c85 - _start
[INFO] [stderr]     35:                0x0 - <unknown>
[INFO] [stderr] warning: build failed, waiting for other jobs to finish...
[INFO] running `Command { std: "docker" "inspect" "8fae4b5177c4dee20d4a28ee56c1a59fac251798f0c7ef814afc369946055471", kill_on_drop: false }`
[INFO] running `Command { std: "docker" "rm" "-f" "8fae4b5177c4dee20d4a28ee56c1a59fac251798f0c7ef814afc369946055471", kill_on_drop: false }`
[INFO] [stdout] 8fae4b5177c4dee20d4a28ee56c1a59fac251798f0c7ef814afc369946055471
