[INFO] cloning repository https://github.com/SildCave/discord-sucks
[INFO] running `Command { std: "git" "-c" "credential.helper=" "-c" "credential.helper=/workspace/cargo-home/bin/git-credential-null" "clone" "--bare" "https://github.com/SildCave/discord-sucks" "/workspace/cache/git-repos/https%3A%2F%2Fgithub.com%2FSildCave%2Fdiscord-sucks", kill_on_drop: false }`
[INFO] [stderr] Cloning into bare repository '/workspace/cache/git-repos/https%3A%2F%2Fgithub.com%2FSildCave%2Fdiscord-sucks'...
[INFO] running `Command { std: "git" "rev-parse" "HEAD", kill_on_drop: false }`
[INFO] [stdout] 955c53f4f8750bea5b709cee69d68378ec00252f
[INFO] testing SildCave/discord-sucks/955c53f4f8750bea5b709cee69d68378ec00252f against 1.83.0 for beta-1.84.0-4-retry
[INFO] running `Command { std: "git" "clone" "/workspace/cache/git-repos/https%3A%2F%2Fgithub.com%2FSildCave%2Fdiscord-sucks" "/workspace/builds/worker-1-tc1/source", kill_on_drop: false }`
[INFO] [stderr] Cloning into '/workspace/builds/worker-1-tc1/source'...
[INFO] [stderr] done.
[INFO] validating manifest of git repo https://github.com/SildCave/discord-sucks on toolchain 1.83.0
[INFO] running `Command { std: CARGO_HOME="/workspace/cargo-home" RUSTUP_HOME="/workspace/rustup-home" "/workspace/cargo-home/bin/cargo" "+1.83.0" "metadata" "--manifest-path" "Cargo.toml" "--no-deps", kill_on_drop: false }`
[INFO] removed /workspace/builds/worker-1-tc1/source/rust-toolchain
[INFO] removed /workspace/builds/worker-1-tc1/source/rust-toolchain.toml
[INFO] started tweaking git repo https://github.com/SildCave/discord-sucks
[INFO] finished tweaking git repo https://github.com/SildCave/discord-sucks
[INFO] tweaked toml for git repo https://github.com/SildCave/discord-sucks written to /workspace/builds/worker-1-tc1/source/Cargo.toml
[INFO] crate git repo https://github.com/SildCave/discord-sucks already has a lockfile, it will not be regenerated
[INFO] running `Command { std: CARGO_HOME="/workspace/cargo-home" RUSTUP_HOME="/workspace/rustup-home" "/workspace/cargo-home/bin/cargo" "+1.83.0" "fetch" "--manifest-path" "Cargo.toml", kill_on_drop: false }`
[INFO] [stderr] warning: virtual workspace defaulting to `resolver = "1"` despite one or more workspace members being on edition 2021 which implies `resolver = "2"`
[INFO] [stderr] note: to keep the current resolver, specify `workspace.resolver = "1"` in the workspace root's manifest
[INFO] [stderr] note: to use the edition 2021 resolver, specify `workspace.resolver = "2"` in the workspace root's manifest
[INFO] [stderr] note: for more details see https://doc.rust-lang.org/cargo/reference/resolver.html#resolver-versions
[INFO] [stderr] warning: /workspace/builds/worker-1-tc1/source/Cargo.toml: unused manifest key: workspace.workspace
[INFO] [stderr]     Updating git repository `https://github.com/SildCave/ipnetwork`
[INFO] [stderr]  Downloading crates ...
[INFO] [stderr]   Downloaded axum-server v0.7.1
[INFO] [stderr]   Downloaded axum-client-ip v0.6.0
[INFO] [stderr]   Downloaded aws-lc-sys v0.21.0
[INFO] [stderr]   Downloaded redis v0.27.1
[INFO] running `Command { std: "docker" "create" "-v" "/var/lib/crater-agent-workspace/builds/worker-1-tc1/target:/opt/rustwide/target:rw,Z" "-v" "/var/lib/crater-agent-workspace/builds/worker-1-tc1/source:/opt/rustwide/workdir:ro,Z" "-v" "/var/lib/crater-agent-workspace/cargo-home:/opt/rustwide/cargo-home:ro,Z" "-v" "/var/lib/crater-agent-workspace/rustup-home:/opt/rustwide/rustup-home:ro,Z" "-e" "SOURCE_DIR=/opt/rustwide/workdir" "-e" "CARGO_TARGET_DIR=/opt/rustwide/target" "-e" "CARGO_HOME=/opt/rustwide/cargo-home" "-e" "RUSTUP_HOME=/opt/rustwide/rustup-home" "-w" "/opt/rustwide/workdir" "-m" "1610612736" "--user" "0:0" "--network" "none" "ghcr.io/rust-lang/crates-build-env/linux@sha256:f3a9d4ad9d972b27faf3965f35b62e55ba32bbce8f20bc8fe909558a86702fde" "/opt/rustwide/cargo-home/bin/cargo" "+1.83.0" "metadata" "--no-deps" "--format-version=1", kill_on_drop: false }`
[INFO] [stdout] e905853200e1878e538c182a978da3544147108127655cf45ad06350b98c8b23
[INFO] running `Command { std: "docker" "start" "-a" "e905853200e1878e538c182a978da3544147108127655cf45ad06350b98c8b23", kill_on_drop: false }`
[INFO] running `Command { std: "docker" "inspect" "e905853200e1878e538c182a978da3544147108127655cf45ad06350b98c8b23", kill_on_drop: false }`
[INFO] running `Command { std: "docker" "rm" "-f" "e905853200e1878e538c182a978da3544147108127655cf45ad06350b98c8b23", kill_on_drop: false }`
[INFO] [stdout] e905853200e1878e538c182a978da3544147108127655cf45ad06350b98c8b23
[INFO] running `Command { std: "docker" "create" "-v" "/var/lib/crater-agent-workspace/builds/worker-1-tc1/target:/opt/rustwide/target:rw,Z" "-v" "/var/lib/crater-agent-workspace/builds/worker-1-tc1/source:/opt/rustwide/workdir:ro,Z" "-v" "/var/lib/crater-agent-workspace/cargo-home:/opt/rustwide/cargo-home:ro,Z" "-v" "/var/lib/crater-agent-workspace/rustup-home:/opt/rustwide/rustup-home:ro,Z" "-e" "SOURCE_DIR=/opt/rustwide/workdir" "-e" "CARGO_TARGET_DIR=/opt/rustwide/target" "-e" "CARGO_INCREMENTAL=0" "-e" "RUST_BACKTRACE=full" "-e" "RUSTFLAGS=--cap-lints=warn" "-e" "RUSTDOCFLAGS=--cap-lints=warn" "-e" "CARGO_HOME=/opt/rustwide/cargo-home" "-e" "RUSTUP_HOME=/opt/rustwide/rustup-home" "-w" "/opt/rustwide/workdir" "-m" "1610612736" "--user" "0:0" "--network" "none" "ghcr.io/rust-lang/crates-build-env/linux@sha256:f3a9d4ad9d972b27faf3965f35b62e55ba32bbce8f20bc8fe909558a86702fde" "/opt/rustwide/cargo-home/bin/cargo" "+1.83.0" "build" "--frozen" "--message-format=json", kill_on_drop: false }`
[INFO] [stdout] a087da2648ed5326e38b499a7243df6f72d14349d069663f9ff3723c30669f20
[INFO] running `Command { std: "docker" "start" "-a" "a087da2648ed5326e38b499a7243df6f72d14349d069663f9ff3723c30669f20", kill_on_drop: false }`
[INFO] [stderr] warning: virtual workspace defaulting to `resolver = "1"` despite one or more workspace members being on edition 2021 which implies `resolver = "2"`
[INFO] [stderr] note: to keep the current resolver, specify `workspace.resolver = "1"` in the workspace root's manifest
[INFO] [stderr] note: to use the edition 2021 resolver, specify `workspace.resolver = "2"` in the workspace root's manifest
[INFO] [stderr] note: for more details see https://doc.rust-lang.org/cargo/reference/resolver.html#resolver-versions
[INFO] [stderr] warning: /opt/rustwide/workdir/Cargo.toml: unused manifest key: workspace.workspace
[INFO] [stderr]    Compiling proc-macro2 v1.0.86
[INFO] [stderr]    Compiling unicode-ident v1.0.12
[INFO] [stderr]    Compiling libc v0.2.158
[INFO] [stderr]    Compiling serde v1.0.210
[INFO] [stderr]    Compiling version_check v0.9.5
[INFO] [stderr]    Compiling once_cell v1.19.0
[INFO] [stderr]    Compiling autocfg v1.3.0
[INFO] [stderr]    Compiling shlex v1.3.0
[INFO] [stderr]    Compiling memchr v2.7.4
[INFO] [stderr]    Compiling itoa v1.0.11
[INFO] [stderr]    Compiling bytes v1.7.1
[INFO] [stderr]    Compiling pin-project-lite v0.2.14
[INFO] [stderr]    Compiling byteorder v1.5.0
[INFO] [stderr]    Compiling parking_lot_core v0.9.10
[INFO] [stderr]    Compiling futures-core v0.3.30
[INFO] [stderr]    Compiling scopeguard v1.2.0
[INFO] [stderr]    Compiling futures-sink v0.3.30
[INFO] [stderr]    Compiling log v0.4.22
[INFO] [stderr]    Compiling subtle v2.6.1
[INFO] [stderr]    Compiling typenum v1.17.0
[INFO] [stderr]    Compiling allocator-api2 v0.2.18
[INFO] [stderr]    Compiling futures-channel v0.3.30
[INFO] [stderr]    Compiling futures-io v0.3.30
[INFO] [stderr]    Compiling futures-task v0.3.30
[INFO] [stderr]    Compiling tracing-core v0.1.32
[INFO] [stderr]    Compiling thiserror v1.0.68
[INFO] [stderr]    Compiling ahash v0.8.11
[INFO] [stderr]    Compiling generic-array v0.14.7
[INFO] [stderr]    Compiling equivalent v1.0.1
[INFO] [stderr]    Compiling http v1.1.0
[INFO] [stderr]    Compiling tinyvec_macros v0.1.1
[INFO] [stderr]    Compiling percent-encoding v2.3.1
[INFO] [stderr]    Compiling unicode-bidi v0.3.15
[INFO] [stderr]    Compiling tinyvec v1.8.0
[INFO] [stderr]    Compiling paste v1.0.15
[INFO] [stderr]    Compiling lock_api v0.4.12
[INFO] [stderr]    Compiling slab v0.4.9
[INFO] [stderr]    Compiling form_urlencoded v1.2.1
[INFO] [stderr]    Compiling num-traits v0.2.19
[INFO] [stderr]    Compiling cpufeatures v0.2.14
[INFO] [stderr]    Compiling ryu v1.0.18
[INFO] [stderr]    Compiling httparse v1.9.4
[INFO] [stderr]    Compiling dunce v1.0.5
[INFO] [stderr]    Compiling httpdate v1.0.3
[INFO] [stderr]    Compiling stable_deref_trait v1.2.0
[INFO] [stderr]    Compiling serde_json v1.0.128
[INFO] [stderr]    Compiling fs_extra v1.3.0
[INFO] [stderr]    Compiling futures-util v0.3.30
[INFO] [stderr]    Compiling getrandom v0.2.15
[INFO] [stderr]    Compiling jobserver v0.1.32
[INFO] [stderr]    Compiling signal-hook-registry v1.4.2
[INFO] [stderr]    Compiling socket2 v0.5.7
[INFO] [stderr]    Compiling mio v1.0.2
[INFO] [stderr]    Compiling quote v1.0.37
[INFO] [stderr]    Compiling cc v1.1.18
[INFO] [stderr]    Compiling unicode-normalization v0.1.23
[INFO] [stderr]    Compiling rand_core v0.6.4
[INFO] [stderr]    Compiling syn v2.0.87
[INFO] [stderr]    Compiling tower-service v0.3.3
[INFO] [stderr]    Compiling pkg-config v0.3.30
[INFO] [stderr]    Compiling http-body v1.0.1
[INFO] [stderr]    Compiling tower-layer v0.3.3
[INFO] [stderr]    Compiling base64 v0.22.1
[INFO] [stderr]    Compiling vcpkg v0.2.15
[INFO] [stderr]    Compiling cmake v0.1.51
[INFO] [stderr]    Compiling try-lock v0.2.5
[INFO] [stderr]    Compiling atomic-waker v1.1.2
[INFO] [stderr]    Compiling crossbeam-utils v0.8.20
[INFO] [stderr]    Compiling crypto-common v0.1.6
[INFO] [stderr]    Compiling block-buffer v0.10.4
[INFO] [stderr]    Compiling rustversion v1.0.17
[INFO] [stderr]    Compiling want v0.3.1
[INFO] [stderr]    Compiling mime v0.3.17
[INFO] [stderr]    Compiling aws-lc-rs v1.9.0
[INFO] [stderr]    Compiling nom v7.1.3
[INFO] [stderr]    Compiling litemap v0.7.3
[INFO] [stderr]    Compiling digest v0.10.7
[INFO] [stderr]    Compiling idna v0.5.0
[INFO] [stderr]    Compiling rustls-pki-types v1.8.0
[INFO] [stderr]    Compiling spin v0.9.8
[INFO] [stderr]    Compiling untrusted v0.9.0
[INFO] [stderr]    Compiling writeable v0.5.5
[INFO] [stderr]    Compiling unicase v2.7.0
[INFO] [stderr]    Compiling base64 v0.21.7
[INFO] [stderr]    Compiling foreign-types-shared v0.1.1
[INFO] [stderr]    Compiling openssl v0.10.66
[INFO] [stderr]    Compiling zeroize v1.8.1
[INFO] [stderr]    Compiling mirai-annotations v1.12.0
[INFO] [stderr]    Compiling foreign-types v0.3.2
[INFO] [stderr]    Compiling sha1 v0.10.6
[INFO] [stderr]    Compiling iana-time-zone v0.1.60
[INFO] [stderr]    Compiling native-tls v0.2.12
[INFO] [stderr]    Compiling url v2.5.2
[INFO] [stderr]    Compiling ucd-trie v0.1.6
[INFO] [stderr]    Compiling icu_locid_transform_data v1.5.0
[INFO] [stderr]    Compiling rustls v0.23.12
[INFO] [stderr]    Compiling crc-catalog v2.4.0
[INFO] [stderr]    Compiling rustix v0.38.36
[INFO] [stderr]    Compiling aws-lc-sys v0.21.0
[INFO] [stderr]    Compiling openssl-sys v0.9.103
[INFO] [stderr]    Compiling ring v0.17.8
[INFO] [stderr]    Compiling unicode_categories v0.1.1
[INFO] [stderr]    Compiling parking v2.2.1
[INFO] [stderr]    Compiling crc v3.2.1
[INFO] [stderr]    Compiling concurrent-queue v2.5.0
[INFO] [stderr]    Compiling crossbeam-queue v0.3.11
[INFO] [stderr]    Compiling psm v0.1.23
[INFO] [stderr]    Compiling const-random-macro v0.1.16
[INFO] [stderr]    Compiling event-listener v5.3.1
[INFO] [stderr]    Compiling axum-core v0.4.3
[INFO] [stderr]    Compiling hmac v0.12.1
[INFO] [stderr]    Compiling sha2 v0.10.8
[INFO] [stderr]    Compiling atoi v2.0.0
[INFO] [stderr]    Compiling uuid v1.11.0
[INFO] [stderr]    Compiling openssl-probe v0.1.5
[INFO] [stderr]    Compiling data-encoding v2.6.0
[INFO] [stderr]    Compiling num-conv v0.1.0
[INFO] [stderr]    Compiling time-core v0.1.2
[INFO] [stderr]    Compiling powerfmt v0.2.0
[INFO] [stderr]    Compiling fastrand v2.1.1
[INFO] [stderr]    Compiling linux-raw-sys v0.4.14
[INFO] [stderr]    Compiling unicode-properties v0.1.2
[INFO] [stderr]    Compiling utf-8 v0.7.6
[INFO] [stderr]    Compiling icu_properties_data v1.5.0
[INFO] [stderr]    Compiling stringprep v0.1.5
[INFO] [stderr]    Compiling time-macros v0.2.18
[INFO] [stderr]    Compiling mime_guess v2.0.5
[INFO] [stderr]    Compiling hkdf v0.12.4
[INFO] [stderr]    Compiling axum v0.7.5
[INFO] [stderr]    Compiling const-random v0.1.18
[INFO] [stderr]    Compiling sqlformat v0.2.6
[INFO] [stderr]    Compiling stacker v0.1.17
[INFO] [stderr]    Compiling md-5 v0.10.6
[INFO] [stderr]    Compiling num-integer v0.1.46
[INFO] [stderr]    Compiling sync_wrapper v1.0.1
[INFO] [stderr]    Compiling sync_wrapper v0.1.2
[INFO] [stderr]    Compiling dotenvy v0.15.7
[INFO] [stderr]    Compiling home v0.5.9
[INFO] [stderr]    Compiling whoami v1.5.2
[INFO] [stderr]    Compiling utf8_iter v1.0.4
[INFO] [stderr]    Compiling utf16_iter v1.0.5
[INFO] [stderr]    Compiling icu_normalizer_data v1.5.0
[INFO] [stderr]    Compiling write16 v1.0.0
[INFO] [stderr]    Compiling dlv-list v0.5.2
[INFO] [stderr]    Compiling num-bigint v0.4.6
[INFO] [stderr]    Compiling winnow v0.6.18
[INFO] [stderr]    Compiling heck v0.5.0
[INFO] [stderr]    Compiling hashbrown v0.13.2
[INFO] [stderr]    Compiling matchit v0.7.3
[INFO] [stderr]    Compiling regex-syntax v0.6.29
[INFO] [stderr]    Compiling lazy_static v1.5.0
[INFO] [stderr]    Compiling regex-syntax v0.8.4
[INFO] [stderr]    Compiling rustls-pemfile v2.1.3
[INFO] [stderr]    Compiling webpki-roots v0.26.6
[INFO] [stderr]    Compiling headers-core v0.3.0
[INFO] [stderr]    Compiling cookie v0.18.1
[INFO] [stderr]    Compiling anyhow v1.0.87
[INFO] [stderr]    Compiling arc-swap v1.7.1
[INFO] [stderr]    Compiling base64ct v1.6.0
[INFO] [stderr]    Compiling nonempty v0.7.0
[INFO] [stderr]    Compiling unicode-segmentation v1.11.0
[INFO] [stderr]    Compiling ordered-multimap v0.6.0
[INFO] [stderr]    Compiling overload v0.1.1
[INFO] [stderr]    Compiling nu-ansi-term v0.46.0
[INFO] [stderr]    Compiling password-hash v0.5.0
[INFO] [stderr]    Compiling headers v0.4.0
[INFO] [stderr]    Compiling rust-ini v0.19.0
[INFO] [stderr]    Compiling sharded-slab v0.1.7
[INFO] [stderr]    Compiling synstructure v0.13.1
[INFO] [stderr]    Compiling http-body-util v0.1.2
[INFO] [stderr]    Compiling convert_case v0.6.0
[INFO] [stderr]    Compiling blake2 v0.10.6
[INFO] [stderr]    Compiling pem v3.0.4
[INFO] [stderr]    Compiling email-encoding v0.3.0
[INFO] [stderr]    Compiling hostname v0.4.0
[INFO] [stderr]    Compiling tracing-log v0.2.0
[INFO] [stderr]    Compiling regex-automata v0.4.7
[INFO] [stderr]    Compiling regex-automata v0.1.10
[INFO] [stderr]    Compiling thread_local v1.1.8
[INFO] [stderr]    Compiling encoding_rs v0.8.34
[INFO] [stderr]    Compiling pathdiff v0.2.1
[INFO] [stderr]    Compiling http-range-header v0.4.1
[INFO] [stderr]    Compiling quoted_printable v0.5.1
[INFO] [stderr]    Compiling ipnet v2.9.0
[INFO] [stderr]    Compiling sha1_smol v1.0.1
[INFO] [stderr]    Compiling argon2 v0.5.3
[INFO] [stderr]    Compiling serde_derive v1.0.210
[INFO] [stderr]    Compiling zerocopy-derive v0.7.35
[INFO] [stderr]    Compiling tokio-macros v2.4.0
[INFO] [stderr]    Compiling thiserror-impl v1.0.68
[INFO] [stderr]    Compiling tracing-attributes v0.1.27
[INFO] [stderr]    Compiling zerofrom-derive v0.1.4
[INFO] [stderr]    Compiling yoke-derive v0.7.4
[INFO] [stderr]    Compiling zerovec-derive v0.10.3
[INFO] [stderr]    Compiling displaydoc v0.2.5
[INFO] [stderr]    Compiling pin-project-internal v1.1.5
[INFO] [stderr]    Compiling async-trait v0.1.82
[INFO] [stderr]    Compiling zerocopy v0.7.35
[INFO] [stderr]    Compiling icu_provider_macros v1.5.0
[INFO] [stderr]    Compiling openssl-macros v0.1.1
[INFO] [stderr]    Compiling axum-macros v0.4.1
[INFO] [stderr]    Compiling regex v1.10.6
[INFO] [stderr]    Compiling ppv-lite86 v0.2.20
[INFO] [stderr]    Compiling pin-project v1.1.5
[INFO] [stderr]    Compiling pest v2.7.12
[INFO] [stderr]    Compiling forwarded-header-value v0.1.1
[INFO] [stderr]    Compiling hashbrown v0.14.5
[INFO] [stderr]    Compiling matchers v0.1.0
[INFO] [stderr]    Compiling rand_chacha v0.3.1
[INFO] [stderr]    Compiling rand v0.8.5
[INFO] [stderr]    Compiling tracing v0.1.40
[INFO] [stderr]    Compiling indexmap v2.5.0
[INFO] [stderr]    Compiling hashlink v0.9.1
[INFO] [stderr]    Compiling chumsky v0.9.3
[INFO] [stderr]    Compiling zerofrom v0.1.4
[INFO] [stderr]    Compiling yoke v0.7.4
[INFO] [stderr]    Compiling tungstenite v0.21.0
[INFO] [stderr]    Compiling pest_meta v2.7.12
[INFO] [stderr]    Compiling zerovec v0.10.4
[INFO] [stderr]    Compiling pest_generator v2.7.12
[INFO] [stderr]    Compiling pest_derive v2.7.12
[INFO] [stderr]    Compiling tinystr v0.7.6
[INFO] [stderr]    Compiling icu_collections v1.5.0
[INFO] [stderr]    Compiling icu_locid v1.5.0
[INFO] [stderr]    Compiling icu_provider v1.5.0
[INFO] [stderr]    Compiling icu_locid_transform v1.5.0
[INFO] [stderr]    Compiling icu_properties v1.5.1
[INFO] [stderr]    Compiling smallvec v1.13.2
[INFO] [stderr]    Compiling bitflags v2.6.0
[INFO] [stderr]    Compiling chrono v0.4.38
[INFO] [stderr]    Compiling either v1.13.0
[INFO] [stderr]    Compiling deranged v0.3.11
[INFO] [stderr]    Compiling serde_urlencoded v0.7.1
[INFO] [stderr]    Compiling toml_datetime v0.6.8
[INFO] [stderr]    Compiling serde_spanned v0.6.7
[INFO] [stderr]    Compiling serde_path_to_error v0.1.16
[INFO] [stderr]    Compiling email_address v0.2.9
[INFO] [stderr]    Compiling json5 v0.4.1
[INFO] [stderr]    Compiling ipnetwork v0.20.0 (https://github.com/SildCave/ipnetwork#91299b45)
[INFO] [stderr]    Compiling toml_edit v0.22.20
[INFO] [stderr]    Compiling ron v0.8.1
[INFO] [stderr]    Compiling tracing-subscriber v0.3.18
[INFO] [stderr]    Compiling parking_lot v0.12.3
[INFO] [stderr]    Compiling tokio v1.40.0
[INFO] [stderr]    Compiling futures-intrusive v0.5.0
[INFO] [stderr]    Compiling time v0.3.36
[INFO] [stderr]    Compiling icu_normalizer v1.5.0
[INFO] [stderr]    Compiling toml v0.8.19
[INFO] [stderr]    Compiling tempfile v3.12.0
[INFO] [stderr]    Compiling idna_adapter v1.2.0
[INFO] [stderr]    Compiling idna v1.0.3
[INFO] [stderr]    Compiling config v0.14.0
[INFO] [stderr]    Compiling simple_asn1 v0.6.2
[INFO] [stderr]    Compiling jsonwebtoken v9.3.0
[INFO] [stderr]    Compiling rustls-webpki v0.102.7
[INFO] [stderr]    Compiling tokio-util v0.7.12
[INFO] [stderr]    Compiling tower v0.4.13
[INFO] [stderr]    Compiling tokio-stream v0.1.16
[INFO] [stderr]    Compiling tokio-tungstenite v0.21.0
[INFO] [stderr]    Compiling tokio-native-tls v0.3.1
[INFO] [stderr]    Compiling lettre v0.11.10
[INFO] [stderr]    Compiling h2 v0.4.6
[INFO] [stderr]    Compiling combine v4.6.7
[INFO] [stderr]    Compiling tower-http v0.6.1
[INFO] [stderr]    Compiling sqlx-core v0.8.2
[INFO] [stderr]    Compiling tokio-rustls v0.26.0
[INFO] [stderr]    Compiling sqlx-postgres v0.8.2
[INFO] [stderr]    Compiling hyper v1.5.0
[INFO] [stderr]    Compiling redis v0.27.1
[INFO] [stderr]    Compiling hyper-util v0.1.7
[INFO] [stderr]    Compiling sqlx-macros-core v0.8.2
[INFO] [stderr]    Compiling hyper-tls v0.6.0
[INFO] [stderr]    Compiling hyper-rustls v0.27.3
[INFO] [stderr]    Compiling axum-server v0.7.1
[INFO] [stderr]    Compiling reqwest v0.12.9
[INFO] [stderr]    Compiling sqlx-macros v0.8.2
[INFO] [stderr]    Compiling sqlx v0.8.2
[INFO] [stderr]    Compiling axum-client-ip v0.6.0
[INFO] [stderr]    Compiling axum-extra v0.9.3
[INFO] [stderr]    Compiling server v0.0.0 (/opt/rustwide/workdir/server)
[INFO] [stdout] error: error communicating with database: Connection refused (os error 111)
[INFO] [stdout]   --> server/src/database/postgres_preparation.rs:22:5
[INFO] [stdout]    |
[INFO] [stdout] 22 |     sqlx::query_file!("sql/init_messages_db.sql")
[INFO] [stdout]    |     ^^^^^^^^^^^^^^^^^^^^^^^^^^^^^^^^^^^^^^^^^^^^^
[INFO] [stdout]    |
[INFO] [stdout]    = note: this error originates in the macro `$crate::sqlx_macros::expand_query` which comes from the expansion of the macro `sqlx::query_file` (in Nightly builds, run with -Z macro-backtrace for more info)
[INFO] [stdout] 
[INFO] [stdout] 
[INFO] [stdout] error: error communicating with database: Connection refused (os error 111)
[INFO] [stdout]   --> server/src/database/methods/user/user/postgres.rs:13:20
[INFO] [stdout]    |
[INFO] [stdout] 13 |           let user = sqlx::query_as!(
[INFO] [stdout]    |  ____________________^
[INFO] [stdout] 14 | |             User,
[INFO] [stdout] 15 | |             r#"
[INFO] [stdout] 16 | |             SELECT * FROM users
[INFO] [stdout] ...  |
[INFO] [stdout] 19 | |             user_id
[INFO] [stdout] 20 | |         )
[INFO] [stdout]    | |_________^
[INFO] [stdout]    |
[INFO] [stdout]    = note: this error originates in the macro `$crate::sqlx_macros::expand_query` which comes from the expansion of the macro `sqlx::query_as` (in Nightly builds, run with -Z macro-backtrace for more info)
[INFO] [stdout] 
[INFO] [stdout] 
[INFO] [stdout] error: error communicating with database: Connection refused (os error 111)
[INFO] [stdout]   --> server/src/database/methods/user/user/postgres.rs:41:23
[INFO] [stdout]    |
[INFO] [stdout] 41 |           let user_id = sqlx::query!(
[INFO] [stdout]    |  _______________________^
[INFO] [stdout] 42 | |             r#"
[INFO] [stdout] 43 | |             SELECT id FROM users
[INFO] [stdout] 44 | |             WHERE email = $1
[INFO] [stdout] 45 | |             "#,
[INFO] [stdout] 46 | |             email
[INFO] [stdout] 47 | |         )
[INFO] [stdout]    | |_________^
[INFO] [stdout]    |
[INFO] [stdout]    = note: this error originates in the macro `$crate::sqlx_macros::expand_query` which comes from the expansion of the macro `sqlx::query` (in Nightly builds, run with -Z macro-backtrace for more info)
[INFO] [stdout] 
[INFO] [stdout] 
[INFO] [stdout] error: error communicating with database: Connection refused (os error 111)
[INFO] [stdout]   --> server/src/database/methods/user/user/postgres.rs:69:19
[INFO] [stdout]    |
[INFO] [stdout] 69 |           let res = sqlx::query!(
[INFO] [stdout]    |  ___________________^
[INFO] [stdout] 70 | |             r#"
[INFO] [stdout] 71 | |             INSERT INTO users (id, username, password_hash, salt, email, created_at, valid_refresh_token, verified, banned, date_of_birth)
[INFO] [stdout] 72 | |             VALUES ($1, $2, $3, $4, $5, $6, $7, $8, $9, $10)
[INFO] [stdout] ...  |
[INFO] [stdout] 83 | |             user.date_of_birth
[INFO] [stdout] 84 | |         )
[INFO] [stdout]    | |_________^
[INFO] [stdout]    |
[INFO] [stdout]    = note: this error originates in the macro `$crate::sqlx_macros::expand_query` which comes from the expansion of the macro `sqlx::query` (in Nightly builds, run with -Z macro-backtrace for more info)
[INFO] [stdout] 
[INFO] [stdout] 
[INFO] [stdout] error: error communicating with database: Connection refused (os error 111)
[INFO] [stdout]    --> server/src/database/methods/user/user/postgres.rs:97:19
[INFO] [stdout]     |
[INFO] [stdout] 97  |           let res = sqlx::query!(
[INFO] [stdout]     |  ___________________^
[INFO] [stdout] 98  | |             r#"
[INFO] [stdout] 99  | |             DELETE FROM users
[INFO] [stdout] 100 | |             WHERE id = $1
[INFO] [stdout] 101 | |             "#,
[INFO] [stdout] 102 | |             user_id
[INFO] [stdout] 103 | |         )
[INFO] [stdout]     | |_________^
[INFO] [stdout]     |
[INFO] [stdout]     = note: this error originates in the macro `$crate::sqlx_macros::expand_query` which comes from the expansion of the macro `sqlx::query` (in Nightly builds, run with -Z macro-backtrace for more info)
[INFO] [stdout] 
[INFO] [stdout] 
[INFO] [stdout] error: error communicating with database: Connection refused (os error 111)
[INFO] [stdout]   --> server/src/database/methods/user/refresh_token/postgres.rs:14:19
[INFO] [stdout]    |
[INFO] [stdout] 14 |           let res = sqlx::query!(
[INFO] [stdout]    |  ___________________^
[INFO] [stdout] 15 | |             r#"
[INFO] [stdout] 16 | |             UPDATE users
[INFO] [stdout] 17 | |             SET valid_refresh_token = $1
[INFO] [stdout] ...  |
[INFO] [stdout] 21 | |             user_id
[INFO] [stdout] 22 | |         )
[INFO] [stdout]    | |_________^
[INFO] [stdout]    |
[INFO] [stdout]    = note: this error originates in the macro `$crate::sqlx_macros::expand_query` which comes from the expansion of the macro `sqlx::query` (in Nightly builds, run with -Z macro-backtrace for more info)
[INFO] [stdout] 
[INFO] [stdout] 
[INFO] [stdout] error: error communicating with database: Connection refused (os error 111)
[INFO] [stdout]   --> server/src/database/methods/user/refresh_token/postgres.rs:35:19
[INFO] [stdout]    |
[INFO] [stdout] 35 |           let res = sqlx::query!(
[INFO] [stdout]    |  ___________________^
[INFO] [stdout] 36 | |             r#"
[INFO] [stdout] 37 | |             UPDATE users
[INFO] [stdout] 38 | |             SET valid_refresh_token = NULL
[INFO] [stdout] ...  |
[INFO] [stdout] 41 | |             user_id
[INFO] [stdout] 42 | |         )
[INFO] [stdout]    | |_________^
[INFO] [stdout]    |
[INFO] [stdout]    = note: this error originates in the macro `$crate::sqlx_macros::expand_query` which comes from the expansion of the macro `sqlx::query` (in Nightly builds, run with -Z macro-backtrace for more info)
[INFO] [stdout] 
[INFO] [stdout] 
[INFO] [stdout] error: error communicating with database: Connection refused (os error 111)
[INFO] [stdout]   --> server/src/database/methods/user/refresh_token/postgres.rs:56:29
[INFO] [stdout]    |
[INFO] [stdout] 56 |           let refresh_token = sqlx::query!(
[INFO] [stdout]    |  _____________________________^
[INFO] [stdout] 57 | |             r#"
[INFO] [stdout] 58 | |             SELECT valid_refresh_token FROM users
[INFO] [stdout] 59 | |             WHERE id = $1
[INFO] [stdout] 60 | |             "#,
[INFO] [stdout] 61 | |             user_id
[INFO] [stdout] 62 | |         )
[INFO] [stdout]    | |_________^
[INFO] [stdout]    |
[INFO] [stdout]    = note: this error originates in the macro `$crate::sqlx_macros::expand_query` which comes from the expansion of the macro `sqlx::query` (in Nightly builds, run with -Z macro-backtrace for more info)
[INFO] [stdout] 
[INFO] [stdout] 
[INFO] [stdout] error: error communicating with database: Connection refused (os error 111)
[INFO] [stdout]   --> server/src/database/methods/user/password_and_salt/postgres.rs:15:20
[INFO] [stdout]    |
[INFO] [stdout] 15 |           let user = sqlx::query!(
[INFO] [stdout]    |  ____________________^
[INFO] [stdout] 16 | |             r#"
[INFO] [stdout] 17 | |             SELECT password_hash, salt FROM users
[INFO] [stdout] 18 | |             WHERE id = $1
[INFO] [stdout] 19 | |             "#,
[INFO] [stdout] 20 | |             user_id
[INFO] [stdout] 21 | |         )
[INFO] [stdout]    | |_________^
[INFO] [stdout]    |
[INFO] [stdout]    = note: this error originates in the macro `$crate::sqlx_macros::expand_query` which comes from the expansion of the macro `sqlx::query` (in Nightly builds, run with -Z macro-backtrace for more info)
[INFO] [stdout] 
[INFO] [stdout] 
[INFO] [stdout] error[E0554]: `#![feature]` may not be used on the stable release channel
[INFO] [stdout]  --> server/src/main.rs:1:1
[INFO] [stdout]   |
[INFO] [stdout] 1 | #![feature(test)]
[INFO] [stdout]   | ^^^^^^^^^^^^^^^^^
[INFO] [stdout] 
[INFO] [stdout] 
[INFO] [stdout] error[E0554]: `#![feature]` may not be used on the stable release channel
[INFO] [stdout]  --> server/src/main.rs:2:1
[INFO] [stdout]   |
[INFO] [stdout] 2 | #![feature(trivial_bounds)]
[INFO] [stdout]   | ^^^^^^^^^^^^^^^^^^^^^^^^^^^
[INFO] [stdout] 
[INFO] [stdout] 
[INFO] [stdout] warning: unused import: `app_objects::User`
[INFO] [stdout]  --> server/src/database/methods/user/refresh_token/postgres.rs:2:13
[INFO] [stdout]   |
[INFO] [stdout] 2 | use crate::{app_objects::User, database::{
[INFO] [stdout]   |             ^^^^^^^^^^^^^^^^^
[INFO] [stdout]   |
[INFO] [stdout]   = note: `#[warn(unused_imports)]` on by default
[INFO] [stdout] 
[INFO] [stdout] 
[INFO] [stdout] warning: unused import: `app_objects::User`
[INFO] [stdout]  --> server/src/database/methods/user/password_and_salt/postgres.rs:2:13
[INFO] [stdout]   |
[INFO] [stdout] 2 | use crate::{app_objects::User, database::{
[INFO] [stdout]   |             ^^^^^^^^^^^^^^^^^
[INFO] [stdout] 
[INFO] [stdout] 
[INFO] [stdout] warning: unused import: `methods::DatabaseError`
[INFO] [stdout]  --> server/src/database/mod.rs:8:9
[INFO] [stdout]   |
[INFO] [stdout] 8 | pub use methods::DatabaseError;
[INFO] [stdout]   |         ^^^^^^^^^^^^^^^^^^^^^^
[INFO] [stdout] 
[INFO] [stdout] 
[INFO] [stdout] warning: unused import: `Client`
[INFO] [stdout]  --> server/src/cloudflare/turnstile_verification/validation.rs:8:5
[INFO] [stdout]   |
[INFO] [stdout] 8 |     Client,
[INFO] [stdout]   |     ^^^^^^
[INFO] [stdout] 
[INFO] [stdout] 
[INFO] [stdout] warning: unused import: `Path`
[INFO] [stdout]  --> server/src/routes/registration/add_user_from_jwt.rs:3:22
[INFO] [stdout]   |
[INFO] [stdout] 3 | use axum::{extract::{Path, State}, response::{IntoResponse, Response}, Form};
[INFO] [stdout]   |                      ^^^^
[INFO] [stdout] 
[INFO] [stdout] 
[INFO] [stdout] warning: unused import: `CredentialBasedRegistrationPayload`
[INFO] [stdout]  --> server/src/routes/registration/add_user_from_jwt.rs:9:28
[INFO] [stdout]   |
[INFO] [stdout] 9 | use crate::{registration::{CredentialBasedRegistrationPayload, UserRegistrationFormJWT}, state::AddUserFromJWTTokenState};
[INFO] [stdout]   |                            ^^^^^^^^^^^^^^^^^^^^^^^^^^^^^^^^^^
[INFO] [stdout] 
[INFO] [stdout] 
[INFO] [stdout] warning: unused imports: `AuthClaims` and `ClaimType`
[INFO] [stdout]   --> server/src/auth/jwt/verification.rs:12:13
[INFO] [stdout]    |
[INFO] [stdout] 12 | use super::{ClaimType, AuthClaims, JWTKeys};
[INFO] [stdout]    |             ^^^^^^^^^  ^^^^^^^^^^
[INFO] [stdout] 
[INFO] [stdout] 
[INFO] [stdout] warning: unused import: `message::Message`
[INFO] [stdout]  --> server/src/app_objects/mod.rs:4:9
[INFO] [stdout]   |
[INFO] [stdout] 4 | pub use message::Message;
[INFO] [stdout]   |         ^^^^^^^^^^^^^^^^
[INFO] [stdout] 
[INFO] [stdout] 
[INFO] [stdout] warning: unused import: `PasswordVerifier`
[INFO] [stdout]  --> server/src/credentials/password_preparation.rs:5:39
[INFO] [stdout]   |
[INFO] [stdout] 5 |         PasswordHash, PasswordHasher, PasswordVerifier, SaltString
[INFO] [stdout]   |                                       ^^^^^^^^^^^^^^^^
[INFO] [stdout] 
[INFO] [stdout] 
[INFO] [stdout] warning: unused import: `self`
[INFO] [stdout]   --> server/src/credentials/password_preparation.rs:14:23
[INFO] [stdout]    |
[INFO] [stdout] 14 | use super::password::{self, Password};
[INFO] [stdout]    |                       ^^^^
[INFO] [stdout] 
[INFO] [stdout] 
[INFO] [stdout] warning: unused import: `std::ascii`
[INFO] [stdout]  --> server/src/credentials/password.rs:1:5
[INFO] [stdout]   |
[INFO] [stdout] 1 | use std::ascii;
[INFO] [stdout]   |     ^^^^^^^^^^
[INFO] [stdout] 
[INFO] [stdout] 
[INFO] [stdout] warning: unused import: `sqlx::any`
[INFO] [stdout]  --> server/src/credentials/password.rs:4:5
[INFO] [stdout]   |
[INFO] [stdout] 4 | use sqlx::any;
[INFO] [stdout]   |     ^^^^^^^^^
[INFO] [stdout] 
[INFO] [stdout] 
[INFO] [stdout] warning: unused import: `PasswordError`
[INFO] [stdout]  --> server/src/credentials/mod.rs:8:5
[INFO] [stdout]   |
[INFO] [stdout] 8 |     PasswordError,
[INFO] [stdout]   |     ^^^^^^^^^^^^^
[INFO] [stdout] 
[INFO] [stdout] 
[INFO] [stdout] warning: unused import: `time::OffsetDateTime`
[INFO] [stdout]  --> server/src/registration/credential_based/payload.rs:6:5
[INFO] [stdout]   |
[INFO] [stdout] 6 | use time::OffsetDateTime;
[INFO] [stdout]   |     ^^^^^^^^^^^^^^^^^^^^
[INFO] [stdout] 
[INFO] [stdout] 
[INFO] [stdout] warning: unused import: `time::serde::rfc3339`
[INFO] [stdout]  --> server/src/registration/credential_based/payload.rs:7:5
[INFO] [stdout]   |
[INFO] [stdout] 7 | use time::serde::rfc3339;
[INFO] [stdout]   |     ^^^^^^^^^^^^^^^^^^^^
[INFO] [stdout] 
[INFO] [stdout] 
[INFO] [stdout] warning: unused import: `TurnstileRequest`
[INFO] [stdout]  --> server/src/registration/credential_based/payload.rs:9:43
[INFO] [stdout]   |
[INFO] [stdout] 9 | use crate::cloudflare::{GetTurnstileCode, TurnstileRequest};
[INFO] [stdout]   |                                           ^^^^^^^^^^^^^^^^
[INFO] [stdout] 
[INFO] [stdout] 
[INFO] [stdout] warning: unused imports: `Form`, `Json`, `RequestExt`, and `http::header::CONTENT_TYPE`
[INFO] [stdout]   --> server/src/registration/credential_based/extractor.rs:7:5
[INFO] [stdout]    |
[INFO] [stdout] 7  |     Form,
[INFO] [stdout]    |     ^^^^
[INFO] [stdout] 8  |     Json,
[INFO] [stdout]    |     ^^^^
[INFO] [stdout] 9  |     RequestExt,
[INFO] [stdout]    |     ^^^^^^^^^^
[INFO] [stdout] ...
[INFO] [stdout] 12 |     http::header::CONTENT_TYPE
[INFO] [stdout]    |     ^^^^^^^^^^^^^^^^^^^^^^^^^^
[INFO] [stdout] 
[INFO] [stdout] 
[INFO] [stdout] warning: unused imports: `Deserialize` and `Serialize`
[INFO] [stdout]   --> server/src/registration/credential_based/extractor.rs:16:5
[INFO] [stdout]    |
[INFO] [stdout] 16 |     Deserialize,
[INFO] [stdout]    |     ^^^^^^^^^^^
[INFO] [stdout] 17 |     Serialize
[INFO] [stdout]    |     ^^^^^^^^^
[INFO] [stdout] 
[INFO] [stdout] 
[INFO] [stdout] warning: unused import: `tracing::error`
[INFO] [stdout]   --> server/src/registration/credential_based/extractor.rs:20:5
[INFO] [stdout]    |
[INFO] [stdout] 20 | use tracing::error;
[INFO] [stdout]    |     ^^^^^^^^^^^^^^
[INFO] [stdout] 
[INFO] [stdout] 
[INFO] [stdout] warning: unused import: `Executor`
[INFO] [stdout]  --> server/src/email/email_verification/email_content.rs:1:32
[INFO] [stdout]   |
[INFO] [stdout] 1 | use lettre::{message::Mailbox, Executor, Message};
[INFO] [stdout]   |                                ^^^^^^^^
[INFO] [stdout] 
[INFO] [stdout] 
[INFO] [stdout] warning: unused imports: `Address`, `Executor`, and `Tokio1Executor`
[INFO] [stdout]  --> server/src/email/email_handler.rs:8:5
[INFO] [stdout]   |
[INFO] [stdout] 8 |     Address, AsyncTransport, Executor, Message, Tokio1Executor, Transport
[INFO] [stdout]   |     ^^^^^^^                  ^^^^^^^^           ^^^^^^^^^^^^^^
[INFO] [stdout] 
[INFO] [stdout] 
[INFO] [stdout] warning: unused imports: `Address`, `Executor`, `SmtpTransport`, and `message::Mailbox`
[INFO] [stdout]  --> server/src/email/email_handler_state.rs:1:14
[INFO] [stdout]   |
[INFO] [stdout] 1 | use lettre::{message::Mailbox, transport::smtp::authentication::Credentials, Address, AsyncSmtpTransport, Executor, SmtpTransport, Tokio1...
[INFO] [stdout]   |              ^^^^^^^^^^^^^^^^                                                ^^^^^^^                      ^^^^^^^^  ^^^^^^^^^^^^^
[INFO] [stdout] 
[INFO] [stdout] 
[INFO] [stdout] warning: unreachable statement
[INFO] [stdout]   --> server/src/routes/registration/add_user_from_jwt.rs:52:5
[INFO] [stdout]    |
[INFO] [stdout] 51 |       todo!("id handling");
[INFO] [stdout]    |       -------------------- any code following this expression is unreachable
[INFO] [stdout] 52 | /     db_client.cached_insert_user(&user).await
[INFO] [stdout] 53 | |         .map_err(
[INFO] [stdout] 54 | |             |e| {
[INFO] [stdout] 55 | |                 error!("|{}| Error inserting user into db: {:?}", request_id, e);
[INFO] [stdout] 56 | |                 e.into_response()
[INFO] [stdout] 57 | |             }
[INFO] [stdout] 58 | |         )?;
[INFO] [stdout]    | |___________^ unreachable statement
[INFO] [stdout]    |
[INFO] [stdout]    = note: `#[warn(unreachable_code)]` on by default
[INFO] [stdout] 
[INFO] [stdout] 
[INFO] [stdout] warning: unused variable: `user`
[INFO] [stdout]   --> server/src/routes/registration/add_user_from_jwt.rs:50:9
[INFO] [stdout]    |
[INFO] [stdout] 50 |     let user = registration_payload.into_user();
[INFO] [stdout]    |         ^^^^ help: if this is intentional, prefix it with an underscore: `_user`
[INFO] [stdout]    |
[INFO] [stdout]    = note: `#[warn(unused_variables)]` on by default
[INFO] [stdout] 
[INFO] [stdout] 
[INFO] [stdout] warning: unused import: `Transport`
[INFO] [stdout]  --> server/src/email/email_handler.rs:8:65
[INFO] [stdout]   |
[INFO] [stdout] 8 |     Address, AsyncTransport, Executor, Message, Tokio1Executor, Transport
[INFO] [stdout]   |                                                                 ^^^^^^^^^
[INFO] [stdout] 
[INFO] [stdout] 
[INFO] [stdout] warning: unused variable: `req`
[INFO] [stdout]   --> server/src/registration/credential_based/extractor.rs:32:9
[INFO] [stdout]    |
[INFO] [stdout] 32 |         req: Request,
[INFO] [stdout]    |         ^^^ help: if this is intentional, prefix it with an underscore: `_req`
[INFO] [stdout] 
[INFO] [stdout] 
[INFO] [stdout] For more information about this error, try `rustc --explain E0554`.
[INFO] [stdout] 
[INFO] [stderr] error: could not compile `server` (bin "server") due to 11 previous errors; 26 warnings emitted
[INFO] running `Command { std: "docker" "inspect" "a087da2648ed5326e38b499a7243df6f72d14349d069663f9ff3723c30669f20", kill_on_drop: false }`
[INFO] running `Command { std: "docker" "rm" "-f" "a087da2648ed5326e38b499a7243df6f72d14349d069663f9ff3723c30669f20", kill_on_drop: false }`
[INFO] [stdout] a087da2648ed5326e38b499a7243df6f72d14349d069663f9ff3723c30669f20
