[INFO] cloning repository https://github.com/RangerStation/alexandrie-run
[INFO] running `Command { std: "git" "-c" "credential.helper=" "-c" "credential.helper=/workspace/cargo-home/bin/git-credential-null" "clone" "--bare" "https://github.com/RangerStation/alexandrie-run" "/workspace/cache/git-repos/https%3A%2F%2Fgithub.com%2FRangerStation%2Falexandrie-run", kill_on_drop: false }`
[INFO] [stderr] Cloning into bare repository '/workspace/cache/git-repos/https%3A%2F%2Fgithub.com%2FRangerStation%2Falexandrie-run'...
[INFO] running `Command { std: "git" "rev-parse" "HEAD", kill_on_drop: false }`
[INFO] [stdout] d2726ed6a00b2ef09f90a95a1c3781ba57798d82
[INFO] testing RangerStation/alexandrie-run/d2726ed6a00b2ef09f90a95a1c3781ba57798d82 against 1.83.0 for beta-1.84.0-4-retry
[INFO] running `Command { std: "git" "clone" "/workspace/cache/git-repos/https%3A%2F%2Fgithub.com%2FRangerStation%2Falexandrie-run" "/workspace/builds/worker-3-tc1/source", kill_on_drop: false }`
[INFO] [stderr] Cloning into '/workspace/builds/worker-3-tc1/source'...
[INFO] [stderr] done.
[INFO] [stderr] Updating files:  23% (2167/9103)
Updating files:  24% (2185/9103)
Updating files:  25% (2276/9103)
Updating files:  26% (2367/9103)
Updating files:  27% (2458/9103)
Updating files:  28% (2549/9103)
Updating files:  29% (2640/9103)
Updating files:  30% (2731/9103)
Updating files:  31% (2822/9103)
Updating files:  32% (2913/9103)
Updating files:  33% (3004/9103)
Updating files:  34% (3096/9103)
Updating files:  35% (3187/9103)
Updating files:  36% (3278/9103)
Updating files:  37% (3369/9103)
Updating files:  38% (3460/9103)
Updating files:  39% (3551/9103)
Updating files:  40% (3642/9103)
Updating files:  41% (3733/9103)
Updating files:  42% (3824/9103)
Updating files:  43% (3915/9103)
Updating files:  44% (4006/9103)
Updating files:  45% (4097/9103)
Updating files:  46% (4188/9103)
Updating files:  47% (4279/9103)
[attr]rust text eol=lf whitespace=tab-in-indent,trailing-space,tabwidth=4 not allowed: .cargo/registry/src/github.com-1ecc6299db9ec823/pin-project-0.4.19/.gitattributes:1
[INFO] [stderr] Updating files:  48% (4370/9103)
Updating files:  49% (4461/9103)
[attr]rust text eol=lf whitespace=tab-in-indent,trailing-space,tabwidth=4 not allowed: .cargo/registry/src/github.com-1ecc6299db9ec823/pin-project-lite-0.1.7/.gitattributes:1
[INFO] [stderr] Updating files:  50% (4552/9103)
Updating files:  51% (4643/9103)
Updating files:  52% (4734/9103)
Updating files:  53% (4825/9103)
Updating files:  54% (4916/9103)
Updating files:  55% (5007/9103)
Updating files:  56% (5098/9103)
Updating files:  57% (5189/9103)
Updating files:  58% (5280/9103)
Updating files:  59% (5371/9103)
Updating files:  60% (5462/9103)
Updating files:  61% (5553/9103)
Updating files:  62% (5644/9103)
Updating files:  63% (5735/9103)
Updating files:  64% (5826/9103)
Updating files:  65% (5917/9103)
Updating files:  66% (6008/9103)
Updating files:  67% (6100/9103)
Updating files:  68% (6191/9103)
Updating files:  69% (6282/9103)
Updating files:  70% (6373/9103)
Updating files:  71% (6464/9103)
Updating files:  72% (6555/9103)
Updating files:  73% (6646/9103)
Updating files:  74% (6737/9103)
Updating files:  75% (6828/9103)
Updating files:  76% (6919/9103)
Updating files:  77% (7010/9103)
Updating files:  78% (7101/9103)
Updating files:  79% (7192/9103)
Updating files:  80% (7283/9103)
Updating files:  81% (7374/9103)
Updating files:  82% (7465/9103)
Updating files:  83% (7556/9103)
Updating files:  84% (7647/9103)
Updating files:  85% (7738/9103)
Updating files:  86% (7829/9103)
Updating files:  87% (7920/9103)
Updating files:  88% (8011/9103)
Updating files:  89% (8102/9103)
Updating files:  90% (8193/9103)
Updating files:  91% (8284/9103)
Updating files:  91% (8318/9103)
Updating files:  92% (8375/9103)
Updating files:  93% (8466/9103)
Updating files:  94% (8557/9103)
Updating files:  95% (8648/9103)
Updating files:  96% (8739/9103)
Updating files:  97% (8830/9103)
Updating files:  98% (8921/9103)
Updating files:  99% (9012/9103)
Updating files: 100% (9103/9103)
Updating files: 100% (9103/9103), done.
[INFO] validating manifest of git repo https://github.com/RangerStation/alexandrie-run on toolchain 1.83.0
[INFO] running `Command { std: CARGO_HOME="/workspace/cargo-home" RUSTUP_HOME="/workspace/rustup-home" "/workspace/cargo-home/bin/cargo" "+1.83.0" "metadata" "--manifest-path" "Cargo.toml" "--no-deps", kill_on_drop: false }`
[INFO] removed /workspace/builds/worker-3-tc1/source/.cargo/config
[INFO] started tweaking git repo https://github.com/RangerStation/alexandrie-run
[INFO] finished tweaking git repo https://github.com/RangerStation/alexandrie-run
[INFO] tweaked toml for git repo https://github.com/RangerStation/alexandrie-run written to /workspace/builds/worker-3-tc1/source/Cargo.toml
[INFO] crate git repo https://github.com/RangerStation/alexandrie-run already has a lockfile, it will not be regenerated
[INFO] running `Command { std: CARGO_HOME="/workspace/cargo-home" RUSTUP_HOME="/workspace/rustup-home" "/workspace/cargo-home/bin/cargo" "+1.83.0" "fetch" "--manifest-path" "Cargo.toml", kill_on_drop: false }`
[INFO] [stderr]     Updating crates.io index
[INFO] [stderr]  Downloading crates ...
[INFO] [stderr]   Downloaded plist v1.0.0
[INFO] [stderr]   Downloaded serde_derive v1.0.111
[INFO] [stderr]   Downloaded thiserror-impl v1.0.19
[INFO] [stderr]   Downloaded thiserror v1.0.19
[INFO] [stderr]   Downloaded scheduled-thread-pool v0.2.4
[INFO] [stderr]   Downloaded r2d2 v0.8.8
[INFO] [stderr]   Downloaded async-attributes v1.1.1
[INFO] [stderr]   Downloaded bigdecimal v0.1.0
[INFO] [stderr]   Downloaded pin-project-internal v0.4.19
[INFO] [stderr]   Downloaded async-sse v3.0.0
[INFO] [stderr]   Downloaded mysqlclient-sys v0.2.4
[INFO] [stderr]   Downloaded pin-project v0.4.19
[INFO] [stderr]   Downloaded handlebars v3.1.0
[INFO] [stderr]   Downloaded tide v0.10.0
[INFO] [stderr]   Downloaded pulldown-cmark v0.7.1
[INFO] [stderr]   Downloaded tar v0.4.28
[INFO] [stderr]   Downloaded wepoll-sys v2.0.0
[INFO] [stderr]   Downloaded piper v0.1.3
[INFO] [stderr]   Downloaded diesel v1.4.4
[INFO] [stderr]   Downloaded git2 v0.13.6
[INFO] [stderr]   Downloaded async-std v1.6.0
[INFO] [stderr]   Downloaded smol v0.1.11
[INFO] [stderr]   Downloaded slog-stdlog v4.0.0
[INFO] [stderr]   Downloaded async-h1 v2.0.2
[INFO] [stderr]   Downloaded ammonia v3.1.0
[INFO] [stderr]   Downloaded wepoll-binding v2.0.2
[INFO] [stderr]   Downloaded infer v0.1.6
[INFO] [stderr]   Downloaded string_cache v0.8.0
[INFO] [stderr]   Downloaded onig v6.0.0
[INFO] [stderr]   Downloaded filetime v0.2.10
[INFO] [stderr]   Downloaded byte-pool v0.2.1
[INFO] [stderr]   Downloaded vcpkg v0.2.9
[INFO] [stderr]   Downloaded onig_sys v69.5.0
[INFO] [stderr]   Downloaded femme v2.1.0
[INFO] [stderr]   Downloaded syntect v4.2.0
[INFO] [stderr]   Downloaded http-types v2.2.0
[INFO] [stderr]   Downloaded libgit2-sys v0.12.7+1.0.0
[INFO] [stderr]   Downloaded libsqlite3-sys v0.17.3
[INFO] [stderr]   Downloaded ring v0.16.14
[INFO] [stderr]   Downloaded libssh2-sys v0.2.17
[INFO] running `Command { std: "docker" "create" "-v" "/var/lib/crater-agent-workspace/builds/worker-3-tc1/target:/opt/rustwide/target:rw,Z" "-v" "/var/lib/crater-agent-workspace/builds/worker-3-tc1/source:/opt/rustwide/workdir:ro,Z" "-v" "/var/lib/crater-agent-workspace/cargo-home:/opt/rustwide/cargo-home:ro,Z" "-v" "/var/lib/crater-agent-workspace/rustup-home:/opt/rustwide/rustup-home:ro,Z" "-e" "SOURCE_DIR=/opt/rustwide/workdir" "-e" "CARGO_TARGET_DIR=/opt/rustwide/target" "-e" "CARGO_HOME=/opt/rustwide/cargo-home" "-e" "RUSTUP_HOME=/opt/rustwide/rustup-home" "-w" "/opt/rustwide/workdir" "-m" "1610612736" "--user" "0:0" "--network" "none" "ghcr.io/rust-lang/crates-build-env/linux@sha256:f3a9d4ad9d972b27faf3965f35b62e55ba32bbce8f20bc8fe909558a86702fde" "/opt/rustwide/cargo-home/bin/cargo" "+1.83.0" "metadata" "--no-deps" "--format-version=1", kill_on_drop: false }`
[INFO] [stdout] 571b3e0626399822603d73ad26696a2fffd74a2acf548c924d0c9f225e89726e
[INFO] running `Command { std: "docker" "start" "-a" "571b3e0626399822603d73ad26696a2fffd74a2acf548c924d0c9f225e89726e", kill_on_drop: false }`
[INFO] running `Command { std: "docker" "inspect" "571b3e0626399822603d73ad26696a2fffd74a2acf548c924d0c9f225e89726e", kill_on_drop: false }`
[INFO] running `Command { std: "docker" "rm" "-f" "571b3e0626399822603d73ad26696a2fffd74a2acf548c924d0c9f225e89726e", kill_on_drop: false }`
[INFO] [stdout] 571b3e0626399822603d73ad26696a2fffd74a2acf548c924d0c9f225e89726e
[INFO] running `Command { std: "docker" "create" "-v" "/var/lib/crater-agent-workspace/builds/worker-3-tc1/target:/opt/rustwide/target:rw,Z" "-v" "/var/lib/crater-agent-workspace/builds/worker-3-tc1/source:/opt/rustwide/workdir:ro,Z" "-v" "/var/lib/crater-agent-workspace/cargo-home:/opt/rustwide/cargo-home:ro,Z" "-v" "/var/lib/crater-agent-workspace/rustup-home:/opt/rustwide/rustup-home:ro,Z" "-e" "SOURCE_DIR=/opt/rustwide/workdir" "-e" "CARGO_TARGET_DIR=/opt/rustwide/target" "-e" "CARGO_INCREMENTAL=0" "-e" "RUST_BACKTRACE=full" "-e" "RUSTFLAGS=--cap-lints=warn" "-e" "RUSTDOCFLAGS=--cap-lints=warn" "-e" "CARGO_HOME=/opt/rustwide/cargo-home" "-e" "RUSTUP_HOME=/opt/rustwide/rustup-home" "-w" "/opt/rustwide/workdir" "-m" "1610612736" "--user" "0:0" "--network" "none" "ghcr.io/rust-lang/crates-build-env/linux@sha256:f3a9d4ad9d972b27faf3965f35b62e55ba32bbce8f20bc8fe909558a86702fde" "/opt/rustwide/cargo-home/bin/cargo" "+1.83.0" "build" "--frozen" "--message-format=json", kill_on_drop: false }`
[INFO] [stdout] c72b1328889bfd6dd99255648ba6cd19291439a108105b139087dd4da17f4e4a
[INFO] running `Command { std: "docker" "start" "-a" "c72b1328889bfd6dd99255648ba6cd19291439a108105b139087dd4da17f4e4a", kill_on_drop: false }`
[INFO] [stderr]    Compiling proc-macro2 v1.0.18
[INFO] [stderr]    Compiling cfg-if v0.1.10
[INFO] [stderr]    Compiling unicode-xid v0.2.0
[INFO] [stderr]    Compiling syn v1.0.30
[INFO] [stderr]    Compiling libc v0.2.71
[INFO] [stderr]    Compiling autocfg v1.0.0
[INFO] [stderr]    Compiling serde v1.0.111
[INFO] [stderr]    Compiling lazy_static v1.4.0
[INFO] [stderr]    Compiling getrandom v0.1.14
[INFO] [stderr]    Compiling log v0.4.8
[INFO] [stderr]    Compiling typenum v1.12.0
[INFO] [stderr]    Compiling byteorder v1.3.4
[INFO] [stderr]    Compiling scopeguard v1.1.0
[INFO] [stderr]    Compiling itoa v0.4.5
[INFO] [stderr]    Compiling smallvec v1.4.0
[INFO] [stderr]    Compiling version_check v0.9.2
[INFO] [stderr]    Compiling ppv-lite86 v0.2.8
[INFO] [stderr]    Compiling ryu v1.0.5
[INFO] [stderr]    Compiling proc-macro-hack v0.5.16
[INFO] [stderr]    Compiling maybe-uninit v2.0.0
[INFO] [stderr]    Compiling siphasher v0.3.3
[INFO] [stderr]    Compiling memchr v2.3.3
[INFO] [stderr]    Compiling pkg-config v0.3.17
[INFO] [stderr]    Compiling proc-macro-nested v0.1.4
[INFO] [stderr]    Compiling phf_shared v0.8.0
[INFO] [stderr]    Compiling crossbeam-utils v0.7.2
[INFO] [stderr]    Compiling num-traits v0.2.11
[INFO] [stderr]    Compiling num-integer v0.1.42
[INFO] [stderr]    Compiling memoffset v0.5.4
[INFO] [stderr]    Compiling once_cell v1.4.0
[INFO] [stderr]    Compiling crossbeam-epoch v0.8.2
[INFO] [stderr]    Compiling futures-core v0.3.5
[INFO] [stderr]    Compiling futures-sink v0.3.5
[INFO] [stderr]    Compiling futures-task v0.3.5
[INFO] [stderr]    Compiling futures-channel v0.3.5
[INFO] [stderr]    Compiling standback v0.2.9
[INFO] [stderr]    Compiling futures-io v0.3.5
[INFO] [stderr]    Compiling slab v0.4.2
[INFO] [stderr]    Compiling pin-utils v0.1.0
[INFO] [stderr]    Compiling matches v0.1.8
[INFO] [stderr]    Compiling unicode-bidi v0.3.4
[INFO] [stderr]    Compiling unicode-normalization v0.1.12
[INFO] [stderr]    Compiling opaque-debug v0.2.3
[INFO] [stderr]    Compiling percent-encoding v2.1.0
[INFO] [stderr]    Compiling subtle v2.2.3
[INFO] [stderr]    Compiling new_debug_unreachable v1.0.4
[INFO] [stderr]    Compiling cc v1.0.54
[INFO] [stderr]    Compiling base64 v0.12.1
[INFO] [stderr]    Compiling quote v1.0.6
[INFO] [stderr]    Compiling mac v0.1.1
[INFO] [stderr]    Compiling byte-tools v0.3.1
[INFO] [stderr]    Compiling subtle v1.0.0
[INFO] [stderr]    Compiling futf v0.1.4
[INFO] [stderr]    Compiling block-padding v0.1.5
[INFO] [stderr]    Compiling time v0.2.16
[INFO] [stderr]    Compiling num-bigint v0.2.6
[INFO] [stderr]    Compiling lock_api v0.3.4
[INFO] [stderr]    Compiling precomputed-hash v0.1.1
[INFO] [stderr]    Compiling utf-8 v0.7.5
[INFO] [stderr]    Compiling libsqlite3-sys v0.17.3
[INFO] [stderr]    Compiling generic-array v0.12.3
[INFO] [stderr]    Compiling rand_core v0.5.1
[INFO] [stderr]    Compiling time v0.1.43
[INFO] [stderr]    Compiling crossbeam-queue v0.2.2
[INFO] [stderr]    Compiling parking_lot_core v0.7.2
[INFO] [stderr]    Compiling tendril v0.4.1
[INFO] [stderr]    Compiling socket2 v0.3.12
[INFO] [stderr]    Compiling phf v0.8.0
[INFO] [stdout] error[E0512]: cannot transmute between types of different sizes, or dependently-sized types
[INFO] [stdout]    --> /opt/rustwide/cargo-home/registry/src/index.crates.io-6f17d22bba15001f/socket2-0.3.12/src/sockaddr.rs:176:9
[INFO] [stdout]     |
[INFO] [stdout] 176 |         mem::transmute::<SocketAddrV4, sockaddr_in>(v4);
[INFO] [stdout]     |         ^^^^^^^^^^^^^^^^^^^^^^^^^^^^^^^^^^^^^^^^^^^
[INFO] [stdout]     |
[INFO] [stdout]     = note: source type: `SocketAddrV4` (48 bits)
[INFO] [stdout]     = note: target type: `sockaddr_in` (128 bits)
[INFO] [stdout] 
[INFO] [stdout] 
[INFO] [stderr]    Compiling fake-simd v0.1.2
[INFO] [stderr]    Compiling slog v2.5.2
[INFO] [stderr]    Compiling crossbeam-deque v0.7.3
[INFO] [stderr]    Compiling universal-hash v0.3.0
[INFO] [stderr]    Compiling block-cipher-trait v0.6.2
[INFO] [stderr]    Compiling idna v0.2.0
[INFO] [stdout] For more information about this error, try `rustc --explain E0512`.
[INFO] [stdout] 
[INFO] [stderr] error: could not compile `socket2` (lib) due to 1 previous error
[INFO] [stderr] warning: build failed, waiting for other jobs to finish...
[INFO] [stdout] error[E0793]: reference to packed field is unaligned
[INFO] [stdout]    --> /opt/rustwide/cargo-home/registry/src/index.crates.io-6f17d22bba15001f/tendril-0.4.1/src/tendril.rs:241:20
[INFO] [stdout]     |
[INFO] [stdout] 241 |                 if (*header).refcount.decrement() == 1 {
[INFO] [stdout]     |                    ^^^^^^^^^^^^^^^^^^
[INFO] [stdout]     |
[INFO] [stdout]     = note: packed structs are only aligned by one byte, and many modern architectures penalize unaligned field accesses
[INFO] [stdout]     = note: creating a misaligned reference is undefined behavior (even if that reference is never dereferenced)
[INFO] [stdout]     = help: copy the field contents to a local variable, or replace the reference with a raw pointer and use `read_unaligned`/`write_unaligned` (loads and stores via `*p` must be properly aligned even when using raw pointers)
[INFO] [stdout] 
[INFO] [stdout] 
[INFO] [stdout] error[E0793]: reference to packed field is unaligned
[INFO] [stdout]    --> /opt/rustwide/cargo-home/registry/src/index.crates.io-6f17d22bba15001f/tendril-0.4.1/src/tendril.rs:958:9
[INFO] [stdout]     |
[INFO] [stdout] 958 |         (*self.header()).refcount.increment();
[INFO] [stdout]     |         ^^^^^^^^^^^^^^^^^^^^^^^^^
[INFO] [stdout]     |
[INFO] [stdout]     = note: packed structs are only aligned by one byte, and many modern architectures penalize unaligned field accesses
[INFO] [stdout]     = note: creating a misaligned reference is undefined behavior (even if that reference is never dereferenced)
[INFO] [stdout]     = help: copy the field contents to a local variable, or replace the reference with a raw pointer and use `read_unaligned`/`write_unaligned` (loads and stores via `*p` must be properly aligned even when using raw pointers)
[INFO] [stdout] 
[INFO] [stdout] 
[INFO] [stdout] For more information about this error, try `rustc --explain E0793`.
[INFO] [stdout] 
[INFO] [stderr] error: could not compile `tendril` (lib) due to 2 previous errors
[INFO] running `Command { std: "docker" "inspect" "c72b1328889bfd6dd99255648ba6cd19291439a108105b139087dd4da17f4e4a", kill_on_drop: false }`
[INFO] running `Command { std: "docker" "rm" "-f" "c72b1328889bfd6dd99255648ba6cd19291439a108105b139087dd4da17f4e4a", kill_on_drop: false }`
[INFO] [stdout] c72b1328889bfd6dd99255648ba6cd19291439a108105b139087dd4da17f4e4a
