[INFO] cloning repository https://github.com/Macs1324/envar
[INFO] running `Command { std: "git" "-c" "credential.helper=" "-c" "credential.helper=/workspace/cargo-home/bin/git-credential-null" "clone" "--bare" "https://github.com/Macs1324/envar" "/workspace/cache/git-repos/https%3A%2F%2Fgithub.com%2FMacs1324%2Fenvar", kill_on_drop: false }`
[INFO] [stderr] Cloning into bare repository '/workspace/cache/git-repos/https%3A%2F%2Fgithub.com%2FMacs1324%2Fenvar'...
[INFO] running `Command { std: "git" "rev-parse" "HEAD", kill_on_drop: false }`
[INFO] [stdout] 34537ac887f0a59f24de10890523dbf41c0c64bd
[INFO] testing Macs1324/envar against beta-2024-12-08 for beta-1.84.0-4-retry
[INFO] running `Command { std: "git" "clone" "/workspace/cache/git-repos/https%3A%2F%2Fgithub.com%2FMacs1324%2Fenvar" "/workspace/builds/worker-6-tc2/source", kill_on_drop: false }`
[INFO] [stderr] Cloning into '/workspace/builds/worker-6-tc2/source'...
[INFO] [stderr] done.
[INFO] validating manifest of git repo https://github.com/Macs1324/envar on toolchain beta-2024-12-08
[INFO] running `Command { std: CARGO_HOME="/workspace/cargo-home" RUSTUP_HOME="/workspace/rustup-home" "/workspace/cargo-home/bin/cargo" "+beta-2024-12-08" "metadata" "--manifest-path" "Cargo.toml" "--no-deps", kill_on_drop: false }`
[INFO] started tweaking git repo https://github.com/Macs1324/envar
[INFO] finished tweaking git repo https://github.com/Macs1324/envar
[INFO] tweaked toml for git repo https://github.com/Macs1324/envar written to /workspace/builds/worker-6-tc2/source/Cargo.toml
[INFO] crate git repo https://github.com/Macs1324/envar already has a lockfile, it will not be regenerated
[INFO] running `Command { std: CARGO_HOME="/workspace/cargo-home" RUSTUP_HOME="/workspace/rustup-home" "/workspace/cargo-home/bin/cargo" "+beta-2024-12-08" "fetch" "--manifest-path" "Cargo.toml", kill_on_drop: false }`
[INFO] [stderr]     Blocking waiting for file lock on package cache
[INFO] [stderr]     Blocking waiting for file lock on package cache
[ERROR] error running command: no output for 300 seconds
[INFO] testing Macs1324/envar against beta-2024-12-08 for beta-1.84.0-4-retry
[INFO] running `Command { std: "git" "clone" "/workspace/cache/git-repos/https%3A%2F%2Fgithub.com%2FMacs1324%2Fenvar" "/workspace/builds/worker-6-tc2/source", kill_on_drop: false }`
[INFO] [stderr] Cloning into '/workspace/builds/worker-6-tc2/source'...
[INFO] [stderr] done.
[INFO] validating manifest of git repo https://github.com/Macs1324/envar on toolchain beta-2024-12-08
[INFO] running `Command { std: CARGO_HOME="/workspace/cargo-home" RUSTUP_HOME="/workspace/rustup-home" "/workspace/cargo-home/bin/cargo" "+beta-2024-12-08" "metadata" "--manifest-path" "Cargo.toml" "--no-deps", kill_on_drop: false }`
[INFO] started tweaking git repo https://github.com/Macs1324/envar
[INFO] finished tweaking git repo https://github.com/Macs1324/envar
[INFO] tweaked toml for git repo https://github.com/Macs1324/envar written to /workspace/builds/worker-6-tc2/source/Cargo.toml
[INFO] crate git repo https://github.com/Macs1324/envar already has a lockfile, it will not be regenerated
[INFO] running `Command { std: CARGO_HOME="/workspace/cargo-home" RUSTUP_HOME="/workspace/rustup-home" "/workspace/cargo-home/bin/cargo" "+beta-2024-12-08" "fetch" "--manifest-path" "Cargo.toml", kill_on_drop: false }`
[INFO] [stderr]     Blocking waiting for file lock on package cache
[INFO] [stderr]     Blocking waiting for file lock on package cache
[INFO] running `Command { std: "docker" "create" "-v" "/var/lib/crater-agent-workspace/builds/worker-6-tc2/target:/opt/rustwide/target:rw,Z" "-v" "/var/lib/crater-agent-workspace/builds/worker-6-tc2/source:/opt/rustwide/workdir:ro,Z" "-v" "/var/lib/crater-agent-workspace/cargo-home:/opt/rustwide/cargo-home:ro,Z" "-v" "/var/lib/crater-agent-workspace/rustup-home:/opt/rustwide/rustup-home:ro,Z" "-e" "SOURCE_DIR=/opt/rustwide/workdir" "-e" "CARGO_TARGET_DIR=/opt/rustwide/target" "-e" "CARGO_HOME=/opt/rustwide/cargo-home" "-e" "RUSTUP_HOME=/opt/rustwide/rustup-home" "-w" "/opt/rustwide/workdir" "-m" "1610612736" "--user" "0:0" "--network" "none" "ghcr.io/rust-lang/crates-build-env/linux@sha256:f3a9d4ad9d972b27faf3965f35b62e55ba32bbce8f20bc8fe909558a86702fde" "/opt/rustwide/cargo-home/bin/cargo" "+beta-2024-12-08" "metadata" "--no-deps" "--format-version=1", kill_on_drop: false }`
[INFO] [stdout] 9d70731808734517ecbad72f2ecd18b70ce4d10827c1755d35d06c98d15445c2
[INFO] running `Command { std: "docker" "start" "-a" "9d70731808734517ecbad72f2ecd18b70ce4d10827c1755d35d06c98d15445c2", kill_on_drop: false }`
[INFO] running `Command { std: "docker" "inspect" "9d70731808734517ecbad72f2ecd18b70ce4d10827c1755d35d06c98d15445c2", kill_on_drop: false }`
[INFO] running `Command { std: "docker" "rm" "-f" "9d70731808734517ecbad72f2ecd18b70ce4d10827c1755d35d06c98d15445c2", kill_on_drop: false }`
[INFO] [stdout] 9d70731808734517ecbad72f2ecd18b70ce4d10827c1755d35d06c98d15445c2
[INFO] running `Command { std: "docker" "create" "-v" "/var/lib/crater-agent-workspace/builds/worker-6-tc2/target:/opt/rustwide/target:rw,Z" "-v" "/var/lib/crater-agent-workspace/builds/worker-6-tc2/source:/opt/rustwide/workdir:ro,Z" "-v" "/var/lib/crater-agent-workspace/cargo-home:/opt/rustwide/cargo-home:ro,Z" "-v" "/var/lib/crater-agent-workspace/rustup-home:/opt/rustwide/rustup-home:ro,Z" "-e" "SOURCE_DIR=/opt/rustwide/workdir" "-e" "CARGO_TARGET_DIR=/opt/rustwide/target" "-e" "CARGO_INCREMENTAL=0" "-e" "RUST_BACKTRACE=full" "-e" "RUSTFLAGS=--cap-lints=warn" "-e" "RUSTDOCFLAGS=--cap-lints=warn" "-e" "CARGO_HOME=/opt/rustwide/cargo-home" "-e" "RUSTUP_HOME=/opt/rustwide/rustup-home" "-w" "/opt/rustwide/workdir" "-m" "1610612736" "--user" "0:0" "--network" "none" "ghcr.io/rust-lang/crates-build-env/linux@sha256:f3a9d4ad9d972b27faf3965f35b62e55ba32bbce8f20bc8fe909558a86702fde" "/opt/rustwide/cargo-home/bin/cargo" "+beta-2024-12-08" "build" "--frozen" "--message-format=json", kill_on_drop: false }`
[INFO] [stdout] 99a2767c903caffd9db66d0406da97e599356f9a92a96fbf2f85d00bf6c64f66
[INFO] running `Command { std: "docker" "start" "-a" "99a2767c903caffd9db66d0406da97e599356f9a92a96fbf2f85d00bf6c64f66", kill_on_drop: false }`
[INFO] [stderr]    Compiling proc-macro2 v1.0.78
[INFO] [stderr]    Compiling unicode-ident v1.0.12
[INFO] [stderr]    Compiling syn v1.0.109
[INFO] [stderr]    Compiling quote v1.0.35
[INFO] [stderr]    Compiling envar v0.1.1 (/opt/rustwide/workdir)
[INFO] [stderr]     Finished `dev` profile [unoptimized + debuginfo] target(s) in 4.67s
[INFO] running `Command { std: "docker" "inspect" "99a2767c903caffd9db66d0406da97e599356f9a92a96fbf2f85d00bf6c64f66", kill_on_drop: false }`
[INFO] running `Command { std: "docker" "rm" "-f" "99a2767c903caffd9db66d0406da97e599356f9a92a96fbf2f85d00bf6c64f66", kill_on_drop: false }`
[INFO] [stdout] 99a2767c903caffd9db66d0406da97e599356f9a92a96fbf2f85d00bf6c64f66
[INFO] running `Command { std: "docker" "create" "-v" "/var/lib/crater-agent-workspace/builds/worker-6-tc2/target:/opt/rustwide/target:rw,Z" "-v" "/var/lib/crater-agent-workspace/builds/worker-6-tc2/source:/opt/rustwide/workdir:ro,Z" "-v" "/var/lib/crater-agent-workspace/cargo-home:/opt/rustwide/cargo-home:ro,Z" "-v" "/var/lib/crater-agent-workspace/rustup-home:/opt/rustwide/rustup-home:ro,Z" "-e" "SOURCE_DIR=/opt/rustwide/workdir" "-e" "CARGO_TARGET_DIR=/opt/rustwide/target" "-e" "CARGO_INCREMENTAL=0" "-e" "RUST_BACKTRACE=full" "-e" "RUSTFLAGS=--cap-lints=warn" "-e" "RUSTDOCFLAGS=--cap-lints=warn" "-e" "CARGO_HOME=/opt/rustwide/cargo-home" "-e" "RUSTUP_HOME=/opt/rustwide/rustup-home" "-w" "/opt/rustwide/workdir" "-m" "1610612736" "--user" "0:0" "--network" "none" "ghcr.io/rust-lang/crates-build-env/linux@sha256:f3a9d4ad9d972b27faf3965f35b62e55ba32bbce8f20bc8fe909558a86702fde" "/opt/rustwide/cargo-home/bin/cargo" "+beta-2024-12-08" "test" "--frozen" "--no-run" "--message-format=json", kill_on_drop: false }`
[INFO] [stdout] ba16be434235b5421b7e3d48d21b394ba74e67104ab4c0a004eff2f8922f842a
[INFO] running `Command { std: "docker" "start" "-a" "ba16be434235b5421b7e3d48d21b394ba74e67104ab4c0a004eff2f8922f842a", kill_on_drop: false }`
[INFO] [stderr]    Compiling envar v0.1.1 (/opt/rustwide/workdir)
[INFO] [stderr]     Finished `test` profile [unoptimized + debuginfo] target(s) in 0.42s
[INFO] running `Command { std: "docker" "inspect" "ba16be434235b5421b7e3d48d21b394ba74e67104ab4c0a004eff2f8922f842a", kill_on_drop: false }`
[INFO] running `Command { std: "docker" "rm" "-f" "ba16be434235b5421b7e3d48d21b394ba74e67104ab4c0a004eff2f8922f842a", kill_on_drop: false }`
[INFO] [stdout] ba16be434235b5421b7e3d48d21b394ba74e67104ab4c0a004eff2f8922f842a
[INFO] running `Command { std: "docker" "create" "-v" "/var/lib/crater-agent-workspace/builds/worker-6-tc2/target:/opt/rustwide/target:rw,Z" "-v" "/var/lib/crater-agent-workspace/builds/worker-6-tc2/source:/opt/rustwide/workdir:ro,Z" "-v" "/var/lib/crater-agent-workspace/cargo-home:/opt/rustwide/cargo-home:ro,Z" "-v" "/var/lib/crater-agent-workspace/rustup-home:/opt/rustwide/rustup-home:ro,Z" "-e" "SOURCE_DIR=/opt/rustwide/workdir" "-e" "CARGO_TARGET_DIR=/opt/rustwide/target" "-e" "CARGO_INCREMENTAL=0" "-e" "RUST_BACKTRACE=full" "-e" "RUSTFLAGS=--cap-lints=warn" "-e" "RUSTDOCFLAGS=--cap-lints=warn" "-e" "CARGO_HOME=/opt/rustwide/cargo-home" "-e" "RUSTUP_HOME=/opt/rustwide/rustup-home" "-w" "/opt/rustwide/workdir" "-m" "1610612736" "--user" "0:0" "--network" "none" "ghcr.io/rust-lang/crates-build-env/linux@sha256:f3a9d4ad9d972b27faf3965f35b62e55ba32bbce8f20bc8fe909558a86702fde" "/opt/rustwide/cargo-home/bin/cargo" "+beta-2024-12-08" "test" "--frozen", kill_on_drop: false }`
[INFO] [stdout] 441cb73de3a26a7f3a0905be11d6c1a740eb34a347529f6ac04efe248b9878da
[INFO] running `Command { std: "docker" "start" "-a" "441cb73de3a26a7f3a0905be11d6c1a740eb34a347529f6ac04efe248b9878da", kill_on_drop: false }`
[INFO] [stderr]     Finished `test` profile [unoptimized + debuginfo] target(s) in 0.02s
[INFO] [stderr]      Running unittests src/lib.rs (/opt/rustwide/target/debug/deps/envar-5713f8a945f964a2)
[INFO] [stdout] 
[INFO] [stdout] running 0 tests
[INFO] [stdout] 
[INFO] [stdout] test result: ok. 0 passed; 0 failed; 0 ignored; 0 measured; 0 filtered out; finished in 0.00s
[INFO] [stdout] 
[INFO] [stderr]    Doc-tests envar
[INFO] [stdout] 
[INFO] [stdout] running 2 tests
[INFO] [stdout] test src/lib.rs - env_new (line 32) ... FAILED
[INFO] [stdout] test src/lib.rs - env_new (line 11) ... FAILED
[INFO] [stdout] 
[INFO] [stdout] failures:
[INFO] [stdout] 
[INFO] [stdout] ---- src/lib.rs - env_new (line 32) stdout ----
[INFO] [stdout] error: proc-macro derive panicked
[INFO] [stdout]  --> src/lib.rs:35:10
[INFO] [stdout]   |
[INFO] [stdout] 6 | #[derive(Envar)]
[INFO] [stdout]   |          ^^^^^
[INFO] [stdout]   |
[INFO] [stdout]   = help: message: Environment variable DB_CONNECTION_PORT not found
[INFO] [stdout] 
[INFO] [stdout] error: aborting due to 1 previous error
[INFO] [stdout] 
[INFO] [stdout] Couldn't compile the test.
[INFO] [stdout] ---- src/lib.rs - env_new (line 11) stdout ----
[INFO] [stdout] error: proc-macro derive panicked
[INFO] [stdout]  --> src/lib.rs:14:10
[INFO] [stdout]   |
[INFO] [stdout] 5 | #[derive(Envar)]
[INFO] [stdout]   |          ^^^^^
[INFO] [stdout]   |
[INFO] [stdout]   = help: message: Environment variable DB_CONNECTION_PORT not found
[INFO] [stdout] 
[INFO] [stdout] error[E0599]: no function or associated item named `new` found for struct `Config` in the current scope
[INFO] [stdout]   --> src/lib.rs:23:24
[INFO] [stdout]    |
[INFO] [stdout] 6  | struct Config {
[INFO] [stdout]    | ------------- function or associated item `new` not found for this struct
[INFO] [stdout] ...
[INFO] [stdout] 14 |   let config = Config::new();
[INFO] [stdout]    |                        ^^^ function or associated item not found in `Config`
[INFO] [stdout] 
[INFO] [stdout] error: aborting due to 2 previous errors
[INFO] [stdout] 
[INFO] [stdout] For more information about this error, try `rustc --explain E0599`.
[INFO] [stdout] Couldn't compile the test.
[INFO] [stdout] 
[INFO] [stdout] failures:
[INFO] [stdout]     src/lib.rs - env_new (line 11)
[INFO] [stdout]     src/lib.rs - env_new (line 32)
[INFO] [stdout] 
[INFO] [stdout] test result: FAILED. 0 passed; 2 failed; 0 ignored; 0 measured; 0 filtered out; finished in 0.06s
[INFO] [stdout] 
[INFO] [stderr] error: doctest failed, to rerun pass `--doc`
[INFO] running `Command { std: "docker" "inspect" "441cb73de3a26a7f3a0905be11d6c1a740eb34a347529f6ac04efe248b9878da", kill_on_drop: false }`
[INFO] running `Command { std: "docker" "rm" "-f" "441cb73de3a26a7f3a0905be11d6c1a740eb34a347529f6ac04efe248b9878da", kill_on_drop: false }`
[INFO] [stdout] 441cb73de3a26a7f3a0905be11d6c1a740eb34a347529f6ac04efe248b9878da
