[INFO] cloning repository https://github.com/Kixiron/kugelblitz.rs
[INFO] running `Command { std: "git" "-c" "credential.helper=" "-c" "credential.helper=/workspace/cargo-home/bin/git-credential-null" "clone" "--bare" "https://github.com/Kixiron/kugelblitz.rs" "/workspace/cache/git-repos/https%3A%2F%2Fgithub.com%2FKixiron%2Fkugelblitz.rs", kill_on_drop: false }`
[INFO] [stderr] Cloning into bare repository '/workspace/cache/git-repos/https%3A%2F%2Fgithub.com%2FKixiron%2Fkugelblitz.rs'...
[INFO] running `Command { std: "git" "rev-parse" "HEAD", kill_on_drop: false }`
[INFO] [stdout] 3c60781ea38bebb274761ad73a60d4fb68b01ec0
[INFO] testing Kixiron/kugelblitz.rs against beta-2024-12-08 for beta-1.84.0-4-retry
[INFO] running `Command { std: "git" "clone" "/workspace/cache/git-repos/https%3A%2F%2Fgithub.com%2FKixiron%2Fkugelblitz.rs" "/workspace/builds/worker-3-tc2/source", kill_on_drop: false }`
[INFO] [stderr] Cloning into '/workspace/builds/worker-3-tc2/source'...
[INFO] [stderr] done.
[INFO] validating manifest of git repo https://github.com/Kixiron/kugelblitz.rs on toolchain beta-2024-12-08
[INFO] running `Command { std: CARGO_HOME="/workspace/cargo-home" RUSTUP_HOME="/workspace/rustup-home" "/workspace/cargo-home/bin/cargo" "+beta-2024-12-08" "metadata" "--manifest-path" "Cargo.toml" "--no-deps", kill_on_drop: false }`
[INFO] started tweaking git repo https://github.com/Kixiron/kugelblitz.rs
[INFO] finished tweaking git repo https://github.com/Kixiron/kugelblitz.rs
[INFO] tweaked toml for git repo https://github.com/Kixiron/kugelblitz.rs written to /workspace/builds/worker-3-tc2/source/Cargo.toml
[INFO] crate git repo https://github.com/Kixiron/kugelblitz.rs already has a lockfile, it will not be regenerated
[INFO] running `Command { std: CARGO_HOME="/workspace/cargo-home" RUSTUP_HOME="/workspace/rustup-home" "/workspace/cargo-home/bin/cargo" "+beta-2024-12-08" "fetch" "--manifest-path" "Cargo.toml", kill_on_drop: false }`
[INFO] [stderr]     Blocking waiting for file lock on package cache
[INFO] [stderr]     Updating crates.io index
[INFO] [stderr]     Updating git repository `https://github.com/serenity-rs/serenity.git`
[INFO] [stderr] error: invalid character `0` in package name: `01_basic_ping_bot`, the name cannot start with a digit
[INFO] [stderr]  --> ../../../cargo-home/git/checkouts/serenity-8a8b65b77919dc75/c87ea8b/examples/01_basic_ping_bot/Cargo.toml:2:8
[INFO] [stderr]   |
[INFO] [stderr] 2 | name = "01_basic_ping_bot"
[INFO] [stderr]   |        ^^^^^^^^^^^^^^^^^^^
[INFO] [stderr]   |
[INFO] [stderr] error: invalid character `0` in package name: `02_transparent_guild_sharding`, the name cannot start with a digit
[INFO] [stderr]  --> ../../../cargo-home/git/checkouts/serenity-8a8b65b77919dc75/c87ea8b/examples/02_transparent_guild_sharding/Cargo.toml:2:8
[INFO] [stderr]   |
[INFO] [stderr] 2 | name = "02_transparent_guild_sharding"
[INFO] [stderr]   |        ^^^^^^^^^^^^^^^^^^^^^^^^^^^^^^^
[INFO] [stderr]   |
[INFO] [stderr] error: invalid character `0` in package name: `03_struct_utilities`, the name cannot start with a digit
[INFO] [stderr]  --> ../../../cargo-home/git/checkouts/serenity-8a8b65b77919dc75/c87ea8b/examples/03_struct_utilities/Cargo.toml:2:8
[INFO] [stderr]   |
[INFO] [stderr] 2 | name = "03_struct_utilities"
[INFO] [stderr]   |        ^^^^^^^^^^^^^^^^^^^^^
[INFO] [stderr]   |
[INFO] [stderr] error: invalid character `0` in package name: `04_message_builder`, the name cannot start with a digit
[INFO] [stderr]  --> ../../../cargo-home/git/checkouts/serenity-8a8b65b77919dc75/c87ea8b/examples/04_message_builder/Cargo.toml:2:8
[INFO] [stderr]   |
[INFO] [stderr] 2 | name = "04_message_builder"
[INFO] [stderr]   |        ^^^^^^^^^^^^^^^^^^^^
[INFO] [stderr]   |
[INFO] [stderr] error: invalid character `0` in package name: `05_command_framework`, the name cannot start with a digit
[INFO] [stderr]  --> ../../../cargo-home/git/checkouts/serenity-8a8b65b77919dc75/c87ea8b/examples/05_command_framework/Cargo.toml:2:8
[INFO] [stderr]   |
[INFO] [stderr] 2 | name = "05_command_framework"
[INFO] [stderr]   |        ^^^^^^^^^^^^^^^^^^^^^^
[INFO] [stderr]   |
[INFO] [stderr] error: invalid character `0` in package name: `06_voice`, the name cannot start with a digit
[INFO] [stderr]  --> ../../../cargo-home/git/checkouts/serenity-8a8b65b77919dc75/c87ea8b/examples/06_voice/Cargo.toml:2:8
[INFO] [stderr]   |
[INFO] [stderr] 2 | name = "06_voice"
[INFO] [stderr]   |        ^^^^^^^^^^
[INFO] [stderr]   |
[INFO] [stderr] error: invalid character `0` in package name: `07_sample_bot_structure`, the name cannot start with a digit
[INFO] [stderr]  --> ../../../cargo-home/git/checkouts/serenity-8a8b65b77919dc75/c87ea8b/examples/07_sample_bot_structure/Cargo.toml:2:8
[INFO] [stderr]   |
[INFO] [stderr] 2 | name = "07_sample_bot_structure"
[INFO] [stderr]   |        ^^^^^^^^^^^^^^^^^^^^^^^^^
[INFO] [stderr]   |
[INFO] [stderr] error: invalid character `0` in package name: `08_env_logging`, the name cannot start with a digit
[INFO] [stderr]  --> ../../../cargo-home/git/checkouts/serenity-8a8b65b77919dc75/c87ea8b/examples/08_env_logging/Cargo.toml:2:8
[INFO] [stderr]   |
[INFO] [stderr] 2 | name = "08_env_logging"
[INFO] [stderr]   |        ^^^^^^^^^^^^^^^^
[INFO] [stderr]   |
[INFO] [stderr] error: invalid character `0` in package name: `09_shard_manager`, the name cannot start with a digit
[INFO] [stderr]  --> ../../../cargo-home/git/checkouts/serenity-8a8b65b77919dc75/c87ea8b/examples/09_shard_manager/Cargo.toml:2:8
[INFO] [stderr]   |
[INFO] [stderr] 2 | name = "09_shard_manager"
[INFO] [stderr]   |        ^^^^^^^^^^^^^^^^^^
[INFO] [stderr]   |
[INFO] [stderr] error: invalid character `1` in package name: `10_voice_receive`, the name cannot start with a digit
[INFO] [stderr]  --> ../../../cargo-home/git/checkouts/serenity-8a8b65b77919dc75/c87ea8b/examples/10_voice_receive/Cargo.toml:2:8
[INFO] [stderr]   |
[INFO] [stderr] 2 | name = "10_voice_receive"
[INFO] [stderr]   |        ^^^^^^^^^^^^^^^^^^
[INFO] [stderr]   |
[INFO] [stderr] error: invalid character `1` in package name: `11_create_message_builder`, the name cannot start with a digit
[INFO] [stderr]  --> ../../../cargo-home/git/checkouts/serenity-8a8b65b77919dc75/c87ea8b/examples/11_create_message_builder/Cargo.toml:2:8
[INFO] [stderr]   |
[INFO] [stderr] 2 | name = "11_create_message_builder"
[INFO] [stderr]   |        ^^^^^^^^^^^^^^^^^^^^^^^^^^^
[INFO] [stderr]   |
[INFO] [stderr] error: invalid character `1` in package name: `12_timing_and_events`, the name cannot start with a digit
[INFO] [stderr]  --> ../../../cargo-home/git/checkouts/serenity-8a8b65b77919dc75/c87ea8b/examples/12_timing_and_events/Cargo.toml:2:8
[INFO] [stderr]   |
[INFO] [stderr] 2 | name = "12_timing_and_events"
[INFO] [stderr]   |        ^^^^^^^^^^^^^^^^^^^^^^
[INFO] [stderr]   |
[INFO] [stderr]     Blocking waiting for file lock on package cache
[ERROR] error running command: no output for 300 seconds
[INFO] testing Kixiron/kugelblitz.rs against beta-2024-12-08 for beta-1.84.0-4-retry
[INFO] running `Command { std: "git" "clone" "/workspace/cache/git-repos/https%3A%2F%2Fgithub.com%2FKixiron%2Fkugelblitz.rs" "/workspace/builds/worker-3-tc2/source", kill_on_drop: false }`
[INFO] [stderr] Cloning into '/workspace/builds/worker-3-tc2/source'...
[INFO] [stderr] done.
[INFO] validating manifest of git repo https://github.com/Kixiron/kugelblitz.rs on toolchain beta-2024-12-08
[INFO] running `Command { std: CARGO_HOME="/workspace/cargo-home" RUSTUP_HOME="/workspace/rustup-home" "/workspace/cargo-home/bin/cargo" "+beta-2024-12-08" "metadata" "--manifest-path" "Cargo.toml" "--no-deps", kill_on_drop: false }`
[INFO] started tweaking git repo https://github.com/Kixiron/kugelblitz.rs
[INFO] finished tweaking git repo https://github.com/Kixiron/kugelblitz.rs
[INFO] tweaked toml for git repo https://github.com/Kixiron/kugelblitz.rs written to /workspace/builds/worker-3-tc2/source/Cargo.toml
[INFO] crate git repo https://github.com/Kixiron/kugelblitz.rs already has a lockfile, it will not be regenerated
[INFO] running `Command { std: CARGO_HOME="/workspace/cargo-home" RUSTUP_HOME="/workspace/rustup-home" "/workspace/cargo-home/bin/cargo" "+beta-2024-12-08" "fetch" "--manifest-path" "Cargo.toml", kill_on_drop: false }`
[INFO] [stderr]     Blocking waiting for file lock on package cache
[INFO] [stderr] error: invalid character `0` in package name: `01_basic_ping_bot`, the name cannot start with a digit
[INFO] [stderr]  --> ../../../cargo-home/git/checkouts/serenity-8a8b65b77919dc75/c87ea8b/examples/01_basic_ping_bot/Cargo.toml:2:8
[INFO] [stderr]   |
[INFO] [stderr] 2 | name = "01_basic_ping_bot"
[INFO] [stderr]   |        ^^^^^^^^^^^^^^^^^^^
[INFO] [stderr]   |
[INFO] [stderr] error: invalid character `0` in package name: `02_transparent_guild_sharding`, the name cannot start with a digit
[INFO] [stderr]  --> ../../../cargo-home/git/checkouts/serenity-8a8b65b77919dc75/c87ea8b/examples/02_transparent_guild_sharding/Cargo.toml:2:8
[INFO] [stderr]   |
[INFO] [stderr] 2 | name = "02_transparent_guild_sharding"
[INFO] [stderr]   |        ^^^^^^^^^^^^^^^^^^^^^^^^^^^^^^^
[INFO] [stderr]   |
[INFO] [stderr] error: invalid character `0` in package name: `03_struct_utilities`, the name cannot start with a digit
[INFO] [stderr]  --> ../../../cargo-home/git/checkouts/serenity-8a8b65b77919dc75/c87ea8b/examples/03_struct_utilities/Cargo.toml:2:8
[INFO] [stderr]   |
[INFO] [stderr] 2 | name = "03_struct_utilities"
[INFO] [stderr]   |        ^^^^^^^^^^^^^^^^^^^^^
[INFO] [stderr]   |
[INFO] [stderr] error: invalid character `0` in package name: `04_message_builder`, the name cannot start with a digit
[INFO] [stderr]  --> ../../../cargo-home/git/checkouts/serenity-8a8b65b77919dc75/c87ea8b/examples/04_message_builder/Cargo.toml:2:8
[INFO] [stderr]   |
[INFO] [stderr] 2 | name = "04_message_builder"
[INFO] [stderr]   |        ^^^^^^^^^^^^^^^^^^^^
[INFO] [stderr]   |
[INFO] [stderr] error: invalid character `0` in package name: `05_command_framework`, the name cannot start with a digit
[INFO] [stderr]  --> ../../../cargo-home/git/checkouts/serenity-8a8b65b77919dc75/c87ea8b/examples/05_command_framework/Cargo.toml:2:8
[INFO] [stderr]   |
[INFO] [stderr] 2 | name = "05_command_framework"
[INFO] [stderr]   |        ^^^^^^^^^^^^^^^^^^^^^^
[INFO] [stderr]   |
[INFO] [stderr] error: invalid character `0` in package name: `06_voice`, the name cannot start with a digit
[INFO] [stderr]  --> ../../../cargo-home/git/checkouts/serenity-8a8b65b77919dc75/c87ea8b/examples/06_voice/Cargo.toml:2:8
[INFO] [stderr]   |
[INFO] [stderr] 2 | name = "06_voice"
[INFO] [stderr]   |        ^^^^^^^^^^
[INFO] [stderr]   |
[INFO] [stderr] error: invalid character `0` in package name: `07_sample_bot_structure`, the name cannot start with a digit
[INFO] [stderr]  --> ../../../cargo-home/git/checkouts/serenity-8a8b65b77919dc75/c87ea8b/examples/07_sample_bot_structure/Cargo.toml:2:8
[INFO] [stderr]   |
[INFO] [stderr] 2 | name = "07_sample_bot_structure"
[INFO] [stderr]   |        ^^^^^^^^^^^^^^^^^^^^^^^^^
[INFO] [stderr]   |
[INFO] [stderr] error: invalid character `0` in package name: `08_env_logging`, the name cannot start with a digit
[INFO] [stderr]  --> ../../../cargo-home/git/checkouts/serenity-8a8b65b77919dc75/c87ea8b/examples/08_env_logging/Cargo.toml:2:8
[INFO] [stderr]   |
[INFO] [stderr] 2 | name = "08_env_logging"
[INFO] [stderr]   |        ^^^^^^^^^^^^^^^^
[INFO] [stderr]   |
[INFO] [stderr] error: invalid character `0` in package name: `09_shard_manager`, the name cannot start with a digit
[INFO] [stderr]  --> ../../../cargo-home/git/checkouts/serenity-8a8b65b77919dc75/c87ea8b/examples/09_shard_manager/Cargo.toml:2:8
[INFO] [stderr]   |
[INFO] [stderr] 2 | name = "09_shard_manager"
[INFO] [stderr]   |        ^^^^^^^^^^^^^^^^^^
[INFO] [stderr]   |
[INFO] [stderr] error: invalid character `1` in package name: `10_voice_receive`, the name cannot start with a digit
[INFO] [stderr]  --> ../../../cargo-home/git/checkouts/serenity-8a8b65b77919dc75/c87ea8b/examples/10_voice_receive/Cargo.toml:2:8
[INFO] [stderr]   |
[INFO] [stderr] 2 | name = "10_voice_receive"
[INFO] [stderr]   |        ^^^^^^^^^^^^^^^^^^
[INFO] [stderr]   |
[INFO] [stderr] error: invalid character `1` in package name: `11_create_message_builder`, the name cannot start with a digit
[INFO] [stderr]  --> ../../../cargo-home/git/checkouts/serenity-8a8b65b77919dc75/c87ea8b/examples/11_create_message_builder/Cargo.toml:2:8
[INFO] [stderr]   |
[INFO] [stderr] 2 | name = "11_create_message_builder"
[INFO] [stderr]   |        ^^^^^^^^^^^^^^^^^^^^^^^^^^^
[INFO] [stderr]   |
[INFO] [stderr] error: invalid character `1` in package name: `12_timing_and_events`, the name cannot start with a digit
[INFO] [stderr]  --> ../../../cargo-home/git/checkouts/serenity-8a8b65b77919dc75/c87ea8b/examples/12_timing_and_events/Cargo.toml:2:8
[INFO] [stderr]   |
[INFO] [stderr] 2 | name = "12_timing_and_events"
[INFO] [stderr]   |        ^^^^^^^^^^^^^^^^^^^^^^
[INFO] [stderr]   |
[INFO] [stderr]     Blocking waiting for file lock on package cache
[INFO] [stderr]  Downloading crates ...
[INFO] [stderr]   Downloaded lock_api v0.2.0
[INFO] [stderr]   Downloaded white_rabbit v0.1.1
[INFO] [stderr]   Downloaded num_cpus v1.10.1
[INFO] [stderr]   Downloaded cc v1.0.46
[INFO] [stderr]   Downloaded parking_lot_core v0.5.0
[INFO] [stderr]   Downloaded parking_lot v0.8.0
[INFO] [stderr]   Downloaded syn v1.0.7
[INFO] [stderr]   Downloaded pin-project v0.4.6
[INFO] [stderr]   Downloaded console v0.9.1
[INFO] [stderr]   Downloaded clicolors-control v1.0.1
[INFO] [stderr]   Downloaded hey_listen v0.4.0
[INFO] [stderr]   Downloaded bytes v0.5.3
[INFO] [stderr]   Downloaded h2 v0.2.1
[INFO] [stderr]   Downloaded hyper v0.13.1
[INFO] [stderr]   Downloaded http v0.2.0
[INFO] [stderr]   Downloaded tokio v0.2.6
[INFO] [stderr]   Downloaded http v0.1.19
[INFO] [stderr]   Downloaded reqwest v0.10.0
[INFO] [stderr]   Downloaded webpki-roots v0.17.0
[INFO] [stderr]   Downloaded flate2 v1.0.12
[INFO] [stderr]   Downloaded indexmap v1.3.0
[INFO] [stderr]   Downloaded tokio-sync v0.1.7
[INFO] [stderr]   Downloaded tokio-threadpool v0.1.16
[INFO] [stderr]   Downloaded tungstenite v0.9.1
[INFO] [stderr]   Downloaded url v2.1.0
[INFO] [stderr]   Downloaded security-framework v0.3.4
[INFO] [stderr]   Downloaded unicase v2.5.1
[INFO] [stderr]   Downloaded mime_guess v2.0.1
[INFO] [stderr]   Downloaded tokio-rustls v0.10.2
[INFO] [stderr]   Downloaded tokio-executor v0.1.8
[INFO] [stderr]   Downloaded publicsuffix v1.5.3
[INFO] [stderr]   Downloaded try_from v0.3.2
[INFO] [stderr]   Downloaded hyper-rustls v0.17.1
[INFO] [stderr]   Downloaded mime v0.3.14
[INFO] [stderr]   Downloaded tokio-reactor v0.1.10
[INFO] [stderr]   Downloaded encoding_rs v0.8.20
[INFO] [stderr]   Downloaded tokio-timer v0.2.11
[INFO] [stderr]   Downloaded reqwest v0.9.22
[INFO] [stderr]   Downloaded block-padding v0.1.4
[INFO] [stderr]   Downloaded synstructure v0.12.1
[INFO] [stderr]   Downloaded pin-project-internal v0.4.6
[INFO] [stderr]   Downloaded hyper-tls v0.4.0
[INFO] [stderr]   Downloaded schannel v0.1.16
[INFO] [stderr]   Downloaded webpki v0.21.0
[INFO] [stderr]   Downloaded tokio-util v0.2.0
[INFO] [stderr]   Downloaded native-tls v0.2.3
[INFO] [stderr]   Downloaded cookie_store v0.7.0
[INFO] [stderr]   Downloaded uwl v0.4.2
[INFO] [stderr]   Downloaded wasm-bindgen-macro v0.2.52
[INFO] [stderr]   Downloaded wasm-bindgen v0.2.52
[INFO] [stderr]   Downloaded wasm-bindgen-shared v0.2.52
[INFO] [stderr]   Downloaded wasm-bindgen-backend v0.2.52
[INFO] [stderr]   Downloaded memoffset v0.5.1
[INFO] [stderr]   Downloaded sled v0.30.3
[INFO] [stderr]   Downloaded security-framework-sys v0.3.3
[INFO] [stderr]   Downloaded wasm-bindgen-macro-support v0.2.52
[INFO] [stderr]   Downloaded wasm-bindgen-webidl v0.2.52
[INFO] [stderr]   Downloaded js-sys v0.3.29
[INFO] [stderr]   Downloaded ring v0.16.9
[INFO] [stderr]   Downloaded wasm-bindgen-futures v0.4.2
[INFO] [stderr]   Downloaded web-sys v0.3.29
[INFO] [stderr]   Downloaded flexi_logger v0.14.5
[INFO] running `Command { std: "docker" "create" "-v" "/var/lib/crater-agent-workspace/builds/worker-3-tc2/target:/opt/rustwide/target:rw,Z" "-v" "/var/lib/crater-agent-workspace/builds/worker-3-tc2/source:/opt/rustwide/workdir:ro,Z" "-v" "/var/lib/crater-agent-workspace/cargo-home:/opt/rustwide/cargo-home:ro,Z" "-v" "/var/lib/crater-agent-workspace/rustup-home:/opt/rustwide/rustup-home:ro,Z" "-e" "SOURCE_DIR=/opt/rustwide/workdir" "-e" "CARGO_TARGET_DIR=/opt/rustwide/target" "-e" "CARGO_HOME=/opt/rustwide/cargo-home" "-e" "RUSTUP_HOME=/opt/rustwide/rustup-home" "-w" "/opt/rustwide/workdir" "-m" "1610612736" "--user" "0:0" "--network" "none" "ghcr.io/rust-lang/crates-build-env/linux@sha256:f3a9d4ad9d972b27faf3965f35b62e55ba32bbce8f20bc8fe909558a86702fde" "/opt/rustwide/cargo-home/bin/cargo" "+beta-2024-12-08" "metadata" "--no-deps" "--format-version=1", kill_on_drop: false }`
[INFO] [stdout] b6038f906248c28f2b01e4246bc32752838ea4cc9542e66cc973f5d0dbd32340
[INFO] running `Command { std: "docker" "start" "-a" "b6038f906248c28f2b01e4246bc32752838ea4cc9542e66cc973f5d0dbd32340", kill_on_drop: false }`
[INFO] running `Command { std: "docker" "inspect" "b6038f906248c28f2b01e4246bc32752838ea4cc9542e66cc973f5d0dbd32340", kill_on_drop: false }`
[INFO] running `Command { std: "docker" "rm" "-f" "b6038f906248c28f2b01e4246bc32752838ea4cc9542e66cc973f5d0dbd32340", kill_on_drop: false }`
[INFO] [stdout] b6038f906248c28f2b01e4246bc32752838ea4cc9542e66cc973f5d0dbd32340
[INFO] running `Command { std: "docker" "create" "-v" "/var/lib/crater-agent-workspace/builds/worker-3-tc2/target:/opt/rustwide/target:rw,Z" "-v" "/var/lib/crater-agent-workspace/builds/worker-3-tc2/source:/opt/rustwide/workdir:ro,Z" "-v" "/var/lib/crater-agent-workspace/cargo-home:/opt/rustwide/cargo-home:ro,Z" "-v" "/var/lib/crater-agent-workspace/rustup-home:/opt/rustwide/rustup-home:ro,Z" "-e" "SOURCE_DIR=/opt/rustwide/workdir" "-e" "CARGO_TARGET_DIR=/opt/rustwide/target" "-e" "CARGO_INCREMENTAL=0" "-e" "RUST_BACKTRACE=full" "-e" "RUSTFLAGS=--cap-lints=warn" "-e" "RUSTDOCFLAGS=--cap-lints=warn" "-e" "CARGO_HOME=/opt/rustwide/cargo-home" "-e" "RUSTUP_HOME=/opt/rustwide/rustup-home" "-w" "/opt/rustwide/workdir" "-m" "1610612736" "--user" "0:0" "--network" "none" "ghcr.io/rust-lang/crates-build-env/linux@sha256:f3a9d4ad9d972b27faf3965f35b62e55ba32bbce8f20bc8fe909558a86702fde" "/opt/rustwide/cargo-home/bin/cargo" "+beta-2024-12-08" "build" "--frozen" "--message-format=json", kill_on_drop: false }`
[INFO] [stdout] 4b9fed7687aedca2e261cfe1cd2c0bc3e59a13c7023f5c627b5efc4f36848dd2
[INFO] running `Command { std: "docker" "start" "-a" "4b9fed7687aedca2e261cfe1cd2c0bc3e59a13c7023f5c627b5efc4f36848dd2", kill_on_drop: false }`
[INFO] [stderr] error: invalid character `0` in package name: `01_basic_ping_bot`, the name cannot start with a digit
[INFO] [stderr]  --> ../cargo-home/git/checkouts/serenity-8a8b65b77919dc75/c87ea8b/examples/01_basic_ping_bot/Cargo.toml:2:8
[INFO] [stderr]   |
[INFO] [stderr] 2 | name = "01_basic_ping_bot"
[INFO] [stderr]   |        ^^^^^^^^^^^^^^^^^^^
[INFO] [stderr]   |
[INFO] [stderr] error: invalid character `0` in package name: `02_transparent_guild_sharding`, the name cannot start with a digit
[INFO] [stderr]  --> ../cargo-home/git/checkouts/serenity-8a8b65b77919dc75/c87ea8b/examples/02_transparent_guild_sharding/Cargo.toml:2:8
[INFO] [stderr]   |
[INFO] [stderr] 2 | name = "02_transparent_guild_sharding"
[INFO] [stderr]   |        ^^^^^^^^^^^^^^^^^^^^^^^^^^^^^^^
[INFO] [stderr]   |
[INFO] [stderr] error: invalid character `0` in package name: `03_struct_utilities`, the name cannot start with a digit
[INFO] [stderr]  --> ../cargo-home/git/checkouts/serenity-8a8b65b77919dc75/c87ea8b/examples/03_struct_utilities/Cargo.toml:2:8
[INFO] [stderr]   |
[INFO] [stderr] 2 | name = "03_struct_utilities"
[INFO] [stderr]   |        ^^^^^^^^^^^^^^^^^^^^^
[INFO] [stderr]   |
[INFO] [stderr] error: invalid character `0` in package name: `04_message_builder`, the name cannot start with a digit
[INFO] [stderr]  --> ../cargo-home/git/checkouts/serenity-8a8b65b77919dc75/c87ea8b/examples/04_message_builder/Cargo.toml:2:8
[INFO] [stderr]   |
[INFO] [stderr] 2 | name = "04_message_builder"
[INFO] [stderr]   |        ^^^^^^^^^^^^^^^^^^^^
[INFO] [stderr]   |
[INFO] [stderr] error: invalid character `0` in package name: `05_command_framework`, the name cannot start with a digit
[INFO] [stderr]  --> ../cargo-home/git/checkouts/serenity-8a8b65b77919dc75/c87ea8b/examples/05_command_framework/Cargo.toml:2:8
[INFO] [stderr]   |
[INFO] [stderr] 2 | name = "05_command_framework"
[INFO] [stderr]   |        ^^^^^^^^^^^^^^^^^^^^^^
[INFO] [stderr]   |
[INFO] [stderr] error: invalid character `0` in package name: `06_voice`, the name cannot start with a digit
[INFO] [stderr]  --> ../cargo-home/git/checkouts/serenity-8a8b65b77919dc75/c87ea8b/examples/06_voice/Cargo.toml:2:8
[INFO] [stderr]   |
[INFO] [stderr] 2 | name = "06_voice"
[INFO] [stderr]   |        ^^^^^^^^^^
[INFO] [stderr]   |
[INFO] [stderr] error: invalid character `0` in package name: `07_sample_bot_structure`, the name cannot start with a digit
[INFO] [stderr]  --> ../cargo-home/git/checkouts/serenity-8a8b65b77919dc75/c87ea8b/examples/07_sample_bot_structure/Cargo.toml:2:8
[INFO] [stderr]   |
[INFO] [stderr] 2 | name = "07_sample_bot_structure"
[INFO] [stderr]   |        ^^^^^^^^^^^^^^^^^^^^^^^^^
[INFO] [stderr]   |
[INFO] [stderr] error: invalid character `0` in package name: `08_env_logging`, the name cannot start with a digit
[INFO] [stderr]  --> ../cargo-home/git/checkouts/serenity-8a8b65b77919dc75/c87ea8b/examples/08_env_logging/Cargo.toml:2:8
[INFO] [stderr]   |
[INFO] [stderr] 2 | name = "08_env_logging"
[INFO] [stderr]   |        ^^^^^^^^^^^^^^^^
[INFO] [stderr]   |
[INFO] [stderr] error: invalid character `0` in package name: `09_shard_manager`, the name cannot start with a digit
[INFO] [stderr]  --> ../cargo-home/git/checkouts/serenity-8a8b65b77919dc75/c87ea8b/examples/09_shard_manager/Cargo.toml:2:8
[INFO] [stderr]   |
[INFO] [stderr] 2 | name = "09_shard_manager"
[INFO] [stderr]   |        ^^^^^^^^^^^^^^^^^^
[INFO] [stderr]   |
[INFO] [stderr] error: invalid character `1` in package name: `10_voice_receive`, the name cannot start with a digit
[INFO] [stderr]  --> ../cargo-home/git/checkouts/serenity-8a8b65b77919dc75/c87ea8b/examples/10_voice_receive/Cargo.toml:2:8
[INFO] [stderr]   |
[INFO] [stderr] 2 | name = "10_voice_receive"
[INFO] [stderr]   |        ^^^^^^^^^^^^^^^^^^
[INFO] [stderr]   |
[INFO] [stderr] error: invalid character `1` in package name: `11_create_message_builder`, the name cannot start with a digit
[INFO] [stderr]  --> ../cargo-home/git/checkouts/serenity-8a8b65b77919dc75/c87ea8b/examples/11_create_message_builder/Cargo.toml:2:8
[INFO] [stderr]   |
[INFO] [stderr] 2 | name = "11_create_message_builder"
[INFO] [stderr]   |        ^^^^^^^^^^^^^^^^^^^^^^^^^^^
[INFO] [stderr]   |
[INFO] [stderr] error: invalid character `1` in package name: `12_timing_and_events`, the name cannot start with a digit
[INFO] [stderr]  --> ../cargo-home/git/checkouts/serenity-8a8b65b77919dc75/c87ea8b/examples/12_timing_and_events/Cargo.toml:2:8
[INFO] [stderr]   |
[INFO] [stderr] 2 | name = "12_timing_and_events"
[INFO] [stderr]   |        ^^^^^^^^^^^^^^^^^^^^^^
[INFO] [stderr]   |
[INFO] [stderr]    Compiling libc v0.2.65
[INFO] [stderr]    Compiling cfg-if v0.1.10
[INFO] [stderr]    Compiling proc-macro2 v1.0.6
[INFO] [stderr]    Compiling unicode-xid v0.2.0
[INFO] [stderr]    Compiling syn v1.0.7
[INFO] [stderr]    Compiling autocfg v0.1.7
[INFO] [stderr]    Compiling serde v1.0.104
[INFO] [stderr]    Compiling cc v1.0.46
[INFO] [stderr]    Compiling lazy_static v1.4.0
[INFO] [stderr]    Compiling semver-parser v0.7.0
[INFO] [stderr]    Compiling log v0.4.8
[INFO] [stderr]    Compiling byteorder v1.3.2
[INFO] [stderr]    Compiling itoa v0.4.4
[INFO] [stderr]    Compiling smallvec v0.6.10
[INFO] [stderr]    Compiling rustc-demangle v0.1.16
[INFO] [stderr]    Compiling version_check v0.1.5
[INFO] [stderr]    Compiling fnv v1.0.6
[INFO] [stderr]    Compiling scopeguard v1.0.0
[INFO] [stderr]    Compiling futures v0.1.29
[INFO] [stderr]    Compiling slab v0.4.2
[INFO] [stderr]    Compiling either v1.5.3
[INFO] [stderr]    Compiling memchr v2.2.1
[INFO] [stderr]    Compiling rand_core v0.4.2
[INFO] [stderr]    Compiling bitflags v1.2.1
[INFO] [stderr]    Compiling ryu v1.0.2
[INFO] [stderr]    Compiling matches v0.1.8
[INFO] [stderr]    Compiling error-chain v0.12.1
[INFO] [stderr]    Compiling crossbeam-utils v0.7.0
[INFO] [stderr]    Compiling crossbeam-epoch v0.8.0
[INFO] [stderr]    Compiling unicode-bidi v0.3.4
[INFO] [stderr]    Compiling unicode-normalization v0.1.8
[INFO] [stderr]    Compiling crossbeam-utils v0.6.6
[INFO] [stderr]    Compiling rand_core v0.3.1
[INFO] [stderr]    Compiling rand_chacha v0.1.1
[INFO] [stderr]    Compiling rand_pcg v0.1.2
[INFO] [stderr]    Compiling indexmap v1.3.0
[INFO] [stderr]    Compiling rand v0.6.5
[INFO] [stderr]    Compiling lock_api v0.3.1
[INFO] [stderr]    Compiling pkg-config v0.3.17
[INFO] [stderr]    Compiling iovec v0.1.4
[INFO] [stderr]    Compiling num_cpus v1.10.1
[INFO] [stderr]    Compiling quote v1.0.2
[INFO] [stderr]    Compiling net2 v0.2.33
[INFO] [stderr]    Compiling time v0.1.42
[INFO] [stderr]    Compiling bytes v0.4.12
[INFO] [stderr]    Compiling fixedbitset v0.1.9
[INFO] [stderr]    Compiling backtrace-sys v0.1.32
[INFO] [stderr]    Compiling ring v0.16.9
[INFO] [stderr]    Compiling untrusted v0.7.0
[INFO] [stderr]    Compiling spin v0.5.2
[INFO] [stderr]    Compiling mio v0.6.21
[INFO] [stderr]    Compiling httparse v1.3.4
[INFO] [stderr]    Compiling ordermap v0.3.5
[INFO] [stderr]    Compiling openssl-sys v0.9.53
[INFO] [stderr]    Compiling rand_os v0.1.3
[INFO] [stderr]    Compiling thread-id v3.3.0
[INFO] [stderr]    Compiling rand_xorshift v0.1.1
[INFO] [stderr]    Compiling rand_hc v0.1.0
[INFO] [stderr]    Compiling rand_isaac v0.1.1
[INFO] [stderr]    Compiling rand_jitter v0.1.4
[INFO] [stderr]    Compiling try-lock v0.2.2
[INFO] [stderr]    Compiling remove_dir_all v0.5.2
[INFO] [stderr]    Compiling pulldown-cmark v0.2.0
[INFO] [stderr]    Compiling bytes v0.5.3
[INFO] [stderr]    Compiling idna v0.2.0
[INFO] [stderr]    Compiling aho-corasick v0.7.6
[INFO] [stderr]    Compiling tokio-executor v0.1.8
[INFO] [stderr]    Compiling petgraph v0.4.13
[INFO] [stderr]    Compiling tokio-io v0.1.12
[INFO] [stderr]    Compiling rand v0.4.6
[INFO] [stderr]    Compiling unicase v2.5.1
[INFO] [stderr]    Compiling thread_local v0.3.6
[INFO] [stderr]    Compiling regex-syntax v0.6.12
[INFO] [stderr]    Compiling typenum v1.11.2
[INFO] [stderr] warning: openssl-sys@0.9.53: build/expando.c:4:24: error: pasting "RUST_VERSION_OPENSSL_" and "(" does not give a valid preprocessing token
[INFO] [stderr] warning: openssl-sys@0.9.53:     4 | #define VERSION2(n, v) RUST_VERSION_##n##_##v
[INFO] [stderr] warning: openssl-sys@0.9.53:       |                        ^~~~~~~~~~~~~
[INFO] [stderr] warning: openssl-sys@0.9.53: build/expando.c:5:23: note: in expansion of macro 'VERSION2'
[INFO] [stderr] warning: openssl-sys@0.9.53:     5 | #define VERSION(n, v) VERSION2(n, v)
[INFO] [stderr] warning: openssl-sys@0.9.53:       |                       ^~~~~~~~
[INFO] [stderr] warning: openssl-sys@0.9.53: build/expando.c:10:1: note: in expansion of macro 'VERSION'
[INFO] [stderr] warning: openssl-sys@0.9.53:    10 | VERSION(OPENSSL, OPENSSL_VERSION_NUMBER)
[INFO] [stderr] warning: openssl-sys@0.9.53:       | ^~~~~~~
[INFO] [stderr] error: failed to run custom build command for `openssl-sys v0.9.53`
[INFO] [stderr] note: To improve backtraces for build dependencies, set the CARGO_PROFILE_DEV_BUILD_OVERRIDE_DEBUG=true environment variable to enable debug information generation.
[INFO] [stderr] 
[INFO] [stderr] Caused by:
[INFO] [stderr]   process didn't exit successfully: `/opt/rustwide/target/debug/build/openssl-sys-fe6cba662ad288a3/build-script-main` (exit status: 101)
[INFO] [stderr]   --- stdout
[INFO] [stderr]   cargo:rustc-cfg=const_fn
[INFO] [stderr]   cargo:rerun-if-env-changed=X86_64_UNKNOWN_LINUX_GNU_OPENSSL_LIB_DIR
[INFO] [stderr]   X86_64_UNKNOWN_LINUX_GNU_OPENSSL_LIB_DIR unset
[INFO] [stderr]   cargo:rerun-if-env-changed=OPENSSL_LIB_DIR
[INFO] [stderr]   OPENSSL_LIB_DIR unset
[INFO] [stderr]   cargo:rerun-if-env-changed=X86_64_UNKNOWN_LINUX_GNU_OPENSSL_INCLUDE_DIR
[INFO] [stderr]   X86_64_UNKNOWN_LINUX_GNU_OPENSSL_INCLUDE_DIR unset
[INFO] [stderr]   cargo:rerun-if-env-changed=OPENSSL_INCLUDE_DIR
[INFO] [stderr]   OPENSSL_INCLUDE_DIR unset
[INFO] [stderr]   cargo:rerun-if-env-changed=X86_64_UNKNOWN_LINUX_GNU_OPENSSL_DIR
[INFO] [stderr]   X86_64_UNKNOWN_LINUX_GNU_OPENSSL_DIR unset
[INFO] [stderr]   cargo:rerun-if-env-changed=OPENSSL_DIR
[INFO] [stderr]   OPENSSL_DIR unset
[INFO] [stderr]   cargo:rustc-link-lib=ssl
[INFO] [stderr]   cargo:rustc-link-lib=crypto
[INFO] [stderr]   OPT_LEVEL = Some("0")
[INFO] [stderr]   TARGET = Some("x86_64-unknown-linux-gnu")
[INFO] [stderr]   HOST = Some("x86_64-unknown-linux-gnu")
[INFO] [stderr]   CC_x86_64-unknown-linux-gnu = None
[INFO] [stderr]   CC_x86_64_unknown_linux_gnu = None
[INFO] [stderr]   HOST_CC = None
[INFO] [stderr]   CC = None
[INFO] [stderr]   CFLAGS_x86_64-unknown-linux-gnu = None
[INFO] [stderr]   CFLAGS_x86_64_unknown_linux_gnu = None
[INFO] [stderr]   HOST_CFLAGS = None
[INFO] [stderr]   CFLAGS = None
[INFO] [stderr]   CRATE_CC_NO_DEFAULTS = None
[INFO] [stderr]   DEBUG = Some("true")
[INFO] [stderr]   CARGO_CFG_TARGET_FEATURE = Some("fxsr,sse,sse2")
[INFO] [stderr]   running: "cc" "-O0" "-ffunction-sections" "-fdata-sections" "-fPIC" "-g" "-fno-omit-frame-pointer" "-m64" "-I" "/usr/include" "-Wall" "-Wextra" "-E" "build/expando.c"
[INFO] [stderr]   cargo:warning=build/expando.c:4:24: error: pasting "RUST_VERSION_OPENSSL_" and "(" does not give a valid preprocessing token
[INFO] [stderr]   cargo:warning=    4 | #define VERSION2(n, v) RUST_VERSION_##n##_##v
[INFO] [stderr]   cargo:warning=      |                        ^~~~~~~~~~~~~
[INFO] [stderr]   cargo:warning=build/expando.c:5:23: note: in expansion of macro 'VERSION2'
[INFO] [stderr]   cargo:warning=    5 | #define VERSION(n, v) VERSION2(n, v)
[INFO] [stderr]   cargo:warning=      |                       ^~~~~~~~
[INFO] [stderr]   cargo:warning=build/expando.c:10:1: note: in expansion of macro 'VERSION'
[INFO] [stderr]   cargo:warning=   10 | VERSION(OPENSSL, OPENSSL_VERSION_NUMBER)
[INFO] [stderr]   cargo:warning=      | ^~~~~~~
[INFO] [stderr]   exit status: 1
[INFO] [stderr] 
[INFO] [stderr]   --- stderr
[INFO] [stderr]   thread 'main' panicked at /opt/rustwide/cargo-home/registry/src/index.crates.io-6f17d22bba15001f/openssl-sys-0.9.53/build/main.rs:126:13:
[INFO] [stderr] 
[INFO] [stderr]   Header expansion error:
[INFO] [stderr]   Error { kind: ToolExecError, message: "Command \"cc\" \"-O0\" \"-ffunction-sections\" \"-fdata-sections\" \"-fPIC\" \"-g\" \"-fno-omit-frame-pointer\" \"-m64\" \"-I\" \"/usr/include\" \"-Wall\" \"-Wextra\" \"-E\" \"build/expando.c\" with args \"cc\" did not execute successfully (status code exit status: 1)." }
[INFO] [stderr] 
[INFO] [stderr]   Failed to find OpenSSL development headers.
[INFO] [stderr] 
[INFO] [stderr]   You can try fixing this setting the `OPENSSL_DIR` environment variable
[INFO] [stderr]   pointing to your OpenSSL installation or installing OpenSSL headers package
[INFO] [stderr]   specific to your distribution:
[INFO] [stderr] 
[INFO] [stderr]       # On Ubuntu
[INFO] [stderr]       sudo apt-get install libssl-dev
[INFO] [stderr]       # On Arch Linux
[INFO] [stderr]       sudo pacman -S openssl
[INFO] [stderr]       # On Fedora
[INFO] [stderr]       sudo dnf install openssl-devel
[INFO] [stderr] 
[INFO] [stderr]   See rust-openssl README for more information:
[INFO] [stderr] 
[INFO] [stderr]       https://github.com/sfackler/rust-openssl#linux
[INFO] [stderr] 
[INFO] [stderr]   stack backtrace:
[INFO] [stderr]      0:     0x57cb7f388c9a - std::backtrace_rs::backtrace::libunwind::trace::h8810477743020387
[INFO] [stderr]                                  at /rustc/202008a1b8de96d2e5b6bc02d379db03a877d34d/library/std/src/../../backtrace/src/backtrace/libunwind.rs:116:5
[INFO] [stderr]      1:     0x57cb7f388c9a - std::backtrace_rs::backtrace::trace_unsynchronized::h3aa55355dd6c54a6
[INFO] [stderr]                                  at /rustc/202008a1b8de96d2e5b6bc02d379db03a877d34d/library/std/src/../../backtrace/src/backtrace/mod.rs:66:5
[INFO] [stderr]      2:     0x57cb7f388c9a - std::sys::backtrace::_print_fmt::h8588b0f62410823f
[INFO] [stderr]                                  at /rustc/202008a1b8de96d2e5b6bc02d379db03a877d34d/library/std/src/sys/backtrace.rs:66:9
[INFO] [stderr]      3:     0x57cb7f388c9a - <std::sys::backtrace::BacktraceLock::print::DisplayBacktrace as core::fmt::Display>::fmt::h98c26ac25ffe89bb
[INFO] [stderr]                                  at /rustc/202008a1b8de96d2e5b6bc02d379db03a877d34d/library/std/src/sys/backtrace.rs:39:26
[INFO] [stderr]      4:     0x57cb7f3ab8f3 - core::fmt::rt::Argument::fmt::hf95377f4aebd453b
[INFO] [stderr]                                  at /rustc/202008a1b8de96d2e5b6bc02d379db03a877d34d/library/core/src/fmt/rt.rs:177:76
[INFO] [stderr]      5:     0x57cb7f3ab8f3 - core::fmt::write::h0dd5f6e2238c7982
[INFO] [stderr]                                  at /rustc/202008a1b8de96d2e5b6bc02d379db03a877d34d/library/core/src/fmt/mod.rs:1189:21
[INFO] [stderr]      6:     0x57cb7f385e73 - std::io::Write::write_fmt::hc00bff0a88e08857
[INFO] [stderr]                                  at /rustc/202008a1b8de96d2e5b6bc02d379db03a877d34d/library/std/src/io/mod.rs:1884:15
[INFO] [stderr]      7:     0x57cb7f388ae2 - std::sys::backtrace::BacktraceLock::print::h5c19c1c038ee186d
[INFO] [stderr]                                  at /rustc/202008a1b8de96d2e5b6bc02d379db03a877d34d/library/std/src/sys/backtrace.rs:42:9
[INFO] [stderr]      8:     0x57cb7f389cdc - std::panicking::default_hook::{{closure}}::h77172f079a1fcb13
[INFO] [stderr]                                  at /rustc/202008a1b8de96d2e5b6bc02d379db03a877d34d/library/std/src/panicking.rs:268:22
[INFO] [stderr]      9:     0x57cb7f389b22 - std::panicking::default_hook::he5f8e3b203ccddba
[INFO] [stderr]                                  at /rustc/202008a1b8de96d2e5b6bc02d379db03a877d34d/library/std/src/panicking.rs:295:9
[INFO] [stderr]     10:     0x57cb7f38a2b7 - std::panicking::rust_panic_with_hook::h53863d4e9018df39
[INFO] [stderr]                                  at /rustc/202008a1b8de96d2e5b6bc02d379db03a877d34d/library/std/src/panicking.rs:801:13
[INFO] [stderr]     11:     0x57cb7f38a14a - std::panicking::begin_panic_handler::{{closure}}::h67280e6fa0757873
[INFO] [stderr]                                  at /rustc/202008a1b8de96d2e5b6bc02d379db03a877d34d/library/std/src/panicking.rs:674:13
[INFO] [stderr]     12:     0x57cb7f389179 - std::sys::backtrace::__rust_end_short_backtrace::h1dac3f54d6fbbeb2
[INFO] [stderr]                                  at /rustc/202008a1b8de96d2e5b6bc02d379db03a877d34d/library/std/src/sys/backtrace.rs:170:18
[INFO] [stderr]     13:     0x57cb7f389ddc - rust_begin_unwind
[INFO] [stderr]                                  at /rustc/202008a1b8de96d2e5b6bc02d379db03a877d34d/library/std/src/panicking.rs:665:5
[INFO] [stderr]     14:     0x57cb7f2fd6d0 - core::panicking::panic_fmt::h6792bd1b2bf01041
[INFO] [stderr]                                  at /rustc/202008a1b8de96d2e5b6bc02d379db03a877d34d/library/core/src/panicking.rs:76:14
[INFO] [stderr]     15:     0x57cb7f309724 - build_script_main::validate_headers::h4c5b450aa05f6141
[INFO] [stderr]     16:     0x57cb7f3064ff - build_script_main::find::try_pkg_config::hfc3b5ec2fcbf2185
[INFO] [stderr]     17:     0x57cb7f305208 - build_script_main::find::find_openssl_dir::h3e242432e1739720
[INFO] [stderr]     18:     0x57cb7f305012 - build_script_main::find::get_openssl::{{closure}}::ha8b656aa9cd07be7
[INFO] [stderr]     19:     0x57cb7f2ffab3 - core::option::Option<T>::unwrap_or_else::h0df2177856cceec5
[INFO] [stderr]     20:     0x57cb7f304e30 - build_script_main::find::get_openssl::ha2b8fa14292c1054
[INFO] [stderr]     21:     0x57cb7f307329 - build_script_main::main::h6eee5ca24655c613
[INFO] [stderr]     22:     0x57cb7f3043f3 - core::ops::function::FnOnce::call_once::hb986994f6fb9475b
[INFO] [stderr]     23:     0x57cb7f2fe7a6 - std::sys::backtrace::__rust_begin_short_backtrace::hed138462aed4ed6d
[INFO] [stderr]     24:     0x57cb7f2fe519 - std::rt::lang_start::{{closure}}::h324b8a03693e3c1d
[INFO] [stderr]     25:     0x57cb7f3822f7 - core::ops::function::impls::<impl core::ops::function::FnOnce<A> for &F>::call_once::hba2470d01d3f5e41
[INFO] [stderr]                                  at /rustc/202008a1b8de96d2e5b6bc02d379db03a877d34d/library/core/src/ops/function.rs:284:13
[INFO] [stderr]     26:     0x57cb7f3822f7 - std::panicking::try::do_call::hc063fb73159aab72
[INFO] [stderr]                                  at /rustc/202008a1b8de96d2e5b6bc02d379db03a877d34d/library/std/src/panicking.rs:557:40
[INFO] [stderr]     27:     0x57cb7f3822f7 - std::panicking::try::h2767c6d245d3a3bb
[INFO] [stderr]                                  at /rustc/202008a1b8de96d2e5b6bc02d379db03a877d34d/library/std/src/panicking.rs:520:19
[INFO] [stderr]     28:     0x57cb7f3822f7 - std::panic::catch_unwind::h061c6ef75790da63
[INFO] [stderr]                                  at /rustc/202008a1b8de96d2e5b6bc02d379db03a877d34d/library/std/src/panic.rs:358:14
[INFO] [stderr]     29:     0x57cb7f3822f7 - std::rt::lang_start_internal::{{closure}}::h5c5e35b11a4b8c4e
[INFO] [stderr]                                  at /rustc/202008a1b8de96d2e5b6bc02d379db03a877d34d/library/std/src/rt.rs:174:48
[INFO] [stderr]     30:     0x57cb7f3822f7 - std::panicking::try::do_call::h705e99690a8109cc
[INFO] [stderr]                                  at /rustc/202008a1b8de96d2e5b6bc02d379db03a877d34d/library/std/src/panicking.rs:557:40
[INFO] [stderr]     31:     0x57cb7f3822f7 - std::panicking::try::he5f4452754ed9a34
[INFO] [stderr]                                  at /rustc/202008a1b8de96d2e5b6bc02d379db03a877d34d/library/std/src/panicking.rs:520:19
[INFO] [stderr]     32:     0x57cb7f3822f7 - std::panic::catch_unwind::h5db61b3bcbe883e5
[INFO] [stderr]                                  at /rustc/202008a1b8de96d2e5b6bc02d379db03a877d34d/library/std/src/panic.rs:358:14
[INFO] [stderr]     33:     0x57cb7f3822f7 - std::rt::lang_start_internal::h81da9b59bab665c6
[INFO] [stderr]                                  at /rustc/202008a1b8de96d2e5b6bc02d379db03a877d34d/library/std/src/rt.rs:174:20
[INFO] [stderr]     34:     0x57cb7f2fe4f7 - std::rt::lang_start::h73f2cbda72248361
[INFO] [stderr]     35:     0x57cb7f30a585 - main
[INFO] [stderr]     36:     0x7771ce562d90 - <unknown>
[INFO] [stderr]     37:     0x7771ce562e40 - __libc_start_main
[INFO] [stderr]     38:     0x57cb7f2fdca5 - _start
[INFO] [stderr]     39:                0x0 - <unknown>
[INFO] [stderr] warning: build failed, waiting for other jobs to finish...
[INFO] running `Command { std: "docker" "inspect" "4b9fed7687aedca2e261cfe1cd2c0bc3e59a13c7023f5c627b5efc4f36848dd2", kill_on_drop: false }`
[INFO] running `Command { std: "docker" "rm" "-f" "4b9fed7687aedca2e261cfe1cd2c0bc3e59a13c7023f5c627b5efc4f36848dd2", kill_on_drop: false }`
[INFO] [stdout] 4b9fed7687aedca2e261cfe1cd2c0bc3e59a13c7023f5c627b5efc4f36848dd2
