[INFO] cloning repository https://github.com/bollu/timi
[INFO] running `Command { std: "git" "-c" "credential.helper=" "-c" "credential.helper=/workspace/cargo-home/bin/git-credential-null" "clone" "--bare" "https://github.com/bollu/timi" "/workspace/cache/git-repos/https%3A%2F%2Fgithub.com%2Fbollu%2Ftimi", kill_on_drop: false }`
[INFO] [stderr] Cloning into bare repository '/workspace/cache/git-repos/https%3A%2F%2Fgithub.com%2Fbollu%2Ftimi'...
[INFO] running `Command { std: "git" "rev-parse" "HEAD", kill_on_drop: false }`
[INFO] [stdout] 9d2cc89d81578c1ec14823c43b50070029cc30db
[INFO] documenting bollu/timi against 1.75.0 for beta-1.76-rustdoc-2
[INFO] running `Command { std: "git" "clone" "/workspace/cache/git-repos/https%3A%2F%2Fgithub.com%2Fbollu%2Ftimi" "/workspace/builds/worker-5-tc1/source", kill_on_drop: false }`
[INFO] [stderr] Cloning into '/workspace/builds/worker-5-tc1/source'...
[INFO] [stderr] done.
[INFO] validating manifest of git repo https://github.com/bollu/timi on toolchain 1.75.0
[INFO] running `Command { std: CARGO_HOME="/workspace/cargo-home" RUSTUP_HOME="/workspace/rustup-home" "/workspace/cargo-home/bin/cargo" "+1.75.0" "metadata" "--manifest-path" "Cargo.toml" "--no-deps", kill_on_drop: false }`
[INFO] started tweaking git repo https://github.com/bollu/timi
[INFO] finished tweaking git repo https://github.com/bollu/timi
[INFO] tweaked toml for git repo https://github.com/bollu/timi written to /workspace/builds/worker-5-tc1/source/Cargo.toml
[INFO] crate git repo https://github.com/bollu/timi already has a lockfile, it will not be regenerated
[INFO] running `Command { std: CARGO_HOME="/workspace/cargo-home" RUSTUP_HOME="/workspace/rustup-home" "/workspace/cargo-home/bin/cargo" "+1.75.0" "fetch" "--manifest-path" "Cargo.toml", kill_on_drop: false }`
[INFO] [stderr] Updating crates.io index
[INFO] [stderr] Downloading crates ...
[INFO] [stderr] Downloaded encode_unicode v0.1.3
[INFO] [stderr] Downloaded rustyline v1.0.0
[INFO] [stderr] Downloaded atty v0.2.2
[INFO] [stderr] Downloaded byteorder v0.5.3
[INFO] [stderr] Downloaded ansi_term v0.9.0
[INFO] [stderr] Downloaded lazy_static v0.2.2
[INFO] [stderr] Downloaded term v0.4.4
[INFO] [stderr] Downloaded rustc-serialize v0.3.22
[INFO] [stderr] Downloaded csv v0.14.7
[INFO] [stderr] Downloaded libc v0.2.20
[INFO] [stderr] Downloaded encode_unicode v0.2.0
[INFO] [stderr] Downloaded prettytable-rs v0.6.6
[INFO] running `Command { std: "docker" "create" "-v" "/var/lib/crater-agent-workspace/builds/worker-5-tc1/target:/opt/rustwide/target:rw,Z" "-v" "/var/lib/crater-agent-workspace/builds/worker-5-tc1/source:/opt/rustwide/workdir:ro,Z" "-v" "/var/lib/crater-agent-workspace/cargo-home:/opt/rustwide/cargo-home:ro,Z" "-v" "/var/lib/crater-agent-workspace/rustup-home:/opt/rustwide/rustup-home:ro,Z" "-e" "SOURCE_DIR=/opt/rustwide/workdir" "-e" "CARGO_TARGET_DIR=/opt/rustwide/target" "-e" "CARGO_HOME=/opt/rustwide/cargo-home" "-e" "RUSTUP_HOME=/opt/rustwide/rustup-home" "-w" "/opt/rustwide/workdir" "-m" "1610612736" "--user" "0:0" "--network" "none" "ghcr.io/rust-lang/crates-build-env/linux@sha256:2788e3201cd34a07e3172128adcd8b3090168a8e3bcc40d7c032b9dda1df7d1c" "/opt/rustwide/cargo-home/bin/cargo" "+1.75.0" "metadata" "--no-deps" "--format-version=1", kill_on_drop: false }`
[INFO] [stdout] 97b4fd38767cf6d4fa56620d9b561312f13c9e1ac9fa93d77e44666845e2f856
[INFO] running `Command { std: "docker" "start" "-a" "97b4fd38767cf6d4fa56620d9b561312f13c9e1ac9fa93d77e44666845e2f856", kill_on_drop: false }`
[INFO] running `Command { std: "docker" "inspect" "97b4fd38767cf6d4fa56620d9b561312f13c9e1ac9fa93d77e44666845e2f856", kill_on_drop: false }`
[INFO] running `Command { std: "docker" "rm" "-f" "97b4fd38767cf6d4fa56620d9b561312f13c9e1ac9fa93d77e44666845e2f856", kill_on_drop: false }`
[INFO] [stdout] 97b4fd38767cf6d4fa56620d9b561312f13c9e1ac9fa93d77e44666845e2f856
[INFO] running `Command { std: "docker" "create" "-v" "/var/lib/crater-agent-workspace/builds/worker-5-tc1/target:/opt/rustwide/target:rw,Z" "-v" "/var/lib/crater-agent-workspace/builds/worker-5-tc1/source:/opt/rustwide/workdir:ro,Z" "-v" "/var/lib/crater-agent-workspace/cargo-home:/opt/rustwide/cargo-home:ro,Z" "-v" "/var/lib/crater-agent-workspace/rustup-home:/opt/rustwide/rustup-home:ro,Z" "-e" "SOURCE_DIR=/opt/rustwide/workdir" "-e" "CARGO_TARGET_DIR=/opt/rustwide/target" "-e" "CARGO_INCREMENTAL=0" "-e" "RUST_BACKTRACE=full" "-e" "RUSTFLAGS=--cap-lints=warn" "-e" "RUSTDOCFLAGS=--cap-lints=warn" "-e" "CARGO_HOME=/opt/rustwide/cargo-home" "-e" "RUSTUP_HOME=/opt/rustwide/rustup-home" "-w" "/opt/rustwide/workdir" "-m" "1610612736" "--user" "0:0" "--network" "none" "ghcr.io/rust-lang/crates-build-env/linux@sha256:2788e3201cd34a07e3172128adcd8b3090168a8e3bcc40d7c032b9dda1df7d1c" "/opt/rustwide/cargo-home/bin/cargo" "+1.75.0" "doc" "--frozen" "--no-deps" "--document-private-items" "--message-format=json", kill_on_drop: false }`
[INFO] [stdout] a9881af3643315675642eefb40d0bc9beca1c6bd282fc5c5ba6accfd9e838aa0
[INFO] running `Command { std: "docker" "start" "-a" "a9881af3643315675642eefb40d0bc9beca1c6bd282fc5c5ba6accfd9e838aa0", kill_on_drop: false }`
[INFO] [stderr] Checking libc v0.2.20
[INFO] [stderr] Compiling kernel32-sys v0.2.2
[INFO] [stderr] Checking byteorder v0.5.3
[INFO] [stderr] Checking bitflags v0.4.0
[INFO] [stderr] Checking unicode-width v0.1.4
[INFO] [stderr] Checking rustc-serialize v0.3.22
[INFO] [stderr] Checking encode_unicode v0.1.3
[INFO] [stderr] Checking lazy_static v0.2.2
[INFO] [stderr] Checking encode_unicode v0.2.0
[INFO] [stderr] Checking ansi_term v0.9.0
[INFO] [stderr] Checking atty v0.2.2
[INFO] [stderr] Checking nix v0.5.1
[INFO] [stderr] Checking rand v0.3.15
[INFO] [stderr] Checking term v0.4.4
[INFO] [stderr] Checking rustyline v1.0.0
[INFO] [stderr] Checking csv v0.14.7
[INFO] [stderr] Checking prettytable-rs v0.6.6
[INFO] [stderr] Documenting timi v0.2.1 (/opt/rustwide/workdir)
[INFO] [stdout] warning: unnecessary parentheses around function argument
[INFO] [stdout] --> src/machine.rs:1507:16
[INFO] [stdout] |
[INFO] [stdout] 1507 | Ok((ListAccess::Cons(x_addr, xs_addr)))
[INFO] [stdout] | ^ ^
[INFO] [stdout] |
[INFO] [stdout] = note: `#[warn(unused_parens)]` on by default
[INFO] [stdout] help: remove these parentheses
[INFO] [stdout] |
[INFO] [stdout] 1507 - Ok((ListAccess::Cons(x_addr, xs_addr)))
[INFO] [stdout] 1507 + Ok(ListAccess::Cons(x_addr, xs_addr))
[INFO] [stdout] |
[INFO] [stdout]
[INFO] [stdout]
[INFO] [stdout] warning: unnecessary trailing semicolon
[INFO] [stdout] --> src/pretty_print.rs:100:6
[INFO] [stdout] |
[INFO] [stdout] 100 | };
[INFO] [stdout] | ^ help: remove this semicolon
[INFO] [stdout] |
[INFO] [stdout] = note: `#[warn(redundant_semicolons)]` on by default
[INFO] [stdout]
[INFO] [stdout]
[INFO] [stdout] warning: unclosed HTML tag `body`
[INFO] [stdout] --> src/machine.rs:1358:19
[INFO] [stdout] |
[INFO] [stdout] 1358 | /// let f a b c =
[INFO] [stdout] | ^^^^^^
[INFO] [stdout] |
[INFO] [stdout] = note: `#[warn(rustdoc::invalid_html_tags)]` on by default
[INFO] [stdout]
[INFO] [stdout]
[INFO] [stdout] warning: could not parse code block as Rust code
[INFO] [stdout] --> src/frontend.rs:563:5
[INFO] [stdout] |
[INFO] [stdout] 563 | /// ```
[INFO] [stdout] | _____^
[INFO] [stdout] 564 | | ///
[INFO] [stdout] 565 | | /// An identifier must start with a character, and can then contain
[INFO] [stdout] 566 | | /// any number of characters, numbers, `_`, `-` and `?`
[INFO] [stdout] | |_______________________________________________________^
[INFO] [stdout] |
[INFO] [stdout] = note: error from rustc: unknown start of token: `
[INFO] [stdout] = note: error from rustc: unknown start of token: `
[INFO] [stdout] = note: error from rustc: unknown start of token: `
[INFO] [stdout] = note: error from rustc: unknown start of token: `
[INFO] [stdout] = note: error from rustc: unknown start of token: `
[INFO] [stdout] = note: error from rustc: unknown start of token: `
[INFO] [stdout] = note: `#[warn(rustdoc::invalid_rust_codeblocks)]` on by default
[INFO] [stdout] help: mark blocks that do not contain Rust code as text
[INFO] [stdout] |
[INFO] [stdout] 563 | /// ```text
[INFO] [stdout] | ++++
[INFO] [stdout]
[INFO] [stdout]
[INFO] [stdout] warning: unclosed HTML tag `ident`
[INFO] [stdout] --> src/frontend.rs:562:5
[INFO] [stdout] |
[INFO] [stdout] 562 | /// := [a-z, A-Z]([a-Z, A-Z, 0-9, ?, -, _]*)
[INFO] [stdout] | ^^^^^^^
[INFO] [stdout]
[INFO] [stdout]
[INFO] [stdout] warning: unclosed HTML tag `aexpr`
[INFO] [stdout] --> src/frontend.rs:788:58
[INFO] [stdout] |
[INFO] [stdout] 788 | /// Note that this parses either a standalone expression ,
[INFO] [stdout] | ^^^^^^^
[INFO] [stdout]
[INFO] [stdout]
[INFO] [stdout] warning: unclosed HTML tag `aexpr`
[INFO] [stdout] --> src/frontend.rs:789:24
[INFO] [stdout] |
[INFO] [stdout] 789 | /// or a collection of that become function application
[INFO] [stdout] | ^^^^^^^
[INFO] [stdout]
[INFO] [stdout]
[INFO] [stdout] warning: 7 warnings emitted
[INFO] [stdout]
[INFO] [stdout]
[INFO] [stderr] Finished dev [unoptimized + debuginfo] target(s) in 5.88s
[INFO] [stderr] warning: the following packages contain code that will be rejected by a future version of Rust: rustc-serialize v0.3.22
[INFO] [stderr] note: to see what the problems were, use the option `--future-incompat-report`, or run `cargo report future-incompatibilities --id 3`
[INFO] [stderr] Generated /opt/rustwide/target/doc/timi/index.html
[INFO] running `Command { std: "docker" "inspect" "a9881af3643315675642eefb40d0bc9beca1c6bd282fc5c5ba6accfd9e838aa0", kill_on_drop: false }`
[INFO] running `Command { std: "docker" "rm" "-f" "a9881af3643315675642eefb40d0bc9beca1c6bd282fc5c5ba6accfd9e838aa0", kill_on_drop: false }`
[INFO] [stdout] a9881af3643315675642eefb40d0bc9beca1c6bd282fc5c5ba6accfd9e838aa0
[INFO] running `Command { std: "docker" "create" "-v" "/var/lib/crater-agent-workspace/builds/worker-5-tc1/target:/opt/rustwide/target:rw,Z" "-v" "/var/lib/crater-agent-workspace/builds/worker-5-tc1/source:/opt/rustwide/workdir:ro,Z" "-v" "/var/lib/crater-agent-workspace/cargo-home:/opt/rustwide/cargo-home:ro,Z" "-v" "/var/lib/crater-agent-workspace/rustup-home:/opt/rustwide/rustup-home:ro,Z" "-e" "SOURCE_DIR=/opt/rustwide/workdir" "-e" "CARGO_TARGET_DIR=/opt/rustwide/target" "-e" "CARGO_INCREMENTAL=0" "-e" "RUST_BACKTRACE=full" "-e" "RUSTFLAGS=--cap-lints=warn" "-e" "RUSTDOCFLAGS=--cap-lints=warn" "-e" "DOCS_RS=1" "-e" "RUSTC_BOOTSTRAP=1" "-e" "CARGO_HOME=/opt/rustwide/cargo-home" "-e" "RUSTUP_HOME=/opt/rustwide/rustup-home" "-w" "/opt/rustwide/workdir" "-m" "1610612736" "--user" "0:0" "--network" "none" "ghcr.io/rust-lang/crates-build-env/linux@sha256:2788e3201cd34a07e3172128adcd8b3090168a8e3bcc40d7c032b9dda1df7d1c" "/opt/rustwide/cargo-home/bin/cargo" "+1.75.0" "rustdoc" "--lib" "-Zrustdoc-map" "-Z" "unstable-options" "--config" "build.rustdocflags=[\"-Z\", \"unstable-options\", \"--document-private-items\"]" "--frozen" "--message-format=json", kill_on_drop: false }`
[INFO] [stdout] 5e0a272858b3103beeb72d34f0a8ede021e1c935bbd4a5480e4453081aa3b1b5
[INFO] running `Command { std: "docker" "start" "-a" "5e0a272858b3103beeb72d34f0a8ede021e1c935bbd4a5480e4453081aa3b1b5", kill_on_drop: false }`
[INFO] [stderr] Documenting timi v0.2.1 (/opt/rustwide/workdir)
[INFO] [stdout] warning: unnecessary parentheses around function argument
[INFO] [stdout] --> src/machine.rs:1507:16
[INFO] [stdout] |
[INFO] [stdout] 1507 | Ok((ListAccess::Cons(x_addr, xs_addr)))
[INFO] [stdout] | ^ ^
[INFO] [stdout] |
[INFO] [stdout] = note: `#[warn(unused_parens)]` on by default
[INFO] [stdout] help: remove these parentheses
[INFO] [stdout] |
[INFO] [stdout] 1507 - Ok((ListAccess::Cons(x_addr, xs_addr)))
[INFO] [stdout] 1507 + Ok(ListAccess::Cons(x_addr, xs_addr))
[INFO] [stdout] |
[INFO] [stdout]
[INFO] [stdout]
[INFO] [stdout] warning: unnecessary trailing semicolon
[INFO] [stdout] --> src/pretty_print.rs:100:6
[INFO] [stdout] |
[INFO] [stdout] 100 | };
[INFO] [stdout] | ^ help: remove this semicolon
[INFO] [stdout] |
[INFO] [stdout] = note: `#[warn(redundant_semicolons)]` on by default
[INFO] [stdout]
[INFO] [stdout]
[INFO] [stdout] warning: 2 warnings emitted
[INFO] [stdout]
[INFO] [stdout]
[INFO] [stderr] Finished dev [unoptimized + debuginfo] target(s) in 0.68s
[INFO] [stderr] warning: the following packages contain code that will be rejected by a future version of Rust: rustc-serialize v0.3.22
[INFO] [stderr] note: to see what the problems were, use the option `--future-incompat-report`, or run `cargo report future-incompatibilities --id 3`
[INFO] [stderr] Generated /opt/rustwide/target/doc/timi/index.html
[INFO] running `Command { std: "docker" "inspect" "5e0a272858b3103beeb72d34f0a8ede021e1c935bbd4a5480e4453081aa3b1b5", kill_on_drop: false }`
[INFO] running `Command { std: "docker" "rm" "-f" "5e0a272858b3103beeb72d34f0a8ede021e1c935bbd4a5480e4453081aa3b1b5", kill_on_drop: false }`
[INFO] [stdout] 5e0a272858b3103beeb72d34f0a8ede021e1c935bbd4a5480e4453081aa3b1b5
[INFO] documenting bollu/timi against beta-2024-01-11 for beta-1.76-rustdoc-2
[INFO] running `Command { std: "git" "clone" "/workspace/cache/git-repos/https%3A%2F%2Fgithub.com%2Fbollu%2Ftimi" "/workspace/builds/worker-5-tc2/source", kill_on_drop: false }`
[INFO] [stderr] Cloning into '/workspace/builds/worker-5-tc2/source'...
[INFO] [stderr] done.
[INFO] validating manifest of git repo https://github.com/bollu/timi on toolchain beta-2024-01-11
[INFO] running `Command { std: CARGO_HOME="/workspace/cargo-home" RUSTUP_HOME="/workspace/rustup-home" "/workspace/cargo-home/bin/cargo" "+beta-2024-01-11" "metadata" "--manifest-path" "Cargo.toml" "--no-deps", kill_on_drop: false }`
[INFO] started tweaking git repo https://github.com/bollu/timi
[INFO] finished tweaking git repo https://github.com/bollu/timi
[INFO] tweaked toml for git repo https://github.com/bollu/timi written to /workspace/builds/worker-5-tc2/source/Cargo.toml
[INFO] crate git repo https://github.com/bollu/timi already has a lockfile, it will not be regenerated
[INFO] running `Command { std: CARGO_HOME="/workspace/cargo-home" RUSTUP_HOME="/workspace/rustup-home" "/workspace/cargo-home/bin/cargo" "+beta-2024-01-11" "fetch" "--manifest-path" "Cargo.toml", kill_on_drop: false }`
[INFO] running `Command { std: "docker" "create" "-v" "/var/lib/crater-agent-workspace/builds/worker-5-tc2/target:/opt/rustwide/target:rw,Z" "-v" "/var/lib/crater-agent-workspace/builds/worker-5-tc2/source:/opt/rustwide/workdir:ro,Z" "-v" "/var/lib/crater-agent-workspace/cargo-home:/opt/rustwide/cargo-home:ro,Z" "-v" "/var/lib/crater-agent-workspace/rustup-home:/opt/rustwide/rustup-home:ro,Z" "-e" "SOURCE_DIR=/opt/rustwide/workdir" "-e" "CARGO_TARGET_DIR=/opt/rustwide/target" "-e" "CARGO_HOME=/opt/rustwide/cargo-home" "-e" "RUSTUP_HOME=/opt/rustwide/rustup-home" "-w" "/opt/rustwide/workdir" "-m" "1610612736" "--user" "0:0" "--network" "none" "ghcr.io/rust-lang/crates-build-env/linux@sha256:2788e3201cd34a07e3172128adcd8b3090168a8e3bcc40d7c032b9dda1df7d1c" "/opt/rustwide/cargo-home/bin/cargo" "+beta-2024-01-11" "metadata" "--no-deps" "--format-version=1", kill_on_drop: false }`
[INFO] [stdout] ac6bb08e9578e7c6e7464c01025d463f2584f8d045a4d577055d2cb37bbd0081
[INFO] running `Command { std: "docker" "start" "-a" "ac6bb08e9578e7c6e7464c01025d463f2584f8d045a4d577055d2cb37bbd0081", kill_on_drop: false }`
[INFO] running `Command { std: "docker" "inspect" "ac6bb08e9578e7c6e7464c01025d463f2584f8d045a4d577055d2cb37bbd0081", kill_on_drop: false }`
[INFO] running `Command { std: "docker" "rm" "-f" "ac6bb08e9578e7c6e7464c01025d463f2584f8d045a4d577055d2cb37bbd0081", kill_on_drop: false }`
[INFO] [stdout] ac6bb08e9578e7c6e7464c01025d463f2584f8d045a4d577055d2cb37bbd0081
[INFO] running `Command { std: "docker" "create" "-v" "/var/lib/crater-agent-workspace/builds/worker-5-tc2/target:/opt/rustwide/target:rw,Z" "-v" "/var/lib/crater-agent-workspace/builds/worker-5-tc2/source:/opt/rustwide/workdir:ro,Z" "-v" "/var/lib/crater-agent-workspace/cargo-home:/opt/rustwide/cargo-home:ro,Z" "-v" "/var/lib/crater-agent-workspace/rustup-home:/opt/rustwide/rustup-home:ro,Z" "-e" "SOURCE_DIR=/opt/rustwide/workdir" "-e" "CARGO_TARGET_DIR=/opt/rustwide/target" "-e" "CARGO_INCREMENTAL=0" "-e" "RUST_BACKTRACE=full" "-e" "RUSTFLAGS=--cap-lints=warn" "-e" "RUSTDOCFLAGS=--cap-lints=warn" "-e" "CARGO_HOME=/opt/rustwide/cargo-home" "-e" "RUSTUP_HOME=/opt/rustwide/rustup-home" "-w" "/opt/rustwide/workdir" "-m" "1610612736" "--user" "0:0" "--network" "none" "ghcr.io/rust-lang/crates-build-env/linux@sha256:2788e3201cd34a07e3172128adcd8b3090168a8e3bcc40d7c032b9dda1df7d1c" "/opt/rustwide/cargo-home/bin/cargo" "+beta-2024-01-11" "doc" "--frozen" "--no-deps" "--document-private-items" "--message-format=json", kill_on_drop: false }`
[INFO] [stdout] 994dcc5ae5c983601ee55b7482fdbec5b90de2fce38ba0a29c78d6afeb58e4db
[INFO] running `Command { std: "docker" "start" "-a" "994dcc5ae5c983601ee55b7482fdbec5b90de2fce38ba0a29c78d6afeb58e4db", kill_on_drop: false }`
[INFO] [stderr] Compiling winapi-build v0.1.1
[INFO] [stderr] Checking libc v0.2.20
[INFO] [stderr] Checking winapi v0.2.8
[INFO] [stderr] Checking rustc-serialize v0.3.22
[INFO] [stderr] Checking unicode-width v0.1.4
[INFO] [stderr] Checking byteorder v0.5.3
[INFO] [stderr] Checking bitflags v0.4.0
[INFO] [stderr] Checking encode_unicode v0.2.0
[INFO] [stderr] Checking lazy_static v0.2.2
[INFO] [stderr] Checking encode_unicode v0.1.3
[INFO] [stderr] Checking ansi_term v0.9.0
[INFO] [stderr] Compiling kernel32-sys v0.2.2
[INFO] [stdout] error[E0310]: the parameter type `T` may not live long enough
[INFO] [stdout] --> /opt/rustwide/cargo-home/registry/src/index.crates.io-6f17d22bba15001f/rustc-serialize-0.3.22/src/serialize.rs:1155:5
[INFO] [stdout] |
[INFO] [stdout] 1155 | fn decode(d: &mut D) -> Result, D::Error> {
[INFO] [stdout] | ^^^^^^^^^^^^^^^^^^^^^^^^^^^^^^^^^^^^^^^^^^^^^^^^^^^^^^^^^^^^^^^^^^^^^
[INFO] [stdout] | |
[INFO] [stdout] | the parameter type `T` must be valid for the static lifetime...
[INFO] [stdout] | ...so that the type `T` will meet its required lifetime bounds...
[INFO] [stdout] |
[INFO] [stdout] note: ...that is required by this bound
[INFO] [stdout] --> /rustc/3a3478ec4f1acb7c16292eb2f44069f943525728/library/alloc/src/borrow.rs:180:30
[INFO] [stdout] help: consider adding an explicit lifetime bound
[INFO] [stdout] |
[INFO] [stdout] 1151 | impl<'a, T: ?Sized + 'static> Decodable for Cow<'a, T>
[INFO] [stdout] | +++++++++
[INFO] [stdout]
[INFO] [stdout]
[INFO] [stderr] Checking atty v0.2.2
[INFO] [stderr] Checking nix v0.5.1
[INFO] [stderr] Checking rand v0.3.15
[INFO] [stderr] Checking term v0.4.4
[INFO] [stdout] error: aborting due to 1 previous error
[INFO] [stdout]
[INFO] [stdout]
[INFO] [stdout] For more information about this error, try `rustc --explain E0310`.
[INFO] [stdout]
[INFO] [stderr] error: could not compile `rustc-serialize` (lib) due to 2 previous errors
[INFO] [stderr] warning: build failed, waiting for other jobs to finish...
[INFO] running `Command { std: "docker" "inspect" "994dcc5ae5c983601ee55b7482fdbec5b90de2fce38ba0a29c78d6afeb58e4db", kill_on_drop: false }`
[INFO] running `Command { std: "docker" "rm" "-f" "994dcc5ae5c983601ee55b7482fdbec5b90de2fce38ba0a29c78d6afeb58e4db", kill_on_drop: false }`
[INFO] [stdout] 994dcc5ae5c983601ee55b7482fdbec5b90de2fce38ba0a29c78d6afeb58e4db