[INFO] cloning repository https://github.com/vijfhoek/minecrab
[INFO] running `Command { std: "git" "-c" "credential.helper=" "-c" "credential.helper=/workspace/cargo-home/bin/git-credential-null" "clone" "--bare" "https://github.com/vijfhoek/minecrab" "/workspace/cache/git-repos/https%3A%2F%2Fgithub.com%2Fvijfhoek%2Fminecrab", kill_on_drop: false }`
[INFO] [stderr] Cloning into bare repository '/workspace/cache/git-repos/https%3A%2F%2Fgithub.com%2Fvijfhoek%2Fminecrab'...
[INFO] running `Command { std: "git" "rev-parse" "HEAD", kill_on_drop: false }`
[INFO] [stdout] c3701fa9552b0f73e83ae3ffe8e0b8e10a43ef79
[INFO] documenting vijfhoek/minecrab against 1.75.0 for beta-1.76-rustdoc-1
[INFO] running `Command { std: "git" "clone" "/workspace/cache/git-repos/https%3A%2F%2Fgithub.com%2Fvijfhoek%2Fminecrab" "/workspace/builds/worker-2-tc1/source", kill_on_drop: false }`
[INFO] [stderr] Cloning into '/workspace/builds/worker-2-tc1/source'...
[INFO] [stderr] done.
[INFO] validating manifest of git repo https://github.com/vijfhoek/minecrab on toolchain 1.75.0
[INFO] running `Command { std: CARGO_HOME="/workspace/cargo-home" RUSTUP_HOME="/workspace/rustup-home" "/workspace/cargo-home/bin/cargo" "+1.75.0" "metadata" "--manifest-path" "Cargo.toml" "--no-deps", kill_on_drop: false }`
[INFO] started tweaking git repo https://github.com/vijfhoek/minecrab
[INFO] finished tweaking git repo https://github.com/vijfhoek/minecrab
[INFO] tweaked toml for git repo https://github.com/vijfhoek/minecrab written to /workspace/builds/worker-2-tc1/source/Cargo.toml
[INFO] crate git repo https://github.com/vijfhoek/minecrab already has a lockfile, it will not be regenerated
[INFO] running `Command { std: CARGO_HOME="/workspace/cargo-home" RUSTUP_HOME="/workspace/rustup-home" "/workspace/cargo-home/bin/cargo" "+1.75.0" "fetch" "--manifest-path" "Cargo.toml", kill_on_drop: false }`
[INFO] running `Command { std: "docker" "create" "-v" "/var/lib/crater-agent-workspace/builds/worker-2-tc1/target:/opt/rustwide/target:rw,Z" "-v" "/var/lib/crater-agent-workspace/builds/worker-2-tc1/source:/opt/rustwide/workdir:ro,Z" "-v" "/var/lib/crater-agent-workspace/cargo-home:/opt/rustwide/cargo-home:ro,Z" "-v" "/var/lib/crater-agent-workspace/rustup-home:/opt/rustwide/rustup-home:ro,Z" "-e" "SOURCE_DIR=/opt/rustwide/workdir" "-e" "CARGO_TARGET_DIR=/opt/rustwide/target" "-e" "CARGO_HOME=/opt/rustwide/cargo-home" "-e" "RUSTUP_HOME=/opt/rustwide/rustup-home" "-w" "/opt/rustwide/workdir" "-m" "1610612736" "--user" "0:0" "--network" "none" "ghcr.io/rust-lang/crates-build-env/linux@sha256:2788e3201cd34a07e3172128adcd8b3090168a8e3bcc40d7c032b9dda1df7d1c" "/opt/rustwide/cargo-home/bin/cargo" "+1.75.0" "metadata" "--no-deps" "--format-version=1", kill_on_drop: false }`
[INFO] [stdout] 19e471069238ba39d002c127e27e2e0c5767700fc29d5cfb88774257a67e39cc
[INFO] running `Command { std: "docker" "start" "-a" "19e471069238ba39d002c127e27e2e0c5767700fc29d5cfb88774257a67e39cc", kill_on_drop: false }`
[INFO] running `Command { std: "docker" "inspect" "19e471069238ba39d002c127e27e2e0c5767700fc29d5cfb88774257a67e39cc", kill_on_drop: false }`
[INFO] running `Command { std: "docker" "rm" "-f" "19e471069238ba39d002c127e27e2e0c5767700fc29d5cfb88774257a67e39cc", kill_on_drop: false }`
[INFO] [stdout] 19e471069238ba39d002c127e27e2e0c5767700fc29d5cfb88774257a67e39cc
[INFO] running `Command { std: "docker" "create" "-v" "/var/lib/crater-agent-workspace/builds/worker-2-tc1/target:/opt/rustwide/target:rw,Z" "-v" "/var/lib/crater-agent-workspace/builds/worker-2-tc1/source:/opt/rustwide/workdir:ro,Z" "-v" "/var/lib/crater-agent-workspace/cargo-home:/opt/rustwide/cargo-home:ro,Z" "-v" "/var/lib/crater-agent-workspace/rustup-home:/opt/rustwide/rustup-home:ro,Z" "-e" "SOURCE_DIR=/opt/rustwide/workdir" "-e" "CARGO_TARGET_DIR=/opt/rustwide/target" "-e" "CARGO_INCREMENTAL=0" "-e" "RUST_BACKTRACE=full" "-e" "RUSTFLAGS=--cap-lints=warn" "-e" "RUSTDOCFLAGS=--cap-lints=warn" "-e" "CARGO_HOME=/opt/rustwide/cargo-home" "-e" "RUSTUP_HOME=/opt/rustwide/rustup-home" "-w" "/opt/rustwide/workdir" "-m" "1610612736" "--user" "0:0" "--network" "none" "ghcr.io/rust-lang/crates-build-env/linux@sha256:2788e3201cd34a07e3172128adcd8b3090168a8e3bcc40d7c032b9dda1df7d1c" "/opt/rustwide/cargo-home/bin/cargo" "+1.75.0" "doc" "--frozen" "--no-deps" "--document-private-items" "--message-format=json", kill_on_drop: false }`
[INFO] [stdout] 3ad899ff27916d7987bb274c49f833f4864d66f7203eb44c5c6411203dd034d4
[INFO] running `Command { std: "docker" "start" "-a" "3ad899ff27916d7987bb274c49f833f4864d66f7203eb44c5c6411203dd034d4", kill_on_drop: false }`
[INFO] [stderr]    Compiling autocfg v1.0.1
[INFO] [stderr]     Checking cfg-if v1.0.0
[INFO] [stderr]    Compiling libc v0.2.105
[INFO] [stderr]    Compiling proc-macro2 v1.0.32
[INFO] [stderr]    Compiling unicode-xid v0.2.2
[INFO] [stderr]    Compiling syn v1.0.81
[INFO] [stderr]     Checking bitflags v1.3.2
[INFO] [stderr]     Checking lazy_static v1.4.0
[INFO] [stderr]     Checking scopeguard v1.1.0
[INFO] [stderr]    Compiling crossbeam-utils v0.8.5
[INFO] [stderr]    Compiling crossbeam-epoch v0.9.5
[INFO] [stderr]    Compiling log v0.4.14
[INFO] [stderr]    Compiling memchr v2.4.1
[INFO] [stderr]     Checking byteorder v1.4.3
[INFO] [stderr]    Compiling pkg-config v0.3.22
[INFO] [stderr]     Checking smallvec v1.7.0
[INFO] [stderr]     Checking libloading v0.7.1
[INFO] [stderr]    Compiling xml-rs v0.8.4
[INFO] [stderr]    Compiling rayon-core v1.9.1
[INFO] [stderr]    Compiling parking_lot_core v0.8.5
[INFO] [stderr]     Checking dlib v0.5.0
[INFO] [stderr]     Checking instant v0.1.12
[INFO] [stderr]    Compiling crc32fast v1.2.1
[INFO] [stderr]    Compiling version_check v0.9.3
[INFO] [stderr]    Compiling serde_derive v1.0.130
[INFO] [stderr]    Compiling getrandom v0.1.16
[INFO] [stderr]     Checking either v1.6.1
[INFO] [stderr]     Checking lock_api v0.4.5
[INFO] [stderr]    Compiling serde v1.0.130
[INFO] [stderr]    Compiling futures-core v0.3.17
[INFO] [stderr]     Checking crossbeam-channel v0.5.1
[INFO] [stderr]     Checking termcolor v1.1.2
[INFO] [stderr]     Checking adler32 v1.2.0
[INFO] [stderr]    Compiling proc-macro-hack v0.5.19
[INFO] [stderr]     Checking once_cell v1.8.0
[INFO] [stderr]     Checking fxhash v0.2.1
[INFO] [stderr]     Checking unicode-width v0.1.9
[INFO] [stderr]     Checking minimal-lexical v0.1.4
[INFO] [stderr]     Checking weezl v0.1.5
[INFO] [stderr]     Checking scoped-tls v1.0.0
[INFO] [stderr]    Compiling proc-macro-nested v0.1.7
[INFO] [stderr]     Checking adler v1.0.2
[INFO] [stderr]     Checking ttf-parser v0.6.2
[INFO] [stderr]    Compiling crossbeam-queue v0.3.2
[INFO] [stderr]    Compiling futures-channel v0.3.17
[INFO] [stderr]    Compiling nix v0.18.0
[INFO] [stderr]    Compiling khronos-egl v4.1.0
[INFO] [stderr]    Compiling futures-task v0.3.17
[INFO] [stderr]    Compiling ryu v1.0.5
[INFO] [stderr]    Compiling quote v1.0.10
[INFO] [stderr]    Compiling num-traits v0.2.14
[INFO] [stderr]    Compiling memoffset v0.6.4
[INFO] [stderr]    Compiling jobserver v0.1.24
[INFO] [stderr]    Compiling rayon v1.5.1
[INFO] [stderr]    Compiling num-integer v0.1.44
[INFO] [stderr]    Compiling indexmap v1.7.0
[INFO] [stderr]    Compiling miniz_oxide v0.4.4
[INFO] [stderr]    Compiling wayland-scanner v0.28.6
[INFO] [stderr]    Compiling cc v1.0.71
[INFO] [stderr]    Compiling nom v7.0.0
[INFO] [stderr]    Compiling num-iter v0.1.42
[INFO] [stderr]    Compiling num-rational v0.3.2
[INFO] [stderr]    Compiling futures-macro v0.3.17
[INFO] [stderr]     Checking ahash v0.4.7
[INFO] [stderr]     Checking num_cpus v1.13.0
[INFO] [stderr]    Compiling wayland-sys v0.28.6
[INFO] [stderr]     Checking crossbeam-deque v0.8.1
[INFO] [stderr]     Checking nix v0.20.0
[INFO] [stderr]     Checking dirs-sys v0.3.6
[INFO] [stderr]     Checking hashbrown v0.11.2
[INFO] [stderr]     Checking bit-vec v0.6.3
[INFO] [stderr]     Checking parking_lot v0.11.2
[INFO] [stderr]     Checking downcast-rs v1.2.0
[INFO] [stderr]     Checking dirs v3.0.2
[INFO] [stderr]     Checking rand_core v0.5.1
[INFO] [stderr]     Checking hashbrown v0.9.1
[INFO] [stderr]     Checking owned_ttf_parser v0.6.0
[INFO] [stderr]     Checking bit-set v0.5.2
[INFO] [stderr]     Checking raw-window-handle v0.3.3
[INFO] [stderr]    Compiling futures-util v0.3.17
[INFO] [stderr]     Checking spirv v0.2.0+1.5.4
[INFO] [stderr]     Checking codespan-reporting v0.11.1
[INFO] [stderr]     Checking deflate v0.8.6
[INFO] [stderr]     Checking miniz_oxide v0.3.7
[INFO] [stderr]     Checking gpu-descriptor-types v0.1.1
[INFO] [stderr]     Checking gpu-alloc-types v0.2.0
[INFO] [stderr]     Checking color_quant v1.1.0
[INFO] [stderr]    Compiling zstd-safe v4.1.1+zstd.1.5.0
[INFO] [stderr]     Checking futures-sink v0.3.17
[INFO] [stderr]     Checking hexf-parse v0.2.1
[INFO] [stderr]     Checking cfg-if v0.1.10
[INFO] [stderr]     Checking same-file v1.0.6
[INFO] [stderr]    Compiling serde_json v1.0.68
[INFO] [stderr]     Checking ab_glyph_rasterizer v0.1.4
[INFO] [stderr]    Compiling cfg_aliases v0.1.1
[INFO] [stderr]    Compiling wgpu-core v0.11.2
[INFO] [stderr]     Checking walkdir v2.3.2
[INFO] [stderr]     Checking rusttype v0.9.2
[INFO] [stderr]     Checking png v0.16.8
[INFO] [stderr]     Checking gif v0.11.3
[INFO] [stderr]     Checking gpu-alloc v0.5.2
[INFO] [stderr]     Checking gpu-descriptor v0.2.1
[INFO] [stderr]     Checking xdg v2.4.0
[INFO] [stderr]    Compiling x11-dl v2.19.1
[INFO] [stderr]     Checking ash v0.33.3+1.2.191
[INFO] [stderr]     Checking wgpu-types v0.11.0
[INFO] [stderr]     Checking libloading v0.6.7
[INFO] [stderr]     Checking profiling v1.0.3
[INFO] [stderr]     Checking pin-project-lite v0.2.7
[INFO] [stderr]     Checking itoa v0.4.8
[INFO] [stderr]     Checking ppv-lite86 v0.2.15
[INFO] [stderr]     Checking pin-utils v0.1.0
[INFO] [stderr]     Checking futures-io v0.3.17
[INFO] [stderr]     Checking xcursor v0.3.4
[INFO] [stderr]     Checking slab v0.4.5
[INFO] [stderr]     Checking scoped_threadpool v0.1.9
[INFO] [stderr]     Checking glow v0.11.0
[INFO] [stderr]    Compiling inflections v1.1.1
[INFO] [stderr]     Checking renderdoc-sys v0.7.1
[INFO] [stderr]     Checking inplace_it v0.3.3
[INFO] [stderr]     Checking arrayvec v0.7.1
[INFO] [stderr]     Checking rand_chacha v0.2.2
[INFO] [stderr]     Checking dlib v0.4.2
[INFO] [stderr]     Checking crossbeam v0.8.1
[INFO] [stderr]     Checking mio v0.7.14
[INFO] [stderr]     Checking memmap2 v0.1.0
[INFO] [stderr]     Checking aho-corasick v0.7.18
[INFO] [stderr]     Checking andrew v0.3.1
[INFO] [stderr]    Compiling cgmath v0.18.0
[INFO] [stderr]     Checking regex-syntax v0.6.25
[INFO] [stderr]     Checking jpeg-decoder v0.1.22
[INFO] [stderr]     Checking copyless v0.1.5
[INFO] [stderr]    Compiling winit v0.25.0
[INFO] [stderr]    Compiling anyhow v1.0.44
[INFO] [stderr]     Checking mio-misc v1.2.1
[INFO] [stderr]     Checking rand v0.7.3
[INFO] [stderr]     Checking tiff v0.6.1
[INFO] [stderr]     Checking approx v0.4.0
[INFO] [stderr]     Checking rmp v0.8.10
[INFO] [stderr]     Checking rand_xorshift v0.2.0
[INFO] [stderr]     Checking fs2 v0.4.3
[INFO] [stderr]     Checking atty v0.2.14
[INFO] [stderr]     Checking percent-encoding v2.1.0
[INFO] [stderr]     Checking base64 v0.12.3
[INFO] [stderr]     Checking wayland-commons v0.28.6
[INFO] [stderr]     Checking humantime v2.1.0
[INFO] [stderr]     Checking itertools v0.10.1
[INFO] [stderr]     Checking regex v1.5.4
[INFO] [stderr]    Compiling wayland-client v0.28.6
[INFO] [stderr]    Compiling wayland-protocols v0.28.6
[INFO] [stderr]    Compiling zstd-sys v1.6.1+zstd.1.5.0
[INFO] [stderr]     Checking calloop v0.6.5
[INFO] [stderr]     Checking env_logger v0.9.0
[INFO] [stderr]     Checking wayland-cursor v0.28.6
[INFO] [stderr]    Compiling thiserror-impl v1.0.30
[INFO] [stderr]    Compiling bytemuck_derive v1.0.1
[INFO] [stderr]    Compiling gltf-derive v0.16.0
[INFO] [stderr]    Compiling serde_repr v0.1.7
[INFO] [stderr]     Checking bytemuck v1.7.2
[INFO] [stderr]     Checking image v0.23.14
[INFO] [stderr]     Checking thiserror v1.0.30
[INFO] [stderr]     Checking naga v0.7.1
[INFO] [stderr]     Checking noise v0.7.0
[INFO] [stderr]     Checking futures-executor v0.3.17
[INFO] [stderr]     Checking futures v0.3.17
[INFO] [stderr]     Checking wgpu-hal v0.11.4
[INFO] [stderr]     Checking rmp-serde v0.15.5
[INFO] [stderr]     Checking gltf-json v0.16.0
[INFO] [stderr]     Checking wgpu v0.11.0
[INFO] [stderr]     Checking gltf v0.16.0
[INFO] [stderr]     Checking zstd v0.9.0+zstd.1.5.0
[INFO] [stderr]     Checking sled v0.34.7
[INFO] [stderr]     Checking smithay-client-toolkit v0.12.3
[INFO] [stderr]  Documenting minecrab v0.1.0 (/opt/rustwide/workdir)
[INFO] [stderr]     Finished dev [unoptimized + debuginfo] target(s) in 43.21s
[INFO] [stderr]    Generated /opt/rustwide/target/doc/minecrab/index.html
[INFO] running `Command { std: "docker" "inspect" "3ad899ff27916d7987bb274c49f833f4864d66f7203eb44c5c6411203dd034d4", kill_on_drop: false }`
[INFO] running `Command { std: "docker" "rm" "-f" "3ad899ff27916d7987bb274c49f833f4864d66f7203eb44c5c6411203dd034d4", kill_on_drop: false }`
[INFO] [stdout] 3ad899ff27916d7987bb274c49f833f4864d66f7203eb44c5c6411203dd034d4
[INFO] documenting vijfhoek/minecrab against beta-2023-12-22 for beta-1.76-rustdoc-1
[INFO] running `Command { std: "git" "clone" "/workspace/cache/git-repos/https%3A%2F%2Fgithub.com%2Fvijfhoek%2Fminecrab" "/workspace/builds/worker-2-tc2/source", kill_on_drop: false }`
[INFO] [stderr] Cloning into '/workspace/builds/worker-2-tc2/source'...
[INFO] [stderr] done.
[INFO] validating manifest of git repo https://github.com/vijfhoek/minecrab on toolchain beta-2023-12-22
[INFO] running `Command { std: CARGO_HOME="/workspace/cargo-home" RUSTUP_HOME="/workspace/rustup-home" "/workspace/cargo-home/bin/cargo" "+beta-2023-12-22" "metadata" "--manifest-path" "Cargo.toml" "--no-deps", kill_on_drop: false }`
[INFO] started tweaking git repo https://github.com/vijfhoek/minecrab
[INFO] finished tweaking git repo https://github.com/vijfhoek/minecrab
[INFO] tweaked toml for git repo https://github.com/vijfhoek/minecrab written to /workspace/builds/worker-2-tc2/source/Cargo.toml
[INFO] crate git repo https://github.com/vijfhoek/minecrab already has a lockfile, it will not be regenerated
[INFO] running `Command { std: CARGO_HOME="/workspace/cargo-home" RUSTUP_HOME="/workspace/rustup-home" "/workspace/cargo-home/bin/cargo" "+beta-2023-12-22" "fetch" "--manifest-path" "Cargo.toml", kill_on_drop: false }`
[INFO] running `Command { std: "docker" "create" "-v" "/var/lib/crater-agent-workspace/builds/worker-2-tc2/target:/opt/rustwide/target:rw,Z" "-v" "/var/lib/crater-agent-workspace/builds/worker-2-tc2/source:/opt/rustwide/workdir:ro,Z" "-v" "/var/lib/crater-agent-workspace/cargo-home:/opt/rustwide/cargo-home:ro,Z" "-v" "/var/lib/crater-agent-workspace/rustup-home:/opt/rustwide/rustup-home:ro,Z" "-e" "SOURCE_DIR=/opt/rustwide/workdir" "-e" "CARGO_TARGET_DIR=/opt/rustwide/target" "-e" "CARGO_HOME=/opt/rustwide/cargo-home" "-e" "RUSTUP_HOME=/opt/rustwide/rustup-home" "-w" "/opt/rustwide/workdir" "-m" "1610612736" "--user" "0:0" "--network" "none" "ghcr.io/rust-lang/crates-build-env/linux@sha256:2788e3201cd34a07e3172128adcd8b3090168a8e3bcc40d7c032b9dda1df7d1c" "/opt/rustwide/cargo-home/bin/cargo" "+beta-2023-12-22" "metadata" "--no-deps" "--format-version=1", kill_on_drop: false }`
[INFO] [stdout] 2328910504ffcbef34c277d35e2cda1bba300a03d80248ad3fe13f3bfea4512b
[INFO] running `Command { std: "docker" "start" "-a" "2328910504ffcbef34c277d35e2cda1bba300a03d80248ad3fe13f3bfea4512b", kill_on_drop: false }`
[INFO] running `Command { std: "docker" "inspect" "2328910504ffcbef34c277d35e2cda1bba300a03d80248ad3fe13f3bfea4512b", kill_on_drop: false }`
[INFO] running `Command { std: "docker" "rm" "-f" "2328910504ffcbef34c277d35e2cda1bba300a03d80248ad3fe13f3bfea4512b", kill_on_drop: false }`
[INFO] [stdout] 2328910504ffcbef34c277d35e2cda1bba300a03d80248ad3fe13f3bfea4512b
[INFO] running `Command { std: "docker" "create" "-v" "/var/lib/crater-agent-workspace/builds/worker-2-tc2/target:/opt/rustwide/target:rw,Z" "-v" "/var/lib/crater-agent-workspace/builds/worker-2-tc2/source:/opt/rustwide/workdir:ro,Z" "-v" "/var/lib/crater-agent-workspace/cargo-home:/opt/rustwide/cargo-home:ro,Z" "-v" "/var/lib/crater-agent-workspace/rustup-home:/opt/rustwide/rustup-home:ro,Z" "-e" "SOURCE_DIR=/opt/rustwide/workdir" "-e" "CARGO_TARGET_DIR=/opt/rustwide/target" "-e" "CARGO_INCREMENTAL=0" "-e" "RUST_BACKTRACE=full" "-e" "RUSTFLAGS=--cap-lints=warn" "-e" "RUSTDOCFLAGS=--cap-lints=warn" "-e" "CARGO_HOME=/opt/rustwide/cargo-home" "-e" "RUSTUP_HOME=/opt/rustwide/rustup-home" "-w" "/opt/rustwide/workdir" "-m" "1610612736" "--user" "0:0" "--network" "none" "ghcr.io/rust-lang/crates-build-env/linux@sha256:2788e3201cd34a07e3172128adcd8b3090168a8e3bcc40d7c032b9dda1df7d1c" "/opt/rustwide/cargo-home/bin/cargo" "+beta-2023-12-22" "doc" "--frozen" "--no-deps" "--document-private-items" "--message-format=json", kill_on_drop: false }`
[INFO] [stdout] e6aaf41c0d5ddf40411290d5c0c3e8eadabc92433646cdaa91c4ff8697d24818
[INFO] running `Command { std: "docker" "start" "-a" "e6aaf41c0d5ddf40411290d5c0c3e8eadabc92433646cdaa91c4ff8697d24818", kill_on_drop: false }`
[INFO] [stderr]    Compiling autocfg v1.0.1
[INFO] [stderr]     Checking cfg-if v1.0.0
[INFO] [stderr]    Compiling libc v0.2.105
[INFO] [stderr]    Compiling proc-macro2 v1.0.32
[INFO] [stderr]    Compiling unicode-xid v0.2.2
[INFO] [stderr]     Checking bitflags v1.3.2
[INFO] [stderr]    Compiling syn v1.0.81
[INFO] [stderr]     Checking lazy_static v1.4.0
[INFO] [stderr]     Checking scopeguard v1.1.0
[INFO] [stderr]    Compiling crossbeam-utils v0.8.5
[INFO] [stderr]    Compiling crossbeam-epoch v0.9.5
[INFO] [stderr]    Compiling memchr v2.4.1
[INFO] [stderr]    Compiling log v0.4.14
[INFO] [stderr]     Checking byteorder v1.4.3
[INFO] [stderr]    Compiling pkg-config v0.3.22
[INFO] [stderr]     Checking smallvec v1.7.0
[INFO] [stderr]     Checking libloading v0.7.1
[INFO] [stderr]    Compiling xml-rs v0.8.4
[INFO] [stderr]    Compiling rayon-core v1.9.1
[INFO] [stderr]    Compiling parking_lot_core v0.8.5
[INFO] [stderr]     Checking dlib v0.5.0
[INFO] [stderr]     Checking instant v0.1.12
[INFO] [stderr]    Compiling version_check v0.9.3
[INFO] [stderr]    Compiling crc32fast v1.2.1
[INFO] [stderr]    Compiling serde_derive v1.0.130
[INFO] [stderr]    Compiling getrandom v0.1.16
[INFO] [stderr]     Checking either v1.6.1
[INFO] [stderr]     Checking lock_api v0.4.5
[INFO] [stderr]    Compiling serde v1.0.130
[INFO] [stderr]     Checking adler32 v1.2.0
[INFO] [stderr]    Compiling futures-core v0.3.17
[INFO] [stderr]     Checking crossbeam-channel v0.5.1
[INFO] [stderr]    Compiling proc-macro-hack v0.5.19
[INFO] [stderr]     Checking once_cell v1.8.0
[INFO] [stderr]     Checking termcolor v1.1.2
[INFO] [stderr]     Checking fxhash v0.2.1
[INFO] [stderr]     Checking bit-vec v0.6.3
[INFO] [stderr]     Checking unicode-width v0.1.9
[INFO] [stderr]    Compiling proc-macro-nested v0.1.7
[INFO] [stderr]     Checking ahash v0.4.7
[INFO] [stderr]    Compiling nix v0.18.0
[INFO] [stderr]     Checking weezl v0.1.5
[INFO] [stderr]    Compiling crossbeam-queue v0.3.2
[INFO] [stderr]    Compiling futures-channel v0.3.17
[INFO] [stderr]     Checking adler v1.0.2
[INFO] [stderr]     Checking downcast-rs v1.2.0
[INFO] [stderr]     Checking minimal-lexical v0.1.4
[INFO] [stderr]     Checking ttf-parser v0.6.2
[INFO] [stderr]    Compiling khronos-egl v4.1.0
[INFO] [stderr]     Checking scoped-tls v1.0.0
[INFO] [stderr]    Compiling futures-task v0.3.17
[INFO] [stderr]    Compiling quote v1.0.10
[INFO] [stderr]    Compiling jobserver v0.1.24
[INFO] [stderr]    Compiling ryu v1.0.5
[INFO] [stderr]     Checking hashbrown v0.11.2
[INFO] [stderr]     Checking hashbrown v0.9.1
[INFO] [stderr]     Checking bit-set v0.5.2
[INFO] [stderr]    Compiling num-traits v0.2.14
[INFO] [stderr]    Compiling memoffset v0.6.4
[INFO] [stderr]    Compiling wayland-scanner v0.28.6
[INFO] [stderr]    Compiling cc v1.0.71
[INFO] [stderr]    Compiling num-integer v0.1.44
[INFO] [stderr]    Compiling rayon v1.5.1
[INFO] [stderr]    Compiling nom v7.0.0
[INFO] [stderr]     Checking num_cpus v1.13.0
[INFO] [stderr]     Checking crossbeam-deque v0.8.1
[INFO] [stderr]     Checking nix v0.20.0
[INFO] [stderr]    Compiling wayland-sys v0.28.6
[INFO] [stderr]    Compiling indexmap v1.7.0
[INFO] [stderr]    Compiling miniz_oxide v0.4.4
[INFO] [stderr]     Checking parking_lot v0.11.2
[INFO] [stderr]     Checking dirs-sys v0.3.6
[INFO] [stderr]    Compiling futures-macro v0.3.17
[INFO] [stderr]    Compiling num-iter v0.1.42
[INFO] [stderr]    Compiling num-rational v0.3.2
[INFO] [stderr]     Checking rand_core v0.5.1
[INFO] [stderr]     Checking spirv v0.2.0+1.5.4
[INFO] [stderr]     Checking dirs v3.0.2
[INFO] [stderr]     Checking owned_ttf_parser v0.6.0
[INFO] [stderr]     Checking raw-window-handle v0.3.3
[INFO] [stderr]    Compiling futures-util v0.3.17
[INFO] [stderr]     Checking codespan-reporting v0.11.1
[INFO] [stderr]     Checking miniz_oxide v0.3.7
[INFO] [stderr]     Checking deflate v0.8.6
[INFO] [stderr]     Checking gpu-alloc-types v0.2.0
[INFO] [stderr]     Checking gpu-descriptor-types v0.1.1
[INFO] [stderr]     Checking same-file v1.0.6
[INFO] [stderr]    Compiling zstd-safe v4.1.1+zstd.1.5.0
[INFO] [stderr]     Checking cfg-if v0.1.10
[INFO] [stderr]    Compiling cfg_aliases v0.1.1
[INFO] [stderr]     Checking hexf-parse v0.2.1
[INFO] [stderr]     Checking ab_glyph_rasterizer v0.1.4
[INFO] [stderr]    Compiling serde_json v1.0.68
[INFO] [stderr]     Checking futures-sink v0.3.17
[INFO] [stderr]     Checking color_quant v1.1.0
[INFO] [stderr]     Checking rusttype v0.9.2
[INFO] [stderr]    Compiling wgpu-core v0.11.2
[INFO] [stderr]     Checking png v0.16.8
[INFO] [stderr]     Checking gif v0.11.3
[INFO] [stderr]     Checking walkdir v2.3.2
[INFO] [stderr]     Checking gpu-descriptor v0.2.1
[INFO] [stderr]     Checking gpu-alloc v0.5.2
[INFO] [stderr]     Checking xdg v2.4.0
[INFO] [stderr]    Compiling x11-dl v2.19.1
[INFO] [stderr]     Checking ash v0.33.3+1.2.191
[INFO] [stderr]     Checking wgpu-types v0.11.0
[INFO] [stderr]     Checking libloading v0.6.7
[INFO] [stderr]     Checking pin-project-lite v0.2.7
[INFO] [stderr]     Checking profiling v1.0.3
[INFO] [stderr]     Checking itoa v0.4.8
[INFO] [stderr]     Checking arrayvec v0.7.1
[INFO] [stderr]     Checking slab v0.4.5
[INFO] [stderr]     Checking pin-utils v0.1.0
[INFO] [stderr]     Checking ppv-lite86 v0.2.15
[INFO] [stderr]     Checking renderdoc-sys v0.7.1
[INFO] [stderr]     Checking glow v0.11.0
[INFO] [stderr]     Checking xcursor v0.3.4
[INFO] [stderr]    Compiling inflections v1.1.1
[INFO] [stderr]     Checking futures-io v0.3.17
[INFO] [stderr]     Checking inplace_it v0.3.3
[INFO] [stderr]     Checking scoped_threadpool v0.1.9
[INFO] [stderr]     Checking dlib v0.4.2
[INFO] [stderr]     Checking crossbeam v0.8.1
[INFO] [stderr]     Checking memmap2 v0.1.0
[INFO] [stderr]     Checking rand_chacha v0.2.2
[INFO] [stderr]     Checking mio v0.7.14
[INFO] [stderr]     Checking jpeg-decoder v0.1.22
[INFO] [stderr]     Checking aho-corasick v0.7.18
[INFO] [stderr]    Compiling winit v0.25.0
[INFO] [stderr]     Checking copyless v0.1.5
[INFO] [stderr]    Compiling anyhow v1.0.44
[INFO] [stderr]     Checking regex-syntax v0.6.25
[INFO] [stderr]    Compiling cgmath v0.18.0
[INFO] [stderr]     Checking andrew v0.3.1
[INFO] [stderr]     Checking mio-misc v1.2.1
[INFO] [stderr]     Checking tiff v0.6.1
[INFO] [stderr]     Checking rand v0.7.3
[INFO] [stderr]     Checking rand_xorshift v0.2.0
[INFO] [stderr]     Checking approx v0.4.0
[INFO] [stderr]     Checking rmp v0.8.10
[INFO] [stderr]     Checking atty v0.2.14
[INFO] [stderr]     Checking fs2 v0.4.3
[INFO] [stderr]     Checking percent-encoding v2.1.0
[INFO] [stderr]     Checking humantime v2.1.0
[INFO] [stderr]     Checking wayland-commons v0.28.6
[INFO] [stderr]     Checking base64 v0.12.3
[INFO] [stderr]     Checking itertools v0.10.1
[INFO] [stderr]     Checking regex v1.5.4
[INFO] [stderr]    Compiling wayland-client v0.28.6
[INFO] [stderr]    Compiling wayland-protocols v0.28.6
[INFO] [stderr]    Compiling zstd-sys v1.6.1+zstd.1.5.0
[INFO] [stderr]     Checking calloop v0.6.5
[INFO] [stderr]     Checking env_logger v0.9.0
[INFO] [stderr] LLVM ERROR: IO failure on output stream: No space left on device
[INFO] [stderr] error: could not compile `syn` (lib)
[INFO] [stderr] warning: build failed, waiting for other jobs to finish...
[INFO] [stderr] error: failed to run custom build command for `wayland-protocols v0.28.6`
[INFO] [stderr] note: To improve backtraces for build dependencies, set the CARGO_PROFILE_DEV_BUILD_OVERRIDE_DEBUG=true environment variable to enable debug information generation.
[INFO] [stderr] 
[INFO] [stderr] Caused by:
[INFO] [stderr]   process didn't exit successfully: `/opt/rustwide/target/debug/build/wayland-protocols-9ec8a3a54c90aea6/build-script-build` (exit status: 101)
[INFO] [stderr]   --- stdout
[INFO] [stderr]   cargo:rerun-if-changed-env=CARGO_FEATURE_CLIENT
[INFO] [stderr]   cargo:rerun-if-changed-env=CARGO_FEATURE_SERVER
[INFO] [stderr]   cargo:rerun-if-changed-env=CARGO_FEATURE_UNSTABLE_PROTOCOLS
[INFO] [stderr]   cargo:rerun-if-changed=./protocols/stable/presentation-time/presentation-time.xml
[INFO] [stderr]   cargo:rerun-if-changed=./protocols/stable/viewporter/viewporter.xml
[INFO] [stderr] 
[INFO] [stderr]   --- stderr
[INFO] [stderr]   error: 'rustfmt' is not installed for the toolchain 'beta-2023-12-22-x86_64-unknown-linux-gnu'
[INFO] [stderr]   To install, run `rustup component add rustfmt --toolchain beta-2023-12-22-x86_64-unknown-linux-gnu`
[INFO] [stderr]   thread 'main' panicked at /opt/rustwide/cargo-home/registry/src/index.crates.io-6f17d22bba15001f/wayland-scanner-0.28.6/src/lib.rs:156:40:
[INFO] [stderr]   called `Result::unwrap()` on an `Err` value: Os { code: 28, kind: StorageFull, message: "No space left on device" }
[INFO] [stderr]   stack backtrace:
[INFO] [stderr]      0:     0x55feeb396516 - std::backtrace_rs::backtrace::libunwind::trace::h261606ad26a499c1
[INFO] [stderr]                                  at /rustc/0e09125c6c3c2fd70d7de961bcf0e51575235fad/library/std/src/../../backtrace/src/backtrace/libunwind.rs:104:5
[INFO] [stderr]      1:     0x55feeb396516 - std::backtrace_rs::backtrace::trace_unsynchronized::hd183f0625477fb28
[INFO] [stderr]                                  at /rustc/0e09125c6c3c2fd70d7de961bcf0e51575235fad/library/std/src/../../backtrace/src/backtrace/mod.rs:66:5
[INFO] [stderr]      2:     0x55feeb396516 - std::sys_common::backtrace::_print_fmt::hd7f8fef21b4eda67
[INFO] [stderr]                                  at /rustc/0e09125c6c3c2fd70d7de961bcf0e51575235fad/library/std/src/sys_common/backtrace.rs:68:5
[INFO] [stderr]      3:     0x55feeb396516 - <std::sys_common::backtrace::_print::DisplayBacktrace as core::fmt::Display>::fmt::h623d9b51f2f453f1
[INFO] [stderr]                                  at /rustc/0e09125c6c3c2fd70d7de961bcf0e51575235fad/library/std/src/sys_common/backtrace.rs:44:22
[INFO] [stderr]      4:     0x55feeb3b9700 - core::fmt::rt::Argument::fmt::h9f417ac76a86f368
[INFO] [stderr]                                  at /rustc/0e09125c6c3c2fd70d7de961bcf0e51575235fad/library/core/src/fmt/rt.rs:142:9
[INFO] [stderr]      5:     0x55feeb3b9700 - core::fmt::write::hc9b6faf4ac2aeff7
[INFO] [stderr]                                  at /rustc/0e09125c6c3c2fd70d7de961bcf0e51575235fad/library/core/src/fmt/mod.rs:1120:17
[INFO] [stderr]      6:     0x55feeb39464f - std::io::Write::write_fmt::hfead1eee52c2e65e
[INFO] [stderr]                                  at /rustc/0e09125c6c3c2fd70d7de961bcf0e51575235fad/library/std/src/io/mod.rs:1810:15
[INFO] [stderr]      7:     0x55feeb3962f4 - std::sys_common::backtrace::_print::hd5d66399c7df88a2
[INFO] [stderr]                                  at /rustc/0e09125c6c3c2fd70d7de961bcf0e51575235fad/library/std/src/sys_common/backtrace.rs:47:5
[INFO] [stderr]      8:     0x55feeb3962f4 - std::sys_common::backtrace::print::he81ed2da642d37e5
[INFO] [stderr]                                  at /rustc/0e09125c6c3c2fd70d7de961bcf0e51575235fad/library/std/src/sys_common/backtrace.rs:34:9
[INFO] [stderr]      9:     0x55feeb397bb7 - std::panicking::default_hook::{{closure}}::h85773f4fa117163d
[INFO] [stderr]     10:     0x55feeb397919 - std::panicking::default_hook::h6a1694a91d09b278
[INFO] [stderr]                                  at /rustc/0e09125c6c3c2fd70d7de961bcf0e51575235fad/library/std/src/panicking.rs:292:9
[INFO] [stderr]     11:     0x55feeb398048 - std::panicking::rust_panic_with_hook::h0a7ad96e90f7145b
[INFO] [stderr]                                  at /rustc/0e09125c6c3c2fd70d7de961bcf0e51575235fad/library/std/src/panicking.rs:779:13
[INFO] [stderr]     12:     0x55feeb397f22 - std::panicking::begin_panic_handler::{{closure}}::h7919090525c6485e
[INFO] [stderr]                                  at /rustc/0e09125c6c3c2fd70d7de961bcf0e51575235fad/library/std/src/panicking.rs:657:13
[INFO] [stderr]     13:     0x55feeb396a16 - std::sys_common::backtrace::__rust_end_short_backtrace::hf3289479464f7dfe
[INFO] [stderr]                                  at /rustc/0e09125c6c3c2fd70d7de961bcf0e51575235fad/library/std/src/sys_common/backtrace.rs:171:18
[INFO] [stderr]     14:     0x55feeb397c80 - rust_begin_unwind
[INFO] [stderr]                                  at /rustc/0e09125c6c3c2fd70d7de961bcf0e51575235fad/library/std/src/panicking.rs:645:5
[INFO] [stderr]     15:     0x55feeb31cbb5 - core::panicking::panic_fmt::hcc9f77c5c132af55
[INFO] [stderr]                                  at /rustc/0e09125c6c3c2fd70d7de961bcf0e51575235fad/library/core/src/panicking.rs:72:14
[INFO] [stderr]     16:     0x55feeb31d023 - core::result::unwrap_failed::hbe14f498be1452f9
[INFO] [stderr]                                  at /rustc/0e09125c6c3c2fd70d7de961bcf0e51575235fad/library/core/src/result.rs:1649:5
[INFO] [stderr]     17:     0x55feeb329a2f - wayland_scanner::generate_code_with_destructor_events::h25fe177ece6a01c7
[INFO] [stderr]     18:     0x55feeb32a318 - build_script_build::generate_protocol::hf818b230e7a8712e
[INFO] [stderr]     19:     0x55feeb32a952 - build_script_build::main::he8d7513ddce0126d
[INFO] [stderr]     20:     0x55feeb3261c3 - std::sys_common::backtrace::__rust_begin_short_backtrace::h65525c7155efbc49
[INFO] [stderr]     21:     0x55feeb328889 - std::rt::lang_start::{{closure}}::h526554ebfcf3263f
[INFO] [stderr]     22:     0x55feeb390f71 - core::ops::function::impls::<impl core::ops::function::FnOnce<A> for &F>::call_once::h4eb4c5e1620f29b0
[INFO] [stderr]                                  at /rustc/0e09125c6c3c2fd70d7de961bcf0e51575235fad/library/core/src/ops/function.rs:284:13
[INFO] [stderr]     23:     0x55feeb390f71 - std::panicking::try::do_call::h73fd26535faffcdf
[INFO] [stderr]                                  at /rustc/0e09125c6c3c2fd70d7de961bcf0e51575235fad/library/std/src/panicking.rs:552:40
[INFO] [stderr]     24:     0x55feeb390f71 - std::panicking::try::h77ff1d98f0fb9f39
[INFO] [stderr]                                  at /rustc/0e09125c6c3c2fd70d7de961bcf0e51575235fad/library/std/src/panicking.rs:516:19
[INFO] [stderr]     25:     0x55feeb390f71 - std::panic::catch_unwind::hab3caf2448b95e37
[INFO] [stderr]                                  at /rustc/0e09125c6c3c2fd70d7de961bcf0e51575235fad/library/std/src/panic.rs:142:14
[INFO] [stderr]     26:     0x55feeb390f71 - std::rt::lang_start_internal::{{closure}}::h8086711f9c783f78
[INFO] [stderr]                                  at /rustc/0e09125c6c3c2fd70d7de961bcf0e51575235fad/library/std/src/rt.rs:148:48
[INFO] [stderr]     27:     0x55feeb390f71 - std::panicking::try::do_call::hf920d4dc291cd6ca
[INFO] [stderr]                                  at /rustc/0e09125c6c3c2fd70d7de961bcf0e51575235fad/library/std/src/panicking.rs:552:40
[INFO] [stderr]     28:     0x55feeb390f71 - std::panicking::try::h2b806ccc0a85db74
[INFO] [stderr]                                  at /rustc/0e09125c6c3c2fd70d7de961bcf0e51575235fad/library/std/src/panicking.rs:516:19
[INFO] [stderr]     29:     0x55feeb390f71 - std::panic::catch_unwind::h038489539c507df2
[INFO] [stderr]                                  at /rustc/0e09125c6c3c2fd70d7de961bcf0e51575235fad/library/std/src/panic.rs:142:14
[INFO] [stderr]     30:     0x55feeb390f71 - std::rt::lang_start_internal::h28503b88912e8a5c
[INFO] [stderr]                                  at /rustc/0e09125c6c3c2fd70d7de961bcf0e51575235fad/library/std/src/rt.rs:148:20
[INFO] [stderr]     31:     0x55feeb32b4f5 - main
[INFO] [stderr]     32:     0x7fe51e0b5d90 - <unknown>
[INFO] [stderr]     33:     0x7fe51e0b5e40 - __libc_start_main
[INFO] [stderr]     34:     0x55feeb31d2e5 - _start
[INFO] [stderr]     35:                0x0 - <unknown>
[INFO] [stdout] error: failed to write to `/opt/rustwide/target/debug/deps/rmetaNr9mg7/lib.rmeta`: No space left on device (os error 28)
[INFO] [stdout] 
[INFO] [stdout] 
[INFO] [stderr] error: could not compile `ash` (lib) due to 1 previous error
[INFO] [stderr] The following warnings were emitted during compilation:
[INFO] [stderr] 
[INFO] [stderr] warning: zstd-sys@1.6.1+zstd.1.5.0: zstd/lib/decompress/zstd_decompress_block.c:1548:1: fatal error: error writing to /tmp/cc1iF77B.s: No space left on device
[INFO] [stderr] warning: zstd-sys@1.6.1+zstd.1.5.0:  1548 | }
[INFO] [stderr] warning: zstd-sys@1.6.1+zstd.1.5.0:       | ^
[INFO] [stderr] warning: zstd-sys@1.6.1+zstd.1.5.0: compilation terminated.
[INFO] [stderr] warning: zstd-sys@1.6.1+zstd.1.5.0: zstd/lib/decompress/zstd_ddict.c:244:1: fatal error: error writing to /tmp/ccjj9Kae.s: No space left on device
[INFO] [stderr] warning: zstd-sys@1.6.1+zstd.1.5.0:   244 | }
[INFO] [stderr] warning: zstd-sys@1.6.1+zstd.1.5.0:       | ^
[INFO] [stderr] warning: zstd-sys@1.6.1+zstd.1.5.0: compilation terminated.
[INFO] [stderr] warning: zstd-sys@1.6.1+zstd.1.5.0: zstd/lib/compress/zstd_fast.c:496:1: fatal error: error writing to /tmp/ccTzjXJA.s: No space left on device
[INFO] [stderr] warning: zstd-sys@1.6.1+zstd.1.5.0:   496 | }
[INFO] [stderr] warning: zstd-sys@1.6.1+zstd.1.5.0:       | ^
[INFO] [stderr] warning: zstd-sys@1.6.1+zstd.1.5.0: compilation terminated.
[INFO] [stderr] warning: zstd-sys@1.6.1+zstd.1.5.0: zstd/lib/decompress/huf_decompress.c:1350:1: fatal error: error writing to /tmp/ccati7DG.s: No space left on device
[INFO] [stderr] warning: zstd-sys@1.6.1+zstd.1.5.0:  1350 | }
[INFO] [stderr] warning: zstd-sys@1.6.1+zstd.1.5.0:       | ^
[INFO] [stderr] warning: zstd-sys@1.6.1+zstd.1.5.0: compilation terminated.
[INFO] [stderr] warning: zstd-sys@1.6.1+zstd.1.5.0: zstd/lib/compress/zstd_compress.c:6393:1: fatal error: error writing to /tmp/ccs51T6j.s: No space left on device
[INFO] [stderr] warning: zstd-sys@1.6.1+zstd.1.5.0:  6393 | }
[INFO] [stderr] warning: zstd-sys@1.6.1+zstd.1.5.0:       | ^
[INFO] [stderr] warning: zstd-sys@1.6.1+zstd.1.5.0: compilation terminated.
[INFO] [stderr] warning: zstd-sys@1.6.1+zstd.1.5.0: zstd/lib/decompress/zstd_decompress.c:2167:1: fatal error: error writing to /tmp/ccFsDovY.s: No space left on device
[INFO] [stderr] warning: zstd-sys@1.6.1+zstd.1.5.0:  2167 | }
[INFO] [stderr] warning: zstd-sys@1.6.1+zstd.1.5.0:       | ^
[INFO] [stderr] warning: zstd-sys@1.6.1+zstd.1.5.0: compilation terminated.
[INFO] [stderr] warning: zstd-sys@1.6.1+zstd.1.5.0: zstd/lib/dictBuilder/divsufsort.c:1913:1: fatal error: error writing to /tmp/cceleBC1.s: No space left on device
[INFO] [stderr] warning: zstd-sys@1.6.1+zstd.1.5.0:  1913 | }
[INFO] [stderr] warning: zstd-sys@1.6.1+zstd.1.5.0:       | ^
[INFO] [stderr] warning: zstd-sys@1.6.1+zstd.1.5.0: compilation terminated.
[INFO] [stderr] warning: zstd-sys@1.6.1+zstd.1.5.0: zstd/lib/compress/zstd_double_fast.c:521:1: fatal error: error writing to /tmp/ccsF33yi.s: No space left on device
[INFO] [stderr] warning: zstd-sys@1.6.1+zstd.1.5.0:   521 | }
[INFO] [stderr] warning: zstd-sys@1.6.1+zstd.1.5.0:       | ^
[INFO] [stderr] warning: zstd-sys@1.6.1+zstd.1.5.0: compilation terminated.
[INFO] [stderr] warning: zstd-sys@1.6.1+zstd.1.5.0: zstd/lib/compress/zstd_opt.c:1341:1: fatal error: error writing to /tmp/ccl2lKt5.s: No space left on device
[INFO] [stderr] warning: zstd-sys@1.6.1+zstd.1.5.0:  1341 | }
[INFO] [stderr] warning: zstd-sys@1.6.1+zstd.1.5.0:       | ^
[INFO] [stderr] warning: zstd-sys@1.6.1+zstd.1.5.0: compilation terminated.
[INFO] [stderr] warning: zstd-sys@1.6.1+zstd.1.5.0: zstd/lib/compress/zstd_lazy.c:2184:1: fatal error: error writing to /tmp/ccqCwpgw.s: No space left on device
[INFO] [stderr] warning: zstd-sys@1.6.1+zstd.1.5.0:  2184 | }
[INFO] [stderr] warning: zstd-sys@1.6.1+zstd.1.5.0:       | ^
[INFO] [stderr] warning: zstd-sys@1.6.1+zstd.1.5.0: compilation terminated.
[INFO] [stderr] 
[INFO] [stderr] error: failed to run custom build command for `zstd-sys v1.6.1+zstd.1.5.0`
[INFO] [stderr] note: To improve backtraces for build dependencies, set the CARGO_PROFILE_DEV_BUILD_OVERRIDE_DEBUG=true environment variable to enable debug information generation.
[INFO] [stderr] 
[INFO] [stderr] Caused by:
[INFO] [stderr]   process didn't exit successfully: `/opt/rustwide/target/debug/build/zstd-sys-2c6fc5dc76b793fc/build-script-build` (exit status: 1)
[INFO] [stderr]   --- stdout
[INFO] [stderr]   TARGET = Some("x86_64-unknown-linux-gnu")
[INFO] [stderr]   HOST = Some("x86_64-unknown-linux-gnu")
[INFO] [stderr]   CC_x86_64-unknown-linux-gnu = None
[INFO] [stderr]   CC_x86_64_unknown_linux_gnu = None
[INFO] [stderr]   HOST_CC = None
[INFO] [stderr]   CC = None
[INFO] [stderr]   CFLAGS_x86_64-unknown-linux-gnu = None
[INFO] [stderr]   CFLAGS_x86_64_unknown_linux_gnu = None
[INFO] [stderr]   HOST_CFLAGS = None
[INFO] [stderr]   CFLAGS = None
[INFO] [stderr]   CRATE_CC_NO_DEFAULTS = None
[INFO] [stderr]   DEBUG = Some("true")
[INFO] [stderr]   CARGO_CFG_TARGET_FEATURE = Some("fxsr,sse,sse2")
[INFO] [stderr]   running: "cc" "-O3" "-ffunction-sections" "-fdata-sections" "-fPIC" "-g" "-fno-omit-frame-pointer" "-m64" "-I" "zstd/lib/" "-I" "zstd/lib/common" "-I" "zstd/lib/legacy" "-fvisibility=hidden" "-DZSTD_LIB_DEPRECATED=0" "-DXXH_PRIVATE_API=" "-DZSTDLIB_VISIBILITY=" "-DZDICTLIB_VISIBILITY=" "-DZSTDERRORLIB_VISIBILITY=" "-DZSTD_LEGACY_SUPPORT=1" "-o" "/opt/rustwide/target/debug/build/zstd-sys-c7850b2dcd3fb12c/out/zstd/lib/common/pool.o" "-c" "zstd/lib/common/pool.c"
[INFO] [stderr]   running: "cc" "-O3" "-ffunction-sections" "-fdata-sections" "-fPIC" "-g" "-fno-omit-frame-pointer" "-m64" "-I" "zstd/lib/" "-I" "zstd/lib/common" "-I" "zstd/lib/legacy" "-fvisibility=hidden" "-DZSTD_LIB_DEPRECATED=0" "-DXXH_PRIVATE_API=" "-DZSTDLIB_VISIBILITY=" "-DZDICTLIB_VISIBILITY=" "-DZSTDERRORLIB_VISIBILITY=" "-DZSTD_LEGACY_SUPPORT=1" "-o" "/opt/rustwide/target/debug/build/zstd-sys-c7850b2dcd3fb12c/out/zstd/lib/common/entropy_common.o" "-c" "zstd/lib/common/entropy_common.c"
[INFO] [stderr]   running: "cc" "-O3" "-ffunction-sections" "-fdata-sections" "-fPIC" "-g" "-fno-omit-frame-pointer" "-m64" "-I" "zstd/lib/" "-I" "zstd/lib/common" "-I" "zstd/lib/legacy" "-fvisibility=hidden" "-DZSTD_LIB_DEPRECATED=0" "-DXXH_PRIVATE_API=" "-DZSTDLIB_VISIBILITY=" "-DZDICTLIB_VISIBILITY=" "-DZSTDERRORLIB_VISIBILITY=" "-DZSTD_LEGACY_SUPPORT=1" "-o" "/opt/rustwide/target/debug/build/zstd-sys-c7850b2dcd3fb12c/out/zstd/lib/common/debug.o" "-c" "zstd/lib/common/debug.c"
[INFO] [stderr]   running: "cc" "-O3" "-ffunction-sections" "-fdata-sections" "-fPIC" "-g" "-fno-omit-frame-pointer" "-m64" "-I" "zstd/lib/" "-I" "zstd/lib/common" "-I" "zstd/lib/legacy" "-fvisibility=hidden" "-DZSTD_LIB_DEPRECATED=0" "-DXXH_PRIVATE_API=" "-DZSTDLIB_VISIBILITY=" "-DZDICTLIB_VISIBILITY=" "-DZSTDERRORLIB_VISIBILITY=" "-DZSTD_LEGACY_SUPPORT=1" "-o" "/opt/rustwide/target/debug/build/zstd-sys-c7850b2dcd3fb12c/out/zstd/lib/common/error_private.o" "-c" "zstd/lib/common/error_private.c"
[INFO] [stderr]   running: "cc" "-O3" "-ffunction-sections" "-fdata-sections" "-fPIC" "-g" "-fno-omit-frame-pointer" "-m64" "-I" "zstd/lib/" "-I" "zstd/lib/common" "-I" "zstd/lib/legacy" "-fvisibility=hidden" "-DZSTD_LIB_DEPRECATED=0" "-DXXH_PRIVATE_API=" "-DZSTDLIB_VISIBILITY=" "-DZDICTLIB_VISIBILITY=" "-DZSTDERRORLIB_VISIBILITY=" "-DZSTD_LEGACY_SUPPORT=1" "-o" "/opt/rustwide/target/debug/build/zstd-sys-c7850b2dcd3fb12c/out/zstd/lib/common/zstd_common.o" "-c" "zstd/lib/common/zstd_common.c"
[INFO] [stderr]   running: "cc" "-O3" "-ffunction-sections" "-fdata-sections" "-fPIC" "-g" "-fno-omit-frame-pointer" "-m64" "-I" "zstd/lib/" "-I" "zstd/lib/common" "-I" "zstd/lib/legacy" "-fvisibility=hidden" "-DZSTD_LIB_DEPRECATED=0" "-DXXH_PRIVATE_API=" "-DZSTDLIB_VISIBILITY=" "-DZDICTLIB_VISIBILITY=" "-DZSTDERRORLIB_VISIBILITY=" "-DZSTD_LEGACY_SUPPORT=1" "-o" "/opt/rustwide/target/debug/build/zstd-sys-c7850b2dcd3fb12c/out/zstd/lib/common/threading.o" "-c" "zstd/lib/common/threading.c"
[INFO] [stderr]   running: "cc" "-O3" "-ffunction-sections" "-fdata-sections" "-fPIC" "-g" "-fno-omit-frame-pointer" "-m64" "-I" "zstd/lib/" "-I" "zstd/lib/common" "-I" "zstd/lib/legacy" "-fvisibility=hidden" "-DZSTD_LIB_DEPRECATED=0" "-DXXH_PRIVATE_API=" "-DZSTDLIB_VISIBILITY=" "-DZDICTLIB_VISIBILITY=" "-DZSTDERRORLIB_VISIBILITY=" "-DZSTD_LEGACY_SUPPORT=1" "-o" "/opt/rustwide/target/debug/build/zstd-sys-c7850b2dcd3fb12c/out/zstd/lib/common/fse_decompress.o" "-c" "zstd/lib/common/fse_decompress.c"
[INFO] [stderr]   running: "cc" "-O3" "-ffunction-sections" "-fdata-sections" "-fPIC" "-g" "-fno-omit-frame-pointer" "-m64" "-I" "zstd/lib/" "-I" "zstd/lib/common" "-I" "zstd/lib/legacy" "-fvisibility=hidden" "-DZSTD_LIB_DEPRECATED=0" "-DXXH_PRIVATE_API=" "-DZSTDLIB_VISIBILITY=" "-DZDICTLIB_VISIBILITY=" "-DZSTDERRORLIB_VISIBILITY=" "-DZSTD_LEGACY_SUPPORT=1" "-o" "/opt/rustwide/target/debug/build/zstd-sys-c7850b2dcd3fb12c/out/zstd/lib/compress/huf_compress.o" "-c" "zstd/lib/compress/huf_compress.c"
[INFO] [stderr]   running: "cc" "-O3" "-ffunction-sections" "-fdata-sections" "-fPIC" "-g" "-fno-omit-frame-pointer" "-m64" "-I" "zstd/lib/" "-I" "zstd/lib/common" "-I" "zstd/lib/legacy" "-fvisibility=hidden" "-DZSTD_LIB_DEPRECATED=0" "-DXXH_PRIVATE_API=" "-DZSTDLIB_VISIBILITY=" "-DZDICTLIB_VISIBILITY=" "-DZSTDERRORLIB_VISIBILITY=" "-DZSTD_LEGACY_SUPPORT=1" "-o" "/opt/rustwide/target/debug/build/zstd-sys-c7850b2dcd3fb12c/out/zstd/lib/compress/hist.o" "-c" "zstd/lib/compress/hist.c"
[INFO] [stderr]   running: "cc" "-O3" "-ffunction-sections" "-fdata-sections" "-fPIC" "-g" "-fno-omit-frame-pointer" "-m64" "-I" "zstd/lib/" "-I" "zstd/lib/common" "-I" "zstd/lib/legacy" "-fvisibility=hidden" "-DZSTD_LIB_DEPRECATED=0" "-DXXH_PRIVATE_API=" "-DZSTDLIB_VISIBILITY=" "-DZDICTLIB_VISIBILITY=" "-DZSTDERRORLIB_VISIBILITY=" "-DZSTD_LEGACY_SUPPORT=1" "-o" "/opt/rustwide/target/debug/build/zstd-sys-c7850b2dcd3fb12c/out/zstd/lib/compress/zstd_compress_superblock.o" "-c" "zstd/lib/compress/zstd_compress_superblock.c"
[INFO] [stderr]   running: "cc" "-O3" "-ffunction-sections" "-fdata-sections" "-fPIC" "-g" "-fno-omit-frame-pointer" "-m64" "-I" "zstd/lib/" "-I" "zstd/lib/common" "-I" "zstd/lib/legacy" "-fvisibility=hidden" "-DZSTD_LIB_DEPRECATED=0" "-DXXH_PRIVATE_API=" "-DZSTDLIB_VISIBILITY=" "-DZDICTLIB_VISIBILITY=" "-DZSTDERRORLIB_VISIBILITY=" "-DZSTD_LEGACY_SUPPORT=1" "-o" "/opt/rustwide/target/debug/build/zstd-sys-c7850b2dcd3fb12c/out/zstd/lib/compress/zstdmt_compress.o" "-c" "zstd/lib/compress/zstdmt_compress.c"
[INFO] [stderr]   exit status: 0
[INFO] [stderr]   exit status: 0
[INFO] [stderr]   running: "cc" "-O3" "-ffunction-sections" "-fdata-sections" "-fPIC" "-g" "-fno-omit-frame-pointer" "-m64" "-I" "zstd/lib/" "-I" "zstd/lib/common" "-I" "zstd/lib/legacy" "-fvisibility=hidden" "-DZSTD_LIB_DEPRECATED=0" "-DXXH_PRIVATE_API=" "-DZSTDLIB_VISIBILITY=" "-DZDICTLIB_VISIBILITY=" "-DZSTDERRORLIB_VISIBILITY=" "-DZSTD_LEGACY_SUPPORT=1" "-o" "/opt/rustwide/target/debug/build/zstd-sys-c7850b2dcd3fb12c/out/zstd/lib/compress/zstd_opt.o" "-c" "zstd/lib/compress/zstd_opt.c"
[INFO] [stderr]   running: "cc" "-O3" "-ffunction-sections" "-fdata-sections" "-fPIC" "-g" "-fno-omit-frame-pointer" "-m64" "-I" "zstd/lib/" "-I" "zstd/lib/common" "-I" "zstd/lib/legacy" "-fvisibility=hidden" "-DZSTD_LIB_DEPRECATED=0" "-DXXH_PRIVATE_API=" "-DZSTDLIB_VISIBILITY=" "-DZDICTLIB_VISIBILITY=" "-DZSTDERRORLIB_VISIBILITY=" "-DZSTD_LEGACY_SUPPORT=1" "-o" "/opt/rustwide/target/debug/build/zstd-sys-c7850b2dcd3fb12c/out/zstd/lib/compress/zstd_fast.o" "-c" "zstd/lib/compress/zstd_fast.c"
[INFO] [stderr]   exit status: 0
[INFO] [stderr]   running: "cc" "-O3" "-ffunction-sections" "-fdata-sections" "-fPIC" "-g" "-fno-omit-frame-pointer" "-m64" "-I" "zstd/lib/" "-I" "zstd/lib/common" "-I" "zstd/lib/legacy" "-fvisibility=hidden" "-DZSTD_LIB_DEPRECATED=0" "-DXXH_PRIVATE_API=" "-DZSTDLIB_VISIBILITY=" "-DZDICTLIB_VISIBILITY=" "-DZSTDERRORLIB_VISIBILITY=" "-DZSTD_LEGACY_SUPPORT=1" "-o" "/opt/rustwide/target/debug/build/zstd-sys-c7850b2dcd3fb12c/out/zstd/lib/compress/zstd_compress.o" "-c" "zstd/lib/compress/zstd_compress.c"
[INFO] [stderr]   exit status: 0
[INFO] [stderr]   running: "cc" "-O3" "-ffunction-sections" "-fdata-sections" "-fPIC" "-g" "-fno-omit-frame-pointer" "-m64" "-I" "zstd/lib/" "-I" "zstd/lib/common" "-I" "zstd/lib/legacy" "-fvisibility=hidden" "-DZSTD_LIB_DEPRECATED=0" "-DXXH_PRIVATE_API=" "-DZSTDLIB_VISIBILITY=" "-DZDICTLIB_VISIBILITY=" "-DZSTDERRORLIB_VISIBILITY=" "-DZSTD_LEGACY_SUPPORT=1" "-o" "/opt/rustwide/target/debug/build/zstd-sys-c7850b2dcd3fb12c/out/zstd/lib/compress/zstd_compress_sequences.o" "-c" "zstd/lib/compress/zstd_compress_sequences.c"
[INFO] [stderr]   exit status: 0
[INFO] [stderr]   running: "cc" "-O3" "-ffunction-sections" "-fdata-sections" "-fPIC" "-g" "-fno-omit-frame-pointer" "-m64" "-I" "zstd/lib/" "-I" "zstd/lib/common" "-I" "zstd/lib/legacy" "-fvisibility=hidden" "-DZSTD_LIB_DEPRECATED=0" "-DXXH_PRIVATE_API=" "-DZSTDLIB_VISIBILITY=" "-DZDICTLIB_VISIBILITY=" "-DZSTDERRORLIB_VISIBILITY=" "-DZSTD_LEGACY_SUPPORT=1" "-o" "/opt/rustwide/target/debug/build/zstd-sys-c7850b2dcd3fb12c/out/zstd/lib/compress/zstd_lazy.o" "-c" "zstd/lib/compress/zstd_lazy.c"
[INFO] [stderr]   running: "cc" "-O3" "-ffunction-sections" "-fdata-sections" "-fPIC" "-g" "-fno-omit-frame-pointer" "-m64" "-I" "zstd/lib/" "-I" "zstd/lib/common" "-I" "zstd/lib/legacy" "-fvisibility=hidden" "-DZSTD_LIB_DEPRECATED=0" "-DXXH_PRIVATE_API=" "-DZSTDLIB_VISIBILITY=" "-DZDICTLIB_VISIBILITY=" "-DZSTDERRORLIB_VISIBILITY=" "-DZSTD_LEGACY_SUPPORT=1" "-o" "/opt/rustwide/target/debug/build/zstd-sys-c7850b2dcd3fb12c/out/zstd/lib/compress/zstd_compress_literals.o" "-c" "zstd/lib/compress/zstd_compress_literals.c"
[INFO] [stderr]   exit status: 0
[INFO] [stderr]   running: "cc" "-O3" "-ffunction-sections" "-fdata-sections" "-fPIC" "-g" "-fno-omit-frame-pointer" "-m64" "-I" "zstd/lib/" "-I" "zstd/lib/common" "-I" "zstd/lib/legacy" "-fvisibility=hidden" "-DZSTD_LIB_DEPRECATED=0" "-DXXH_PRIVATE_API=" "-DZSTDLIB_VISIBILITY=" "-DZDICTLIB_VISIBILITY=" "-DZSTDERRORLIB_VISIBILITY=" "-DZSTD_LEGACY_SUPPORT=1" "-o" "/opt/rustwide/target/debug/build/zstd-sys-c7850b2dcd3fb12c/out/zstd/lib/compress/fse_compress.o" "-c" "zstd/lib/compress/fse_compress.c"
[INFO] [stderr]   exit status: 0
[INFO] [stderr]   exit status: 0
[INFO] [stderr]   running: "cc" "-O3" "-ffunction-sections" "-fdata-sections" "-fPIC" "-g" "-fno-omit-frame-pointer" "-m64" "-I" "zstd/lib/" "-I" "zstd/lib/common" "-I" "zstd/lib/legacy" "-fvisibility=hidden" "-DZSTD_LIB_DEPRECATED=0" "-DXXH_PRIVATE_API=" "-DZSTDLIB_VISIBILITY=" "-DZDICTLIB_VISIBILITY=" "-DZSTDERRORLIB_VISIBILITY=" "-DZSTD_LEGACY_SUPPORT=1" "-o" "/opt/rustwide/target/debug/build/zstd-sys-c7850b2dcd3fb12c/out/zstd/lib/compress/zstd_ldm.o" "-c" "zstd/lib/compress/zstd_ldm.c"
[INFO] [stderr]   exit status: 0
[INFO] [stderr]   exit status: 0
[INFO] [stderr]   running: "cc" "-O3" "-ffunction-sections" "-fdata-sections" "-fPIC" "-g" "-fno-omit-frame-pointer" "-m64" "-I" "zstd/lib/" "-I" "zstd/lib/common" "-I" "zstd/lib/legacy" "-fvisibility=hidden" "-DZSTD_LIB_DEPRECATED=0" "-DXXH_PRIVATE_API=" "-DZSTDLIB_VISIBILITY=" "-DZDICTLIB_VISIBILITY=" "-DZSTDERRORLIB_VISIBILITY=" "-DZSTD_LEGACY_SUPPORT=1" "-o" "/opt/rustwide/target/debug/build/zstd-sys-c7850b2dcd3fb12c/out/zstd/lib/compress/zstd_double_fast.o" "-c" "zstd/lib/compress/zstd_double_fast.c"
[INFO] [stderr]   exit status: 0
[INFO] [stderr]   exit status: 0
[INFO] [stderr]   running: "cc" "-O3" "-ffunction-sections" "-fdata-sections" "-fPIC" "-g" "-fno-omit-frame-pointer" "-m64" "-I" "zstd/lib/" "-I" "zstd/lib/common" "-I" "zstd/lib/legacy" "-fvisibility=hidden" "-DZSTD_LIB_DEPRECATED=0" "-DXXH_PRIVATE_API=" "-DZSTDLIB_VISIBILITY=" "-DZDICTLIB_VISIBILITY=" "-DZSTDERRORLIB_VISIBILITY=" "-DZSTD_LEGACY_SUPPORT=1" "-o" "/opt/rustwide/target/debug/build/zstd-sys-c7850b2dcd3fb12c/out/zstd/lib/decompress/zstd_decompress_block.o" "-c" "zstd/lib/decompress/zstd_decompress_block.c"
[INFO] [stderr]   exit status: 0
[INFO] [stderr]   exit status: 0
[INFO] [stderr]   running: "cc" "-O3" "-ffunction-sections" "-fdata-sections" "-fPIC" "-g" "-fno-omit-frame-pointer" "-m64" "-I" "zstd/lib/" "-I" "zstd/lib/common" "-I" "zstd/lib/legacy" "-fvisibility=hidden" "-DZSTD_LIB_DEPRECATED=0" "-DXXH_PRIVATE_API=" "-DZSTDLIB_VISIBILITY=" "-DZDICTLIB_VISIBILITY=" "-DZSTDERRORLIB_VISIBILITY=" "-DZSTD_LEGACY_SUPPORT=1" "-o" "/opt/rustwide/target/debug/build/zstd-sys-c7850b2dcd3fb12c/out/zstd/lib/decompress/huf_decompress.o" "-c" "zstd/lib/decompress/huf_decompress.c"
[INFO] [stderr]   exit status: 0
[INFO] [stderr]   running: "cc" "-O3" "-ffunction-sections" "-fdata-sections" "-fPIC" "-g" "-fno-omit-frame-pointer" "-m64" "-I" "zstd/lib/" "-I" "zstd/lib/common" "-I" "zstd/lib/legacy" "-fvisibility=hidden" "-DZSTD_LIB_DEPRECATED=0" "-DXXH_PRIVATE_API=" "-DZSTDLIB_VISIBILITY=" "-DZDICTLIB_VISIBILITY=" "-DZSTDERRORLIB_VISIBILITY=" "-DZSTD_LEGACY_SUPPORT=1" "-o" "/opt/rustwide/target/debug/build/zstd-sys-c7850b2dcd3fb12c/out/zstd/lib/decompress/zstd_ddict.o" "-c" "zstd/lib/decompress/zstd_ddict.c"
[INFO] [stderr]   running: "cc" "-O3" "-ffunction-sections" "-fdata-sections" "-fPIC" "-g" "-fno-omit-frame-pointer" "-m64" "-I" "zstd/lib/" "-I" "zstd/lib/common" "-I" "zstd/lib/legacy" "-fvisibility=hidden" "-DZSTD_LIB_DEPRECATED=0" "-DXXH_PRIVATE_API=" "-DZSTDLIB_VISIBILITY=" "-DZDICTLIB_VISIBILITY=" "-DZSTDERRORLIB_VISIBILITY=" "-DZSTD_LEGACY_SUPPORT=1" "-o" "/opt/rustwide/target/debug/build/zstd-sys-c7850b2dcd3fb12c/out/zstd/lib/decompress/zstd_decompress.o" "-c" "zstd/lib/decompress/zstd_decompress.c"
[INFO] [stderr]   cargo:warning=zstd/lib/decompress/zstd_decompress_block.c:1548:1: fatal error: error writing to /tmp/cc1iF77B.s: No space left on device
[INFO] [stderr]   cargo:warning= 1548 | }
[INFO] [stderr]   cargo:warning=      | ^
[INFO] [stderr]   cargo:warning=compilation terminated.
[INFO] [stderr]   cargo:warning=zstd/lib/decompress/zstd_ddict.c:244:1: fatal error: error writing to /tmp/ccjj9Kae.s: No space left on device
[INFO] [stderr]   cargo:warning=  244 | }
[INFO] [stderr]   cargo:warning=      | ^
[INFO] [stderr]   cargo:warning=compilation terminated.
[INFO] [stderr]   exit status: 1
[INFO] [stderr]   running: "cc" "-O3" "-ffunction-sections" "-fdata-sections" "-fPIC" "-g" "-fno-omit-frame-pointer" "-m64" "-I" "zstd/lib/" "-I" "zstd/lib/common" "-I" "zstd/lib/legacy" "-fvisibility=hidden" "-DZSTD_LIB_DEPRECATED=0" "-DXXH_PRIVATE_API=" "-DZSTDLIB_VISIBILITY=" "-DZDICTLIB_VISIBILITY=" "-DZSTDERRORLIB_VISIBILITY=" "-DZSTD_LEGACY_SUPPORT=1" "-o" "/opt/rustwide/target/debug/build/zstd-sys-c7850b2dcd3fb12c/out/zstd/lib/dictBuilder/divsufsort.o" "-c" "zstd/lib/dictBuilder/divsufsort.c"
[INFO] [stderr]   exit status: 1
[INFO] [stderr]   cargo:warning=zstd/lib/compress/zstd_fast.c:496:1: fatal error: error writing to /tmp/ccTzjXJA.s: No space left on device
[INFO] [stderr]   cargo:warning=  496 | }
[INFO] [stderr]   cargo:warning=      | ^
[INFO] [stderr]   cargo:warning=compilation terminated.
[INFO] [stderr]   exit status: 1
[INFO] [stderr]   cargo:warning=zstd/lib/decompress/huf_decompress.c:1350:1: fatal error: error writing to /tmp/ccati7DG.s: No space left on device
[INFO] [stderr]   cargo:warning= 1350 | }
[INFO] [stderr]   cargo:warning=      | ^
[INFO] [stderr]   cargo:warning=compilation terminated.
[INFO] [stderr]   exit status: 1
[INFO] [stderr]   cargo:warning=zstd/lib/compress/zstd_compress.c:6393:1: fatal error: error writing to /tmp/ccs51T6j.s: No space left on device
[INFO] [stderr]   cargo:warning= 6393 | }
[INFO] [stderr]   cargo:warning=      | ^
[INFO] [stderr]   cargo:warning=compilation terminated.
[INFO] [stderr]   exit status: 1
[INFO] [stderr]   cargo:warning=zstd/lib/decompress/zstd_decompress.c:2167:1: fatal error: error writing to /tmp/ccFsDovY.s: No space left on device
[INFO] [stderr]   cargo:warning= 2167 | }
[INFO] [stderr]   cargo:warning=      | ^
[INFO] [stderr]   cargo:warning=compilation terminated.
[INFO] [stderr]   exit status: 1
[INFO] [stderr]   cargo:warning=zstd/lib/dictBuilder/divsufsort.c:1913:1: fatal error: error writing to /tmp/cceleBC1.s: No space left on device
[INFO] [stderr]   cargo:warning= 1913 | }
[INFO] [stderr]   cargo:warning=      | ^
[INFO] [stderr]   cargo:warning=compilation terminated.
[INFO] [stderr]   exit status: 1
[INFO] [stderr]   cargo:warning=zstd/lib/compress/zstd_double_fast.c:521:1: fatal error: error writing to /tmp/ccsF33yi.s: No space left on device
[INFO] [stderr]   cargo:warning=  521 | }
[INFO] [stderr]   cargo:warning=      | ^
[INFO] [stderr]   cargo:warning=compilation terminated.
[INFO] [stderr]   exit status: 1
[INFO] [stderr]   cargo:warning=zstd/lib/compress/zstd_opt.c:1341:1: fatal error: error writing to /tmp/ccl2lKt5.s: No space left on device
[INFO] [stderr]   cargo:warning= 1341 | }
[INFO] [stderr]   cargo:warning=      | ^
[INFO] [stderr]   cargo:warning=compilation terminated.
[INFO] [stderr]   exit status: 1
[INFO] [stderr]   cargo:warning=zstd/lib/compress/zstd_lazy.c:2184:1: fatal error: error writing to /tmp/ccqCwpgw.s: No space left on device
[INFO] [stderr]   cargo:warning= 2184 | }
[INFO] [stderr]   cargo:warning=      | ^
[INFO] [stderr]   cargo:warning=compilation terminated.
[INFO] [stderr]   exit status: 1
[INFO] [stderr] 
[INFO] [stderr]   --- stderr
[INFO] [stderr] 
[INFO] [stderr] 
[INFO] [stderr]   error occurred: Command "cc" "-O3" "-ffunction-sections" "-fdata-sections" "-fPIC" "-g" "-fno-omit-frame-pointer" "-m64" "-I" "zstd/lib/" "-I" "zstd/lib/common" "-I" "zstd/lib/legacy" "-fvisibility=hidden" "-DZSTD_LIB_DEPRECATED=0" "-DXXH_PRIVATE_API=" "-DZSTDLIB_VISIBILITY=" "-DZDICTLIB_VISIBILITY=" "-DZSTDERRORLIB_VISIBILITY=" "-DZSTD_LEGACY_SUPPORT=1" "-o" "/opt/rustwide/target/debug/build/zstd-sys-c7850b2dcd3fb12c/out/zstd/lib/compress/zstd_opt.o" "-c" "zstd/lib/compress/zstd_opt.c" with args "cc" did not execute successfully (status code exit status: 1).
[INFO] [stderr] 
[INFO] [stderr] 
[INFO] running `Command { std: "docker" "inspect" "e6aaf41c0d5ddf40411290d5c0c3e8eadabc92433646cdaa91c4ff8697d24818", kill_on_drop: false }`
[INFO] running `Command { std: "docker" "rm" "-f" "e6aaf41c0d5ddf40411290d5c0c3e8eadabc92433646cdaa91c4ff8697d24818", kill_on_drop: false }`
[INFO] [stdout] e6aaf41c0d5ddf40411290d5c0c3e8eadabc92433646cdaa91c4ff8697d24818
