[INFO] cloning repository https://github.com/MathiasFHemmer/ImageProcessor
[INFO] running `Command { std: "git" "-c" "credential.helper=" "-c" "credential.helper=/workspace/cargo-home/bin/git-credential-null" "clone" "--bare" "https://github.com/MathiasFHemmer/ImageProcessor" "/workspace/cache/git-repos/https%3A%2F%2Fgithub.com%2FMathiasFHemmer%2FImageProcessor", kill_on_drop: false }`
[INFO] [stderr] Cloning into bare repository '/workspace/cache/git-repos/https%3A%2F%2Fgithub.com%2FMathiasFHemmer%2FImageProcessor'...
[INFO] running `Command { std: "git" "rev-parse" "HEAD", kill_on_drop: false }`
[INFO] [stdout] 90e917cc060fed838b35cc1d2b3dba195ce440c7
[INFO] documenting MathiasFHemmer/ImageProcessor against 1.75.0 for beta-1.76-rustdoc-1
[INFO] running `Command { std: "git" "clone" "/workspace/cache/git-repos/https%3A%2F%2Fgithub.com%2FMathiasFHemmer%2FImageProcessor" "/workspace/builds/worker-7-tc1/source", kill_on_drop: false }`
[INFO] [stderr] Cloning into '/workspace/builds/worker-7-tc1/source'...
[INFO] [stderr] done.
[INFO] validating manifest of git repo https://github.com/MathiasFHemmer/ImageProcessor on toolchain 1.75.0
[INFO] running `Command { std: CARGO_HOME="/workspace/cargo-home" RUSTUP_HOME="/workspace/rustup-home" "/workspace/cargo-home/bin/cargo" "+1.75.0" "metadata" "--manifest-path" "Cargo.toml" "--no-deps", kill_on_drop: false }`
[INFO] started tweaking git repo https://github.com/MathiasFHemmer/ImageProcessor
[INFO] finished tweaking git repo https://github.com/MathiasFHemmer/ImageProcessor
[INFO] tweaked toml for git repo https://github.com/MathiasFHemmer/ImageProcessor written to /workspace/builds/worker-7-tc1/source/Cargo.toml
[INFO] crate git repo https://github.com/MathiasFHemmer/ImageProcessor already has a lockfile, it will not be regenerated
[INFO] running `Command { std: CARGO_HOME="/workspace/cargo-home" RUSTUP_HOME="/workspace/rustup-home" "/workspace/cargo-home/bin/cargo" "+1.75.0" "fetch" "--manifest-path" "Cargo.toml", kill_on_drop: false }`
[INFO] [stderr]     Blocking waiting for file lock on package cache
[ERROR] error running command: no output for 300 seconds
[ERROR] this task or one of its parent failed!
[ERROR] no output for 300 seconds
[ERROR] note: run with `RUST_BACKTRACE=1` to display a backtrace.
[INFO] documenting MathiasFHemmer/ImageProcessor against beta-2023-12-22 for beta-1.76-rustdoc-1
[INFO] running `Command { std: "git" "clone" "/workspace/cache/git-repos/https%3A%2F%2Fgithub.com%2FMathiasFHemmer%2FImageProcessor" "/workspace/builds/worker-7-tc2/source", kill_on_drop: false }`
[INFO] [stderr] Cloning into '/workspace/builds/worker-7-tc2/source'...
[INFO] [stderr] done.
[INFO] validating manifest of git repo https://github.com/MathiasFHemmer/ImageProcessor on toolchain beta-2023-12-22
[INFO] running `Command { std: CARGO_HOME="/workspace/cargo-home" RUSTUP_HOME="/workspace/rustup-home" "/workspace/cargo-home/bin/cargo" "+beta-2023-12-22" "metadata" "--manifest-path" "Cargo.toml" "--no-deps", kill_on_drop: false }`
[INFO] started tweaking git repo https://github.com/MathiasFHemmer/ImageProcessor
[INFO] finished tweaking git repo https://github.com/MathiasFHemmer/ImageProcessor
[INFO] tweaked toml for git repo https://github.com/MathiasFHemmer/ImageProcessor written to /workspace/builds/worker-7-tc2/source/Cargo.toml
[INFO] crate git repo https://github.com/MathiasFHemmer/ImageProcessor already has a lockfile, it will not be regenerated
[INFO] running `Command { std: CARGO_HOME="/workspace/cargo-home" RUSTUP_HOME="/workspace/rustup-home" "/workspace/cargo-home/bin/cargo" "+beta-2023-12-22" "fetch" "--manifest-path" "Cargo.toml", kill_on_drop: false }`
[INFO] [stderr]     Blocking waiting for file lock on package cache
[INFO] [stderr]     Updating crates.io index
[INFO] [stderr]     Blocking waiting for file lock on package cache
[ERROR] error running command: no output for 300 seconds
[INFO] documenting MathiasFHemmer/ImageProcessor against beta-2023-12-22 for beta-1.76-rustdoc-1
[INFO] running `Command { std: "git" "clone" "/workspace/cache/git-repos/https%3A%2F%2Fgithub.com%2FMathiasFHemmer%2FImageProcessor" "/workspace/builds/worker-7-tc2/source", kill_on_drop: false }`
[INFO] [stderr] Cloning into '/workspace/builds/worker-7-tc2/source'...
[INFO] [stderr] done.
[INFO] validating manifest of git repo https://github.com/MathiasFHemmer/ImageProcessor on toolchain beta-2023-12-22
[INFO] running `Command { std: CARGO_HOME="/workspace/cargo-home" RUSTUP_HOME="/workspace/rustup-home" "/workspace/cargo-home/bin/cargo" "+beta-2023-12-22" "metadata" "--manifest-path" "Cargo.toml" "--no-deps", kill_on_drop: false }`
[INFO] started tweaking git repo https://github.com/MathiasFHemmer/ImageProcessor
[INFO] finished tweaking git repo https://github.com/MathiasFHemmer/ImageProcessor
[INFO] tweaked toml for git repo https://github.com/MathiasFHemmer/ImageProcessor written to /workspace/builds/worker-7-tc2/source/Cargo.toml
[INFO] crate git repo https://github.com/MathiasFHemmer/ImageProcessor already has a lockfile, it will not be regenerated
[INFO] running `Command { std: CARGO_HOME="/workspace/cargo-home" RUSTUP_HOME="/workspace/rustup-home" "/workspace/cargo-home/bin/cargo" "+beta-2023-12-22" "fetch" "--manifest-path" "Cargo.toml", kill_on_drop: false }`
[INFO] [stderr]     Blocking waiting for file lock on package cache
[INFO] [stderr]     Blocking waiting for file lock on package cache
[ERROR] error running command: no output for 300 seconds
[INFO] documenting MathiasFHemmer/ImageProcessor against beta-2023-12-22 for beta-1.76-rustdoc-1
[INFO] running `Command { std: "git" "clone" "/workspace/cache/git-repos/https%3A%2F%2Fgithub.com%2FMathiasFHemmer%2FImageProcessor" "/workspace/builds/worker-7-tc2/source", kill_on_drop: false }`
[INFO] [stderr] Cloning into '/workspace/builds/worker-7-tc2/source'...
[INFO] [stderr] done.
[INFO] validating manifest of git repo https://github.com/MathiasFHemmer/ImageProcessor on toolchain beta-2023-12-22
[INFO] running `Command { std: CARGO_HOME="/workspace/cargo-home" RUSTUP_HOME="/workspace/rustup-home" "/workspace/cargo-home/bin/cargo" "+beta-2023-12-22" "metadata" "--manifest-path" "Cargo.toml" "--no-deps", kill_on_drop: false }`
[INFO] started tweaking git repo https://github.com/MathiasFHemmer/ImageProcessor
[INFO] finished tweaking git repo https://github.com/MathiasFHemmer/ImageProcessor
[INFO] tweaked toml for git repo https://github.com/MathiasFHemmer/ImageProcessor written to /workspace/builds/worker-7-tc2/source/Cargo.toml
[INFO] crate git repo https://github.com/MathiasFHemmer/ImageProcessor already has a lockfile, it will not be regenerated
[INFO] running `Command { std: CARGO_HOME="/workspace/cargo-home" RUSTUP_HOME="/workspace/rustup-home" "/workspace/cargo-home/bin/cargo" "+beta-2023-12-22" "fetch" "--manifest-path" "Cargo.toml", kill_on_drop: false }`
[INFO] [stderr]     Blocking waiting for file lock on package cache
[INFO] [stderr]     Blocking waiting for file lock on package cache
[INFO] [stderr]  Downloading crates ...
[INFO] [stderr]   Downloaded show-image v0.12.3
[INFO] [stderr]   Downloaded show-image-macros v0.12.3
[INFO] [stderr]   Downloaded terminal_size v0.2.1
[INFO] [stderr]   Downloaded fft2d v0.1.0
[INFO] [stderr]   Downloaded clap v4.0.15
[INFO] [stderr]   Downloaded rustix v0.35.10
[INFO] running `Command { std: "docker" "create" "-v" "/var/lib/crater-agent-workspace/builds/worker-7-tc2/target:/opt/rustwide/target:rw,Z" "-v" "/var/lib/crater-agent-workspace/builds/worker-7-tc2/source:/opt/rustwide/workdir:ro,Z" "-v" "/var/lib/crater-agent-workspace/cargo-home:/opt/rustwide/cargo-home:ro,Z" "-v" "/var/lib/crater-agent-workspace/rustup-home:/opt/rustwide/rustup-home:ro,Z" "-e" "SOURCE_DIR=/opt/rustwide/workdir" "-e" "CARGO_TARGET_DIR=/opt/rustwide/target" "-e" "CARGO_HOME=/opt/rustwide/cargo-home" "-e" "RUSTUP_HOME=/opt/rustwide/rustup-home" "-w" "/opt/rustwide/workdir" "-m" "1610612736" "--user" "0:0" "--network" "none" "ghcr.io/rust-lang/crates-build-env/linux@sha256:2788e3201cd34a07e3172128adcd8b3090168a8e3bcc40d7c032b9dda1df7d1c" "/opt/rustwide/cargo-home/bin/cargo" "+beta-2023-12-22" "metadata" "--no-deps" "--format-version=1", kill_on_drop: false }`
[INFO] [stdout] 7eebb1e19811f469955a7af41fc87ca439b37ea97a8706469cd6c0a8efa7064d
[INFO] running `Command { std: "docker" "start" "-a" "7eebb1e19811f469955a7af41fc87ca439b37ea97a8706469cd6c0a8efa7064d", kill_on_drop: false }`
[INFO] running `Command { std: "docker" "inspect" "7eebb1e19811f469955a7af41fc87ca439b37ea97a8706469cd6c0a8efa7064d", kill_on_drop: false }`
[INFO] running `Command { std: "docker" "rm" "-f" "7eebb1e19811f469955a7af41fc87ca439b37ea97a8706469cd6c0a8efa7064d", kill_on_drop: false }`
[INFO] [stdout] 7eebb1e19811f469955a7af41fc87ca439b37ea97a8706469cd6c0a8efa7064d
[INFO] running `Command { std: "docker" "create" "-v" "/var/lib/crater-agent-workspace/builds/worker-7-tc2/target:/opt/rustwide/target:rw,Z" "-v" "/var/lib/crater-agent-workspace/builds/worker-7-tc2/source:/opt/rustwide/workdir:ro,Z" "-v" "/var/lib/crater-agent-workspace/cargo-home:/opt/rustwide/cargo-home:ro,Z" "-v" "/var/lib/crater-agent-workspace/rustup-home:/opt/rustwide/rustup-home:ro,Z" "-e" "SOURCE_DIR=/opt/rustwide/workdir" "-e" "CARGO_TARGET_DIR=/opt/rustwide/target" "-e" "CARGO_INCREMENTAL=0" "-e" "RUST_BACKTRACE=full" "-e" "RUSTFLAGS=--cap-lints=warn" "-e" "RUSTDOCFLAGS=--cap-lints=warn" "-e" "CARGO_HOME=/opt/rustwide/cargo-home" "-e" "RUSTUP_HOME=/opt/rustwide/rustup-home" "-w" "/opt/rustwide/workdir" "-m" "1610612736" "--user" "0:0" "--network" "none" "ghcr.io/rust-lang/crates-build-env/linux@sha256:2788e3201cd34a07e3172128adcd8b3090168a8e3bcc40d7c032b9dda1df7d1c" "/opt/rustwide/cargo-home/bin/cargo" "+beta-2023-12-22" "doc" "--frozen" "--no-deps" "--document-private-items" "--message-format=json", kill_on_drop: false }`
[INFO] [stdout] 59f2cd51f58f411dec2133c2effe25ee82d04e49c757b0369844e30e2de1150f
[INFO] running `Command { std: "docker" "start" "-a" "59f2cd51f58f411dec2133c2effe25ee82d04e49c757b0369844e30e2de1150f", kill_on_drop: false }`
[INFO] [stderr]    Compiling libc v0.2.133
[INFO] [stderr]    Compiling proc-macro2 v1.0.43
[INFO] [stderr]    Compiling quote v1.0.21
[INFO] [stderr]    Compiling unicode-ident v1.0.4
[INFO] [stderr]     Checking once_cell v1.15.0
[INFO] [stderr]    Compiling syn v1.0.100
[INFO] [stderr]    Compiling pkg-config v0.3.25
[INFO] [stderr]    Compiling memoffset v0.6.5
[INFO] [stderr]    Compiling libm v0.2.5
[INFO] [stderr]    Compiling num-traits v0.2.15
[INFO] [stderr]    Compiling thiserror v1.0.35
[INFO] [stderr]     Checking smallvec v1.9.0
[INFO] [stderr]     Checking libloading v0.7.3
[INFO] [stderr]    Compiling log v0.4.17
[INFO] [stderr]    Compiling crossbeam-utils v0.8.11
[INFO] [stderr]    Compiling num-integer v0.1.45
[INFO] [stderr]    Compiling futures-core v0.3.24
[INFO] [stderr]     Checking dlib v0.5.0
[INFO] [stderr]    Compiling ahash v0.7.6
[INFO] [stderr]    Compiling crossbeam-epoch v0.9.10
[INFO] [stderr]    Compiling xml-rs v0.8.4
[INFO] [stderr]    Compiling cc v1.0.73
[INFO] [stderr]    Compiling rayon-core v1.9.3
[INFO] [stderr]    Compiling ucd-trie v0.1.5
[INFO] [stderr]     Checking futures-sink v0.3.24
[INFO] [stderr]     Checking adler v1.0.2
[INFO] [stderr]    Compiling crc32fast v1.3.2
[INFO] [stderr]    Compiling rayon v1.5.3
[INFO] [stderr]    Compiling indexmap v1.9.1
[INFO] [stderr]    Compiling parking_lot_core v0.8.5
[INFO] [stderr]     Checking miniz_oxide v0.5.4
[INFO] [stderr]     Checking instant v0.1.12
[INFO] [stderr]    Compiling wayland-sys v0.29.5
[INFO] [stderr]     Checking unicode-width v0.1.10
[INFO] [stderr]     Checking termcolor v1.1.3
[INFO] [stderr]     Checking either v1.8.0
[INFO] [stderr]     Checking spin v0.9.4
[INFO] [stderr]    Compiling num-rational v0.4.1
[INFO] [stderr]    Compiling slab v0.4.7
[INFO] [stderr]     Checking crossbeam-channel v0.5.6
[INFO] [stderr]    Compiling cmake v0.1.48
[INFO] [stderr]     Checking minimal-lexical v0.2.1
[INFO] [stderr]     Checking weezl v0.1.7
[INFO] [stderr]    Compiling semver v1.0.14
[INFO] [stderr]     Checking downcast-rs v1.2.0
[INFO] [stderr]    Compiling futures-channel v0.3.24
[INFO] [stderr]     Checking bit-vec v0.6.3
[INFO] [stderr]     Checking crossbeam-deque v0.8.2
[INFO] [stderr]    Compiling futures-task v0.3.24
[INFO] [stderr]     Checking fixedbitset v0.4.2
[INFO] [stderr]    Compiling khronos-egl v4.1.0
[INFO] [stderr]    Compiling ash v0.34.0+1.2.203
[INFO] [stderr]     Checking cty v0.2.2
[INFO] [stderr]     Checking flate2 v1.0.24
[INFO] [stderr]     Checking scoped-tls v1.0.0
[INFO] [stderr]     Checking raw-window-handle v0.4.3
[INFO] [stderr]    Compiling wayland-scanner v0.29.5
[INFO] [stderr]     Checking nom v7.1.1
[INFO] [stderr]     Checking bit-set v0.5.3
[INFO] [stderr]     Checking codespan-reporting v0.11.1
[INFO] [stderr]    Compiling yeslogic-fontconfig-sys v3.2.0
[INFO] [stderr]     Checking gpu-descriptor-types v0.1.1
[INFO] [stderr]    Compiling proc-macro-error-attr v1.0.4
[INFO] [stderr]     Checking gpu-alloc-types v0.2.0
[INFO] [stderr]     Checking spirv v0.2.0+1.5.4
[INFO] [stderr]     Checking color_quant v1.1.0
[INFO] [stderr]    Compiling futures-util v0.3.24
[INFO] [stderr]     Checking half v1.8.2
[INFO] [stderr]     Checking getrandom v0.2.7
[INFO] [stderr]     Checking num_cpus v1.13.1
[INFO] [stderr]     Checking nix v0.24.2
[INFO] [stderr]     Checking dirs-sys-next v0.1.2
[INFO] [stderr]    Compiling cfg_aliases v0.1.1
[INFO] [stderr]     Checking threadpool v1.8.1
[INFO] [stderr]     Checking lebe v0.5.2
[INFO] [stderr]     Checking rustc-hash v1.1.0
[INFO] [stderr]     Checking nanorand v0.7.0
[INFO] [stderr]    Compiling serde v1.0.144
[INFO] [stderr]     Checking hexf-parse v0.2.1
[INFO] [stderr]     Checking bit_field v0.10.1
[INFO] [stderr]    Compiling freetype-sys v0.13.1
[INFO] [stderr]     Checking parking_lot v0.11.2
[INFO] [stderr]    Compiling wgpu-core v0.12.2
[INFO] [stderr]     Checking hashbrown v0.12.3
[INFO] [stderr]     Checking dirs-next v2.0.0
[INFO] [stderr]     Checking png v0.17.6
[INFO] [stderr]     Checking gif v0.11.4
[INFO] [stderr]     Checking gpu-alloc v0.5.3
[INFO] [stderr]     Checking nix v0.22.3
[INFO] [stderr]    Compiling smithay-client-toolkit v0.15.4
[INFO] [stderr]    Compiling x11-dl v2.20.0
[INFO] [stderr]     Checking fxhash v0.2.1
[INFO] [stderr]     Checking wgpu-types v0.12.0
[INFO] [stderr]    Compiling proc-macro-error v1.0.4
[INFO] [stderr]     Checking bytemuck v1.12.1
[INFO] [stderr]    Compiling wayland-client v0.29.5
[INFO] [stderr]    Compiling wayland-protocols v0.29.5
[INFO] [stderr]     Checking xcursor v0.3.4
[INFO] [stderr]     Checking gpu-descriptor v0.2.3
[INFO] [stderr]     Checking profiling v1.0.6
[INFO] [stderr]     Checking scoped_threadpool v0.1.9
[INFO] [stderr]     Checking futures-io v0.3.24
[INFO] [stderr]     Checking renderdoc-sys v0.7.1
[INFO] [stderr]    Compiling io-lifetimes v0.7.3
[INFO] [stderr]     Checking glow v0.11.2
[INFO] [stderr]     Checking inplace_it v0.3.5
[INFO] [stderr]     Checking arrayvec v0.7.2
[INFO] [stderr]    Compiling rustc_version v0.4.0
[INFO] [stderr]    Compiling tinyfiledialogs v3.9.1
[INFO] [stderr]     Checking rand_core v0.6.4
[INFO] [stderr]     Checking memmap2 v0.3.1
[INFO] [stderr]     Checking copyless v0.1.5
[INFO] [stderr]     Checking const-cstr v0.3.0
[INFO] [stderr]     Checking regex-automata v0.1.10
[INFO] [stderr]     Checking petgraph v0.6.2
[INFO] [stderr]    Compiling winit v0.26.1
[INFO] [stderr]    Compiling rustix v0.35.10
[INFO] [stderr]     Checking strength_reduce v0.2.3
[INFO] [stderr]    Compiling font-kit v0.11.0
[INFO] [stderr]     Checking wayland-commons v0.29.5
[INFO] [stderr]     Checking same-file v1.0.6
[INFO] [stderr]     Checking plotters-backend v0.3.4
[INFO] [stderr]     Checking walkdir v2.3.2
[INFO] [stderr]     Checking transpose v0.2.1
[INFO] [stderr]     Checking rand_chacha v0.3.1
[INFO] [stderr]    Compiling show-image v0.12.3
[INFO] [stderr]     Checking freetype v0.7.0
[INFO] [stderr]     Checking primal-check v0.3.3
[INFO] [stderr]     Checking atty v0.2.14
[INFO] [stderr]     Checking time v0.1.44
[INFO] [stderr]     Checking mio v0.8.4
[INFO] [stderr]     Checking num-complex v0.4.2
[INFO] [stderr]     Checking csv-core v0.1.10
[INFO] [stderr]     Checking linux-raw-sys v0.0.46
[INFO] [stderr]     Checking float-ord v0.2.0
[INFO] [stderr]     Checking ryu v1.0.11
[INFO] [stderr]     Checking os_str_bytes v6.3.0
[INFO] [stderr]     Checking itoa v0.4.8
[INFO] [stderr]     Checking jpeg-decoder v0.2.6
[INFO] [stderr]    Compiling heck v0.4.0
[INFO] [stderr]     Checking iana-time-zone v0.1.48
[INFO] [stderr]     Checking chrono v0.4.22
[INFO] [stderr]     Checking rustfft v6.0.1
[INFO] [stderr]     Checking clap_lex v0.3.0
[INFO] [stderr]     Checking rand v0.8.5
[INFO] [stderr]     Checking plotters-svg v0.3.3
[INFO] [stderr]     Checking term v0.7.0
[INFO] [stderr]     Checking ttf-parser v0.15.2
[INFO] [stderr]     Checking encode_unicode v1.0.0
[INFO] [stderr]     Checking glam v0.20.5
[INFO] [stderr]     Checking tiff v0.7.3
[INFO] [stderr]     Checking strsim v0.10.0
[INFO] [stderr] error: could not compile `ash` (lib)
[INFO] [stderr] 
[INFO] [stderr] Caused by:
[INFO] [stderr]   process didn't exit successfully: `/opt/rustwide/rustup-home/toolchains/beta-2023-12-22-x86_64-unknown-linux-gnu/bin/rustc --crate-name ash --edition=2018 /opt/rustwide/cargo-home/registry/src/index.crates.io-6f17d22bba15001f/ash-0.34.0+1.2.203/src/lib.rs --error-format=json --json=diagnostic-rendered-ansi,artifacts,future-incompat --crate-type lib --emit=dep-info,metadata -C embed-bitcode=no -C debuginfo=2 --cfg 'feature="debug"' --cfg 'feature="libloading"' --cfg 'feature="loaded"' -C metadata=187e17a0345c3af9 -C extra-filename=-187e17a0345c3af9 --out-dir /opt/rustwide/target/debug/deps -L dependency=/opt/rustwide/target/debug/deps --extern libloading=/opt/rustwide/target/debug/deps/liblibloading-b8e34f532c1d0f6a.rmeta --cap-lints allow --cap-lints=warn` (signal: 9, SIGKILL: kill)
[INFO] [stderr] warning: build failed, waiting for other jobs to finish...
[INFO] running `Command { std: "docker" "inspect" "59f2cd51f58f411dec2133c2effe25ee82d04e49c757b0369844e30e2de1150f", kill_on_drop: false }`
[INFO] running `Command { std: "docker" "rm" "-f" "59f2cd51f58f411dec2133c2effe25ee82d04e49c757b0369844e30e2de1150f", kill_on_drop: false }`
[INFO] [stdout] 59f2cd51f58f411dec2133c2effe25ee82d04e49c757b0369844e30e2de1150f
