[INFO] fetching crate blis-sys2 0.2.1...
[INFO] documenting blis-sys2-0.2.1 against 1.75.0 for beta-1.76-rustdoc-1
[INFO] extracting crate blis-sys2 0.2.1 into /workspace/builds/worker-1-tc1/source
[INFO] validating manifest of crates.io crate blis-sys2 0.2.1 on toolchain 1.75.0
[INFO] running `Command { std: CARGO_HOME="/workspace/cargo-home" RUSTUP_HOME="/workspace/rustup-home" "/workspace/cargo-home/bin/cargo" "+1.75.0" "metadata" "--manifest-path" "Cargo.toml" "--no-deps", kill_on_drop: false }`
[INFO] started tweaking crates.io crate blis-sys2 0.2.1
[INFO] finished tweaking crates.io crate blis-sys2 0.2.1
[INFO] tweaked toml for crates.io crate blis-sys2 0.2.1 written to /workspace/builds/worker-1-tc1/source/Cargo.toml
[INFO] running `Command { std: CARGO_HOME="/workspace/cargo-home" RUSTUP_HOME="/workspace/rustup-home" "/workspace/cargo-home/bin/cargo" "+1.75.0" "generate-lockfile" "--manifest-path" "Cargo.toml", kill_on_drop: false }`
[INFO] [stderr]     Updating crates.io index
[INFO] running `Command { std: CARGO_HOME="/workspace/cargo-home" RUSTUP_HOME="/workspace/rustup-home" "/workspace/cargo-home/bin/cargo" "+1.75.0" "fetch" "--manifest-path" "Cargo.toml", kill_on_drop: false }`
[INFO] [stderr]  Downloading crates ...
[INFO] [stderr]   Downloaded bindgen v0.58.1
[INFO] [stderr]   Downloaded blis-src v0.2.1
[INFO] running `Command { std: "docker" "create" "-v" "/var/lib/crater-agent-workspace/builds/worker-1-tc1/target:/opt/rustwide/target:rw,Z" "-v" "/var/lib/crater-agent-workspace/builds/worker-1-tc1/source:/opt/rustwide/workdir:ro,Z" "-v" "/var/lib/crater-agent-workspace/cargo-home:/opt/rustwide/cargo-home:ro,Z" "-v" "/var/lib/crater-agent-workspace/rustup-home:/opt/rustwide/rustup-home:ro,Z" "-e" "SOURCE_DIR=/opt/rustwide/workdir" "-e" "CARGO_TARGET_DIR=/opt/rustwide/target" "-e" "CARGO_HOME=/opt/rustwide/cargo-home" "-e" "RUSTUP_HOME=/opt/rustwide/rustup-home" "-w" "/opt/rustwide/workdir" "-m" "1610612736" "--user" "0:0" "--network" "none" "ghcr.io/rust-lang/crates-build-env/linux@sha256:2788e3201cd34a07e3172128adcd8b3090168a8e3bcc40d7c032b9dda1df7d1c" "/opt/rustwide/cargo-home/bin/cargo" "+1.75.0" "metadata" "--no-deps" "--format-version=1", kill_on_drop: false }`
[INFO] [stdout] 0e752ffc72bff725c002685cac6bcaa886c2d965580bfaf6f0f0d2e7db286da8
[INFO] running `Command { std: "docker" "start" "-a" "0e752ffc72bff725c002685cac6bcaa886c2d965580bfaf6f0f0d2e7db286da8", kill_on_drop: false }`
[INFO] running `Command { std: "docker" "inspect" "0e752ffc72bff725c002685cac6bcaa886c2d965580bfaf6f0f0d2e7db286da8", kill_on_drop: false }`
[INFO] running `Command { std: "docker" "rm" "-f" "0e752ffc72bff725c002685cac6bcaa886c2d965580bfaf6f0f0d2e7db286da8", kill_on_drop: false }`
[INFO] [stdout] 0e752ffc72bff725c002685cac6bcaa886c2d965580bfaf6f0f0d2e7db286da8
[INFO] running `Command { std: "docker" "create" "-v" "/var/lib/crater-agent-workspace/builds/worker-1-tc1/target:/opt/rustwide/target:rw,Z" "-v" "/var/lib/crater-agent-workspace/builds/worker-1-tc1/source:/opt/rustwide/workdir:ro,Z" "-v" "/var/lib/crater-agent-workspace/cargo-home:/opt/rustwide/cargo-home:ro,Z" "-v" "/var/lib/crater-agent-workspace/rustup-home:/opt/rustwide/rustup-home:ro,Z" "-e" "SOURCE_DIR=/opt/rustwide/workdir" "-e" "CARGO_TARGET_DIR=/opt/rustwide/target" "-e" "CARGO_INCREMENTAL=0" "-e" "RUST_BACKTRACE=full" "-e" "RUSTFLAGS=--cap-lints=warn" "-e" "RUSTDOCFLAGS=--cap-lints=warn" "-e" "CARGO_HOME=/opt/rustwide/cargo-home" "-e" "RUSTUP_HOME=/opt/rustwide/rustup-home" "-w" "/opt/rustwide/workdir" "-m" "1610612736" "--user" "0:0" "--network" "none" "ghcr.io/rust-lang/crates-build-env/linux@sha256:2788e3201cd34a07e3172128adcd8b3090168a8e3bcc40d7c032b9dda1df7d1c" "/opt/rustwide/cargo-home/bin/cargo" "+1.75.0" "doc" "--frozen" "--no-deps" "--document-private-items" "--message-format=json", kill_on_drop: false }`
[INFO] [stdout] 517736726e88d3aafab6a6c3d3e135871989296e0fb32d2151d62ec9c0a886e9
[INFO] running `Command { std: "docker" "start" "-a" "517736726e88d3aafab6a6c3d3e135871989296e0fb32d2151d62ec9c0a886e9", kill_on_drop: false }`
[INFO] [stderr]    Compiling memchr v2.7.1
[INFO] [stderr]    Compiling proc-macro2 v1.0.76
[INFO] [stderr]    Compiling regex-syntax v0.8.2
[INFO] [stderr]    Compiling blis-src v0.2.1
[INFO] [stderr]    Compiling vec_map v0.8.2
[INFO] [stderr]    Compiling ansi_term v0.12.1
[INFO] [stderr]    Compiling bitflags v1.3.2
[INFO] [stderr]    Compiling strsim v0.8.0
[INFO] [stderr]    Compiling clang-sys v1.7.0
[INFO] [stderr]    Compiling nom v5.1.3
[INFO] [stderr]    Compiling libloading v0.8.1
[INFO] [stderr]    Compiling textwrap v0.11.0
[INFO] [stderr]    Compiling bindgen v0.58.1
[INFO] [stderr]    Compiling atty v0.2.14
[INFO] [stderr]    Compiling which v3.1.1
[INFO] [stderr]    Compiling shlex v1.2.0
[INFO] [stderr]    Compiling peeking_take_while v0.1.2
[INFO] [stderr]    Compiling lazycell v1.3.0
[INFO] [stderr]    Compiling lazy_static v1.4.0
[INFO] [stderr]    Compiling clap v2.34.0
[INFO] [stderr]    Compiling aho-corasick v1.1.2
[INFO] [stderr]    Compiling quote v1.0.35
[INFO] [stderr]    Compiling cexpr v0.4.0
[INFO] [stderr]    Compiling regex-automata v0.4.3
[INFO] [stderr]    Compiling regex v1.10.2
[INFO] [stderr]    Compiling env_logger v0.8.4
[INFO] [stderr] error: failed to run custom build command for `blis-src v0.2.1`
[INFO] [stderr] note: To improve backtraces for build dependencies, set the CARGO_PROFILE_DEV_BUILD_OVERRIDE_DEBUG=true environment variable to enable debug information generation.
[INFO] [stderr] 
[INFO] [stderr] Caused by:
[INFO] [stderr]   process didn't exit successfully: `/opt/rustwide/target/debug/build/blis-src-61d36847e02156a7/build-script-build` (exit status: 101)
[INFO] [stderr]   --- stdout
[INFO] [stderr]   Running: `"cp" "-R" "upstream" "/opt/rustwide/target/debug/build/blis-src-f17ac43bb5d0868a/out/blis_x86_64-unknown-linux-gnu"`
[INFO] [stderr]   Running: `cd "/opt/rustwide/target/debug/build/blis-src-f17ac43bb5d0868a/out/blis_x86_64-unknown-linux-gnu" && "/opt/rustwide/target/debug/build/blis-src-f17ac43bb5d0868a/out/blis_x86_64-unknown-linux-gnu/configure" "--prefix=/opt/rustwide/target/debug/build/blis-src-f17ac43bb5d0868a/out" "--enable-cblas" "--enable-threading=no" "--disable-static" "--enable-shared" "x86_64"`
[INFO] [stderr]   configure: detected Linux kernel version 6.2.0-1019-gcp.
[INFO] [stderr]   configure: python interpreter search list is: python python3 python2.
[INFO] [stderr]   configure: found 'python3'.
[INFO] [stderr]   configure: using 'python3' as python interpreter.
[INFO] [stderr]   configure: found python version 3.10.12 (maj: 3, min: 10, rev: 12).
[INFO] [stderr]   configure: python 3.10.12 appears to be supported.
[INFO] [stderr]   configure: C compiler search list is: gcc clang cc.
[INFO] [stderr]   configure: found 'gcc'.
[INFO] [stderr]   configure: using 'gcc' as C compiler.
[INFO] [stderr]   configure: found gcc version 11.4.0 (maj: 11, min: 4, rev: 0).
[INFO] [stderr]   configure: checking for blacklisted configurations due to gcc 11.4.0.
[INFO] [stderr]   configure: checking gcc 11.4.0 against known consequential version ranges.
[INFO] [stderr]   configure: found assembler ('as') version 2.38 (maj: 2, min: 38, rev: ).
[INFO] [stderr]   configure: checking for blacklisted configurations due to as 2.38.
[INFO] [stderr]   configure: C++ compiler search list is: g++ clang++ c++.
[INFO] [stderr]   configure: found 'g++'.
[INFO] [stderr]   configure: using 'g++' as C++ compiler.
[INFO] [stderr]   configure: Fortran compiler search list is: gfortran ifort.
[INFO] [stderr]   configure: found 'gfortran'.
[INFO] [stderr]   configure: using 'gfortran' as Fortran compiler.
[INFO] [stderr]   configure: library archiver search list is: ar.
[INFO] [stderr]   configure: found 'ar'.
[INFO] [stderr]   configure: using 'ar' as library archiver.
[INFO] [stderr]   configure: archive indexer search list is: ranlib.
[INFO] [stderr]   configure: found 'ranlib'.
[INFO] [stderr]   configure: using 'ranlib' as archive indexer.
[INFO] [stderr]   configure: reading configuration registry...done.
[INFO] [stderr]   configure: determining default version string.
[INFO] [stderr]   configure: could not find '.git' directory; using unmodified version file.
[INFO] [stderr]   configure: starting configuration of BLIS 0.9.0.
[INFO] [stderr]   configure: configuring with official version string.
[INFO] [stderr]   configure: found shared library .so version '4.0.0'.
[INFO] [stderr]   configure:   .so major version: 4
[INFO] [stderr]   configure:   .so minor.build version: 0.0
[INFO] [stderr]   configure: manual configuration requested; configuring with 'x86_64'.
[INFO] [stderr]   configure: checking configuration against contents of 'config_registry'.
[INFO] [stderr]   configure: configuration 'x86_64' is registered.
[INFO] [stderr]   configure: 'x86_64' is defined as having the following sub-configurations:
[INFO] [stderr]   configure:    skx knl haswell sandybridge penryn zen3 zen2 zen excavator steamroller piledriver bulldozer generic
[INFO] [stderr]   configure: which collectively require the following kernels:
[INFO] [stderr]   configure:    skx knl sandybridge penryn zen3 zen2 haswell zen piledriver bulldozer generic
[INFO] [stderr]   configure: checking sub-configurations:
[INFO] [stderr]   configure:   'skx' is registered...and exists.
[INFO] [stderr]   configure:   'knl' is registered...and exists.
[INFO] [stderr]   configure:   'haswell' is registered...and exists.
[INFO] [stderr]   configure:   'sandybridge' is registered...and exists.
[INFO] [stderr]   configure:   'penryn' is registered...and exists.
[INFO] [stderr]   configure:   'zen3' is registered...and exists.
[INFO] [stderr]   configure:   'zen2' is registered...and exists.
[INFO] [stderr]   configure:   'zen' is registered...and exists.
[INFO] [stderr]   configure:   'excavator' is registered...and exists.
[INFO] [stderr]   configure:   'steamroller' is registered...and exists.
[INFO] [stderr]   configure:   'piledriver' is registered...and exists.
[INFO] [stderr]   configure:   'bulldozer' is registered...and exists.
[INFO] [stderr]   configure:   'generic' is registered...and exists.
[INFO] [stderr]   configure: checking sub-configurations' requisite kernels:
[INFO] [stderr]   configure:   'skx' kernels...exist.
[INFO] [stderr]   configure:   'knl' kernels...exist.
[INFO] [stderr]   configure:   'sandybridge' kernels...exist.
[INFO] [stderr]   configure:   'penryn' kernels...exist.
[INFO] [stderr]   configure:   'zen3' kernels...exist.
[INFO] [stderr]   configure:   'zen2' kernels...exist.
[INFO] [stderr]   configure:   'haswell' kernels...exist.
[INFO] [stderr]   configure:   'zen' kernels...exist.
[INFO] [stderr]   configure:   'piledriver' kernels...exist.
[INFO] [stderr]   configure:   'bulldozer' kernels...exist.
[INFO] [stderr]   configure:   'generic' kernels...exist.
[INFO] [stderr]   configure: detected --prefix='/opt/rustwide/target/debug/build/blis-src-f17ac43bb5d0868a/out'.
[INFO] [stderr]   configure: no install exec_prefix option given; defaulting to PREFIX.
[INFO] [stderr]   configure: no install libdir option given; defaulting to EXECPREFIX/lib.
[INFO] [stderr]   configure: no install includedir option given; defaulting to PREFIX/include.
[INFO] [stderr]   configure: no install sharedir option given; defaulting to PREFIX/share.
[INFO] [stderr]   configure: final installation directories:
[INFO] [stderr]   configure:   prefix:      /opt/rustwide/target/debug/build/blis-src-f17ac43bb5d0868a/out
[INFO] [stderr]   configure:   exec_prefix: ${prefix}
[INFO] [stderr]   configure:   libdir:      ${exec_prefix}/lib
[INFO] [stderr]   configure:   includedir:  ${prefix}/include
[INFO] [stderr]   configure:   sharedir:    ${prefix}/share
[INFO] [stderr]   configure: NOTE: the variables above can be overridden when running make.
[INFO] [stderr]   configure: no preset CFLAGS detected.
[INFO] [stderr]   configure: no preset LDFLAGS detected.
[INFO] [stderr]   configure: debug symbols disabled.
[INFO] [stderr]   configure: disabling verbose make output. (enable with 'make V=1'.)
[INFO] [stderr]   configure: disabling ARG_MAX hack.
[INFO] [stderr]   configure: building BLIS as a shared library (static library disabled).
[INFO] [stderr]   configure: exporting only public symbols within shared library.
[INFO] [stderr]   configure: enabling operating system support.
[INFO] [stderr]   configure: threading is disabled.
[INFO] [stderr]   configure: requesting slab threading in jr and ir loops.
[INFO] [stderr]   configure: internal memory pools for packing blocks are enabled.
[INFO] [stderr]   configure: internal memory pools for small blocks are enabled.
[INFO] [stderr]   configure: memory tracing output is disabled.
[INFO] [stderr]   configure: libmemkind not found; disabling.
[INFO] [stderr]   configure: compiler appears to support #pragma omp simd.
[INFO] [stderr]   configure: the BLAS compatibility layer is enabled.
[INFO] [stderr]   configure: the CBLAS compatibility layer is enabled.
[INFO] [stderr]   configure: mixed datatype support is enabled.
[INFO] [stderr]   configure: mixed datatype optimizations requiring extra memory are enabled.
[INFO] [stderr]   configure: small matrix handling is enabled.
[INFO] [stderr]   configure: trsm diagonal element pre-inversion is enabled.
[INFO] [stderr]   configure: the BLIS API integer size is automatically determined.
[INFO] [stderr]   configure: the BLAS/CBLAS API integer size is 32-bit.
[INFO] [stderr]   configure: AMD-specific framework files will not be considered.
[INFO] [stderr]   configure: configuring with no addons.
[INFO] [stderr]   configure: configuring for conventional gemm implementation.
[INFO] [stderr]   configure: unable to determine Fortran compiler vendor!
[INFO] [stderr]   configure: configuring complex return type as "gnu".
[INFO] [stderr]   configure: creating ./config.mk from /opt/rustwide/target/debug/build/blis-src-f17ac43bb5d0868a/out/blis_x86_64-unknown-linux-gnu/build/config.mk.in
[INFO] [stderr]   configure: creating ./bli_config.h from /opt/rustwide/target/debug/build/blis-src-f17ac43bb5d0868a/out/blis_x86_64-unknown-linux-gnu/build/bli_config.h.in
[INFO] [stderr]   configure: creating ./bli_addon.h from /opt/rustwide/target/debug/build/blis-src-f17ac43bb5d0868a/out/blis_x86_64-unknown-linux-gnu/build/bli_addon.h.in
[INFO] [stderr]   configure: creating ./obj/x86_64
[INFO] [stderr]   configure: creating ./obj/x86_64/config/skx
[INFO] [stderr]   configure: creating ./obj/x86_64/config/knl
[INFO] [stderr]   configure: creating ./obj/x86_64/config/haswell
[INFO] [stderr]   configure: creating ./obj/x86_64/config/sandybridge
[INFO] [stderr]   configure: creating ./obj/x86_64/config/penryn
[INFO] [stderr]   configure: creating ./obj/x86_64/config/zen3
[INFO] [stderr]   configure: creating ./obj/x86_64/config/zen2
[INFO] [stderr]   configure: creating ./obj/x86_64/config/zen
[INFO] [stderr]   configure: creating ./obj/x86_64/config/excavator
[INFO] [stderr]   configure: creating ./obj/x86_64/config/steamroller
[INFO] [stderr]   configure: creating ./obj/x86_64/config/piledriver
[INFO] [stderr]   configure: creating ./obj/x86_64/config/bulldozer
[INFO] [stderr]   configure: creating ./obj/x86_64/config/generic
[INFO] [stderr]   configure: creating ./obj/x86_64/kernels/skx
[INFO] [stderr]   configure: creating ./obj/x86_64/kernels/knl
[INFO] [stderr]   configure: creating ./obj/x86_64/kernels/sandybridge
[INFO] [stderr]   configure: creating ./obj/x86_64/kernels/penryn
[INFO] [stderr]   configure: creating ./obj/x86_64/kernels/zen3
[INFO] [stderr]   configure: creating ./obj/x86_64/kernels/zen2
[INFO] [stderr]   configure: creating ./obj/x86_64/kernels/haswell
[INFO] [stderr]   configure: creating ./obj/x86_64/kernels/zen
[INFO] [stderr]   configure: creating ./obj/x86_64/kernels/piledriver
[INFO] [stderr]   configure: creating ./obj/x86_64/kernels/bulldozer
[INFO] [stderr]   configure: creating ./obj/x86_64/kernels/generic
[INFO] [stderr]   configure: creating ./obj/x86_64/ref_kernels/skx
[INFO] [stderr]   configure: creating ./obj/x86_64/ref_kernels/knl
[INFO] [stderr]   configure: creating ./obj/x86_64/ref_kernels/haswell
[INFO] [stderr]   configure: creating ./obj/x86_64/ref_kernels/sandybridge
[INFO] [stderr]   configure: creating ./obj/x86_64/ref_kernels/penryn
[INFO] [stderr]   configure: creating ./obj/x86_64/ref_kernels/zen3
[INFO] [stderr]   configure: creating ./obj/x86_64/ref_kernels/zen2
[INFO] [stderr]   configure: creating ./obj/x86_64/ref_kernels/zen
[INFO] [stderr]   configure: creating ./obj/x86_64/ref_kernels/excavator
[INFO] [stderr]   configure: creating ./obj/x86_64/ref_kernels/steamroller
[INFO] [stderr]   configure: creating ./obj/x86_64/ref_kernels/piledriver
[INFO] [stderr]   configure: creating ./obj/x86_64/ref_kernels/bulldozer
[INFO] [stderr]   configure: creating ./obj/x86_64/ref_kernels/generic
[INFO] [stderr]   configure: creating ./obj/x86_64/frame
[INFO] [stderr]   configure: creating ./obj/x86_64/blastest
[INFO] [stderr]   configure: creating ./obj/x86_64/testsuite
[INFO] [stderr]   configure: creating ./lib/x86_64
[INFO] [stderr]   configure: creating ./include/x86_64
[INFO] [stderr]   configure: mirroring /opt/rustwide/target/debug/build/blis-src-f17ac43bb5d0868a/out/blis_x86_64-unknown-linux-gnu/config/skx to ./obj/x86_64/config/skx
[INFO] [stderr]   configure: mirroring /opt/rustwide/target/debug/build/blis-src-f17ac43bb5d0868a/out/blis_x86_64-unknown-linux-gnu/config/knl to ./obj/x86_64/config/knl
[INFO] [stderr]   configure: mirroring /opt/rustwide/target/debug/build/blis-src-f17ac43bb5d0868a/out/blis_x86_64-unknown-linux-gnu/config/haswell to ./obj/x86_64/config/haswell
[INFO] [stderr]   configure: mirroring /opt/rustwide/target/debug/build/blis-src-f17ac43bb5d0868a/out/blis_x86_64-unknown-linux-gnu/config/sandybridge to ./obj/x86_64/config/sandybridge
[INFO] [stderr]   configure: mirroring /opt/rustwide/target/debug/build/blis-src-f17ac43bb5d0868a/out/blis_x86_64-unknown-linux-gnu/config/penryn to ./obj/x86_64/config/penryn
[INFO] [stderr]   configure: mirroring /opt/rustwide/target/debug/build/blis-src-f17ac43bb5d0868a/out/blis_x86_64-unknown-linux-gnu/config/zen3 to ./obj/x86_64/config/zen3
[INFO] [stderr]   configure: mirroring /opt/rustwide/target/debug/build/blis-src-f17ac43bb5d0868a/out/blis_x86_64-unknown-linux-gnu/config/zen2 to ./obj/x86_64/config/zen2
[INFO] [stderr]   configure: mirroring /opt/rustwide/target/debug/build/blis-src-f17ac43bb5d0868a/out/blis_x86_64-unknown-linux-gnu/config/zen to ./obj/x86_64/config/zen
[INFO] [stderr]   configure: mirroring /opt/rustwide/target/debug/build/blis-src-f17ac43bb5d0868a/out/blis_x86_64-unknown-linux-gnu/config/excavator to ./obj/x86_64/config/excavator
[INFO] [stderr]   configure: mirroring /opt/rustwide/target/debug/build/blis-src-f17ac43bb5d0868a/out/blis_x86_64-unknown-linux-gnu/config/steamroller to ./obj/x86_64/config/steamroller
[INFO] [stderr]   configure: mirroring /opt/rustwide/target/debug/build/blis-src-f17ac43bb5d0868a/out/blis_x86_64-unknown-linux-gnu/config/piledriver to ./obj/x86_64/config/piledriver
[INFO] [stderr]   configure: mirroring /opt/rustwide/target/debug/build/blis-src-f17ac43bb5d0868a/out/blis_x86_64-unknown-linux-gnu/config/bulldozer to ./obj/x86_64/config/bulldozer
[INFO] [stderr]   configure: mirroring /opt/rustwide/target/debug/build/blis-src-f17ac43bb5d0868a/out/blis_x86_64-unknown-linux-gnu/config/generic to ./obj/x86_64/config/generic
[INFO] [stderr]   configure: mirroring /opt/rustwide/target/debug/build/blis-src-f17ac43bb5d0868a/out/blis_x86_64-unknown-linux-gnu/config/x86_64 to ./obj/x86_64/config/x86_64
[INFO] [stderr]   configure: mirroring /opt/rustwide/target/debug/build/blis-src-f17ac43bb5d0868a/out/blis_x86_64-unknown-linux-gnu/kernels/skx to ./obj/x86_64/kernels/skx
[INFO] [stderr]   configure: mirroring /opt/rustwide/target/debug/build/blis-src-f17ac43bb5d0868a/out/blis_x86_64-unknown-linux-gnu/kernels/knl to ./obj/x86_64/kernels/knl
[INFO] [stderr]   configure: mirroring /opt/rustwide/target/debug/build/blis-src-f17ac43bb5d0868a/out/blis_x86_64-unknown-linux-gnu/kernels/sandybridge to ./obj/x86_64/kernels/sandybridge
[INFO] [stderr]   configure: mirroring /opt/rustwide/target/debug/build/blis-src-f17ac43bb5d0868a/out/blis_x86_64-unknown-linux-gnu/kernels/penryn to ./obj/x86_64/kernels/penryn
[INFO] [stderr]   configure: mirroring /opt/rustwide/target/debug/build/blis-src-f17ac43bb5d0868a/out/blis_x86_64-unknown-linux-gnu/kernels/zen3 to ./obj/x86_64/kernels/zen3
[INFO] [stderr]   configure: mirroring /opt/rustwide/target/debug/build/blis-src-f17ac43bb5d0868a/out/blis_x86_64-unknown-linux-gnu/kernels/zen2 to ./obj/x86_64/kernels/zen2
[INFO] [stderr]   configure: mirroring /opt/rustwide/target/debug/build/blis-src-f17ac43bb5d0868a/out/blis_x86_64-unknown-linux-gnu/kernels/haswell to ./obj/x86_64/kernels/haswell
[INFO] [stderr]   configure: mirroring /opt/rustwide/target/debug/build/blis-src-f17ac43bb5d0868a/out/blis_x86_64-unknown-linux-gnu/kernels/zen to ./obj/x86_64/kernels/zen
[INFO] [stderr]   configure: mirroring /opt/rustwide/target/debug/build/blis-src-f17ac43bb5d0868a/out/blis_x86_64-unknown-linux-gnu/kernels/piledriver to ./obj/x86_64/kernels/piledriver
[INFO] [stderr]   configure: mirroring /opt/rustwide/target/debug/build/blis-src-f17ac43bb5d0868a/out/blis_x86_64-unknown-linux-gnu/kernels/bulldozer to ./obj/x86_64/kernels/bulldozer
[INFO] [stderr]   configure: mirroring /opt/rustwide/target/debug/build/blis-src-f17ac43bb5d0868a/out/blis_x86_64-unknown-linux-gnu/kernels/generic to ./obj/x86_64/kernels/generic
[INFO] [stderr]   configure: mirroring /opt/rustwide/target/debug/build/blis-src-f17ac43bb5d0868a/out/blis_x86_64-unknown-linux-gnu/ref_kernels to ./obj/x86_64/ref_kernels
[INFO] [stderr]   configure: mirroring /opt/rustwide/target/debug/build/blis-src-f17ac43bb5d0868a/out/blis_x86_64-unknown-linux-gnu/ref_kernels to ./obj/x86_64/ref_kernels/skx
[INFO] [stderr]   configure: mirroring /opt/rustwide/target/debug/build/blis-src-f17ac43bb5d0868a/out/blis_x86_64-unknown-linux-gnu/ref_kernels to ./obj/x86_64/ref_kernels/knl
[INFO] [stderr]   configure: mirroring /opt/rustwide/target/debug/build/blis-src-f17ac43bb5d0868a/out/blis_x86_64-unknown-linux-gnu/ref_kernels to ./obj/x86_64/ref_kernels/haswell
[INFO] [stderr]   configure: mirroring /opt/rustwide/target/debug/build/blis-src-f17ac43bb5d0868a/out/blis_x86_64-unknown-linux-gnu/ref_kernels to ./obj/x86_64/ref_kernels/sandybridge
[INFO] [stderr]   configure: mirroring /opt/rustwide/target/debug/build/blis-src-f17ac43bb5d0868a/out/blis_x86_64-unknown-linux-gnu/ref_kernels to ./obj/x86_64/ref_kernels/penryn
[INFO] [stderr]   configure: mirroring /opt/rustwide/target/debug/build/blis-src-f17ac43bb5d0868a/out/blis_x86_64-unknown-linux-gnu/ref_kernels to ./obj/x86_64/ref_kernels/zen3
[INFO] [stderr]   configure: mirroring /opt/rustwide/target/debug/build/blis-src-f17ac43bb5d0868a/out/blis_x86_64-unknown-linux-gnu/ref_kernels to ./obj/x86_64/ref_kernels/zen2
[INFO] [stderr]   configure: mirroring /opt/rustwide/target/debug/build/blis-src-f17ac43bb5d0868a/out/blis_x86_64-unknown-linux-gnu/ref_kernels to ./obj/x86_64/ref_kernels/zen
[INFO] [stderr]   configure: mirroring /opt/rustwide/target/debug/build/blis-src-f17ac43bb5d0868a/out/blis_x86_64-unknown-linux-gnu/ref_kernels to ./obj/x86_64/ref_kernels/excavator
[INFO] [stderr]   configure: mirroring /opt/rustwide/target/debug/build/blis-src-f17ac43bb5d0868a/out/blis_x86_64-unknown-linux-gnu/ref_kernels to ./obj/x86_64/ref_kernels/steamroller
[INFO] [stderr]   configure: mirroring /opt/rustwide/target/debug/build/blis-src-f17ac43bb5d0868a/out/blis_x86_64-unknown-linux-gnu/ref_kernels to ./obj/x86_64/ref_kernels/piledriver
[INFO] [stderr]   configure: mirroring /opt/rustwide/target/debug/build/blis-src-f17ac43bb5d0868a/out/blis_x86_64-unknown-linux-gnu/ref_kernels to ./obj/x86_64/ref_kernels/bulldozer
[INFO] [stderr]   configure: mirroring /opt/rustwide/target/debug/build/blis-src-f17ac43bb5d0868a/out/blis_x86_64-unknown-linux-gnu/ref_kernels to ./obj/x86_64/ref_kernels/generic
[INFO] [stderr]   configure: mirroring /opt/rustwide/target/debug/build/blis-src-f17ac43bb5d0868a/out/blis_x86_64-unknown-linux-gnu/frame to ./obj/x86_64/frame
[INFO] [stderr]   configure: creating makefile fragments in ./obj/x86_64/config/x86_64
[INFO] [stderr]   configure: creating makefile fragments in ./obj/x86_64/config/skx
[INFO] [stderr]   configure: creating makefile fragments in ./obj/x86_64/config/knl
[INFO] [stderr]   configure: creating makefile fragments in ./obj/x86_64/config/haswell
[INFO] [stderr]   configure: creating makefile fragments in ./obj/x86_64/config/sandybridge
[INFO] [stderr]   configure: creating makefile fragments in ./obj/x86_64/config/penryn
[INFO] [stderr]   configure: creating makefile fragments in ./obj/x86_64/config/zen3
[INFO] [stderr]   configure: creating makefile fragments in ./obj/x86_64/config/zen2
[INFO] [stderr]   configure: creating makefile fragments in ./obj/x86_64/config/zen
[INFO] [stderr]   configure: creating makefile fragments in ./obj/x86_64/config/excavator
[INFO] [stderr]   configure: creating makefile fragments in ./obj/x86_64/config/steamroller
[INFO] [stderr]   configure: creating makefile fragments in ./obj/x86_64/config/piledriver
[INFO] [stderr]   configure: creating makefile fragments in ./obj/x86_64/config/bulldozer
[INFO] [stderr]   configure: creating makefile fragments in ./obj/x86_64/config/generic
[INFO] [stderr]   configure: creating makefile fragments in ./obj/x86_64/kernels/skx
[INFO] [stderr]   configure: creating makefile fragments in ./obj/x86_64/kernels/knl
[INFO] [stderr]   configure: creating makefile fragments in ./obj/x86_64/kernels/sandybridge
[INFO] [stderr]   configure: creating makefile fragments in ./obj/x86_64/kernels/penryn
[INFO] [stderr]   configure: creating makefile fragments in ./obj/x86_64/kernels/zen3
[INFO] [stderr]   configure: creating makefile fragments in ./obj/x86_64/kernels/zen2
[INFO] [stderr]   configure: creating makefile fragments in ./obj/x86_64/kernels/haswell
[INFO] [stderr]   configure: creating makefile fragments in ./obj/x86_64/kernels/zen
[INFO] [stderr]   configure: creating makefile fragments in ./obj/x86_64/kernels/piledriver
[INFO] [stderr]   configure: creating makefile fragments in ./obj/x86_64/kernels/bulldozer
[INFO] [stderr]   configure: creating makefile fragments in ./obj/x86_64/kernels/generic
[INFO] [stderr]   configure: creating makefile fragments in ./obj/x86_64/ref_kernels
[INFO] [stderr]   configure: creating makefile fragments in ./obj/x86_64/frame
[INFO] [stderr]   configure: configured to build within top-level directory of source distribution.
[INFO] [stderr]   Running: `cd "/opt/rustwide/target/debug/build/blis-src-f17ac43bb5d0868a/out/blis_x86_64-unknown-linux-gnu" && MAKEFLAGS="-j --jobserver-fds=7,8 --jobserver-auth=7,8" "make" "install"`
[INFO] [stderr]   Generating monolithic blis.hGenerating monolithic cblas.hmkdir -p /opt/rustwide/target/debug/build/blis-src-f17ac43bb5d0868a/out/share/pkgconfig
[INFO] [stderr]   Installing config.mk common.mk into /opt/rustwide/target/debug/build/blis-src-f17ac43bb5d0868a/out/share/blis/
[INFO] [stderr]   Installing blis.pc into /opt/rustwide/target/debug/build/blis-src-f17ac43bb5d0868a/out/share/pkgconfig/
[INFO] [stderr]   install -c -m 0644 blis.pc /opt/rustwide/target/debug/build/blis-src-f17ac43bb5d0868a/out/share/pkgconfig
[INFO] [stderr]   Installing config/x86_64/make_defs.mk into /opt/rustwide/target/debug/build/blis-src-f17ac43bb5d0868a/out/share/blis/config/x86_64
[INFO] [stderr]   ...............
[INFO] [stderr]   ......Generated include/x86_64/cblas.h
[INFO] [stderr]   ....................................................................................................................................................................................................................................................................................................................................................................................................................................................................................................................................................
[INFO] [stderr]   Generated include/x86_64/blis.h
[INFO] [stderr]   Compiling obj/x86_64/config/bulldozer/bli_cntx_init_bulldozer.o ('bulldozer' CFLAGS for config code)
[INFO] [stderr]   Compiling obj/x86_64/config/excavator/bli_cntx_init_excavator.o ('excavator' CFLAGS for config code)
[INFO] [stderr]   Compiling obj/x86_64/config/generic/bli_cntx_init_generic.o ('generic' CFLAGS for config code)
[INFO] [stderr]   Compiling obj/x86_64/config/haswell/bli_cntx_init_haswell.o ('haswell' CFLAGS for config code)
[INFO] [stderr]   Compiling obj/x86_64/config/knl/bli_cntx_init_knl.o ('knl' CFLAGS for config code)
[INFO] [stderr]   Compiling obj/x86_64/config/penryn/bli_cntx_init_penryn.o ('penryn' CFLAGS for config code)
[INFO] [stderr]   Compiling obj/x86_64/config/piledriver/bli_cntx_init_piledriver.o ('piledriver' CFLAGS for config code)
[INFO] [stderr]   Compiling obj/x86_64/config/sandybridge/bli_cntx_init_sandybridge.o ('sandybridge' CFLAGS for config code)
[INFO] [stderr]   Compiling obj/x86_64/config/skx/bli_cntx_init_skx.o ('skx' CFLAGS for config code)
[INFO] [stderr]   Compiling obj/x86_64/config/steamroller/bli_cntx_init_steamroller.o ('steamroller' CFLAGS for config code)
[INFO] [stderr]   Compiling obj/x86_64/config/zen/bli_cntx_init_zen.o ('zen' CFLAGS for config code)
[INFO] [stderr]   Compiling obj/x86_64/config/zen2/bli_cntx_init_zen2.o ('zen2' CFLAGS for config code)
[INFO] [stderr]   Compiling obj/x86_64/config/zen3/bli_cntx_init_zen3.o ('zen3' CFLAGS for config code)
[INFO] [stderr]   Compiling obj/x86_64/kernels/skx/3/bli_dgemm_skx_asm_16x12_l2.o ('skx' CFLAGS for kernels)
[INFO] [stderr]   Compiling obj/x86_64/kernels/skx/3/bli_dgemm_skx_asm_16x14.o ('skx' CFLAGS for kernels)
[INFO] [stderr]   Compiling obj/x86_64/kernels/skx/3/bli_sgemm_skx_asm_32x12_l2.o ('skx' CFLAGS for kernels)
[INFO] [stderr]   Compiling obj/x86_64/kernels/knl/1m/bli_dpackm_knl_asm_24x8.o ('knl' CFLAGS for kernels)
[INFO] [stderr]   Compiling obj/x86_64/kernels/knl/1m/bli_spackm_knl_asm_24x16.o ('knl' CFLAGS for kernels)
[INFO] [stderr]   Compiling obj/x86_64/kernels/knl/3/bli_dgemm_knl_asm_24x8.o ('knl' CFLAGS for kernels)
[INFO] [stderr]   Compiling obj/x86_64/kernels/knl/3/bli_sgemm_knl_asm_24x16.o ('knl' CFLAGS for kernels)
[INFO] [stderr]   Compiling obj/x86_64/kernels/sandybridge/3/bli_gemm_sandybridge_asm_d8x4.o ('sandybridge' CFLAGS for kernels)
[INFO] [stderr]   Compiling obj/x86_64/kernels/sandybridge/3/bli_gemm_sandybridge_int_d8x4.o ('sandybridge' CFLAGS for kernels)
[INFO] [stderr]   Compiling obj/x86_64/kernels/penryn/1/bli_axpyv_penryn_int.o ('penryn' CFLAGS for kernels)
[INFO] [stderr]   Compiling obj/x86_64/kernels/penryn/1/bli_dotv_penryn_int.o ('penryn' CFLAGS for kernels)
[INFO] [stderr]   Compiling obj/x86_64/kernels/penryn/1f/bli_axpy2v_penryn_int.o ('penryn' CFLAGS for kernels)
[INFO] [stderr]   Compiling obj/x86_64/kernels/penryn/1f/bli_axpyf_penryn_int.o ('penryn' CFLAGS for kernels)
[INFO] [stderr]   Compiling obj/x86_64/kernels/penryn/1f/bli_dotaxpyv_penryn_int.o ('penryn' CFLAGS for kernels)
[INFO] [stderr]   Compiling obj/x86_64/kernels/penryn/1f/bli_dotxaxpyf_penryn_int.o ('penryn' CFLAGS for kernels)
[INFO] [stderr]   Compiling obj/x86_64/kernels/penryn/1f/bli_dotxf_penryn_int.o ('penryn' CFLAGS for kernels)
[INFO] [stderr]   Compiling obj/x86_64/kernels/penryn/3/bli_gemm_penryn_asm_d4x4.o ('penryn' CFLAGS for kernels)
[INFO] [stderr]   Compiling obj/x86_64/kernels/penryn/3/bli_gemmtrsm_l_penryn_asm_d4x4.o ('penryn' CFLAGS for kernels)
[INFO] [stderr]   Compiling obj/x86_64/kernels/penryn/3/bli_gemmtrsm_u_penryn_asm_d4x4.o ('penryn' CFLAGS for kernels)
[INFO] [stderr]   Compiling obj/x86_64/kernels/penryn/3/bli_trsm_l_penryn_asm_d4x4.o ('penryn' CFLAGS for kernels)
[INFO] [stderr]   Compiling obj/x86_64/kernels/penryn/3/bli_trsm_u_penryn_asm_d4x4.o ('penryn' CFLAGS for kernels)
[INFO] [stderr]   Compiling obj/x86_64/kernels/haswell/1m/bli_packm_haswell_asm_c3xk.o ('haswell' CFLAGS for kernels)
[INFO] [stderr]   Compiling obj/x86_64/kernels/haswell/1m/bli_packm_haswell_asm_c8xk.o ('haswell' CFLAGS for kernels)
[INFO] [stderr]   Compiling obj/x86_64/kernels/haswell/1m/bli_packm_haswell_asm_d6xk.o ('haswell' CFLAGS for kernels)
[INFO] [stderr]   Compiling obj/x86_64/kernels/haswell/1m/bli_packm_haswell_asm_d8xk.o ('haswell' CFLAGS for kernels)
[INFO] [stderr]   Compiling obj/x86_64/kernels/haswell/1m/bli_packm_haswell_asm_s16xk.o ('haswell' CFLAGS for kernels)
[INFO] [stderr]   Compiling obj/x86_64/kernels/haswell/1m/bli_packm_haswell_asm_s6xk.o ('haswell' CFLAGS for kernels)
[INFO] [stderr]   Compiling obj/x86_64/kernels/haswell/1m/bli_packm_haswell_asm_z3xk.o ('haswell' CFLAGS for kernels)
[INFO] [stderr]   Compiling obj/x86_64/kernels/haswell/3/bli_gemm_haswell_asm_d6x8.o ('haswell' CFLAGS for kernels)
[INFO] [stderr]   Compiling obj/x86_64/kernels/haswell/1m/bli_packm_haswell_asm_z4xk.o ('haswell' CFLAGS for kernels)
[INFO] [stderr]   Compiling obj/x86_64/kernels/haswell/3/bli_gemm_haswell_asm_d8x6.o ('haswell' CFLAGS for kernels)
[INFO] [stderr]   Compiling obj/x86_64/kernels/haswell/3/bli_gemmtrsm_l_haswell_asm_d6x8.o ('haswell' CFLAGS for kernels)
[INFO] [stderr]   Compiling obj/x86_64/kernels/haswell/3/bli_gemmtrsm_u_haswell_asm_d6x8.o ('haswell' CFLAGS for kernels)
[INFO] [stderr]   Compiling obj/x86_64/kernels/haswell/3/sup/bli_gemmsup_rd_haswell_asm_d6x8m.o ('haswell' CFLAGS for kernels)
[INFO] [stderr]   Compiling obj/x86_64/kernels/haswell/3/sup/bli_gemmsup_rd_haswell_asm_d6x8n.o ('haswell' CFLAGS for kernels)
[INFO] [stderr]   Compiling obj/x86_64/kernels/haswell/3/sup/bli_gemmsup_rd_haswell_asm_s6x16m.o ('haswell' CFLAGS for kernels)
[INFO] [stderr]   Compiling obj/x86_64/kernels/haswell/3/sup/bli_gemmsup_rd_haswell_asm_s6x16n.o ('haswell' CFLAGS for kernels)
[INFO] [stderr]   Compiling obj/x86_64/kernels/haswell/3/sup/bli_gemmsup_rv_haswell_asm_d6x8n.o ('haswell' CFLAGS for kernels)
[INFO] [stderr]   Compiling obj/x86_64/kernels/haswell/3/sup/bli_gemmsup_rv_haswell_asm_d6x8m.o ('haswell' CFLAGS for kernels)
[INFO] [stderr]   Compiling obj/x86_64/kernels/haswell/3/sup/bli_gemmsup_rv_haswell_asm_s6x16m.o ('haswell' CFLAGS for kernels)
[INFO] [stderr]   Compiling obj/x86_64/kernels/haswell/3/sup/bli_gemmsup_rv_haswell_asm_s6x16n.o ('haswell' CFLAGS for kernels)
[INFO] [stderr]   Compiling obj/x86_64/kernels/haswell/3/sup/d6x8/bli_gemmsup_r_haswell_ref_dMx1.o ('haswell' CFLAGS for kernels)
[INFO] [stderr]   Compiling obj/x86_64/kernels/haswell/3/sup/d6x8/bli_gemmsup_rd_haswell_asm_dMx1.o ('haswell' CFLAGS for kernels)
[INFO] [stderr]   Compiling obj/x86_64/kernels/haswell/3/sup/d6x8/bli_gemmsup_rd_haswell_asm_dMx2.o ('haswell' CFLAGS for kernels)
[INFO] [stderr]   Compiling obj/x86_64/kernels/haswell/3/sup/d6x8/bli_gemmsup_rd_haswell_asm_dMx4.o ('haswell' CFLAGS for kernels)
[INFO] [stderr]   Compiling obj/x86_64/kernels/haswell/3/sup/d6x8/bli_gemmsup_rd_haswell_asm_dMx8.o ('haswell' CFLAGS for kernels)
[INFO] [stderr]   Compiling obj/x86_64/kernels/haswell/3/sup/d6x8/bli_gemmsup_rv_haswell_asm_dMx2.o ('haswell' CFLAGS for kernels)
[INFO] [stderr]   Compiling obj/x86_64/kernels/haswell/3/sup/d6x8/bli_gemmsup_rv_haswell_asm_dMx4.o ('haswell' CFLAGS for kernels)
[INFO] [stderr]   Compiling obj/x86_64/kernels/haswell/3/sup/d6x8/bli_gemmsup_rv_haswell_asm_dMx6.o ('haswell' CFLAGS for kernels)
[INFO] [stderr]   Compiling obj/x86_64/kernels/haswell/3/sup/d6x8/bli_gemmsup_rv_haswell_asm_dMx8.o ('haswell' CFLAGS for kernels)
[INFO] [stderr]   Compiling obj/x86_64/kernels/haswell/3/sup/s6x16/bli_gemmsup_r_haswell_ref_sMx1.o ('haswell' CFLAGS for kernels)
[INFO] [stderr]   Compiling obj/x86_64/kernels/haswell/3/sup/s6x16/bli_gemmsup_rd_haswell_asm_sMx1.o ('haswell' CFLAGS for kernels)
[INFO] [stderr]   Compiling obj/x86_64/kernels/haswell/3/sup/s6x16/bli_gemmsup_rd_haswell_asm_sMx12.o ('haswell' CFLAGS for kernels)
[INFO] [stderr]   Compiling obj/x86_64/kernels/haswell/3/sup/s6x16/bli_gemmsup_rd_haswell_asm_sMx16.o ('haswell' CFLAGS for kernels)
[INFO] [stderr]   Compiling obj/x86_64/kernels/haswell/3/sup/s6x16/bli_gemmsup_rd_haswell_asm_sMx2.o ('haswell' CFLAGS for kernels)
[INFO] [stderr]   Compiling obj/x86_64/kernels/haswell/3/sup/s6x16/bli_gemmsup_rd_haswell_asm_sMx4.o ('haswell' CFLAGS for kernels)
[INFO] [stderr]   Compiling obj/x86_64/kernels/haswell/3/sup/s6x16/bli_gemmsup_rd_haswell_asm_sMx8.o ('haswell' CFLAGS for kernels)
[INFO] [stderr]   Compiling obj/x86_64/kernels/haswell/3/sup/s6x16/bli_gemmsup_rv_haswell_asm_sMx12.o ('haswell' CFLAGS for kernels)
[INFO] [stderr]   Compiling obj/x86_64/kernels/haswell/3/sup/s6x16/bli_gemmsup_rv_haswell_asm_sMx16.o ('haswell' CFLAGS for kernels)
[INFO] [stderr]   Compiling obj/x86_64/kernels/haswell/3/sup/s6x16/bli_gemmsup_rv_haswell_asm_sMx2.o ('haswell' CFLAGS for kernels)
[INFO] [stderr]   Compiling obj/x86_64/kernels/haswell/3/sup/s6x16/bli_gemmsup_rv_haswell_asm_sMx4.o ('haswell' CFLAGS for kernels)
[INFO] [stderr]   Compiling obj/x86_64/kernels/haswell/3/sup/s6x16/bli_gemmsup_rv_haswell_asm_sMx6.o ('haswell' CFLAGS for kernels)
[INFO] [stderr]   Compiling obj/x86_64/kernels/haswell/3/sup/s6x16/bli_gemmsup_rv_haswell_asm_sMx8.o ('haswell' CFLAGS for kernels)
[INFO] [stderr]   Compiling obj/x86_64/kernels/zen/1/bli_amaxv_zen_int.o ('zen' CFLAGS for kernels)
[INFO] [stderr]   Compiling obj/x86_64/kernels/zen/1/bli_axpyv_zen_int.o ('zen' CFLAGS for kernels)
[INFO] [stderr]   Compiling obj/x86_64/kernels/zen/1/bli_axpyv_zen_int10.o ('zen' CFLAGS for kernels)
[INFO] [stderr]   Compiling obj/x86_64/kernels/zen/1/bli_copyv_zen_int.o ('zen' CFLAGS for kernels)
[INFO] [stderr]   Compiling obj/x86_64/kernels/zen/1/bli_dotv_zen_int.o ('zen' CFLAGS for kernels)
[INFO] [stderr]   Compiling obj/x86_64/kernels/zen/1/bli_dotv_zen_int10.o ('zen' CFLAGS for kernels)
[INFO] [stderr]   Compiling obj/x86_64/kernels/zen/1/bli_dotxv_zen_int.o ('zen' CFLAGS for kernels)
[INFO] [stderr]   Compiling obj/x86_64/kernels/zen/1/bli_scalv_zen_int.o ('zen' CFLAGS for kernels)
[INFO] [stderr]   Compiling obj/x86_64/kernels/zen/1/bli_scalv_zen_int10.o ('zen' CFLAGS for kernels)
[INFO] [stderr]   Compiling obj/x86_64/kernels/zen/1/bli_setv_zen_int.o ('zen' CFLAGS for kernels)
[INFO] [stderr]   Compiling obj/x86_64/kernels/zen/1/bli_swapv_zen_int8.o ('zen' CFLAGS for kernels)
[INFO] [stderr]   Compiling obj/x86_64/kernels/zen/1f/bli_axpyf_zen_int_4.o ('zen' CFLAGS for kernels)
[INFO] [stderr]   Compiling obj/x86_64/kernels/zen/1f/bli_axpyf_zen_int_5.o ('zen' CFLAGS for kernels)
[INFO] [stderr]   Compiling obj/x86_64/kernels/zen/1f/bli_axpyf_zen_int_8.o ('zen' CFLAGS for kernels)
[INFO] [stderr]   Compiling obj/x86_64/kernels/zen/1f/bli_dotxf_zen_int_8.o ('zen' CFLAGS for kernels)
[INFO] [stderr]   Compiling obj/x86_64/kernels/zen/3/bli_gemm_small.o ('zen' CFLAGS for kernels)
[INFO] [stderr]   Compiling obj/x86_64/kernels/zen/3/bli_gemmt_small.o ('zen' CFLAGS for kernels)
[INFO] [stderr]   Compiling obj/x86_64/kernels/zen/3/bli_trsm_small.o ('zen' CFLAGS for kernels)
[INFO] [stderr]   Compiling obj/x86_64/kernels/piledriver/3/bli_gemm_piledriver_asm_d8x3.o ('piledriver' CFLAGS for kernels)
[INFO] [stderr]   Compiling obj/x86_64/kernels/bulldozer/3/bli_gemm_bulldozer_asm_d4x6_fma4.o ('bulldozer' CFLAGS for kernels)
[INFO] [stderr]   Compiling obj/x86_64/ref_kernels/skx/bli_cntx_skx_ref.o ('skx' CFLAGS for ref. kernel init)
[INFO] [stderr]   Compiling obj/x86_64/ref_kernels/skx/1/bli_addv_skx_ref.o ('skx' CFLAGS for ref. kernels)
[INFO] [stderr]   Compiling obj/x86_64/ref_kernels/skx/1/bli_amaxv_skx_ref.o ('skx' CFLAGS for ref. kernels)
[INFO] [stderr]   Compiling obj/x86_64/ref_kernels/skx/1/bli_axpbyv_skx_ref.o ('skx' CFLAGS for ref. kernels)
[INFO] [stderr]   Compiling obj/x86_64/ref_kernels/skx/1/bli_axpyv_skx_ref.o ('skx' CFLAGS for ref. kernels)
[INFO] [stderr]   Compiling obj/x86_64/ref_kernels/skx/1/bli_copyv_skx_ref.o ('skx' CFLAGS for ref. kernels)
[INFO] [stderr]   Compiling obj/x86_64/ref_kernels/skx/1/bli_dotv_skx_ref.o ('skx' CFLAGS for ref. kernels)
[INFO] [stderr]   Compiling obj/x86_64/ref_kernels/skx/1/bli_dotxv_skx_ref.o ('skx' CFLAGS for ref. kernels)
[INFO] [stderr]   Compiling obj/x86_64/ref_kernels/skx/1/bli_invertv_skx_ref.o ('skx' CFLAGS for ref. kernels)
[INFO] [stderr]   Compiling obj/x86_64/ref_kernels/skx/1/bli_scal2v_skx_ref.o ('skx' CFLAGS for ref. kernels)
[INFO] [stderr]   Compiling obj/x86_64/ref_kernels/skx/1/bli_scalv_skx_ref.o ('skx' CFLAGS for ref. kernels)
[INFO] [stderr]   Compiling obj/x86_64/ref_kernels/skx/1/bli_setv_skx_ref.o ('skx' CFLAGS for ref. kernels)
[INFO] [stderr]   Compiling obj/x86_64/ref_kernels/skx/1/bli_subv_skx_ref.o ('skx' CFLAGS for ref. kernels)
[INFO] [stderr]   Compiling obj/x86_64/ref_kernels/skx/1/bli_swapv_skx_ref.o ('skx' CFLAGS for ref. kernels)
[INFO] [stderr]   Compiling obj/x86_64/ref_kernels/skx/1/bli_xpbyv_skx_ref.o ('skx' CFLAGS for ref. kernels)
[INFO] [stderr]   Compiling obj/x86_64/ref_kernels/skx/1f/bli_axpy2v_skx_ref.o ('skx' CFLAGS for ref. kernels)
[INFO] [stderr]   Compiling obj/x86_64/ref_kernels/skx/1f/bli_axpyf_skx_ref.o ('skx' CFLAGS for ref. kernels)
[INFO] [stderr]   Compiling obj/x86_64/ref_kernels/skx/1f/bli_dotaxpyv_skx_ref.o ('skx' CFLAGS for ref. kernels)
[INFO] [stderr]   Compiling obj/x86_64/ref_kernels/skx/1f/bli_dotxaxpyf_skx_ref.o ('skx' CFLAGS for ref. kernels)
[INFO] [stderr]   Compiling obj/x86_64/ref_kernels/skx/1f/bli_dotxf_skx_ref.o ('skx' CFLAGS for ref. kernels)
[INFO] [stderr]   Compiling obj/x86_64/ref_kernels/skx/1m/bli_packm_cxk_1er_skx_ref.o ('skx' CFLAGS for ref. kernels)
[INFO] [stderr]   Compiling obj/x86_64/ref_kernels/skx/1m/bli_packm_cxk_bb_skx_ref.o ('skx' CFLAGS for ref. kernels)
[INFO] [stderr]   Compiling obj/x86_64/ref_kernels/skx/1m/bli_packm_cxk_skx_ref.o ('skx' CFLAGS for ref. kernels)
[INFO] [stderr]   Compiling obj/x86_64/ref_kernels/skx/1m/bli_unpackm_cxk_skx_ref.o ('skx' CFLAGS for ref. kernels)
[INFO] [stderr]   Compiling obj/x86_64/ref_kernels/skx/3/bli_gemm_skx_ref.o ('skx' CFLAGS for ref. kernels)
[INFO] [stderr]   Compiling obj/x86_64/ref_kernels/skx/3/bli_gemmsup_skx_ref.o ('skx' CFLAGS for ref. kernels)
[INFO] [stderr]   Compiling obj/x86_64/ref_kernels/skx/3/bli_gemmtrsm_skx_ref.o ('skx' CFLAGS for ref. kernels)
[INFO] [stderr]   Compiling obj/x86_64/ref_kernels/skx/3/bli_trsm_skx_ref.o ('skx' CFLAGS for ref. kernels)
[INFO] [stderr]   Compiling obj/x86_64/ref_kernels/skx/3/bb/bli_gemmbb_skx_ref.o ('skx' CFLAGS for ref. kernels)
[INFO] [stderr]   Compiling obj/x86_64/ref_kernels/skx/3/bb/bli_gemmtrsmbb_skx_ref.o ('skx' CFLAGS for ref. kernels)
[INFO] [stderr]   Compiling obj/x86_64/ref_kernels/skx/3/bb/bli_trsmbb_skx_ref.o ('skx' CFLAGS for ref. kernels)
[INFO] [stderr]   Compiling obj/x86_64/ref_kernels/skx/ind/bli_gemm1m_skx_ref.o ('skx' CFLAGS for ref. kernels)
[INFO] [stderr]   Compiling obj/x86_64/ref_kernels/skx/ind/bli_gemmtrsm1m_skx_ref.o ('skx' CFLAGS for ref. kernels)
[INFO] [stderr]   Compiling obj/x86_64/ref_kernels/skx/ind/bli_trsm1m_skx_ref.o ('skx' CFLAGS for ref. kernels)
[INFO] [stderr]   Compiling obj/x86_64/ref_kernels/knl/bli_cntx_knl_ref.o ('knl' CFLAGS for ref. kernel init)
[INFO] [stderr]   Compiling obj/x86_64/ref_kernels/knl/1/bli_addv_knl_ref.o ('knl' CFLAGS for ref. kernels)
[INFO] [stderr]   Compiling obj/x86_64/ref_kernels/knl/1/bli_amaxv_knl_ref.o ('knl' CFLAGS for ref. kernels)
[INFO] [stderr]   Compiling obj/x86_64/ref_kernels/knl/1/bli_axpbyv_knl_ref.o ('knl' CFLAGS for ref. kernels)
[INFO] [stderr]   Compiling obj/x86_64/ref_kernels/knl/1/bli_axpyv_knl_ref.o ('knl' CFLAGS for ref. kernels)
[INFO] [stderr]   Compiling obj/x86_64/ref_kernels/knl/1/bli_copyv_knl_ref.o ('knl' CFLAGS for ref. kernels)
[INFO] [stderr]   Compiling obj/x86_64/ref_kernels/knl/1/bli_dotv_knl_ref.o ('knl' CFLAGS for ref. kernels)
[INFO] [stderr]   Compiling obj/x86_64/ref_kernels/knl/1/bli_dotxv_knl_ref.o ('knl' CFLAGS for ref. kernels)
[INFO] [stderr]   Compiling obj/x86_64/ref_kernels/knl/1/bli_invertv_knl_ref.o ('knl' CFLAGS for ref. kernels)
[INFO] [stderr]   Compiling obj/x86_64/ref_kernels/knl/1/bli_scal2v_knl_ref.o ('knl' CFLAGS for ref. kernels)
[INFO] [stderr]   Compiling obj/x86_64/ref_kernels/knl/1/bli_scalv_knl_ref.o ('knl' CFLAGS for ref. kernels)
[INFO] [stderr]   Compiling obj/x86_64/ref_kernels/knl/1/bli_setv_knl_ref.o ('knl' CFLAGS for ref. kernels)
[INFO] [stderr]   Compiling obj/x86_64/ref_kernels/knl/1/bli_subv_knl_ref.o ('knl' CFLAGS for ref. kernels)
[INFO] [stderr]   Compiling obj/x86_64/ref_kernels/knl/1/bli_swapv_knl_ref.o ('knl' CFLAGS for ref. kernels)
[INFO] [stderr]   Compiling obj/x86_64/ref_kernels/knl/1/bli_xpbyv_knl_ref.o ('knl' CFLAGS for ref. kernels)
[INFO] [stderr]   Compiling obj/x86_64/ref_kernels/knl/1f/bli_axpy2v_knl_ref.o ('knl' CFLAGS for ref. kernels)
[INFO] [stderr]   Compiling obj/x86_64/ref_kernels/knl/1f/bli_axpyf_knl_ref.o ('knl' CFLAGS for ref. kernels)
[INFO] [stderr]   Compiling obj/x86_64/ref_kernels/knl/1f/bli_dotaxpyv_knl_ref.o ('knl' CFLAGS for ref. kernels)
[INFO] [stderr]   Compiling obj/x86_64/ref_kernels/knl/1f/bli_dotxaxpyf_knl_ref.o ('knl' CFLAGS for ref. kernels)
[INFO] [stderr]   Compiling obj/x86_64/ref_kernels/knl/1f/bli_dotxf_knl_ref.o ('knl' CFLAGS for ref. kernels)
[INFO] [stderr]   Compiling obj/x86_64/ref_kernels/knl/1m/bli_packm_cxk_1er_knl_ref.o ('knl' CFLAGS for ref. kernels)
[INFO] [stderr]   Compiling obj/x86_64/ref_kernels/knl/1m/bli_packm_cxk_bb_knl_ref.o ('knl' CFLAGS for ref. kernels)
[INFO] [stderr]   Compiling obj/x86_64/ref_kernels/knl/1m/bli_packm_cxk_knl_ref.o ('knl' CFLAGS for ref. kernels)
[INFO] [stderr]   Compiling obj/x86_64/ref_kernels/knl/1m/bli_unpackm_cxk_knl_ref.o ('knl' CFLAGS for ref. kernels)
[INFO] [stderr]   Compiling obj/x86_64/ref_kernels/knl/3/bli_gemm_knl_ref.o ('knl' CFLAGS for ref. kernels)
[INFO] [stderr]   Compiling obj/x86_64/ref_kernels/knl/3/bli_gemmsup_knl_ref.o ('knl' CFLAGS for ref. kernels)
[INFO] [stderr]   Compiling obj/x86_64/ref_kernels/knl/3/bli_gemmtrsm_knl_ref.o ('knl' CFLAGS for ref. kernels)
[INFO] [stderr]   Compiling obj/x86_64/ref_kernels/knl/3/bli_trsm_knl_ref.o ('knl' CFLAGS for ref. kernels)
[INFO] [stderr]   Compiling obj/x86_64/ref_kernels/knl/3/bb/bli_gemmbb_knl_ref.o ('knl' CFLAGS for ref. kernels)
[INFO] [stderr]   Compiling obj/x86_64/ref_kernels/knl/3/bb/bli_gemmtrsmbb_knl_ref.o ('knl' CFLAGS for ref. kernels)
[INFO] [stderr]   Compiling obj/x86_64/ref_kernels/knl/3/bb/bli_trsmbb_knl_ref.o ('knl' CFLAGS for ref. kernels)
[INFO] [stderr]   Compiling obj/x86_64/ref_kernels/knl/ind/bli_gemm1m_knl_ref.o ('knl' CFLAGS for ref. kernels)
[INFO] [stderr]   Compiling obj/x86_64/ref_kernels/knl/ind/bli_gemmtrsm1m_knl_ref.o ('knl' CFLAGS for ref. kernels)
[INFO] [stderr]   Compiling obj/x86_64/ref_kernels/knl/ind/bli_trsm1m_knl_ref.o ('knl' CFLAGS for ref. kernels)
[INFO] [stderr]   Compiling obj/x86_64/ref_kernels/haswell/bli_cntx_haswell_ref.o ('haswell' CFLAGS for ref. kernel init)
[INFO] [stderr]   Compiling obj/x86_64/ref_kernels/haswell/1/bli_addv_haswell_ref.o ('haswell' CFLAGS for ref. kernels)
[INFO] [stderr]   Compiling obj/x86_64/ref_kernels/haswell/1/bli_amaxv_haswell_ref.o ('haswell' CFLAGS for ref. kernels)
[INFO] [stderr]   Compiling obj/x86_64/ref_kernels/haswell/1/bli_axpbyv_haswell_ref.o ('haswell' CFLAGS for ref. kernels)
[INFO] [stderr]   Compiling obj/x86_64/ref_kernels/haswell/1/bli_axpyv_haswell_ref.o ('haswell' CFLAGS for ref. kernels)
[INFO] [stderr]   Compiling obj/x86_64/ref_kernels/haswell/1/bli_copyv_haswell_ref.o ('haswell' CFLAGS for ref. kernels)
[INFO] [stderr]   Compiling obj/x86_64/ref_kernels/haswell/1/bli_dotv_haswell_ref.o ('haswell' CFLAGS for ref. kernels)
[INFO] [stderr]   Compiling obj/x86_64/ref_kernels/haswell/1/bli_dotxv_haswell_ref.o ('haswell' CFLAGS for ref. kernels)
[INFO] [stderr]   Compiling obj/x86_64/ref_kernels/haswell/1/bli_invertv_haswell_ref.o ('haswell' CFLAGS for ref. kernels)
[INFO] [stderr]   Compiling obj/x86_64/ref_kernels/haswell/1/bli_scal2v_haswell_ref.o ('haswell' CFLAGS for ref. kernels)
[INFO] [stderr]   Compiling obj/x86_64/ref_kernels/haswell/1/bli_scalv_haswell_ref.o ('haswell' CFLAGS for ref. kernels)
[INFO] [stderr]   Compiling obj/x86_64/ref_kernels/haswell/1/bli_setv_haswell_ref.o ('haswell' CFLAGS for ref. kernels)
[INFO] [stderr]   Compiling obj/x86_64/ref_kernels/haswell/1/bli_subv_haswell_ref.o ('haswell' CFLAGS for ref. kernels)
[INFO] [stderr]   Compiling obj/x86_64/ref_kernels/haswell/1/bli_swapv_haswell_ref.o ('haswell' CFLAGS for ref. kernels)
[INFO] [stderr]   Compiling obj/x86_64/ref_kernels/haswell/1/bli_xpbyv_haswell_ref.o ('haswell' CFLAGS for ref. kernels)
[INFO] [stderr]   Compiling obj/x86_64/ref_kernels/haswell/1f/bli_axpy2v_haswell_ref.o ('haswell' CFLAGS for ref. kernels)
[INFO] [stderr]   Compiling obj/x86_64/ref_kernels/haswell/1f/bli_axpyf_haswell_ref.o ('haswell' CFLAGS for ref. kernels)
[INFO] [stderr]   Compiling obj/x86_64/ref_kernels/haswell/1f/bli_dotaxpyv_haswell_ref.o ('haswell' CFLAGS for ref. kernels)
[INFO] [stderr]   Compiling obj/x86_64/ref_kernels/haswell/1f/bli_dotxaxpyf_haswell_ref.o ('haswell' CFLAGS for ref. kernels)
[INFO] [stderr]   Compiling obj/x86_64/ref_kernels/haswell/1f/bli_dotxf_haswell_ref.o ('haswell' CFLAGS for ref. kernels)
[INFO] [stderr]   Compiling obj/x86_64/ref_kernels/haswell/1m/bli_packm_cxk_1er_haswell_ref.o ('haswell' CFLAGS for ref. kernels)
[INFO] [stderr]   Compiling obj/x86_64/ref_kernels/haswell/1m/bli_packm_cxk_bb_haswell_ref.o ('haswell' CFLAGS for ref. kernels)
[INFO] [stderr]   Compiling obj/x86_64/ref_kernels/haswell/1m/bli_packm_cxk_haswell_ref.o ('haswell' CFLAGS for ref. kernels)
[INFO] [stderr]   Compiling obj/x86_64/ref_kernels/haswell/1m/bli_unpackm_cxk_haswell_ref.o ('haswell' CFLAGS for ref. kernels)
[INFO] [stderr]   Compiling obj/x86_64/ref_kernels/haswell/3/bli_gemm_haswell_ref.o ('haswell' CFLAGS for ref. kernels)
[INFO] [stderr]   Compiling obj/x86_64/ref_kernels/haswell/3/bli_gemmsup_haswell_ref.o ('haswell' CFLAGS for ref. kernels)
[INFO] [stderr]   Compiling obj/x86_64/ref_kernels/haswell/3/bli_gemmtrsm_haswell_ref.o ('haswell' CFLAGS for ref. kernels)
[INFO] [stderr]   Compiling obj/x86_64/ref_kernels/haswell/3/bli_trsm_haswell_ref.o ('haswell' CFLAGS for ref. kernels)
[INFO] [stderr]   Compiling obj/x86_64/ref_kernels/haswell/3/bb/bli_gemmbb_haswell_ref.o ('haswell' CFLAGS for ref. kernels)
[INFO] [stderr]   Compiling obj/x86_64/ref_kernels/haswell/3/bb/bli_gemmtrsmbb_haswell_ref.o ('haswell' CFLAGS for ref. kernels)
[INFO] [stderr]   Compiling obj/x86_64/ref_kernels/haswell/3/bb/bli_trsmbb_haswell_ref.o ('haswell' CFLAGS for ref. kernels)
[INFO] [stderr]   Compiling obj/x86_64/ref_kernels/haswell/ind/bli_gemm1m_haswell_ref.o ('haswell' CFLAGS for ref. kernels)
[INFO] [stderr]   Compiling obj/x86_64/ref_kernels/haswell/ind/bli_gemmtrsm1m_haswell_ref.o ('haswell' CFLAGS for ref. kernels)
[INFO] [stderr]   Compiling obj/x86_64/ref_kernels/haswell/ind/bli_trsm1m_haswell_ref.o ('haswell' CFLAGS for ref. kernels)
[INFO] [stderr]   Compiling obj/x86_64/ref_kernels/sandybridge/bli_cntx_sandybridge_ref.o ('sandybridge' CFLAGS for ref. kernel init)
[INFO] [stderr]   Compiling obj/x86_64/ref_kernels/sandybridge/1/bli_addv_sandybridge_ref.o ('sandybridge' CFLAGS for ref. kernels)
[INFO] [stderr]   Compiling obj/x86_64/ref_kernels/sandybridge/1/bli_amaxv_sandybridge_ref.o ('sandybridge' CFLAGS for ref. kernels)
[INFO] [stderr]   Compiling obj/x86_64/ref_kernels/sandybridge/1/bli_axpbyv_sandybridge_ref.o ('sandybridge' CFLAGS for ref. kernels)
[INFO] [stderr]   Compiling obj/x86_64/ref_kernels/sandybridge/1/bli_axpyv_sandybridge_ref.o ('sandybridge' CFLAGS for ref. kernels)
[INFO] [stderr]   Compiling obj/x86_64/ref_kernels/sandybridge/1/bli_copyv_sandybridge_ref.o ('sandybridge' CFLAGS for ref. kernels)
[INFO] [stderr]   Compiling obj/x86_64/ref_kernels/sandybridge/1/bli_dotv_sandybridge_ref.o ('sandybridge' CFLAGS for ref. kernels)
[INFO] [stderr]   Compiling obj/x86_64/ref_kernels/sandybridge/1/bli_dotxv_sandybridge_ref.o ('sandybridge' CFLAGS for ref. kernels)
[INFO] [stderr]   Compiling obj/x86_64/ref_kernels/sandybridge/1/bli_invertv_sandybridge_ref.o ('sandybridge' CFLAGS for ref. kernels)
[INFO] [stderr]   Compiling obj/x86_64/ref_kernels/sandybridge/1/bli_scal2v_sandybridge_ref.o ('sandybridge' CFLAGS for ref. kernels)
[INFO] [stderr]   Compiling obj/x86_64/ref_kernels/sandybridge/1/bli_scalv_sandybridge_ref.o ('sandybridge' CFLAGS for ref. kernels)
[INFO] [stderr]   Compiling obj/x86_64/ref_kernels/sandybridge/1/bli_setv_sandybridge_ref.o ('sandybridge' CFLAGS for ref. kernels)
[INFO] [stderr]   Compiling obj/x86_64/ref_kernels/sandybridge/1/bli_subv_sandybridge_ref.o ('sandybridge' CFLAGS for ref. kernels)
[INFO] [stderr]   Compiling obj/x86_64/ref_kernels/sandybridge/1/bli_swapv_sandybridge_ref.o ('sandybridge' CFLAGS for ref. kernels)
[INFO] [stderr]   Compiling obj/x86_64/ref_kernels/sandybridge/1/bli_xpbyv_sandybridge_ref.o ('sandybridge' CFLAGS for ref. kernels)
[INFO] [stderr]   Compiling obj/x86_64/ref_kernels/sandybridge/1f/bli_axpy2v_sandybridge_ref.o ('sandybridge' CFLAGS for ref. kernels)
[INFO] [stderr]   Compiling obj/x86_64/ref_kernels/sandybridge/1f/bli_axpyf_sandybridge_ref.o ('sandybridge' CFLAGS for ref. kernels)
[INFO] [stderr]   Compiling obj/x86_64/ref_kernels/sandybridge/1f/bli_dotaxpyv_sandybridge_ref.o ('sandybridge' CFLAGS for ref. kernels)
[INFO] [stderr]   Compiling obj/x86_64/ref_kernels/sandybridge/1f/bli_dotxaxpyf_sandybridge_ref.o ('sandybridge' CFLAGS for ref. kernels)
[INFO] [stderr]   Compiling obj/x86_64/ref_kernels/sandybridge/1f/bli_dotxf_sandybridge_ref.o ('sandybridge' CFLAGS for ref. kernels)
[INFO] [stderr]   Compiling obj/x86_64/ref_kernels/sandybridge/1m/bli_packm_cxk_1er_sandybridge_ref.o ('sandybridge' CFLAGS for ref. kernels)
[INFO] [stderr]   Compiling obj/x86_64/ref_kernels/sandybridge/1m/bli_packm_cxk_bb_sandybridge_ref.o ('sandybridge' CFLAGS for ref. kernels)
[INFO] [stderr]   Compiling obj/x86_64/ref_kernels/sandybridge/1m/bli_packm_cxk_sandybridge_ref.o ('sandybridge' CFLAGS for ref. kernels)
[INFO] [stderr]   Compiling obj/x86_64/ref_kernels/sandybridge/1m/bli_unpackm_cxk_sandybridge_ref.o ('sandybridge' CFLAGS for ref. kernels)
[INFO] [stderr]   Compiling obj/x86_64/ref_kernels/sandybridge/3/bli_gemm_sandybridge_ref.o ('sandybridge' CFLAGS for ref. kernels)
[INFO] [stderr]   Compiling obj/x86_64/ref_kernels/sandybridge/3/bli_gemmsup_sandybridge_ref.o ('sandybridge' CFLAGS for ref. kernels)
[INFO] [stderr]   Compiling obj/x86_64/ref_kernels/sandybridge/3/bli_gemmtrsm_sandybridge_ref.o ('sandybridge' CFLAGS for ref. kernels)
[INFO] [stderr] 
[INFO] [stderr]   --- stderr
[INFO] [stderr]   /opt/rustwide/target/debug/build/blis-src-f17ac43bb5d0868a/out/blis_x86_64-unknown-linux-gnu/kernels/skx/3/bli_sgemm_skx_asm_32x12_l2.c:317:16: warning: 'offsets' defined but not used [-Wunused-variable]
[INFO] [stderr]     317 | static int64_t offsets[16] __attribute__((aligned(64))) =
[INFO] [stderr]         |                ^~~~~~~
[INFO] [stderr]   /opt/rustwide/target/debug/build/blis-src-f17ac43bb5d0868a/out/blis_x86_64-unknown-linux-gnu/kernels/skx/3/bli_dgemm_skx_asm_16x12_l2.c:286:16: warning: 'offsets' defined but not used [-Wunused-variable]
[INFO] [stderr]     286 | static int64_t offsets[16] __attribute__((aligned(64))) =
[INFO] [stderr]         |                ^~~~~~~
[INFO] [stderr]   /opt/rustwide/target/debug/build/blis-src-f17ac43bb5d0868a/out/blis_x86_64-unknown-linux-gnu/kernels/skx/3/bli_dgemm_skx_asm_16x14.c:153:16: warning: 'offsets' defined but not used [-Wunused-variable]
[INFO] [stderr]     153 | static int64_t offsets[16] __attribute__((aligned(64))) =
[INFO] [stderr]         |                ^~~~~~~
[INFO] [stderr]   gcc: fatal error: Killed signal terminated program cc1
[INFO] [stderr]   compilation terminated.
[INFO] [stderr]   make: *** [Makefile:647: obj/x86_64/ref_kernels/skx/1m/bli_packm_cxk_skx_ref.o] Error 1
[INFO] [stderr]   make: *** Waiting for unfinished jobs....
[INFO] [stderr]   thread 'main' panicked at /opt/rustwide/cargo-home/registry/src/index.crates.io-6f17d22bba15001f/blis-src-0.2.1/build.rs:111:5:
[INFO] [stderr]   assertion failed: command.status().unwrap().success()
[INFO] [stderr]   stack backtrace:
[INFO] [stderr]      0:     0x55ac47e6b6bc - std::backtrace_rs::backtrace::libunwind::trace::ha637c64ce894333a
[INFO] [stderr]                                  at /rustc/82e1608dfa6e0b5569232559e3d385fea5a93112/library/std/src/../../backtrace/src/backtrace/libunwind.rs:104:5
[INFO] [stderr]      1:     0x55ac47e6b6bc - std::backtrace_rs::backtrace::trace_unsynchronized::h47f62dea28e0c88d
[INFO] [stderr]                                  at /rustc/82e1608dfa6e0b5569232559e3d385fea5a93112/library/std/src/../../backtrace/src/backtrace/mod.rs:66:5
[INFO] [stderr]      2:     0x55ac47e6b6bc - std::sys_common::backtrace::_print_fmt::h9eef0abe20ede486
[INFO] [stderr]                                  at /rustc/82e1608dfa6e0b5569232559e3d385fea5a93112/library/std/src/sys_common/backtrace.rs:67:5
[INFO] [stderr]      3:     0x55ac47e6b6bc - <std::sys_common::backtrace::_print::DisplayBacktrace as core::fmt::Display>::fmt::hed7f999df88cc644
[INFO] [stderr]                                  at /rustc/82e1608dfa6e0b5569232559e3d385fea5a93112/library/std/src/sys_common/backtrace.rs:44:22
[INFO] [stderr]      4:     0x55ac47e908a0 - core::fmt::rt::Argument::fmt::h1539a9308b8d058d
[INFO] [stderr]                                  at /rustc/82e1608dfa6e0b5569232559e3d385fea5a93112/library/core/src/fmt/rt.rs:142:9
[INFO] [stderr]      5:     0x55ac47e908a0 - core::fmt::write::h3a39390d8560d9c9
[INFO] [stderr]                                  at /rustc/82e1608dfa6e0b5569232559e3d385fea5a93112/library/core/src/fmt/mod.rs:1120:17
[INFO] [stderr]      6:     0x55ac47e6976f - std::io::Write::write_fmt::h5fc9997dfe05f882
[INFO] [stderr]                                  at /rustc/82e1608dfa6e0b5569232559e3d385fea5a93112/library/std/src/io/mod.rs:1762:15
[INFO] [stderr]      7:     0x55ac47e6b4a4 - std::sys_common::backtrace::_print::h894006fb5c6f3d45
[INFO] [stderr]                                  at /rustc/82e1608dfa6e0b5569232559e3d385fea5a93112/library/std/src/sys_common/backtrace.rs:47:5
[INFO] [stderr]      8:     0x55ac47e6b4a4 - std::sys_common::backtrace::print::h23a2d212c6fff936
[INFO] [stderr]                                  at /rustc/82e1608dfa6e0b5569232559e3d385fea5a93112/library/std/src/sys_common/backtrace.rs:34:9
[INFO] [stderr]      9:     0x55ac47e6cbc7 - std::panicking::default_hook::{{closure}}::h8a1d2ee00185001a
[INFO] [stderr]     10:     0x55ac47e6c92f - std::panicking::default_hook::h6038f2eba384e475
[INFO] [stderr]                                  at /rustc/82e1608dfa6e0b5569232559e3d385fea5a93112/library/std/src/panicking.rs:292:9
[INFO] [stderr]     11:     0x55ac47e6d048 - std::panicking::rust_panic_with_hook::h2b5517d590cab22e
[INFO] [stderr]                                  at /rustc/82e1608dfa6e0b5569232559e3d385fea5a93112/library/std/src/panicking.rs:779:13
[INFO] [stderr]     12:     0x55ac47e6cef9 - std::panicking::begin_panic_handler::{{closure}}::h233112c06e0ef43e
[INFO] [stderr]                                  at /rustc/82e1608dfa6e0b5569232559e3d385fea5a93112/library/std/src/panicking.rs:649:13
[INFO] [stderr]     13:     0x55ac47e6bb86 - std::sys_common::backtrace::__rust_end_short_backtrace::h6e893f24d7ebbff8
[INFO] [stderr]                                  at /rustc/82e1608dfa6e0b5569232559e3d385fea5a93112/library/std/src/sys_common/backtrace.rs:170:18
[INFO] [stderr]     14:     0x55ac47e6cc92 - rust_begin_unwind
[INFO] [stderr]                                  at /rustc/82e1608dfa6e0b5569232559e3d385fea5a93112/library/std/src/panicking.rs:645:5
[INFO] [stderr]     15:     0x55ac47e43545 - core::panicking::panic_fmt::hbf0e066aabfa482c
[INFO] [stderr]                                  at /rustc/82e1608dfa6e0b5569232559e3d385fea5a93112/library/core/src/panicking.rs:72:14
[INFO] [stderr]     16:     0x55ac47e435e3 - core::panicking::panic::h195fc2a96298d4c3
[INFO] [stderr]                                  at /rustc/82e1608dfa6e0b5569232559e3d385fea5a93112/library/core/src/panicking.rs:127:5
[INFO] [stderr]     17:     0x55ac47e4812f - build_script_build::run::hae36808e8e6b7b29
[INFO] [stderr]     18:     0x55ac47e470f9 - build_script_build::compile::h89208f7f560152d4
[INFO] [stderr]     19:     0x55ac47e47b99 - build_script_build::main::h75ad8ef579e35a7b
[INFO] [stderr]     20:     0x55ac47e48c63 - core::ops::function::FnOnce::call_once::h2859ce8a79f28738
[INFO] [stderr]     21:     0x55ac47e481b6 - std::sys_common::backtrace::__rust_begin_short_backtrace::hef1a9821d3730253
[INFO] [stderr]     22:     0x55ac47e44699 - std::rt::lang_start::{{closure}}::h8b70663a28d47ea0
[INFO] [stderr]     23:     0x55ac47e664a7 - core::ops::function::impls::<impl core::ops::function::FnOnce<A> for &F>::call_once::hd95060ecd5e1ca24
[INFO] [stderr]                                  at /rustc/82e1608dfa6e0b5569232559e3d385fea5a93112/library/core/src/ops/function.rs:284:13
[INFO] [stderr]     24:     0x55ac47e664a7 - std::panicking::try::do_call::h6e8cf51db32a6e4b
[INFO] [stderr]                                  at /rustc/82e1608dfa6e0b5569232559e3d385fea5a93112/library/std/src/panicking.rs:552:40
[INFO] [stderr]     25:     0x55ac47e664a7 - std::panicking::try::h3a52eefe24fe3c29
[INFO] [stderr]                                  at /rustc/82e1608dfa6e0b5569232559e3d385fea5a93112/library/std/src/panicking.rs:516:19
[INFO] [stderr]     26:     0x55ac47e664a7 - std::panic::catch_unwind::h24c28c23c02c3841
[INFO] [stderr]                                  at /rustc/82e1608dfa6e0b5569232559e3d385fea5a93112/library/std/src/panic.rs:142:14
[INFO] [stderr]     27:     0x55ac47e664a7 - std::rt::lang_start_internal::{{closure}}::h705d3c9cbc06ef47
[INFO] [stderr]                                  at /rustc/82e1608dfa6e0b5569232559e3d385fea5a93112/library/std/src/rt.rs:148:48
[INFO] [stderr]     28:     0x55ac47e664a7 - std::panicking::try::do_call::ha21f52ba13158470
[INFO] [stderr]                                  at /rustc/82e1608dfa6e0b5569232559e3d385fea5a93112/library/std/src/panicking.rs:552:40
[INFO] [stderr]     29:     0x55ac47e664a7 - std::panicking::try::h5581346bf6aeb1f8
[INFO] [stderr]                                  at /rustc/82e1608dfa6e0b5569232559e3d385fea5a93112/library/std/src/panicking.rs:516:19
[INFO] [stderr]     30:     0x55ac47e664a7 - std::panic::catch_unwind::h7919645a6b72e25b
[INFO] [stderr]                                  at /rustc/82e1608dfa6e0b5569232559e3d385fea5a93112/library/std/src/panic.rs:142:14
[INFO] [stderr]     31:     0x55ac47e664a7 - std::rt::lang_start_internal::h12de51168669836e
[INFO] [stderr]                                  at /rustc/82e1608dfa6e0b5569232559e3d385fea5a93112/library/std/src/rt.rs:148:20
[INFO] [stderr]     32:     0x55ac47e44677 - std::rt::lang_start::h95ab0b8180add61c
[INFO] [stderr]     33:     0x55ac47e48155 - main
[INFO] [stderr]     34:     0x7f4f4f20ed90 - <unknown>
[INFO] [stderr]     35:     0x7f4f4f20ee40 - __libc_start_main
[INFO] [stderr]     36:     0x55ac47e43c65 - _start
[INFO] [stderr]     37:                0x0 - <unknown>
[INFO] running `Command { std: "docker" "inspect" "517736726e88d3aafab6a6c3d3e135871989296e0fb32d2151d62ec9c0a886e9", kill_on_drop: false }`
[INFO] running `Command { std: "docker" "rm" "-f" "517736726e88d3aafab6a6c3d3e135871989296e0fb32d2151d62ec9c0a886e9", kill_on_drop: false }`
[INFO] [stdout] 517736726e88d3aafab6a6c3d3e135871989296e0fb32d2151d62ec9c0a886e9
[INFO] documenting blis-sys2-0.2.1 against beta-2023-12-22 for beta-1.76-rustdoc-1
[INFO] extracting crate blis-sys2 0.2.1 into /workspace/builds/worker-1-tc2/source
[INFO] validating manifest of crates.io crate blis-sys2 0.2.1 on toolchain beta-2023-12-22
[INFO] running `Command { std: CARGO_HOME="/workspace/cargo-home" RUSTUP_HOME="/workspace/rustup-home" "/workspace/cargo-home/bin/cargo" "+beta-2023-12-22" "metadata" "--manifest-path" "Cargo.toml" "--no-deps", kill_on_drop: false }`
[INFO] started tweaking crates.io crate blis-sys2 0.2.1
[INFO] finished tweaking crates.io crate blis-sys2 0.2.1
[INFO] tweaked toml for crates.io crate blis-sys2 0.2.1 written to /workspace/builds/worker-1-tc2/source/Cargo.toml
[INFO] running `Command { std: CARGO_HOME="/workspace/cargo-home" RUSTUP_HOME="/workspace/rustup-home" "/workspace/cargo-home/bin/cargo" "+beta-2023-12-22" "generate-lockfile" "--manifest-path" "Cargo.toml", kill_on_drop: false }`
[INFO] [stderr]     Updating crates.io index
[INFO] running `Command { std: CARGO_HOME="/workspace/cargo-home" RUSTUP_HOME="/workspace/rustup-home" "/workspace/cargo-home/bin/cargo" "+beta-2023-12-22" "fetch" "--manifest-path" "Cargo.toml", kill_on_drop: false }`
[INFO] running `Command { std: "docker" "create" "-v" "/var/lib/crater-agent-workspace/builds/worker-1-tc2/target:/opt/rustwide/target:rw,Z" "-v" "/var/lib/crater-agent-workspace/builds/worker-1-tc2/source:/opt/rustwide/workdir:ro,Z" "-v" "/var/lib/crater-agent-workspace/cargo-home:/opt/rustwide/cargo-home:ro,Z" "-v" "/var/lib/crater-agent-workspace/rustup-home:/opt/rustwide/rustup-home:ro,Z" "-e" "SOURCE_DIR=/opt/rustwide/workdir" "-e" "CARGO_TARGET_DIR=/opt/rustwide/target" "-e" "CARGO_HOME=/opt/rustwide/cargo-home" "-e" "RUSTUP_HOME=/opt/rustwide/rustup-home" "-w" "/opt/rustwide/workdir" "-m" "1610612736" "--user" "0:0" "--network" "none" "ghcr.io/rust-lang/crates-build-env/linux@sha256:2788e3201cd34a07e3172128adcd8b3090168a8e3bcc40d7c032b9dda1df7d1c" "/opt/rustwide/cargo-home/bin/cargo" "+beta-2023-12-22" "metadata" "--no-deps" "--format-version=1", kill_on_drop: false }`
[INFO] [stdout] 1b9ee2fae4535011efaeb409de6478ae0d1d2c13d86c324db578df4fab2a3d51
[INFO] running `Command { std: "docker" "start" "-a" "1b9ee2fae4535011efaeb409de6478ae0d1d2c13d86c324db578df4fab2a3d51", kill_on_drop: false }`
[INFO] running `Command { std: "docker" "inspect" "1b9ee2fae4535011efaeb409de6478ae0d1d2c13d86c324db578df4fab2a3d51", kill_on_drop: false }`
[INFO] running `Command { std: "docker" "rm" "-f" "1b9ee2fae4535011efaeb409de6478ae0d1d2c13d86c324db578df4fab2a3d51", kill_on_drop: false }`
[INFO] [stdout] 1b9ee2fae4535011efaeb409de6478ae0d1d2c13d86c324db578df4fab2a3d51
[INFO] running `Command { std: "docker" "create" "-v" "/var/lib/crater-agent-workspace/builds/worker-1-tc2/target:/opt/rustwide/target:rw,Z" "-v" "/var/lib/crater-agent-workspace/builds/worker-1-tc2/source:/opt/rustwide/workdir:ro,Z" "-v" "/var/lib/crater-agent-workspace/cargo-home:/opt/rustwide/cargo-home:ro,Z" "-v" "/var/lib/crater-agent-workspace/rustup-home:/opt/rustwide/rustup-home:ro,Z" "-e" "SOURCE_DIR=/opt/rustwide/workdir" "-e" "CARGO_TARGET_DIR=/opt/rustwide/target" "-e" "CARGO_INCREMENTAL=0" "-e" "RUST_BACKTRACE=full" "-e" "RUSTFLAGS=--cap-lints=warn" "-e" "RUSTDOCFLAGS=--cap-lints=warn" "-e" "CARGO_HOME=/opt/rustwide/cargo-home" "-e" "RUSTUP_HOME=/opt/rustwide/rustup-home" "-w" "/opt/rustwide/workdir" "-m" "1610612736" "--user" "0:0" "--network" "none" "ghcr.io/rust-lang/crates-build-env/linux@sha256:2788e3201cd34a07e3172128adcd8b3090168a8e3bcc40d7c032b9dda1df7d1c" "/opt/rustwide/cargo-home/bin/cargo" "+beta-2023-12-22" "doc" "--frozen" "--no-deps" "--document-private-items" "--message-format=json", kill_on_drop: false }`
[INFO] [stdout] 06063c01ac66941d098a2d4d032c4fe5138f30248225a50ad4fa3c5bb44f1fdb
[INFO] running `Command { std: "docker" "start" "-a" "06063c01ac66941d098a2d4d032c4fe5138f30248225a50ad4fa3c5bb44f1fdb", kill_on_drop: false }`
[INFO] [stderr]    Compiling memchr v2.7.1
[INFO] [stderr]    Compiling regex-syntax v0.8.2
[INFO] [stderr]    Compiling proc-macro2 v1.0.76
[INFO] [stderr]    Compiling nom v5.1.3
[INFO] [stderr]    Compiling clang-sys v1.7.0
[INFO] [stderr]    Compiling blis-src v0.2.1
[INFO] [stderr]    Compiling bitflags v1.3.2
[INFO] [stderr]    Compiling vec_map v0.8.2
[INFO] [stderr]    Compiling bindgen v0.58.1
[INFO] [stderr]    Compiling ansi_term v0.12.1
[INFO] [stderr]    Compiling atty v0.2.14
[INFO] [stderr]    Compiling textwrap v0.11.0
[INFO] [stderr]    Compiling libloading v0.8.1
[INFO] [stderr]    Compiling strsim v0.8.0
[INFO] [stderr]    Compiling which v3.1.1
[INFO] [stderr]    Compiling shlex v1.2.0
[INFO] [stderr]    Compiling lazy_static v1.4.0
[INFO] [stderr]    Compiling lazycell v1.3.0
[INFO] [stderr]    Compiling peeking_take_while v0.1.2
[INFO] [stderr]    Compiling clap v2.34.0
[INFO] [stderr]    Compiling aho-corasick v1.1.2
[INFO] [stderr]    Compiling quote v1.0.35
[INFO] [stderr]    Compiling regex-automata v0.4.3
[INFO] [stderr]    Compiling cexpr v0.4.0
[INFO] [stderr]    Compiling regex v1.10.2
[INFO] [stderr]    Compiling env_logger v0.8.4
[INFO] [stderr]    Compiling blis-sys2 v0.2.1 (/opt/rustwide/workdir)
[INFO] [stderr]  Documenting blis-sys2 v0.2.1 (/opt/rustwide/workdir)
[INFO] [stderr]     Finished dev [unoptimized + debuginfo] target(s) in 1m 01s
[INFO] [stderr]    Generated /opt/rustwide/target/doc/blis_sys2/index.html
[INFO] running `Command { std: "docker" "inspect" "06063c01ac66941d098a2d4d032c4fe5138f30248225a50ad4fa3c5bb44f1fdb", kill_on_drop: false }`
[INFO] running `Command { std: "docker" "rm" "-f" "06063c01ac66941d098a2d4d032c4fe5138f30248225a50ad4fa3c5bb44f1fdb", kill_on_drop: false }`
[INFO] [stdout] 06063c01ac66941d098a2d4d032c4fe5138f30248225a50ad4fa3c5bb44f1fdb
[INFO] running `Command { std: "docker" "create" "-v" "/var/lib/crater-agent-workspace/builds/worker-1-tc2/target:/opt/rustwide/target:rw,Z" "-v" "/var/lib/crater-agent-workspace/builds/worker-1-tc2/source:/opt/rustwide/workdir:ro,Z" "-v" "/var/lib/crater-agent-workspace/cargo-home:/opt/rustwide/cargo-home:ro,Z" "-v" "/var/lib/crater-agent-workspace/rustup-home:/opt/rustwide/rustup-home:ro,Z" "-e" "SOURCE_DIR=/opt/rustwide/workdir" "-e" "CARGO_TARGET_DIR=/opt/rustwide/target" "-e" "CARGO_INCREMENTAL=0" "-e" "RUST_BACKTRACE=full" "-e" "RUSTFLAGS=--cap-lints=warn" "-e" "RUSTDOCFLAGS=--cap-lints=warn" "-e" "DOCS_RS=1" "-e" "RUSTC_BOOTSTRAP=1" "-e" "CARGO_HOME=/opt/rustwide/cargo-home" "-e" "RUSTUP_HOME=/opt/rustwide/rustup-home" "-w" "/opt/rustwide/workdir" "-m" "1610612736" "--user" "0:0" "--network" "none" "ghcr.io/rust-lang/crates-build-env/linux@sha256:2788e3201cd34a07e3172128adcd8b3090168a8e3bcc40d7c032b9dda1df7d1c" "/opt/rustwide/cargo-home/bin/cargo" "+beta-2023-12-22" "rustdoc" "--lib" "-Zrustdoc-map" "-Z" "unstable-options" "--config" "build.rustdocflags=[\"-Z\", \"unstable-options\", \"--document-private-items\"]" "--frozen" "--message-format=json", kill_on_drop: false }`
[INFO] [stdout] da0abfe0a5217e07d1744f6a8ecdae456ae04bbd0ed67e4230df654a4d5c14e3
[INFO] running `Command { std: "docker" "start" "-a" "da0abfe0a5217e07d1744f6a8ecdae456ae04bbd0ed67e4230df654a4d5c14e3", kill_on_drop: false }`
[INFO] [stderr]  Documenting blis-sys2 v0.2.1 (/opt/rustwide/workdir)
[INFO] [stderr]     Finished dev [unoptimized + debuginfo] target(s) in 0.86s
[INFO] [stderr]    Generated /opt/rustwide/target/doc/blis_sys2/index.html
[INFO] running `Command { std: "docker" "inspect" "da0abfe0a5217e07d1744f6a8ecdae456ae04bbd0ed67e4230df654a4d5c14e3", kill_on_drop: false }`
[INFO] running `Command { std: "docker" "rm" "-f" "da0abfe0a5217e07d1744f6a8ecdae456ae04bbd0ed67e4230df654a4d5c14e3", kill_on_drop: false }`
[INFO] [stdout] da0abfe0a5217e07d1744f6a8ecdae456ae04bbd0ed67e4230df654a4d5c14e3
