[INFO] cloning repository https://github.com/vicanso/image-optim
[INFO] running `Command { std: "git" "-c" "credential.helper=" "-c" "credential.helper=/workspace/cargo-home/bin/git-credential-null" "clone" "--bare" "https://github.com/vicanso/image-optim" "/workspace/cache/git-repos/https%3A%2F%2Fgithub.com%2Fvicanso%2Fimage-optim", kill_on_drop: false }`
[INFO] [stderr] Cloning into bare repository '/workspace/cache/git-repos/https%3A%2F%2Fgithub.com%2Fvicanso%2Fimage-optim'...
[INFO] running `Command { std: "git" "rev-parse" "HEAD", kill_on_drop: false }`
[INFO] [stdout] 86fa5b7731420ba8c673b23682f37bbfef2e62e1
[INFO] documenting vicanso/image-optim against 1.75.0 for beta-1.76-rustdoc-1
[INFO] running `Command { std: "git" "clone" "/workspace/cache/git-repos/https%3A%2F%2Fgithub.com%2Fvicanso%2Fimage-optim" "/workspace/builds/worker-7-tc1/source", kill_on_drop: false }`
[INFO] [stderr] Cloning into '/workspace/builds/worker-7-tc1/source'...
[INFO] [stderr] done.
[INFO] validating manifest of git repo https://github.com/vicanso/image-optim on toolchain 1.75.0
[INFO] running `Command { std: CARGO_HOME="/workspace/cargo-home" RUSTUP_HOME="/workspace/rustup-home" "/workspace/cargo-home/bin/cargo" "+1.75.0" "metadata" "--manifest-path" "Cargo.toml" "--no-deps", kill_on_drop: false }`
[INFO] started tweaking git repo https://github.com/vicanso/image-optim
[INFO] finished tweaking git repo https://github.com/vicanso/image-optim
[INFO] tweaked toml for git repo https://github.com/vicanso/image-optim written to /workspace/builds/worker-7-tc1/source/Cargo.toml
[INFO] crate git repo https://github.com/vicanso/image-optim already has a lockfile, it will not be regenerated
[INFO] running `Command { std: CARGO_HOME="/workspace/cargo-home" RUSTUP_HOME="/workspace/rustup-home" "/workspace/cargo-home/bin/cargo" "+1.75.0" "fetch" "--manifest-path" "Cargo.toml", kill_on_drop: false }`
[INFO] [stderr]     Updating crates.io index
[INFO] [stderr]  Downloading crates ...
[INFO] [stderr]   Downloaded forwarded-header-value v0.1.1
[INFO] [stderr]   Downloaded imagequant v4.2.2
[INFO] [stderr]   Downloaded rust_hawktracer_normal_macro v0.4.1
[INFO] [stderr]   Downloaded av1-grain v0.2.2
[INFO] [stderr]   Downloaded rust_hawktracer v0.7.0
[INFO] [stderr]   Downloaded mozjpeg v0.10.5
[INFO] [stderr]   Downloaded v_frame v0.3.6
[INFO] [stderr]   Downloaded simd_helpers v0.1.0
[INFO] [stderr]   Downloaded maybe-rayon v0.1.1
[INFO] [stderr]   Downloaded interpolate_name v0.2.4
[INFO] [stderr]   Downloaded noop_proc_macro v0.3.0
[INFO] [stderr]   Downloaded rust_hawktracer_proc_macro v0.4.1
[INFO] [stderr]   Downloaded arg_enum_proc_macro v0.3.4
[INFO] [stderr]   Downloaded ravif v0.11.3
[INFO] [stderr]   Downloaded bitreader v0.3.8
[INFO] [stderr]   Downloaded dssim v3.2.4
[INFO] [stderr]   Downloaded dssim-core v3.2.7
[INFO] [stderr]   Downloaded bitstream-io v1.10.0
[INFO] [stderr]   Downloaded avif-serialize v0.8.1
[INFO] [stderr]   Downloaded lodepng v3.9.2
[INFO] [stderr]   Downloaded libfuzzer-sys v0.3.5
[INFO] [stderr]   Downloaded nonempty v0.7.0
[INFO] [stderr]   Downloaded loop9 v0.1.4
[INFO] [stderr]   Downloaded lcms2 v6.0.3
[INFO] [stderr]   Downloaded axum-client-ip v0.5.0
[INFO] [stderr]   Downloaded built v0.5.2
[INFO] [stderr]   Downloaded mozjpeg-sys v2.0.5
[INFO] [stderr]   Downloaded rav1e v0.6.6
[INFO] [stderr]   Downloaded libaom-sys v0.15.0
[INFO] [stderr]   Downloaded avif-parse v1.0.0
[INFO] [stderr]   Downloaded avif-decode v0.2.2
[INFO] [stderr]   Downloaded aom-decode v0.2.7
[INFO] [stderr]   Downloaded yuv v0.1.5
[INFO] [stderr]   Downloaded lcms2-sys v4.0.4
[INFO] [stderr] warning: spurious network error (3 tries remaining): [28] Timeout was reached (failed to download any data for `load_image v3.1.4` within 30s)
[INFO] [stderr]   Downloaded load_image v3.1.4
[INFO] running `Command { std: "docker" "create" "-v" "/var/lib/crater-agent-workspace/builds/worker-7-tc1/target:/opt/rustwide/target:rw,Z" "-v" "/var/lib/crater-agent-workspace/builds/worker-7-tc1/source:/opt/rustwide/workdir:ro,Z" "-v" "/var/lib/crater-agent-workspace/cargo-home:/opt/rustwide/cargo-home:ro,Z" "-v" "/var/lib/crater-agent-workspace/rustup-home:/opt/rustwide/rustup-home:ro,Z" "-e" "SOURCE_DIR=/opt/rustwide/workdir" "-e" "CARGO_TARGET_DIR=/opt/rustwide/target" "-e" "CARGO_HOME=/opt/rustwide/cargo-home" "-e" "RUSTUP_HOME=/opt/rustwide/rustup-home" "-w" "/opt/rustwide/workdir" "-m" "1610612736" "--user" "0:0" "--network" "none" "ghcr.io/rust-lang/crates-build-env/linux@sha256:2788e3201cd34a07e3172128adcd8b3090168a8e3bcc40d7c032b9dda1df7d1c" "/opt/rustwide/cargo-home/bin/cargo" "+1.75.0" "metadata" "--no-deps" "--format-version=1", kill_on_drop: false }`
[INFO] [stdout] 33dc35e6111422bdcf36ac0767541873ec554b81b5d651ebc965f1a76fd0382f
[INFO] running `Command { std: "docker" "start" "-a" "33dc35e6111422bdcf36ac0767541873ec554b81b5d651ebc965f1a76fd0382f", kill_on_drop: false }`
[INFO] running `Command { std: "docker" "inspect" "33dc35e6111422bdcf36ac0767541873ec554b81b5d651ebc965f1a76fd0382f", kill_on_drop: false }`
[INFO] running `Command { std: "docker" "rm" "-f" "33dc35e6111422bdcf36ac0767541873ec554b81b5d651ebc965f1a76fd0382f", kill_on_drop: false }`
[INFO] [stdout] 33dc35e6111422bdcf36ac0767541873ec554b81b5d651ebc965f1a76fd0382f
[INFO] running `Command { std: "docker" "create" "-v" "/var/lib/crater-agent-workspace/builds/worker-7-tc1/target:/opt/rustwide/target:rw,Z" "-v" "/var/lib/crater-agent-workspace/builds/worker-7-tc1/source:/opt/rustwide/workdir:ro,Z" "-v" "/var/lib/crater-agent-workspace/cargo-home:/opt/rustwide/cargo-home:ro,Z" "-v" "/var/lib/crater-agent-workspace/rustup-home:/opt/rustwide/rustup-home:ro,Z" "-e" "SOURCE_DIR=/opt/rustwide/workdir" "-e" "CARGO_TARGET_DIR=/opt/rustwide/target" "-e" "CARGO_INCREMENTAL=0" "-e" "RUST_BACKTRACE=full" "-e" "RUSTFLAGS=--cap-lints=warn" "-e" "RUSTDOCFLAGS=--cap-lints=warn" "-e" "CARGO_HOME=/opt/rustwide/cargo-home" "-e" "RUSTUP_HOME=/opt/rustwide/rustup-home" "-w" "/opt/rustwide/workdir" "-m" "1610612736" "--user" "0:0" "--network" "none" "ghcr.io/rust-lang/crates-build-env/linux@sha256:2788e3201cd34a07e3172128adcd8b3090168a8e3bcc40d7c032b9dda1df7d1c" "/opt/rustwide/cargo-home/bin/cargo" "+1.75.0" "doc" "--frozen" "--no-deps" "--document-private-items" "--message-format=json", kill_on_drop: false }`
[INFO] [stdout] 42c8e9b253a3f6541f0465ae5a41b2d8ca4a73e25dc19ae32732f239a59907e0
[INFO] running `Command { std: "docker" "start" "-a" "42c8e9b253a3f6541f0465ae5a41b2d8ca4a73e25dc19ae32732f239a59907e0", kill_on_drop: false }`
[INFO] [stderr]    Compiling autocfg v1.1.0
[INFO] [stderr]    Compiling libc v0.2.150
[INFO] [stderr]    Compiling proc-macro2 v1.0.70
[INFO] [stderr]    Compiling unicode-ident v1.0.12
[INFO] [stderr]     Checking cfg-if v1.0.0
[INFO] [stderr]    Compiling version_check v0.9.4
[INFO] [stderr]     Checking once_cell v1.19.0
[INFO] [stderr]    Compiling crossbeam-utils v0.8.16
[INFO] [stderr]     Checking scopeguard v1.2.0
[INFO] [stderr]     Checking log v0.4.20
[INFO] [stderr]    Compiling rayon-core v1.12.0
[INFO] [stderr]     Checking itoa v1.0.10
[INFO] [stderr]     Checking zerocopy v0.7.30
[INFO] [stderr]     Checking bytes v1.5.0
[INFO] [stderr]     Checking pin-project-lite v0.2.13
[INFO] [stderr]    Compiling futures-core v0.3.29
[INFO] [stderr]    Compiling futures-task v0.3.29
[INFO] [stderr]    Compiling serde v1.0.193
[INFO] [stderr]     Checking fnv v1.0.7
[INFO] [stderr]    Compiling futures-util v0.3.29
[INFO] [stderr]     Checking pin-utils v0.1.0
[INFO] [stderr]     Checking bytemuck v1.14.0
[INFO] [stderr]     Checking tracing-core v0.1.32
[INFO] [stderr]     Checking either v1.9.0
[INFO] [stderr]     Checking simd-adler32 v0.3.7
[INFO] [stderr]    Compiling memoffset v0.9.0
[INFO] [stderr]    Compiling crossbeam-epoch v0.9.15
[INFO] [stderr]    Compiling num-traits v0.2.17
[INFO] [stderr]    Compiling lock_api v0.4.11
[INFO] [stderr]    Compiling num-integer v0.1.45
[INFO] [stderr]     Checking allocator-api2 v0.2.16
[INFO] [stderr]    Compiling num-bigint v0.4.4
[INFO] [stderr]    Compiling ahash v0.8.6
[INFO] [stderr]     Checking rgb v0.8.37
[INFO] [stderr]    Compiling slab v0.4.9
[INFO] [stderr]    Compiling tinyvec_macros v0.1.1
[INFO] [stderr]     Checking memchr v2.6.4
[INFO] [stderr]    Compiling tinyvec v1.6.0
[INFO] [stderr]    Compiling num-rational v0.4.1
[INFO] [stderr]     Checking futures-sink v0.3.29
[INFO] [stderr]    Compiling httparse v1.8.0
[INFO] [stderr]    Compiling quote v1.0.33
[INFO] [stderr]     Checking spin v0.9.8
[INFO] [stderr]     Checking hashbrown v0.14.3
[INFO] [stderr]    Compiling crossbeam-deque v0.8.3
[INFO] [stderr]     Checking adler v1.0.2
[INFO] [stderr]     Checking num_cpus v1.16.0
[INFO] [stderr]     Checking signal-hook-registry v1.4.1
[INFO] [stderr]    Compiling syn v2.0.39
[INFO] [stderr]     Checking mio v0.8.10
[INFO] [stderr]     Checking socket2 v0.5.5
[INFO] [stderr]     Checking getrandom v0.2.11
[INFO] [stderr]    Compiling crc32fast v1.3.2
[INFO] [stderr]    Compiling dunce v1.0.4
[INFO] [stderr]     Checking equivalent v1.0.1
[INFO] [stderr]    Compiling semver v1.0.20
[INFO] [stderr]     Checking miniz_oxide v0.7.1
[INFO] [stderr]    Compiling futures-channel v0.3.29
[INFO] [stderr]    Compiling unicode-bidi v0.3.14
[INFO] [stderr]    Compiling percent-encoding v2.3.1
[INFO] [stderr]    Compiling rustversion v1.0.14
[INFO] [stderr]    Compiling jobserver v0.1.27
[INFO] [stderr]     Checking indexmap v2.1.0
[INFO] [stderr]     Checking rayon v1.8.0
[INFO] [stderr]    Compiling form_urlencoded v1.2.1
[INFO] [stderr]     Checking http v0.2.11
[INFO] [stderr]    Compiling unicode-normalization v0.1.22
[INFO] [stderr]     Checking http v1.0.0
[INFO] [stderr]    Compiling cc v1.0.83
[INFO] [stderr]    Compiling syn v1.0.109
[INFO] [stderr]     Checking imgref v1.10.0
[INFO] [stderr]     Checking tower-service v0.3.2
[INFO] [stderr]     Checking flate2 v1.0.28
[INFO] [stderr]     Checking hashbrown v0.13.2
[INFO] [stderr]     Checking httpdate v1.0.3
[INFO] [stderr]    Compiling thiserror v1.0.50
[INFO] [stderr]     Checking untrusted v0.9.0
[INFO] [stderr]    Compiling unicase v2.7.0
[INFO] [stderr]    Compiling num-iter v0.1.43
[INFO] [stderr]    Compiling idna v0.5.0
[INFO] [stderr]    Compiling pkg-config v0.3.27
[INFO] [stderr]     Checking rust_hawktracer_normal_macro v0.4.1
[INFO] [stderr]     Checking quick-error v2.0.1
[INFO] [stderr]     Checking mime v0.3.17
[INFO] [stderr]    Compiling anyhow v1.0.75
[INFO] [stderr]    Compiling rust_hawktracer_proc_macro v0.4.1
[INFO] [stderr]     Checking http-body v1.0.0
[INFO] [stderr]     Checking fallible_collections v0.4.9
[INFO] [stderr]    Compiling cmake v0.1.50
[INFO] [stderr]    Compiling rustls v0.21.10
[INFO] [stderr]     Checking tower-layer v0.3.2
[INFO] [stderr]    Compiling glob v0.3.1
[INFO] [stderr]    Compiling paste v1.0.14
[INFO] [stderr]    Compiling async-trait v0.1.74
[INFO] [stderr]    Compiling url v2.5.0
[INFO] [stderr]     Checking rust_hawktracer v0.7.0
[INFO] [stderr]    Compiling noop_proc_macro v0.3.0
[INFO] [stderr]     Checking ryu v1.0.15
[INFO] [stderr]     Checking minimal-lexical v0.2.1
[INFO] [stderr]    Compiling axum-core v0.4.1
[INFO] [stderr]     Checking num-complex v0.4.4
[INFO] [stderr]    Compiling multer v2.1.0
[INFO] [stderr]     Checking itertools v0.10.5
[INFO] [stderr]     Checking encoding_rs v0.8.33
[INFO] [stderr]    Compiling serde_json v1.0.108
[INFO] [stderr]     Checking nom v7.1.3
[INFO] [stderr]     Checking foreign-types-shared v0.3.1
[INFO] [stderr]     Checking byteorder v1.5.0
[INFO] [stderr]     Checking try-lock v0.2.5
[INFO] [stderr]    Compiling ring v0.17.7
[INFO] [stderr]    Compiling lcms2-sys v4.0.4
[INFO] [stderr]    Compiling libaom-sys v0.15.0
[INFO] [stderr]    Compiling libwebp-sys v0.9.4
[INFO] [stderr]     Checking want v0.3.1
[INFO] [stderr]    Compiling axum v0.7.2
[INFO] [stderr]    Compiling nasm-rs v0.2.5
[INFO] [stderr]     Checking jpeg-decoder v0.3.0
[INFO] [stderr]     Checking maybe-rayon v0.1.1
[INFO] [stderr]     Checking num v0.4.1
[INFO] [stderr]     Checking lodepng v3.9.2
[INFO] [stderr]     Checking http-body-util v0.1.0
[INFO] [stderr]     Checking http-body v0.4.6
[INFO] [stderr]    Compiling simd_helpers v0.1.0
[INFO] [stderr]     Checking rand_core v0.6.4
[INFO] [stderr]     Checking socket2 v0.4.10
[INFO] [stderr]     Checking bitreader v0.3.8
[INFO] [stderr]    Compiling mozjpeg-sys v2.0.5
[INFO] [stderr]     Checking powerfmt v0.2.0
[INFO] [stderr]     Checking smallvec v1.11.2
[INFO] [stderr]     Checking sync_wrapper v0.1.2
[INFO] [stderr]    Compiling doc-comment v0.3.3
[INFO] [stderr]     Checking ppv-lite86 v0.2.17
[INFO] [stderr]     Checking weezl v0.1.7
[INFO] [stderr]     Checking static_assertions v1.1.0
[INFO] [stderr]     Checking bitstream-io v1.10.0
[INFO] [stderr]     Checking new_debug_unreachable v1.0.4
[INFO] [stderr]     Checking avif-parse v1.0.0
[INFO] [stderr]     Checking deranged v0.3.10
[INFO] [stderr]    Compiling mime_guess v2.0.4
[INFO] [stderr]     Checking rexif v0.7.3
[INFO] [stderr]     Checking loop9 v0.1.4
[INFO] [stderr]     Checking yuv v0.1.5
[INFO] [stderr]     Checking aho-corasick v1.1.2
[INFO] [stderr]     Checking flume v0.11.0
[INFO] [stderr]     Checking zune-inflate v0.2.54
[INFO] [stderr]     Checking fdeflate v0.3.1
[INFO] [stderr]     Checking itertools v0.11.0
[INFO] [stderr]    Compiling substring v1.4.5
[INFO] [stderr]     Checking rand_chacha v0.3.1
[INFO] [stderr]     Checking regex-syntax v0.8.2
[INFO] [stderr]     Checking bitflags v1.3.2
[INFO] [stderr]     Checking unicode-width v0.1.11
[INFO] [stderr]     Checking matchit v0.7.3
[INFO] [stderr]     Checking nonempty v0.7.0
[INFO] [stderr]     Checking lazy_static v1.4.0
[INFO] [stderr]     Checking stable_deref_trait v1.2.0
[INFO] [stderr]     Checking half v2.2.1
[INFO] [stderr]     Checking overload v0.1.1
[INFO] [stderr]     Checking lebe v0.5.2
[INFO] [stderr]     Checking bit_field v0.10.2
[INFO] [stderr]     Checking base64 v0.21.5
[INFO] [stderr]     Checking num_threads v0.1.6
[INFO] [stderr]     Checking time-core v0.1.2
[INFO] [stderr]     Checking color_quant v1.1.0
[INFO] [stderr]    Compiling heck v0.4.1
[INFO] [stderr]     Checking nu-ansi-term v0.46.0
[INFO] [stderr]     Checking png v0.17.10
[INFO] [stderr]     Checking owning_ref v0.4.1
[INFO] [stderr]     Checking exr v1.71.0
[INFO] [stderr]     Checking time v0.3.30
[INFO] [stderr]     Checking rustls-pemfile v1.0.4
[INFO] [stderr]     Checking gif v0.12.0
[INFO] [stderr]     Checking sharded-slab v0.1.7
[INFO] [stderr]     Checking rand v0.8.5
[INFO] [stderr]     Checking getopts v0.2.21
[INFO] [stderr]     Checking tiff v0.9.0
[INFO] [stderr]     Checking tracing-log v0.2.0
[INFO] [stderr]     Checking qoi v0.4.1
[INFO] [stderr]     Checking thread_local v1.1.7
[INFO] [stderr]     Checking ipnet v2.9.0
[INFO] [stderr]     Checking webpki-roots v0.25.3
[INFO] [stderr]     Checking dssim-core v3.2.7
[INFO] [stderr]     Checking iana-time-zone v0.1.58
[INFO] [stderr]     Checking nanoid v0.4.0
[INFO] [stderr]     Checking chrono v0.4.31
[INFO] [stderr]     Checking lru v0.12.1
[INFO] [stderr]     Checking urlencoding v2.1.3
[INFO] [stderr]     Checking tracing-subscriber v0.3.18
[INFO] [stderr]    Compiling serde_derive v1.0.193
[INFO] [stderr]    Compiling tokio-macros v2.2.0
[INFO] [stderr]    Compiling tracing-attributes v0.1.27
[INFO] [stderr]    Compiling thiserror-impl v1.0.50
[INFO] [stderr]    Compiling num-derive v0.4.1
[INFO] [stderr]    Compiling pin-project-internal v1.1.3
[INFO] [stderr]    Compiling foreign-types-macros v0.2.3
[INFO] [stderr]    Compiling num-derive v0.3.3
[INFO] [stderr]    Compiling arg_enum_proc_macro v0.3.4
[INFO] [stderr]    Compiling snafu-derive v0.7.5
[INFO] [stderr]     Checking regex-automata v0.4.3
[INFO] [stderr]     Checking tokio v1.35.0
[INFO] [stderr]     Checking foreign-types v0.5.0
[INFO] [stderr]     Checking forwarded-header-value v0.1.1
[INFO] [stderr]     Checking v_frame v0.3.6
[INFO] [stderr]     Checking pin-project v1.1.3
[INFO] [stderr]     Checking tracing v0.1.40
[INFO] [stderr]     Checking regex v1.10.2
[INFO] [stderr]     Checking snafu v0.7.5
[INFO] [stderr]     Checking lcms2 v6.0.3
[INFO] [stderr]     Checking load_image v3.1.4
[INFO] [stderr]     Checking dssim v3.2.4
[INFO] [stderr]     Checking sct v0.7.1
[INFO] [stderr]     Checking rustls-webpki v0.101.7
[INFO] [stderr]     Checking webp v0.2.6
[INFO] [stderr]     Checking tokio-util v0.7.10
[INFO] [stderr]     Checking tower v0.4.13
[INFO] [stderr]     Checking arrayvec v0.7.4
[INFO] [stderr]     Checking serde_urlencoded v0.7.1
[INFO] [stderr]     Checking serde_path_to_error v0.1.14
[INFO] [stderr]     Checking h2 v0.4.0
[INFO] [stderr]     Checking h2 v0.3.22
[INFO] [stderr]     Checking av1-grain v0.2.2
[INFO] [stderr]     Checking avif-serialize v0.8.1
[INFO] [stderr]     Checking mozjpeg v0.10.5
[INFO] [stderr]     Checking imagequant v4.2.2
[INFO] [stderr]     Checking tokio-rustls v0.24.1
[INFO] [stderr]    Compiling toml v0.5.11
[INFO] [stderr]    Compiling rustc_version v0.4.0
[INFO] [stderr]    Compiling cargo-lock v8.0.3
[INFO] [stderr]    Compiling built v0.5.2
[INFO] [stderr]    Compiling rav1e v0.6.6
[INFO] [stderr]     Checking hyper v0.14.27
[INFO] [stderr]     Checking hyper v1.0.1
[INFO] [stderr]     Checking hyper-util v0.1.1
[INFO] [stderr] error: could not compile `hyper` (lib)
[INFO] [stderr] 
[INFO] [stderr] Caused by:
[INFO] [stderr]   process didn't exit successfully: `/opt/rustwide/rustup-home/toolchains/1.75.0-x86_64-unknown-linux-gnu/bin/rustc --crate-name hyper --edition=2018 /opt/rustwide/cargo-home/registry/src/index.crates.io-6f17d22bba15001f/hyper-0.14.27/src/lib.rs --error-format=json --json=diagnostic-rendered-ansi,artifacts,future-incompat --crate-type lib --emit=dep-info,metadata -C embed-bitcode=no -C debuginfo=2 --cfg 'feature="client"' --cfg 'feature="h2"' --cfg 'feature="http1"' --cfg 'feature="http2"' --cfg 'feature="runtime"' --cfg 'feature="socket2"' --cfg 'feature="tcp"' -C metadata=e2026fe9cb3768e9 -C extra-filename=-e2026fe9cb3768e9 --out-dir /opt/rustwide/target/debug/deps -L dependency=/opt/rustwide/target/debug/deps --extern bytes=/opt/rustwide/target/debug/deps/libbytes-19782e77171d7466.rmeta --extern futures_channel=/opt/rustwide/target/debug/deps/libfutures_channel-c97cdfd6abd1f0ec.rmeta --extern futures_core=/opt/rustwide/target/debug/deps/libfutures_core-b6879c2a8d2021a9.rmeta --extern futures_util=/opt/rustwide/target/debug/deps/libfutures_util-7c23b0bb504f61f7.rmeta --extern h2=/opt/rustwide/target/debug/deps/libh2-162eddc07786f8a4.rmeta --extern http=/opt/rustwide/target/debug/deps/libhttp-a7b7e2cd9d44d77d.rmeta --extern http_body=/opt/rustwide/target/debug/deps/libhttp_body-b21e4ae19face561.rmeta --extern httparse=/opt/rustwide/target/debug/deps/libhttparse-7c8a2d6bbc52db7d.rmeta --extern httpdate=/opt/rustwide/target/debug/deps/libhttpdate-1431e6f2580f9490.rmeta --extern itoa=/opt/rustwide/target/debug/deps/libitoa-99044fdc2962d26e.rmeta --extern pin_project_lite=/opt/rustwide/target/debug/deps/libpin_project_lite-a52591f63adb7509.rmeta --extern socket2=/opt/rustwide/target/debug/deps/libsocket2-0f79624ea124c82d.rmeta --extern tokio=/opt/rustwide/target/debug/deps/libtokio-864a6308a08f615b.rmeta --extern tower_service=/opt/rustwide/target/debug/deps/libtower_service-f0feaf64c8970dba.rmeta --extern tracing=/opt/rustwide/target/debug/deps/libtracing-118b195de32b0213.rmeta --extern want=/opt/rustwide/target/debug/deps/libwant-14754ead3dc91d59.rmeta --cap-lints allow --cap-lints=warn` (signal: 9, SIGKILL: kill)
[INFO] [stderr] warning: build failed, waiting for other jobs to finish...
[INFO] [stderr] error: could not compile `axum` (lib)
[INFO] [stderr] 
[INFO] [stderr] Caused by:
[INFO] [stderr]   process didn't exit successfully: `/opt/rustwide/rustup-home/toolchains/1.75.0-x86_64-unknown-linux-gnu/bin/rustc --crate-name axum --edition=2021 /opt/rustwide/cargo-home/registry/src/index.crates.io-6f17d22bba15001f/axum-0.7.2/src/lib.rs --error-format=json --json=diagnostic-rendered-ansi,artifacts,future-incompat --crate-type lib --emit=dep-info,metadata -C embed-bitcode=no -C debuginfo=2 --cfg 'feature="default"' --cfg 'feature="form"' --cfg 'feature="http1"' --cfg 'feature="json"' --cfg 'feature="matched-path"' --cfg 'feature="multipart"' --cfg 'feature="original-uri"' --cfg 'feature="query"' --cfg 'feature="tokio"' --cfg 'feature="tower-log"' -C metadata=0908771bae3a497b -C extra-filename=-0908771bae3a497b --out-dir /opt/rustwide/target/debug/deps -L dependency=/opt/rustwide/target/debug/deps --extern async_trait=/opt/rustwide/target/debug/deps/libasync_trait-a91c225cacbf56f5.so --extern axum_core=/opt/rustwide/target/debug/deps/libaxum_core-4dacd001330a9fc9.rmeta --extern bytes=/opt/rustwide/target/debug/deps/libbytes-19782e77171d7466.rmeta --extern futures_util=/opt/rustwide/target/debug/deps/libfutures_util-7c23b0bb504f61f7.rmeta --extern http=/opt/rustwide/target/debug/deps/libhttp-7b826235ff2feaa1.rmeta --extern http_body=/opt/rustwide/target/debug/deps/libhttp_body-b5df688612c3d5b0.rmeta --extern http_body_util=/opt/rustwide/target/debug/deps/libhttp_body_util-b7bb332efdeed631.rmeta --extern hyper=/opt/rustwide/target/debug/deps/libhyper-81ada4cc6ac32fc1.rmeta --extern hyper_util=/opt/rustwide/target/debug/deps/libhyper_util-285dd518813092b8.rmeta --extern itoa=/opt/rustwide/target/debug/deps/libitoa-99044fdc2962d26e.rmeta --extern matchit=/opt/rustwide/target/debug/deps/libmatchit-caee11cd821e9656.rmeta --extern memchr=/opt/rustwide/target/debug/deps/libmemchr-1ae38d54773bb569.rmeta --extern mime=/opt/rustwide/target/debug/deps/libmime-0097e3d886a280f5.rmeta --extern multer=/opt/rustwide/target/debug/deps/libmulter-8744ee031d54decf.rmeta --extern percent_encoding=/opt/rustwide/target/debug/deps/libpercent_encoding-b795841c1680fbd8.rmeta --extern pin_project_lite=/opt/rustwide/target/debug/deps/libpin_project_lite-a52591f63adb7509.rmeta --extern serde=/opt/rustwide/target/debug/deps/libserde-2933f85f74d63620.rmeta --extern serde_json=/opt/rustwide/target/debug/deps/libserde_json-8ad78661b0e60078.rmeta --extern serde_path_to_error=/opt/rustwide/target/debug/deps/libserde_path_to_error-33b3c7afe6818553.rmeta --extern serde_urlencoded=/opt/rustwide/target/debug/deps/libserde_urlencoded-f36c1eb14bce371f.rmeta --extern sync_wrapper=/opt/rustwide/target/debug/deps/libsync_wrapper-9e68453f17b89dd2.rmeta --extern tokio=/opt/rustwide/target/debug/deps/libtokio-864a6308a08f615b.rmeta --extern tower=/opt/rustwide/target/debug/deps/libtower-56c8bfda52ee9ebd.rmeta --extern tower_layer=/opt/rustwide/target/debug/deps/libtower_layer-e7e35fc455f5bf24.rmeta --extern tower_service=/opt/rustwide/target/debug/deps/libtower_service-f0feaf64c8970dba.rmeta --cap-lints allow --cap-lints=warn` (signal: 9, SIGKILL: kill)
[INFO] [stderr] error: failed to run custom build command for `libaom-sys v0.15.0`
[INFO] [stderr] note: To improve backtraces for build dependencies, set the CARGO_PROFILE_DEV_BUILD_OVERRIDE_DEBUG=true environment variable to enable debug information generation.
[INFO] [stderr] 
[INFO] [stderr] Caused by:
[INFO] [stderr]   process didn't exit successfully: `/opt/rustwide/target/debug/build/libaom-sys-93af5b8e1a7ea648/build-script-build` (exit status: 101)
[INFO] [stderr]   --- stdout
[INFO] [stderr]   CMAKE_TOOLCHAIN_FILE_x86_64-unknown-linux-gnu = None
[INFO] [stderr]   CMAKE_TOOLCHAIN_FILE_x86_64_unknown_linux_gnu = None
[INFO] [stderr]   HOST_CMAKE_TOOLCHAIN_FILE = None
[INFO] [stderr]   CMAKE_TOOLCHAIN_FILE = None
[INFO] [stderr]   CMAKE_GENERATOR_x86_64-unknown-linux-gnu = None
[INFO] [stderr]   CMAKE_GENERATOR_x86_64_unknown_linux_gnu = None
[INFO] [stderr]   HOST_CMAKE_GENERATOR = None
[INFO] [stderr]   CMAKE_GENERATOR = None
[INFO] [stderr]   CMAKE_PREFIX_PATH_x86_64-unknown-linux-gnu = None
[INFO] [stderr]   CMAKE_PREFIX_PATH_x86_64_unknown_linux_gnu = None
[INFO] [stderr]   HOST_CMAKE_PREFIX_PATH = None
[INFO] [stderr]   CMAKE_PREFIX_PATH = None
[INFO] [stderr]   CMAKE_x86_64-unknown-linux-gnu = None
[INFO] [stderr]   CMAKE_x86_64_unknown_linux_gnu = None
[INFO] [stderr]   HOST_CMAKE = None
[INFO] [stderr]   CMAKE = None
[INFO] [stderr]   running: cd "/opt/rustwide/target/debug/build/libaom-sys-d05cb63aa7a82d73/out/build" && CMAKE_PREFIX_PATH="" "cmake" "/opt/rustwide/cargo-home/registry/src/index.crates.io-6f17d22bba15001f/libaom-sys-0.15.0/vendor" "-DENABLE_DOCS=0" "-DENABLE_EXAMPLES=0" "-DENABLE_TESTDATA=0" "-DENABLE_TESTS=0" "-DENABLE_TOOLS=0" "-DCMAKE_INSTALL_LIBDIR=lib" "-DCMAKE_INSTALL_PREFIX=/opt/rustwide/target/debug/build/libaom-sys-d05cb63aa7a82d73/out" "-DCMAKE_C_FLAGS= -ffunction-sections -fdata-sections -fPIC -m64" "-DCMAKE_C_COMPILER=/usr/bin/cc" "-DCMAKE_CXX_FLAGS= -ffunction-sections -fdata-sections -fPIC -m64" "-DCMAKE_CXX_COMPILER=/usr/bin/c++" "-DCMAKE_ASM_FLAGS= -ffunction-sections -fdata-sections -fPIC -m64" "-DCMAKE_ASM_COMPILER=/usr/bin/cc" "-DCMAKE_BUILD_TYPE=Debug"
[INFO] [stderr]   -- The C compiler identification is GNU 11.4.0
[INFO] [stderr]   -- The CXX compiler identification is GNU 11.4.0
[INFO] [stderr]   -- Detecting C compiler ABI info
[INFO] [stderr]   -- Detecting C compiler ABI info - done
[INFO] [stderr]   -- Check for working C compiler: /usr/bin/cc - skipped
[INFO] [stderr]   -- Detecting C compile features
[INFO] [stderr]   -- Detecting C compile features - done
[INFO] [stderr]   -- Detecting CXX compiler ABI info
[INFO] [stderr]   -- Detecting CXX compiler ABI info - done
[INFO] [stderr]   -- Check for working CXX compiler: /usr/bin/c++ - skipped
[INFO] [stderr]   -- Detecting CXX compile features
[INFO] [stderr]   -- Detecting CXX compile features - done
[INFO] [stderr]   -- Found Git: /usr/bin/git (found version "2.34.1") 
[INFO] [stderr]   -- Found Perl: /usr/bin/perl (found version "5.34.0") 
[INFO] [stderr]   -- Looking for pthread.h
[INFO] [stderr]   -- Looking for pthread.h - found
[INFO] [stderr]   -- Performing Test CMAKE_HAVE_LIBC_PTHREAD
[INFO] [stderr]   -- Performing Test CMAKE_HAVE_LIBC_PTHREAD - Success
[INFO] [stderr]   -- Found Threads: TRUE  
[INFO] [stderr]   -- Performing Test C_TEST_COMPILED
[INFO] [stderr]   -- Performing Test C_TEST_COMPILED - Failed
[INFO] [stderr]   -- The ASM_NASM compiler identification is NASM
[INFO] [stderr]   -- Found assembler: /usr/bin/nasm
[INFO] [stderr]   -- Performing Test C_TEST_COMPILED
[INFO] [stderr]   -- Performing Test C_TEST_COMPILED - Success
[INFO] [stderr]   -- Performing Test CXX_TEST_COMPILED
[INFO] [stderr]   -- Performing Test CXX_TEST_COMPILED - Success
[INFO] [stderr]   -- Performing Test C_TEST_COMPILED
[INFO] [stderr]   -- Performing Test C_TEST_COMPILED - Success
[INFO] [stderr]   -- Performing Test CXX_TEST_COMPILED
[INFO] [stderr]   -- Performing Test CXX_TEST_COMPILED - Success
[INFO] [stderr]   -- Performing Test C_TEST_COMPILED
[INFO] [stderr]   -- Performing Test C_TEST_COMPILED - Success
[INFO] [stderr]   -- Performing Test HAVE_C_FLAG
[INFO] [stderr]   -- Performing Test HAVE_C_FLAG - Success
[INFO] [stderr]   -- Performing Test HAVE_CXX_FLAG
[INFO] [stderr]   -- Performing Test HAVE_CXX_FLAG - Success
[INFO] [stderr]   -- Performing Test C_FLAG_SUPPORTED
[INFO] [stderr]   -- Performing Test C_FLAG_SUPPORTED - Success
[INFO] [stderr]   -- Performing Test CXX_FLAG_SUPPORTED
[INFO] [stderr]   -- Performing Test CXX_FLAG_SUPPORTED - Success
[INFO] [stderr]   -- Performing Test C_FLAG_SUPPORTED
[INFO] [stderr]   -- Performing Test C_FLAG_SUPPORTED - Success
[INFO] [stderr]   -- Performing Test CXX_FLAG_SUPPORTED
[INFO] [stderr]   -- Performing Test CXX_FLAG_SUPPORTED - Success
[INFO] [stderr]   -- Performing Test C_FLAG_SUPPORTED
[INFO] [stderr]   -- Performing Test C_FLAG_SUPPORTED - Success
[INFO] [stderr]   -- Performing Test CXX_FLAG_SUPPORTED
[INFO] [stderr]   -- Performing Test CXX_FLAG_SUPPORTED - Success
[INFO] [stderr]   -- Performing Test C_FLAG_SUPPORTED
[INFO] [stderr]   -- Performing Test C_FLAG_SUPPORTED - Failed
[INFO] [stderr]   -- Performing Test CXX_FLAG_SUPPORTED
[INFO] [stderr]   -- Performing Test CXX_FLAG_SUPPORTED - Success
[INFO] [stderr]   -- Performing Test C_FLAG_SUPPORTED
[INFO] [stderr]   -- Performing Test C_FLAG_SUPPORTED - Failed
[INFO] [stderr]   -- Performing Test CXX_FLAG_SUPPORTED
[INFO] [stderr]   -- Performing Test CXX_FLAG_SUPPORTED - Failed
[INFO] [stderr]   -- Performing Test C_FLAG_SUPPORTED
[INFO] [stderr]   -- Performing Test C_FLAG_SUPPORTED - Success
[INFO] [stderr]   -- Performing Test CXX_FLAG_SUPPORTED
[INFO] [stderr]   -- Performing Test CXX_FLAG_SUPPORTED - Success
[INFO] [stderr]   -- Performing Test C_FLAG_SUPPORTED
[INFO] [stderr]   -- Performing Test C_FLAG_SUPPORTED - Success
[INFO] [stderr]   -- Performing Test CXX_FLAG_SUPPORTED
[INFO] [stderr]   -- Performing Test CXX_FLAG_SUPPORTED - Success
[INFO] [stderr]   -- Performing Test C_FLAG_SUPPORTED
[INFO] [stderr]   -- Performing Test C_FLAG_SUPPORTED - Success
[INFO] [stderr]   -- Performing Test C_FLAG_SUPPORTED
[INFO] [stderr]   -- Performing Test C_FLAG_SUPPORTED - Success
[INFO] [stderr]   -- Performing Test CXX_FLAG_SUPPORTED
[INFO] [stderr]   -- Performing Test CXX_FLAG_SUPPORTED - Success
[INFO] [stderr]   -- Performing Test C_FLAG_SUPPORTED
[INFO] [stderr]   -- Performing Test C_FLAG_SUPPORTED - Success
[INFO] [stderr]   -- Performing Test CXX_FLAG_SUPPORTED
[INFO] [stderr]   -- Performing Test CXX_FLAG_SUPPORTED - Success
[INFO] [stderr]   -- Performing Test C_FLAG_SUPPORTED
[INFO] [stderr]   -- Performing Test C_FLAG_SUPPORTED - Success
[INFO] [stderr]   -- Performing Test CXX_FLAG_SUPPORTED
[INFO] [stderr]   -- Performing Test CXX_FLAG_SUPPORTED - Success
[INFO] [stderr]   -- Performing Test C_FLAG_SUPPORTED
[INFO] [stderr]   -- Performing Test C_FLAG_SUPPORTED - Failed
[INFO] [stderr]   -- Performing Test CXX_FLAG_SUPPORTED
[INFO] [stderr]   -- Performing Test CXX_FLAG_SUPPORTED - Failed
[INFO] [stderr]   -- Performing Test C_FLAG_SUPPORTED
[INFO] [stderr]   -- Performing Test C_FLAG_SUPPORTED - Success
[INFO] [stderr]   -- Performing Test CXX_FLAG_SUPPORTED
[INFO] [stderr]   -- Performing Test CXX_FLAG_SUPPORTED - Success
[INFO] [stderr]   -- Performing Test C_FLAG_SUPPORTED
[INFO] [stderr]   -- Performing Test C_FLAG_SUPPORTED - Failed
[INFO] [stderr]   -- Performing Test CXX_FLAG_SUPPORTED
[INFO] [stderr]   -- Performing Test CXX_FLAG_SUPPORTED - Failed
[INFO] [stderr]   -- Performing Test C_FLAG_SUPPORTED
[INFO] [stderr]   -- Performing Test C_FLAG_SUPPORTED - Success
[INFO] [stderr]   -- Performing Test CXX_FLAG_SUPPORTED
[INFO] [stderr]   -- Performing Test CXX_FLAG_SUPPORTED - Success
[INFO] [stderr]   -- Performing Test C_FLAG_SUPPORTED
[INFO] [stderr]   -- Performing Test C_FLAG_SUPPORTED - Success
[INFO] [stderr]   -- Performing Test CXX_FLAG_SUPPORTED
[INFO] [stderr]   -- Performing Test CXX_FLAG_SUPPORTED - Success
[INFO] [stderr]   -- Performing Test C_FLAG_SUPPORTED
[INFO] [stderr]   -- Performing Test C_FLAG_SUPPORTED - Failed
[INFO] [stderr]   -- Performing Test CXX_FLAG_SUPPORTED
[INFO] [stderr]   -- Performing Test CXX_FLAG_SUPPORTED - Failed
[INFO] [stderr]   -- Performing Test C_FLAG_SUPPORTED
[INFO] [stderr]   -- Performing Test C_FLAG_SUPPORTED - Success
[INFO] [stderr]   -- Performing Test CXX_FLAG_SUPPORTED
[INFO] [stderr]   -- Performing Test CXX_FLAG_SUPPORTED - Success
[INFO] [stderr]   -- Performing Test C_FLAG_SUPPORTED
[INFO] [stderr]   -- Performing Test C_FLAG_SUPPORTED - Success
[INFO] [stderr]   -- Performing Test CXX_FLAG_SUPPORTED
[INFO] [stderr]   -- Performing Test CXX_FLAG_SUPPORTED - Success
[INFO] [stderr]   -- Performing Test CXX_FLAG_SUPPORTED
[INFO] [stderr]   -- Performing Test CXX_FLAG_SUPPORTED - Failed
[INFO] [stderr]   -- Performing Test CXX_FLAG_SUPPORTED
[INFO] [stderr]   -- Performing Test CXX_FLAG_SUPPORTED - Failed
[INFO] [stderr]   -- Performing Test CXX_FLAG_SUPPORTED
[INFO] [stderr]   -- Performing Test CXX_FLAG_SUPPORTED - Failed
[INFO] [stderr]   -- Performing Test C_FLAG_SUPPORTED
[INFO] [stderr]   -- Performing Test C_FLAG_SUPPORTED - Success
[INFO] [stderr]   -- Performing Test CXX_FLAG_SUPPORTED
[INFO] [stderr]   -- Performing Test CXX_FLAG_SUPPORTED - Success
[INFO] [stderr]   -- Performing Test C_FLAG_SUPPORTED
[INFO] [stderr]   -- Performing Test C_FLAG_SUPPORTED - Success
[INFO] [stderr]   -- Performing Test C_FLAG_SUPPORTED
[INFO] [stderr]   -- Performing Test C_FLAG_SUPPORTED - Success
[INFO] [stderr]   -- Performing Test CXX_FLAG_SUPPORTED
[INFO] [stderr]   -- Performing Test CXX_FLAG_SUPPORTED - Success
[INFO] [stderr]   -- Performing Test C_FLAG_SUPPORTED
[INFO] [stderr]   -- Performing Test C_FLAG_SUPPORTED - Success
[INFO] [stderr]   -- Performing Test CXX_FLAG_SUPPORTED
[INFO] [stderr]   -- Performing Test CXX_FLAG_SUPPORTED - Success
[INFO] [stderr]   -- Performing Test FLAG_SUPPORTED
[INFO] [stderr]   -- Performing Test FLAG_SUPPORTED - Success
[INFO] [stderr]   -- Performing Test HAVE_C_FLAG
[INFO] [stderr]   -- Performing Test HAVE_C_FLAG - Success
[INFO] [stderr]   -- Performing Test HAVE_CXX_FLAG
[INFO] [stderr]   -- Performing Test HAVE_CXX_FLAG - Success
[INFO] [stderr]   -- Performing Test HAVE_C_FLAG
[INFO] [stderr]   -- Performing Test HAVE_C_FLAG - Success
[INFO] [stderr]   -- Performing Test HAVE_CXX_FLAG
[INFO] [stderr]   -- Performing Test HAVE_CXX_FLAG - Success
[INFO] [stderr]   -- Performing Test HAVE_C_FLAG
[INFO] [stderr]   -- Performing Test HAVE_C_FLAG - Success
[INFO] [stderr]   -- Performing Test HAVE_CXX_FLAG
[INFO] [stderr]   -- Performing Test HAVE_CXX_FLAG - Success
[INFO] [stderr]   -- Performing Test HAVE_C_FLAG
[INFO] [stderr]   -- Performing Test HAVE_C_FLAG - Success
[INFO] [stderr]   -- Performing Test HAVE_CXX_FLAG
[INFO] [stderr]   -- Performing Test HAVE_CXX_FLAG - Success
[INFO] [stderr]   -- Performing Test HAVE_C_FLAG
[INFO] [stderr]   -- Performing Test HAVE_C_FLAG - Success
[INFO] [stderr]   -- Performing Test HAVE_CXX_FLAG
[INFO] [stderr]   -- Performing Test HAVE_CXX_FLAG - Success
[INFO] [stderr]   -- Performing Test HAVE_C_FLAG
[INFO] [stderr]   -- Performing Test HAVE_C_FLAG - Success
[INFO] [stderr]   -- Performing Test HAVE_CXX_FLAG
[INFO] [stderr]   -- Performing Test HAVE_CXX_FLAG - Success
[INFO] [stderr]   -- Configuring done
[INFO] [stderr]   -- Generating done
[INFO] [stderr]   -- Build files have been written to: /opt/rustwide/target/debug/build/libaom-sys-d05cb63aa7a82d73/out/build
[INFO] [stderr]   running: cd "/opt/rustwide/target/debug/build/libaom-sys-d05cb63aa7a82d73/out/build" && MAKEFLAGS="-j --jobserver-fds=7,8 --jobserver-auth=7,8" "cmake" "--build" "." "--target" "install" "--config" "Debug"
[INFO] [stderr]   [  1%] Building CXX object CMakeFiles/yuv.dir/third_party/libyuv/source/convert_argb.cc.o
[INFO] [stderr]   [  1%] Updating version info if necessary.
[INFO] [stderr]   [  1%] Building CXX object CMakeFiles/yuv.dir/third_party/libyuv/source/cpu_id.cc.o
[INFO] [stderr]   [  1%] Building CXX object CMakeFiles/yuv.dir/third_party/libyuv/source/planar_functions.cc.o
[INFO] [stderr]   [  1%] Building CXX object CMakeFiles/yuv.dir/third_party/libyuv/source/row_any.cc.o
[INFO] [stderr]   [  1%] Building CXX object CMakeFiles/yuv.dir/third_party/libyuv/source/row_gcc.cc.o
[INFO] [stderr]   [  1%] Building CXX object CMakeFiles/yuv.dir/third_party/libyuv/source/row_mips.cc.o
[INFO] [stderr]   [  2%] Building CXX object CMakeFiles/yuv.dir/third_party/libyuv/source/row_common.cc.o
[INFO] [stderr]   [  2%] Building CXX object CMakeFiles/yuv.dir/third_party/libyuv/source/row_win.cc.o
[INFO] [stderr]   [  3%] Building CXX object CMakeFiles/yuv.dir/third_party/libyuv/source/row_neon.cc.o
[INFO] [stderr]   [  3%] Building CXX object CMakeFiles/yuv.dir/third_party/libyuv/source/row_neon64.cc.o
[INFO] [stderr]   [  4%] Building CXX object CMakeFiles/yuv.dir/third_party/libyuv/source/scale_any.cc.o
[INFO] [stderr]   [  4%] Building CXX object CMakeFiles/yuv.dir/third_party/libyuv/source/scale.cc.o
[INFO] [stderr]   [  4%] Built target aom_version_check
[INFO] [stderr]   [  4%] Building CXX object CMakeFiles/yuv.dir/third_party/libyuv/source/scale_common.cc.o
[INFO] [stderr]   [  4%] Building CXX object CMakeFiles/yuv.dir/third_party/libyuv/source/scale_mips.cc.o
[INFO] [stderr]   [  4%] Building CXX object CMakeFiles/yuv.dir/third_party/libyuv/source/scale_gcc.cc.o
[INFO] [stderr]   [  5%] Building CXX object CMakeFiles/yuv.dir/third_party/libyuv/source/scale_neon.cc.o
[INFO] [stderr]   [  5%] Building C object CMakeFiles/aom_version.dir/gen_src/aom_version_no_op.c.o
[INFO] [stderr]   [  5%] Building CXX object CMakeFiles/yuv.dir/third_party/libyuv/source/scale_win.cc.o
[INFO] [stderr]   [  5%] Building CXX object CMakeFiles/yuv.dir/third_party/libyuv/source/scale_neon64.cc.o
[INFO] [stderr]   [  5%] Linking C static library libaom_version.a
[INFO] [stderr]   [  6%] Building CXX object CMakeFiles/yuv.dir/third_party/libyuv/source/scale_uv.cc.o
[INFO] [stderr]   [  7%] Built target aom_version
[INFO] [stderr]   [  7%] Writing aom.pc
[INFO] [stderr]   [  7%] Building C object CMakeFiles/aom_rtcd.dir/aom_dsp/aom_dsp_rtcd.c.o
[INFO] [stderr]   [  8%] Building C object CMakeFiles/aom_rtcd.dir/aom_scale/aom_scale_rtcd.c.o
[INFO] [stderr]   [  8%] Building C object CMakeFiles/aom_rtcd.dir/av1/common/av1_rtcd.c.o
[INFO] [stderr]   [  8%] Building C object CMakeFiles/aom_pc.dir/gen_src/aom_pc_no_op.c.o
[INFO] [stderr]   [  8%] Linking C static library libaom_pc.a
[INFO] [stderr]   [  8%] Built target yuv
[INFO] [stderr]   [  8%] Built target aom_pc
[INFO] [stderr]   [  9%] Built target aom_rtcd
[INFO] [stderr]   [  9%] Building C object CMakeFiles/aom_obj.dir/config/aom_config.c.o
[INFO] [stderr]   [  9%] Building C object CMakeFiles/aom_obj.dir/aom/src/aom_codec.c.o
[INFO] [stderr]   [  9%] Building C object CMakeFiles/aom_av1_common_sse4_intrinsics.dir/av1/common/x86/av1_convolve_horiz_rs_sse4.c.o
[INFO] [stderr]   [ 10%] Building C object CMakeFiles/aom_obj.dir/aom/src/aom_decoder.c.o
[INFO] [stderr]   [ 11%] Building C object CMakeFiles/aom_av1_common_sse4_intrinsics.dir/av1/common/x86/av1_convolve_scale_sse4.c.o
[INFO] [stderr]   [ 11%] Building C object CMakeFiles/aom_av1_common_sse4_intrinsics.dir/av1/common/x86/av1_txfm_sse4.c.o
[INFO] [stderr]   [ 12%] Building ASM_NASM object CMakeFiles/aom_av1_encoder_ssse3.dir/av1/encoder/x86/av1_quantize_ssse3_x86_64.asm.o
[INFO] [stderr]   [ 12%] Building C object CMakeFiles/aom_obj.dir/aom/src/aom_encoder.c.o
[INFO] [stderr]   [ 12%] Building C object CMakeFiles/aom_av1_common_sse4_intrinsics.dir/av1/common/x86/cdef_block_sse4.c.o
[INFO] [stderr]   [ 12%] Building C object CMakeFiles/aom_obj.dir/aom/src/aom_image.c.o
[INFO] [stderr]   [ 12%] Building C object CMakeFiles/aom_av1_encoder_sse4_intrinsics.dir/av1/encoder/x86/av1_fwd_txfm1d_sse4.c.o
[INFO] [stderr]   [ 12%] Building C object CMakeFiles/aom_av1_encoder_sse4_intrinsics.dir/av1/encoder/x86/av1_fwd_txfm2d_sse4.c.o
[INFO] [stderr]   [ 13%] Building C object CMakeFiles/aom_av1_encoder_sse42_intrinsics.dir/av1/encoder/x86/hash_sse42.c.o
[INFO] [stderr]   [ 13%] Building C object CMakeFiles/aom_av1_encoder_sse4_intrinsics.dir/av1/encoder/x86/encodetxb_sse4.c.o
[INFO] [stderr]   [ 14%] Building C object CMakeFiles/aom_av1_common_sse4_intrinsics.dir/av1/common/x86/filterintra_sse4.c.o
[INFO] [stderr]   [ 15%] Building C object CMakeFiles/aom_av1_encoder_sse4_intrinsics.dir/av1/encoder/x86/highbd_fwd_txfm_sse4.c.o
[INFO] [stderr]   [ 16%] Building C object CMakeFiles/aom_obj.dir/aom/src/aom_integer.c.o
[INFO] [stderr]   [ 16%] Built target aom_av1_encoder_sse42_intrinsics
[INFO] [stderr]   [ 16%] Building C object CMakeFiles/aom_av1_common_sse4_intrinsics.dir/av1/common/x86/highbd_inv_txfm_sse4.c.o
[INFO] [stderr]   [ 17%] Building C object CMakeFiles/aom_av1_common_avx2_intrinsics.dir/av1/common/x86/av1_inv_txfm_avx2.c.o
[INFO] [stderr]   [ 17%] Building C object CMakeFiles/aom_av1_encoder_avx2_intrinsics.dir/av1/encoder/x86/av1_quantize_avx2.c.o
[INFO] [stderr]   [ 17%] Built target aom_obj
[INFO] [stderr]   [ 17%] Built target aom_av1_encoder_ssse3
[INFO] [stderr]   [ 17%] Building C object CMakeFiles/aom_av1_common_sse4_intrinsics.dir/av1/common/x86/intra_edge_sse4.c.o
[INFO] [stderr]   [ 17%] Building C object CMakeFiles/aom_av1_common_sse4_intrinsics.dir/av1/common/x86/reconinter_sse4.c.o
[INFO] [stderr]   [ 18%] Building C object CMakeFiles/aom_dsp_common_avx2_intrinsics.dir/aom_dsp/x86/aom_convolve_copy_avx2.c.o
[INFO] [stderr]   [ 18%] Building C object CMakeFiles/aom_dsp_common_avx2_intrinsics.dir/aom_dsp/x86/aom_subpixel_8t_intrin_avx2.c.o
[INFO] [stderr]   [ 19%] Building C object CMakeFiles/aom_av1_common_sse4_intrinsics.dir/av1/common/x86/selfguided_sse4.c.o
[INFO] [stderr]   [ 19%] Building C object CMakeFiles/aom_av1_common_avx2_intrinsics.dir/av1/common/x86/cdef_block_avx2.c.o
[INFO] [stderr]   [ 19%] Building C object CMakeFiles/aom_av1_common_avx2_intrinsics.dir/av1/common/x86/cfl_avx2.c.o
[INFO] [stderr]   [ 19%] Building C object CMakeFiles/aom_dsp_encoder_avx2_intrinsics.dir/aom_dsp/flow_estimation/x86/corner_match_avx2.c.o
[INFO] [stderr]   [ 19%] Building C object CMakeFiles/aom_av1_common_avx2_intrinsics.dir/av1/common/x86/convolve_2d_avx2.c.o
[INFO] [stderr]   [ 19%] Building C object CMakeFiles/aom_av1_encoder_avx2_intrinsics.dir/av1/encoder/x86/error_intrin_avx2.c.o
[INFO] [stderr]   [ 19%] Building C object CMakeFiles/aom_av1_encoder.dir/av1/av1_cx_iface.c.o
[INFO] [stderr]   [ 20%] Building C object CMakeFiles/aom_av1_encoder.dir/av1/encoder/aq_complexity.c.o
[INFO] [stderr]   [ 20%] Building C object CMakeFiles/aom_av1_encoder_sse4_intrinsics.dir/av1/encoder/x86/rdopt_sse4.c.o
[INFO] [stderr]   [ 21%] Building C object CMakeFiles/aom_av1_encoder_avx2_intrinsics.dir/av1/encoder/x86/av1_fwd_txfm2d_avx2.c.o
[INFO] [stderr]   [ 22%] Building C object CMakeFiles/aom_dsp_encoder_avx2_intrinsics.dir/aom_dsp/x86/avg_intrin_avx2.c.o
[INFO] [stderr]   [ 22%] Building C object CMakeFiles/aom_dsp_common_avx2_intrinsics.dir/aom_dsp/x86/fft_avx2.c.o
[INFO] [stderr]   [ 22%] Building C object CMakeFiles/aom_av1_encoder_sse4_intrinsics.dir/av1/encoder/x86/pickrst_sse4.c.o
[INFO] [stderr]   [ 22%] Building C object CMakeFiles/aom_av1_encoder.dir/av1/encoder/aq_cyclicrefresh.c.o
[INFO] [stderr]   [ 23%] Building C object CMakeFiles/aom_av1_common_avx2_intrinsics.dir/av1/common/x86/convolve_avx2.c.o
[INFO] [stderr]   [ 23%] Building C object CMakeFiles/aom_av1_common_avx2_intrinsics.dir/av1/common/x86/highbd_inv_txfm_avx2.c.o
[INFO] [stderr]   [ 24%] Building C object CMakeFiles/aom_av1_common_sse2_intrinsics.dir/av1/common/x86/cdef_block_sse2.c.o
[INFO] [stderr]   [ 24%] Building C object CMakeFiles/aom_av1_encoder_sse4_intrinsics.dir/av1/encoder/x86/av1_highbd_quantize_sse4.c.o
[INFO] [stderr]   [ 24%] Building C object CMakeFiles/aom_dsp_encoder_avx2_intrinsics.dir/aom_dsp/x86/masked_sad_intrin_avx2.c.o
[INFO] [stderr]   [ 24%] Building C object CMakeFiles/aom_av1_common_sse4_intrinsics.dir/av1/common/x86/highbd_convolve_2d_sse4.c.o
[INFO] [stderr]   [ 24%] Building C object CMakeFiles/aom_av1_common_sse4_intrinsics.dir/av1/common/x86/warp_plane_sse4.c.o
[INFO] [stderr]   [ 24%] Building C object CMakeFiles/aom_av1_common_sse4_intrinsics.dir/av1/common/x86/highbd_jnt_convolve_sse4.c.o
[INFO] [stderr]   [ 24%] Building C object CMakeFiles/aom_av1_encoder_avx2_intrinsics.dir/av1/encoder/x86/highbd_fwd_txfm_avx2.c.o
[INFO] [stderr]   [ 24%] Building C object CMakeFiles/aom_dsp_common_avx2_intrinsics.dir/aom_dsp/x86/intrapred_avx2.c.o
[INFO] [stderr]   [ 24%] Building C object CMakeFiles/aom_av1_common_sse2_intrinsics.dir/av1/common/x86/cfl_sse2.c.o
[INFO] [stderr]   [ 24%] Built target aom_av1_encoder_sse4_intrinsics
[INFO] [stderr]   [ 24%] Building C object CMakeFiles/aom_av1_common_sse2_intrinsics.dir/av1/common/x86/convolve_2d_sse2.c.o
[INFO] [stderr]   [ 24%] Building C object CMakeFiles/aom_av1_common_sse2_intrinsics.dir/av1/common/x86/convolve_sse2.c.o
[INFO] [stderr]   [ 24%] Building C object CMakeFiles/aom_av1_encoder.dir/av1/encoder/aq_variance.c.o
[INFO] [stderr]   [ 24%] Building C object CMakeFiles/aom_av1_encoder.dir/av1/encoder/allintra_vis.c.o
[INFO] [stderr]   [ 25%] Building C object CMakeFiles/aom_av1_common_sse2_intrinsics.dir/av1/common/x86/jnt_convolve_sse2.c.o
[INFO] [stderr]   [ 25%] Building C object CMakeFiles/aom_dsp_encoder_avx2_intrinsics.dir/aom_dsp/x86/subtract_avx2.c.o
[INFO] [stderr]   [ 25%] Building ASM_NASM object CMakeFiles/aom_dsp_common_ssse3.dir/aom_dsp/x86/aom_subpixel_8t_ssse3.asm.o
[INFO] [stderr]   [ 25%] Building C object CMakeFiles/aom_av1_common_sse2_intrinsics.dir/av1/common/x86/warp_plane_sse2.c.o
[INFO] [stderr]   [ 25%] Building C object CMakeFiles/aom_av1_common_avx2_intrinsics.dir/av1/common/x86/jnt_convolve_avx2.c.o
[INFO] [stderr]   [ 25%] Building C object CMakeFiles/aom_av1_common_sse2_intrinsics.dir/av1/common/x86/wiener_convolve_sse2.c.o
[INFO] [stderr]   [ 25%] Building C object CMakeFiles/aom_dsp_encoder.dir/aom_dsp/avg.c.o
[INFO] [stderr]   [ 26%] Building C object CMakeFiles/aom_dsp_encoder.dir/aom_dsp/binary_codes_writer.c.o
[INFO] [stderr]   [ 27%] Building C object CMakeFiles/aom_dsp_encoder_avx2_intrinsics.dir/aom_dsp/x86/highbd_quantize_intrin_avx2.c.o
[INFO] [stderr]   [ 27%] Building C object CMakeFiles/aom_dsp_encoder.dir/aom_dsp/bitwriter.c.o
[INFO] [stderr]   [ 27%] Building ASM_NASM object CMakeFiles/aom_dsp_common_ssse3.dir/aom_dsp/x86/aom_subpixel_bilinear_ssse3.asm.o
[INFO] [stderr]   [ 27%] Building C object CMakeFiles/aom_dsp_encoder.dir/aom_dsp/blk_sse_sum.c.o
[INFO] [stderr]   [ 27%] Building C object CMakeFiles/aom_dsp_encoder.dir/aom_dsp/entenc.c.o
[INFO] [stderr]   [ 27%] Built target aom_dsp_common_ssse3
[INFO] [stderr]   [ 28%] Building C object CMakeFiles/aom_av1_encoder.dir/av1/encoder/av1_fwd_txfm1d.c.o
[INFO] [stderr]   [ 29%] Building ASM_NASM object CMakeFiles/aom_dsp_common_sse2.dir/aom_dsp/x86/aom_high_subpixel_8t_sse2.asm.o
[INFO] [stderr]   [ 29%] Building ASM_NASM object CMakeFiles/aom_dsp_common_sse2.dir/aom_dsp/x86/aom_high_subpixel_bilinear_sse2.asm.o
[INFO] [stderr]   [ 29%] Building C object CMakeFiles/aom_mem.dir/aom_mem/aom_mem.c.o
[INFO] [stderr]   [ 30%] Building C object CMakeFiles/aom_dsp_encoder.dir/aom_dsp/fwd_txfm.c.o
[INFO] [stderr]   [ 30%] Building C object CMakeFiles/aom_av1_common_avx2_intrinsics.dir/av1/common/x86/reconinter_avx2.c.o
[INFO] [stderr]   [ 30%] Building C object CMakeFiles/aom_dsp_encoder.dir/aom_dsp/grain_table.c.o
[INFO] [stderr]   [ 30%] Building ASM_NASM object CMakeFiles/aom_dsp_common_sse2.dir/aom_dsp/x86/aom_subpixel_8t_sse2.asm.o
[INFO] [stderr]   [ 30%] Building C object CMakeFiles/aom_util.dir/aom_util/aom_thread.c.o
[INFO] [stderr]   [ 31%] Building ASM_NASM object CMakeFiles/aom_dsp_common_sse2.dir/aom_dsp/x86/aom_subpixel_bilinear_sse2.asm.o
[INFO] [stderr]   [ 31%] Built target aom_mem
[INFO] [stderr]   [ 32%] Building C object CMakeFiles/aom_av1_common_avx2_intrinsics.dir/av1/common/x86/selfguided_avx2.c.o
[INFO] [stderr]   [ 33%] Building C object CMakeFiles/aom_av1_common_sse4_intrinsics.dir/av1/common/x86/highbd_warp_plane_sse4.c.o
[INFO] [stderr]   [ 33%] Building ASM_NASM object CMakeFiles/aom_dsp_common_sse2.dir/aom_dsp/x86/highbd_intrapred_asm_sse2.asm.o
[INFO] [stderr]   [ 33%] Building C object CMakeFiles/aom_av1_encoder.dir/av1/encoder/av1_fwd_txfm2d.c.o
[INFO] [stderr]   [ 33%] Built target aom_util
[INFO] [stderr]   [ 33%] Building C object CMakeFiles/aom_av1_encoder.dir/av1/encoder/av1_quantize.c.o
[INFO] [stderr]   [ 33%] Building C object CMakeFiles/aom_dsp_encoder.dir/aom_dsp/noise_model.c.o
[INFO] [stderr]   [ 33%] Building C object CMakeFiles/aom_scale.dir/aom_scale/generic/aom_scale.c.o
[INFO] [stderr]   [ 33%] Building C object CMakeFiles/aom_scale.dir/aom_scale/generic/gen_scalers.c.o
[INFO] [stderr]   [ 33%] Building ASM_NASM object CMakeFiles/aom_dsp_common_sse2.dir/aom_dsp/x86/intrapred_asm_sse2.asm.o
[INFO] [stderr]   [ 33%] Building C object CMakeFiles/aom_av1_encoder_avx2_intrinsics.dir/av1/encoder/x86/wedge_utils_avx2.c.o
[INFO] [stderr]   [ 34%] Building C object CMakeFiles/aom_scale.dir/aom_scale/generic/yv12config.c.o
[INFO] [stderr]   [ 34%] Building C object CMakeFiles/aom_dsp_encoder_avx2_intrinsics.dir/aom_dsp/x86/adaptive_quantize_avx2.c.o
[INFO] [stderr]   [ 34%] Building C object CMakeFiles/aom_dsp_encoder_sse4_1_intrinsics.dir/aom_dsp/flow_estimation/x86/corner_match_sse4.c.o
[INFO] [stderr]   [ 34%] Building C object CMakeFiles/aom_scale.dir/aom_scale/generic/yv12extend.c.o
[INFO] [stderr]   [ 35%] Building C object CMakeFiles/aom_av1_encoder_avx2_intrinsics.dir/av1/encoder/x86/encodetxb_avx2.c.o
[INFO] [stderr]   [ 35%] Building C object CMakeFiles/aom_dsp_encoder.dir/aom_dsp/noise_util.c.o
[INFO] [stderr]   [ 35%] Building C object CMakeFiles/aom_dsp_encoder_avx_intrinsics.dir/aom_dsp/x86/aom_quantize_avx.c.o
[INFO] [stderr]   [ 35%] Built target aom_scale
[INFO] [stderr]   [ 35%] Building C object CMakeFiles/aom_dsp_encoder_sse4_1_intrinsics.dir/aom_dsp/flow_estimation/x86/disflow_sse4.c.o
[INFO] [stderr]   [ 35%] Building C object CMakeFiles/aom_dsp_encoder_sse4_1_intrinsics.dir/aom_dsp/x86/avg_intrin_sse4.c.o
[INFO] [stderr]   [ 35%] Building C object CMakeFiles/aom_av1_encoder_avx2_intrinsics.dir/av1/encoder/x86/rdopt_avx2.c.o
[INFO] [stderr]   [ 35%] Building C object CMakeFiles/aom_av1_common_avx2_intrinsics.dir/av1/common/x86/warp_plane_avx2.c.o
[INFO] [stderr]   [ 36%] Building C object CMakeFiles/aom_dsp_encoder.dir/aom_dsp/psnr.c.o
[INFO] [stderr]   [ 36%] Building ASM_NASM object CMakeFiles/aom_dsp_common_sse2.dir/aom_dsp/x86/inv_wht_sse2.asm.o
[INFO] [stderr]   [ 36%] Building C object CMakeFiles/aom_av1_encoder.dir/av1/encoder/bitstream.c.o
[INFO] [stderr]   [ 36%] Building C object CMakeFiles/aom_av1_common_avx2_intrinsics.dir/av1/common/x86/wiener_convolve_avx2.c.o
[INFO] [stderr]   [ 36%] Built target aom_dsp_common_sse2
[INFO] [stderr]   [ 36%] Building C object CMakeFiles/aom_dsp_encoder.dir/aom_dsp/quantize.c.o
[INFO] [stderr]   [ 36%] Building C object CMakeFiles/aom_dsp_common.dir/aom_dsp/aom_convolve.c.o
[INFO] [stderr]   [ 36%] Building C object CMakeFiles/aom_av1_encoder_avx2_intrinsics.dir/av1/encoder/x86/av1_k_means_avx2.c.o
[INFO] [stderr]   [ 36%] Building C object CMakeFiles/aom_dsp_encoder_avx2_intrinsics.dir/aom_dsp/x86/highbd_adaptive_quantize_avx2.c.o
[INFO] [stderr]   [ 36%] Building C object CMakeFiles/aom_dsp_encoder.dir/aom_dsp/sad.c.o
[INFO] [stderr]   [ 36%] Building C object CMakeFiles/aom_dsp_encoder_avx2_intrinsics.dir/aom_dsp/x86/quantize_avx2.c.o
[INFO] [stderr]   [ 37%] Building C object CMakeFiles/aom_dsp_encoder_sse4_1_intrinsics.dir/aom_dsp/x86/sse_sse4.c.o
[INFO] [stderr]   [ 38%] Building C object CMakeFiles/aom_dsp_common.dir/aom_dsp/bitreader_buffer.c.o
[INFO] [stderr]   [ 38%] Built target aom_dsp_encoder_avx_intrinsics
[INFO] [stderr]   [ 39%] Building C object CMakeFiles/aom_dsp_common_avx2_intrinsics.dir/aom_dsp/x86/loopfilter_avx2.c.o
[INFO] [stderr]   [ 40%] Building C object CMakeFiles/aom_av1_encoder.dir/av1/encoder/cnn.c.o
[INFO] [stderr]   [ 40%] Building C object CMakeFiles/aom_dsp_common.dir/aom_dsp/bitwriter_buffer.c.o
[INFO] [stderr]   [ 41%] Building C object CMakeFiles/aom_dsp_common.dir/aom_dsp/blend_a64_vmask.c.o
[INFO] [stderr]   [ 41%] Building C object CMakeFiles/aom_dsp_common.dir/aom_dsp/blend_a64_hmask.c.o
[INFO] [stderr]   [ 41%] Building C object CMakeFiles/aom_dsp_common.dir/aom_dsp/blend_a64_mask.c.o
[INFO] [stderr]   [ 41%] Building C object CMakeFiles/aom_av1_common_avx2_intrinsics.dir/av1/common/x86/highbd_convolve_2d_avx2.c.o
[INFO] [stderr]   [ 42%] Building C object CMakeFiles/aom_av1_common_avx2_intrinsics.dir/av1/common/x86/highbd_jnt_convolve_avx2.c.o
[INFO] [stderr]   [ 42%] Building C object CMakeFiles/aom_av1_encoder_avx2_intrinsics.dir/av1/encoder/x86/temporal_filter_avx2.c.o
[INFO] [stderr]   [ 42%] Building C object CMakeFiles/aom_dsp_common.dir/aom_dsp/entcode.c.o
[INFO] [stderr]   [ 42%] Building C object CMakeFiles/aom_av1_encoder.dir/av1/encoder/compound_type.c.o
[INFO] [stderr]   [ 43%] Building C object CMakeFiles/aom_dsp_encoder_avx2_intrinsics.dir/aom_dsp/x86/sad4d_avx2.c.o
[INFO] [stderr]   [ 44%] Building C object CMakeFiles/aom_dsp_encoder.dir/aom_dsp/sad_av1.c.o
[INFO] [stderr]   [ 44%] Building C object CMakeFiles/aom_dsp_encoder_avx2_intrinsics.dir/aom_dsp/x86/sad_avx2.c.o
[INFO] [stderr]   [ 44%] Building C object CMakeFiles/aom_dsp_encoder_sse4_1_intrinsics.dir/aom_dsp/x86/obmc_sad_sse4.c.o
[INFO] [stderr]   [ 44%] Building C object CMakeFiles/aom_dsp_encoder.dir/aom_dsp/sse.c.o
[INFO] [stderr]   [ 44%] Building C object CMakeFiles/aom_dsp_encoder_sse4_1_intrinsics.dir/aom_dsp/x86/obmc_variance_sse4.c.o
[INFO] [stderr]   [ 44%] Building C object CMakeFiles/aom_dsp_common.dir/aom_dsp/fft.c.o
[INFO] [stderr]   [ 44%] Building C object CMakeFiles/aom_dsp_encoder_sse4_1_intrinsics.dir/aom_dsp/x86/highbd_variance_sse4.c.o
[INFO] [stderr]   [ 44%] Building C object CMakeFiles/aom_av1_common_avx2_intrinsics.dir/av1/common/x86/highbd_wiener_convolve_avx2.c.o
[INFO] [stderr]   [ 44%] Building C object CMakeFiles/aom_dsp_encoder.dir/aom_dsp/ssim.c.o
[INFO] [stderr]   [ 44%] Building C object CMakeFiles/aom_dsp_encoder.dir/aom_dsp/sum_squares.c.o
[INFO] [stderr]   [ 44%] Building C object CMakeFiles/aom_dsp_common_avx2_intrinsics.dir/aom_dsp/x86/blend_a64_mask_avx2.c.o
[INFO] [stderr]   [ 44%] Building C object CMakeFiles/aom_av1_encoder.dir/av1/encoder/context_tree.c.o
[INFO] [stderr]   [ 44%] Building C object CMakeFiles/aom_av1_common_avx2_intrinsics.dir/av1/common/x86/highbd_warp_affine_avx2.c.o
[INFO] [stderr]   [ 44%] Building C object CMakeFiles/aom_dsp_common.dir/aom_dsp/intrapred.c.o
[INFO] [stderr]   [ 44%] Building C object CMakeFiles/aom_dsp_common_avx2_intrinsics.dir/aom_dsp/x86/highbd_convolve_avx2.c.o
[INFO] [stderr]   [ 45%] Building C object CMakeFiles/aom_dsp_common.dir/aom_dsp/loopfilter.c.o
[INFO] [stderr]   [ 46%] Building C object CMakeFiles/aom_av1_encoder.dir/av1/encoder/cost.c.o
[INFO] [stderr]   [ 47%] Building C object CMakeFiles/aom_dsp_encoder.dir/aom_dsp/variance.c.o
[INFO] [stderr]   [ 47%] Building C object CMakeFiles/aom_dsp_common.dir/aom_dsp/odintrin.c.o
[INFO] [stderr]   [ 48%] Building C object CMakeFiles/aom_av1_encoder_avx2_intrinsics.dir/av1/encoder/x86/pickrst_avx2.c.o
[INFO] [stderr]   [ 48%] Building C object CMakeFiles/aom_av1_encoder.dir/av1/encoder/encodeframe.c.o
[INFO] [stderr]   [ 48%] Building C object CMakeFiles/aom_dsp_common_avx2_intrinsics.dir/aom_dsp/x86/highbd_loopfilter_avx2.c.o
[INFO] [stderr]   [ 48%] Building C object CMakeFiles/aom_av1_encoder_avx2_intrinsics.dir/av1/encoder/x86/cnn_avx2.c.o
[INFO] [stderr]   [ 48%] Building C object CMakeFiles/aom_av1_encoder.dir/av1/encoder/encodeframe_utils.c.o
[INFO] [stderr]   [ 48%] Building C object CMakeFiles/aom_dsp_encoder_avx2_intrinsics.dir/aom_dsp/x86/highbd_sad_avx2.c.o
[INFO] [stderr]   [ 48%] Building C object CMakeFiles/aom_dsp_common.dir/aom_dsp/subtract.c.o
[INFO] [stderr]   [ 48%] Built target aom_dsp_encoder_sse4_1_intrinsics
[INFO] [stderr]   [ 48%] Building C object CMakeFiles/aom_dsp_encoder.dir/aom_dsp/pyramid.c.o
[INFO] [stderr]   [ 48%] Building C object CMakeFiles/aom_av1_encoder.dir/av1/encoder/encodemb.c.o
[INFO] [stderr]   [ 48%] Built target aom_av1_common_avx2_intrinsics
[INFO] [stderr]   [ 48%] Built target aom_dsp_common
[INFO] [stderr]   [ 48%] Building C object CMakeFiles/aom_av1_encoder_avx2_intrinsics.dir/av1/encoder/x86/av1_highbd_quantize_avx2.c.o
[INFO] [stderr]   [ 48%] Building C object CMakeFiles/aom_dsp_encoder_avx2_intrinsics.dir/aom_dsp/x86/sad_impl_avx2.c.o
[INFO] [stderr]   [ 49%] Building C object CMakeFiles/aom_av1_encoder.dir/av1/encoder/encodemv.c.o
[INFO] [stderr]   [ 49%] Building C object CMakeFiles/aom_dsp_encoder.dir/aom_dsp/flow_estimation/corner_detect.c.o
[INFO] [stderr]   [ 49%] Building C object CMakeFiles/aom_av1_encoder.dir/av1/encoder/encode_strategy.c.o
[INFO] [stderr]   [ 49%] Building C object CMakeFiles/aom_dsp_encoder.dir/aom_dsp/flow_estimation/corner_match.c.o
[INFO] [stderr]   [ 49%] Building C object CMakeFiles/aom_av1_encoder_avx2_intrinsics.dir/av1/encoder/x86/highbd_block_error_intrin_avx2.c.o
[INFO] [stderr]   [ 49%] Building C object CMakeFiles/aom_av1_encoder.dir/av1/encoder/encoder.c.o
[INFO] [stderr]   [ 49%] Built target aom_dsp_common_avx2_intrinsics
[INFO] [stderr]   [ 50%] Building C object CMakeFiles/aom_av1_encoder_avx2_intrinsics.dir/av1/encoder/x86/highbd_temporal_filter_avx2.c.o
[INFO] [stderr]   [ 50%] Building C object CMakeFiles/aom_av1_encoder.dir/av1/encoder/encoder_utils.c.o
[INFO] [stderr]   [ 51%] Building C object CMakeFiles/aom_av1_encoder.dir/av1/encoder/encodetxb.c.o
[INFO] [stderr]   [ 52%] Building C object CMakeFiles/aom_dsp_encoder.dir/aom_dsp/flow_estimation/disflow.c.o
[INFO] [stderr]   [ 53%] Building C object CMakeFiles/aom_dsp_encoder_avx2_intrinsics.dir/aom_dsp/x86/variance_avx2.c.o
[INFO] [stderr]   [ 53%] Building C object CMakeFiles/aom_av1_encoder.dir/av1/encoder/ethread.c.o
[INFO] [stderr]   [ 53%] Building C object CMakeFiles/aom_av1_encoder.dir/av1/encoder/extend.c.o
[INFO] [stderr]   [ 53%] Building C object CMakeFiles/aom_dsp_encoder.dir/aom_dsp/flow_estimation/flow_estimation.c.o
[INFO] [stderr]   [ 53%] Building C object CMakeFiles/aom_dsp_encoder_avx2_intrinsics.dir/aom_dsp/x86/sse_avx2.c.o
[INFO] [stderr]   [ 53%] Building C object CMakeFiles/aom_av1_encoder.dir/av1/encoder/firstpass.c.o
[INFO] [stderr]   [ 54%] Building C object CMakeFiles/aom_av1_encoder.dir/av1/encoder/external_partition.c.o
[INFO] [stderr]   [ 53%] Building C object CMakeFiles/aom_dsp_encoder.dir/aom_dsp/flow_estimation/ransac.c.o
[INFO] [stderr]   [ 54%] Building C object CMakeFiles/aom_dsp_encoder_avx2_intrinsics.dir/aom_dsp/x86/variance_impl_avx2.c.o
[INFO] [stderr]   [ 54%] Building C object CMakeFiles/aom_av1_encoder.dir/av1/encoder/global_motion.c.o
[INFO] [stderr]   [ 54%] Building C object CMakeFiles/aom_av1_encoder.dir/av1/encoder/global_motion_facade.c.o
[INFO] [stderr]   [ 55%] Building C object CMakeFiles/aom_av1_encoder.dir/av1/encoder/gop_structure.c.o
[INFO] [stderr]   [ 55%] Building C object CMakeFiles/aom_av1_encoder.dir/av1/encoder/hash.c.o
[INFO] [stderr]   [ 55%] Building C object CMakeFiles/aom_av1_encoder.dir/av1/encoder/hash_motion.c.o
[INFO] [stderr]   [ 55%] Building C object CMakeFiles/aom_av1_encoder.dir/av1/encoder/hybrid_fwd_txfm.c.o
[INFO] [stderr]   [ 55%] Built target aom_av1_encoder_avx2_intrinsics
[INFO] [stderr]   [ 55%] Built target aom_dsp_encoder
[INFO] [stderr]   [ 56%] Building C object CMakeFiles/aom_av1_encoder.dir/av1/encoder/interp_search.c.o
[INFO] [stderr]   [ 57%] Building C object CMakeFiles/aom_dsp_encoder_avx2_intrinsics.dir/aom_dsp/x86/obmc_sad_avx2.c.o
[INFO] [stderr]   [ 57%] Building C object CMakeFiles/aom_dsp_encoder_avx2_intrinsics.dir/aom_dsp/x86/obmc_variance_avx2.c.o
[INFO] [stderr]   [ 57%] Building C object CMakeFiles/aom_av1_encoder.dir/av1/encoder/level.c.o
[INFO] [stderr]   [ 57%] Building C object CMakeFiles/aom_dsp_encoder_avx2_intrinsics.dir/aom_dsp/x86/blk_sse_sum_avx2.c.o
[INFO] [stderr]   [ 57%] Building C object CMakeFiles/aom_av1_encoder.dir/av1/encoder/lookahead.c.o
[INFO] [stderr]   [ 57%] Building C object CMakeFiles/aom_av1_encoder.dir/av1/encoder/mcomp.c.o
[INFO] [stderr]   [ 58%] Building C object CMakeFiles/aom_av1_encoder.dir/av1/encoder/ml.c.o
[INFO] [stderr]   [ 58%] Building C object CMakeFiles/aom_av1_encoder.dir/av1/encoder/motion_search_facade.c.o
[INFO] [stderr]   [ 58%] Building C object CMakeFiles/aom_av1_encoder.dir/av1/encoder/mv_prec.c.o
[INFO] [stderr]   [ 59%] Building C object CMakeFiles/aom_av1_encoder.dir/av1/encoder/palette.c.o
[INFO] [stderr]   [ 59%] Building C object CMakeFiles/aom_dsp_encoder_avx2_intrinsics.dir/aom_dsp/x86/sum_squares_avx2.c.o
[INFO] [stderr]   [ 60%] Building C object CMakeFiles/aom_dsp_encoder_avx2_intrinsics.dir/aom_dsp/x86/highbd_variance_avx2.c.o
[INFO] [stderr]   [ 60%] Building C object CMakeFiles/aom_av1_encoder.dir/av1/encoder/partition_search.c.o
[INFO] [stderr]   [ 60%] Building C object CMakeFiles/aom_av1_encoder.dir/av1/encoder/partition_strategy.c.o
[INFO] [stderr]   [ 60%] Building C object CMakeFiles/aom_av1_encoder.dir/av1/encoder/pass2_strategy.c.o
[INFO] [stderr]   [ 61%] Building C object CMakeFiles/aom_av1_encoder.dir/av1/encoder/pickcdef.c.o
[INFO] [stderr]   [ 61%] Building C object CMakeFiles/aom_av1_encoder.dir/av1/encoder/picklpf.c.o
[INFO] [stderr]   [ 61%] Building C object CMakeFiles/aom_av1_encoder.dir/av1/encoder/pickrst.c.o
[INFO] [stderr]   [ 61%] Built target aom_av1_common_sse2_intrinsics
[INFO] [stderr]   [ 62%] Building C object CMakeFiles/aom_av1_encoder.dir/av1/encoder/rd.c.o
[INFO] [stderr]   [ 62%] Building C object CMakeFiles/aom_av1_encoder.dir/av1/encoder/ratectrl.c.o
[INFO] [stderr]   [ 62%] Building C object CMakeFiles/aom_av1_encoder.dir/av1/encoder/rdopt.c.o
[INFO] [stderr]   [ 62%] Building C object CMakeFiles/aom_av1_encoder.dir/av1/encoder/nonrd_pickmode.c.o
[INFO] [stderr]   [ 63%] Building C object CMakeFiles/aom_av1_encoder.dir/av1/encoder/nonrd_opt.c.o
[INFO] [stderr]   [ 63%] Building C object CMakeFiles/aom_av1_encoder.dir/av1/encoder/reconinter_enc.c.o
[INFO] [stderr]   [ 63%] Built target aom_dsp_encoder_avx2_intrinsics
[INFO] [stderr]   [ 63%] Building C object CMakeFiles/aom_av1_encoder.dir/av1/encoder/segmentation.c.o
[INFO] [stderr]   [ 63%] Building C object CMakeFiles/aom_av1_encoder.dir/av1/encoder/speed_features.c.o
[INFO] [stderr]   [ 64%] Building C object CMakeFiles/aom_av1_encoder.dir/av1/encoder/superres_scale.c.o
[INFO] [stderr]   [ 64%] Building C object CMakeFiles/aom_av1_encoder.dir/av1/encoder/svc_layercontext.c.o
[INFO] [stderr]   [ 64%] Building C object CMakeFiles/aom_av1_encoder.dir/av1/encoder/temporal_filter.c.o
[INFO] [stderr]   [ 65%] Building C object CMakeFiles/aom_av1_encoder.dir/av1/encoder/tokenize.c.o
[INFO] [stderr]   [ 65%] Building C object CMakeFiles/aom_av1_encoder.dir/av1/encoder/thirdpass.c.o
[INFO] [stderr]   [ 65%] Building C object CMakeFiles/aom_av1_encoder.dir/av1/encoder/tpl_model.c.o
[INFO] [stderr]   [ 65%] Building C object CMakeFiles/aom_av1_encoder.dir/av1/encoder/tx_search.c.o
[INFO] [stderr]   [ 66%] Building C object CMakeFiles/aom_av1_encoder.dir/av1/encoder/txb_rdopt.c.o
[INFO] [stderr]   [ 66%] Building C object CMakeFiles/aom_av1_encoder.dir/av1/encoder/intra_mode_search.c.o
[INFO] [stderr]   [ 66%] Building C object CMakeFiles/aom_av1_encoder.dir/av1/encoder/wedge_utils.c.o
[INFO] [stderr]   [ 66%] Building C object CMakeFiles/aom_av1_encoder.dir/av1/encoder/var_based_part.c.o
[INFO] [stderr]   [ 67%] Building C object CMakeFiles/aom_av1_encoder.dir/av1/encoder/av1_noise_estimate.c.o
[INFO] [stderr]   [ 67%] Building C object CMakeFiles/aom_av1_encoder.dir/third_party/fastfeat/fast.c.o
[INFO] [stderr]   [ 67%] Building C object CMakeFiles/aom_av1_encoder.dir/third_party/fastfeat/fast_9.c.o
[INFO] [stderr]   [ 67%] Building C object CMakeFiles/aom_av1_encoder.dir/third_party/fastfeat/nonmax.c.o
[INFO] [stderr]   [ 67%] Building C object CMakeFiles/aom_av1_encoder.dir/av1/encoder/dwt.c.o
[INFO] [stderr]   [ 68%] Building C object CMakeFiles/aom_av1_encoder.dir/third_party/vector/vector.c.o
[INFO] [stderr]   [ 68%] Built target aom_av1_encoder
[INFO] [stderr] 
[INFO] [stderr]   --- stderr
[INFO] [stderr]   --- aom_configure: Detected CPU: x86_64
[INFO] [stderr]   Running C compiler test: pie_check
[INFO] [stderr]   C Compiler test pie_check failed.
[INFO] [stderr]   Running C compiler test: inline_check_1
[INFO] [stderr]   Running CXX compiler test: inline_check_1
[INFO] [stderr]   Running C compiler test: unistd_check
[INFO] [stderr]   Running CXX compiler test: unistd_check
[INFO] [stderr]   Running C compiler test: fenv_check
[INFO] [stderr]   Checking C compiler flag support for: -std=c99
[INFO] [stderr]   Checking C compiler flag support for: -std=c++11
[INFO] [stderr]   Checking C compiler flag support for: -Wall
[INFO] [stderr]   Checking C++ compiler flag support for: -Wall
[INFO] [stderr]   Checking C compiler flag support for: -Wdisabled-optimization
[INFO] [stderr]   Checking C++ compiler flag support for: -Wdisabled-optimization
[INFO] [stderr]   Checking C compiler flag support for: -Wextra
[INFO] [stderr]   Checking C++ compiler flag support for: -Wextra
[INFO] [stderr]   Checking C compiler flag support for: -Wextra-semi
[INFO] [stderr]   Checking C++ compiler flag support for: -Wextra-semi
[INFO] [stderr]   Checking C compiler flag support for: -Wextra-semi-stmt
[INFO] [stderr]   Checking C++ compiler flag support for: -Wextra-semi-stmt
[INFO] [stderr]   Checking C compiler flag support for: -Wfloat-conversion
[INFO] [stderr]   Checking C++ compiler flag support for: -Wfloat-conversion
[INFO] [stderr]   Checking C compiler flag support for: -Wformat=2
[INFO] [stderr]   Checking C++ compiler flag support for: -Wformat=2
[INFO] [stderr]   Checking C compiler flag support for: -Wimplicit-function-declaration
[INFO] [stderr]   Checking C compiler flag support for: -Wlogical-op
[INFO] [stderr]   Checking C++ compiler flag support for: -Wlogical-op
[INFO] [stderr]   Checking C compiler flag support for: -Wpointer-arith
[INFO] [stderr]   Checking C++ compiler flag support for: -Wpointer-arith
[INFO] [stderr]   Checking C compiler flag support for: -Wshadow
[INFO] [stderr]   Checking C++ compiler flag support for: -Wshadow
[INFO] [stderr]   Checking C compiler flag support for: -Wshorten-64-to-32
[INFO] [stderr]   Checking C++ compiler flag support for: -Wshorten-64-to-32
[INFO] [stderr]   Checking C compiler flag support for: -Wsign-compare
[INFO] [stderr]   Checking C++ compiler flag support for: -Wsign-compare
[INFO] [stderr]   Checking C compiler flag support for: -Wstring-conversion
[INFO] [stderr]   Checking C++ compiler flag support for: -Wstring-conversion
[INFO] [stderr]   Checking C compiler flag support for: -Wtype-limits
[INFO] [stderr]   Checking C++ compiler flag support for: -Wtype-limits
[INFO] [stderr]   Checking C compiler flag support for: -Wuninitialized
[INFO] [stderr]   Checking C++ compiler flag support for: -Wuninitialized
[INFO] [stderr]   Checking C compiler flag support for: -Wunreachable-code-aggressive
[INFO] [stderr]   Checking C++ compiler flag support for: -Wunreachable-code-aggressive
[INFO] [stderr]   Checking C compiler flag support for: -Wunused
[INFO] [stderr]   Checking C++ compiler flag support for: -Wunused
[INFO] [stderr]   Checking C compiler flag support for: -Wvla
[INFO] [stderr]   Checking C++ compiler flag support for: -Wvla
[INFO] [stderr]   Checking C++ compiler flag support for: -Wc++14-extensions
[INFO] [stderr]   Checking C++ compiler flag support for: -Wc++17-extensions
[INFO] [stderr]   Checking C++ compiler flag support for: -Wc++20-extensions
[INFO] [stderr]   Checking C compiler flag support for: -Wstack-usage=100000
[INFO] [stderr]   Checking C++ compiler flag support for: -Wstack-usage=240000
[INFO] [stderr]   Checking C compiler flag support for: -Wundef
[INFO] [stderr]   Checking C compiler flag support for: -D_LARGEFILE_SOURCE
[INFO] [stderr]   Checking C++ compiler flag support for: -D_LARGEFILE_SOURCE
[INFO] [stderr]   Checking C compiler flag support for: -D_FILE_OFFSET_BITS=64
[INFO] [stderr]   Checking C++ compiler flag support for: -D_FILE_OFFSET_BITS=64
[INFO] [stderr]   Checking C compiler flag support for: -msse2
[INFO] [stderr]   Checking C compiler flag support for: -msse2
[INFO] [stderr]   Checking C compiler flag support for: -msse3
[INFO] [stderr]   Checking C compiler flag support for: -msse3
[INFO] [stderr]   Checking C compiler flag support for: -mssse3
[INFO] [stderr]   Checking C compiler flag support for: -mssse3
[INFO] [stderr]   Checking C compiler flag support for: -msse4.1
[INFO] [stderr]   Checking C compiler flag support for: -msse4.1
[INFO] [stderr]   Checking C compiler flag support for: -msse4.2
[INFO] [stderr]   Checking C compiler flag support for: -msse4.2
[INFO] [stderr]   Checking C compiler flag support for: -mavx2
[INFO] [stderr]   Checking C compiler flag support for: -mavx2
[INFO] [stderr]   cc: fatal error: Killed signal terminated program cc1
[INFO] [stderr]   compilation terminated.
[INFO] [stderr]   gmake[2]: *** [CMakeFiles/aom_av1_common_sse4_intrinsics.dir/build.make:118: CMakeFiles/aom_av1_common_sse4_intrinsics.dir/av1/common/x86/cdef_block_sse4.c.o] Error 1
[INFO] [stderr]   gmake[1]: *** [CMakeFiles/Makefile2:1114: CMakeFiles/aom_av1_common_sse4_intrinsics.dir/all] Error 2
[INFO] [stderr]   gmake[1]: *** Waiting for unfinished jobs....
[INFO] [stderr]   gmake: *** [Makefile:136: all] Error 2
[INFO] [stderr]   thread 'main' panicked at /opt/rustwide/cargo-home/registry/src/index.crates.io-6f17d22bba15001f/cmake-0.1.50/src/lib.rs:1098:5:
[INFO] [stderr] 
[INFO] [stderr]   command did not execute successfully, got: exit status: 2
[INFO] [stderr] 
[INFO] [stderr]   build script failed, must exit now
[INFO] [stderr]   stack backtrace:
[INFO] [stderr]      0:     0x55a1db115d5c - std::backtrace_rs::backtrace::libunwind::trace::ha637c64ce894333a
[INFO] [stderr]                                  at /rustc/82e1608dfa6e0b5569232559e3d385fea5a93112/library/std/src/../../backtrace/src/backtrace/libunwind.rs:104:5
[INFO] [stderr]      1:     0x55a1db115d5c - std::backtrace_rs::backtrace::trace_unsynchronized::h47f62dea28e0c88d
[INFO] [stderr]                                  at /rustc/82e1608dfa6e0b5569232559e3d385fea5a93112/library/std/src/../../backtrace/src/backtrace/mod.rs:66:5
[INFO] [stderr]      2:     0x55a1db115d5c - std::sys_common::backtrace::_print_fmt::h9eef0abe20ede486
[INFO] [stderr]                                  at /rustc/82e1608dfa6e0b5569232559e3d385fea5a93112/library/std/src/sys_common/backtrace.rs:67:5
[INFO] [stderr]      3:     0x55a1db115d5c - <std::sys_common::backtrace::_print::DisplayBacktrace as core::fmt::Display>::fmt::hed7f999df88cc644
[INFO] [stderr]                                  at /rustc/82e1608dfa6e0b5569232559e3d385fea5a93112/library/std/src/sys_common/backtrace.rs:44:22
[INFO] [stderr]      4:     0x55a1db13c260 - core::fmt::rt::Argument::fmt::h1539a9308b8d058d
[INFO] [stderr]                                  at /rustc/82e1608dfa6e0b5569232559e3d385fea5a93112/library/core/src/fmt/rt.rs:142:9
[INFO] [stderr]      5:     0x55a1db13c260 - core::fmt::write::h3a39390d8560d9c9
[INFO] [stderr]                                  at /rustc/82e1608dfa6e0b5569232559e3d385fea5a93112/library/core/src/fmt/mod.rs:1120:17
[INFO] [stderr]      6:     0x55a1db1134af - std::io::Write::write_fmt::h5fc9997dfe05f882
[INFO] [stderr]                                  at /rustc/82e1608dfa6e0b5569232559e3d385fea5a93112/library/std/src/io/mod.rs:1762:15
[INFO] [stderr]      7:     0x55a1db115b44 - std::sys_common::backtrace::_print::h894006fb5c6f3d45
[INFO] [stderr]                                  at /rustc/82e1608dfa6e0b5569232559e3d385fea5a93112/library/std/src/sys_common/backtrace.rs:47:5
[INFO] [stderr]      8:     0x55a1db115b44 - std::sys_common::backtrace::print::h23a2d212c6fff936
[INFO] [stderr]                                  at /rustc/82e1608dfa6e0b5569232559e3d385fea5a93112/library/std/src/sys_common/backtrace.rs:34:9
[INFO] [stderr]      9:     0x55a1db117357 - std::panicking::default_hook::{{closure}}::h8a1d2ee00185001a
[INFO] [stderr]     10:     0x55a1db1170bf - std::panicking::default_hook::h6038f2eba384e475
[INFO] [stderr]                                  at /rustc/82e1608dfa6e0b5569232559e3d385fea5a93112/library/std/src/panicking.rs:292:9
[INFO] [stderr]     11:     0x55a1db1177d8 - std::panicking::rust_panic_with_hook::h2b5517d590cab22e
[INFO] [stderr]                                  at /rustc/82e1608dfa6e0b5569232559e3d385fea5a93112/library/std/src/panicking.rs:779:13
[INFO] [stderr]     12:     0x55a1db1176be - std::panicking::begin_panic_handler::{{closure}}::h233112c06e0ef43e
[INFO] [stderr]                                  at /rustc/82e1608dfa6e0b5569232559e3d385fea5a93112/library/std/src/panicking.rs:657:13
[INFO] [stderr]     13:     0x55a1db116226 - std::sys_common::backtrace::__rust_end_short_backtrace::h6e893f24d7ebbff8
[INFO] [stderr]                                  at /rustc/82e1608dfa6e0b5569232559e3d385fea5a93112/library/std/src/sys_common/backtrace.rs:170:18
[INFO] [stderr]     14:     0x55a1db117422 - rust_begin_unwind
[INFO] [stderr]                                  at /rustc/82e1608dfa6e0b5569232559e3d385fea5a93112/library/std/src/panicking.rs:645:5
[INFO] [stderr]     15:     0x55a1db095625 - core::panicking::panic_fmt::hbf0e066aabfa482c
[INFO] [stderr]                                  at /rustc/82e1608dfa6e0b5569232559e3d385fea5a93112/library/core/src/panicking.rs:72:14
[INFO] [stderr]     16:     0x55a1db0ae761 - cmake::fail::h865787cc8fc90559
[INFO] [stderr]     17:     0x55a1db0adee7 - cmake::run::hb30e9115d7641b41
[INFO] [stderr]     18:     0x55a1db0aa801 - cmake::Config::build::h9d8e7b7008123295
[INFO] [stderr]     19:     0x55a1db0988dc - build_script_build::main::h3a60ac3db71ff25e
[INFO] [stderr]     20:     0x55a1db096213 - core::ops::function::FnOnce::call_once::h74deea9ceb7fed22
[INFO] [stderr]     21:     0x55a1db095e16 - std::sys_common::backtrace::__rust_begin_short_backtrace::hacb4470c5cc0bea4
[INFO] [stderr]     22:     0x55a1db095f59 - std::rt::lang_start::{{closure}}::hfdbb720a8612e72f
[INFO] [stderr]     23:     0x55a1db10f377 - core::ops::function::impls::<impl core::ops::function::FnOnce<A> for &F>::call_once::hd95060ecd5e1ca24
[INFO] [stderr]                                  at /rustc/82e1608dfa6e0b5569232559e3d385fea5a93112/library/core/src/ops/function.rs:284:13
[INFO] [stderr]     24:     0x55a1db10f377 - std::panicking::try::do_call::h6e8cf51db32a6e4b
[INFO] [stderr]                                  at /rustc/82e1608dfa6e0b5569232559e3d385fea5a93112/library/std/src/panicking.rs:552:40
[INFO] [stderr]     25:     0x55a1db10f377 - std::panicking::try::h3a52eefe24fe3c29
[INFO] [stderr]                                  at /rustc/82e1608dfa6e0b5569232559e3d385fea5a93112/library/std/src/panicking.rs:516:19
[INFO] [stderr]     26:     0x55a1db10f377 - std::panic::catch_unwind::h24c28c23c02c3841
[INFO] [stderr]                                  at /rustc/82e1608dfa6e0b5569232559e3d385fea5a93112/library/std/src/panic.rs:142:14
[INFO] [stderr]     27:     0x55a1db10f377 - std::rt::lang_start_internal::{{closure}}::h705d3c9cbc06ef47
[INFO] [stderr]                                  at /rustc/82e1608dfa6e0b5569232559e3d385fea5a93112/library/std/src/rt.rs:148:48
[INFO] [stderr]     28:     0x55a1db10f377 - std::panicking::try::do_call::ha21f52ba13158470
[INFO] [stderr]                                  at /rustc/82e1608dfa6e0b5569232559e3d385fea5a93112/library/std/src/panicking.rs:552:40
[INFO] [stderr]     29:     0x55a1db10f377 - std::panicking::try::h5581346bf6aeb1f8
[INFO] [stderr]                                  at /rustc/82e1608dfa6e0b5569232559e3d385fea5a93112/library/std/src/panicking.rs:516:19
[INFO] [stderr]     30:     0x55a1db10f377 - std::panic::catch_unwind::h7919645a6b72e25b
[INFO] [stderr]                                  at /rustc/82e1608dfa6e0b5569232559e3d385fea5a93112/library/std/src/panic.rs:142:14
[INFO] [stderr]     31:     0x55a1db10f377 - std::rt::lang_start_internal::h12de51168669836e
[INFO] [stderr]                                  at /rustc/82e1608dfa6e0b5569232559e3d385fea5a93112/library/std/src/rt.rs:148:20
[INFO] [stderr]     32:     0x55a1db095f37 - std::rt::lang_start::h3cc6dffa041b36f9
[INFO] [stderr]     33:     0x55a1db0993f5 - main
[INFO] [stderr]     34:     0x7f7eeb7a9d90 - <unknown>
[INFO] [stderr]     35:     0x7f7eeb7a9e40 - __libc_start_main
[INFO] [stderr]     36:     0x55a1db095d45 - _start
[INFO] [stderr]     37:                0x0 - <unknown>
[INFO] running `Command { std: "docker" "inspect" "42c8e9b253a3f6541f0465ae5a41b2d8ca4a73e25dc19ae32732f239a59907e0", kill_on_drop: false }`
[INFO] running `Command { std: "docker" "rm" "-f" "42c8e9b253a3f6541f0465ae5a41b2d8ca4a73e25dc19ae32732f239a59907e0", kill_on_drop: false }`
[INFO] [stdout] 42c8e9b253a3f6541f0465ae5a41b2d8ca4a73e25dc19ae32732f239a59907e0
[INFO] documenting vicanso/image-optim against beta-2023-12-22 for beta-1.76-rustdoc-1
[INFO] running `Command { std: "git" "clone" "/workspace/cache/git-repos/https%3A%2F%2Fgithub.com%2Fvicanso%2Fimage-optim" "/workspace/builds/worker-7-tc2/source", kill_on_drop: false }`
[INFO] [stderr] Cloning into '/workspace/builds/worker-7-tc2/source'...
[INFO] [stderr] done.
[INFO] validating manifest of git repo https://github.com/vicanso/image-optim on toolchain beta-2023-12-22
[INFO] running `Command { std: CARGO_HOME="/workspace/cargo-home" RUSTUP_HOME="/workspace/rustup-home" "/workspace/cargo-home/bin/cargo" "+beta-2023-12-22" "metadata" "--manifest-path" "Cargo.toml" "--no-deps", kill_on_drop: false }`
[INFO] started tweaking git repo https://github.com/vicanso/image-optim
[INFO] finished tweaking git repo https://github.com/vicanso/image-optim
[INFO] tweaked toml for git repo https://github.com/vicanso/image-optim written to /workspace/builds/worker-7-tc2/source/Cargo.toml
[INFO] crate git repo https://github.com/vicanso/image-optim already has a lockfile, it will not be regenerated
[INFO] running `Command { std: CARGO_HOME="/workspace/cargo-home" RUSTUP_HOME="/workspace/rustup-home" "/workspace/cargo-home/bin/cargo" "+beta-2023-12-22" "fetch" "--manifest-path" "Cargo.toml", kill_on_drop: false }`
[INFO] running `Command { std: "docker" "create" "-v" "/var/lib/crater-agent-workspace/builds/worker-7-tc2/target:/opt/rustwide/target:rw,Z" "-v" "/var/lib/crater-agent-workspace/builds/worker-7-tc2/source:/opt/rustwide/workdir:ro,Z" "-v" "/var/lib/crater-agent-workspace/cargo-home:/opt/rustwide/cargo-home:ro,Z" "-v" "/var/lib/crater-agent-workspace/rustup-home:/opt/rustwide/rustup-home:ro,Z" "-e" "SOURCE_DIR=/opt/rustwide/workdir" "-e" "CARGO_TARGET_DIR=/opt/rustwide/target" "-e" "CARGO_HOME=/opt/rustwide/cargo-home" "-e" "RUSTUP_HOME=/opt/rustwide/rustup-home" "-w" "/opt/rustwide/workdir" "-m" "1610612736" "--user" "0:0" "--network" "none" "ghcr.io/rust-lang/crates-build-env/linux@sha256:2788e3201cd34a07e3172128adcd8b3090168a8e3bcc40d7c032b9dda1df7d1c" "/opt/rustwide/cargo-home/bin/cargo" "+beta-2023-12-22" "metadata" "--no-deps" "--format-version=1", kill_on_drop: false }`
[INFO] [stdout] 29b703a328cf43f7cb34971e6e8d1c350f642f1276102157d495ff79b765b5df
[INFO] running `Command { std: "docker" "start" "-a" "29b703a328cf43f7cb34971e6e8d1c350f642f1276102157d495ff79b765b5df", kill_on_drop: false }`
[INFO] running `Command { std: "docker" "inspect" "29b703a328cf43f7cb34971e6e8d1c350f642f1276102157d495ff79b765b5df", kill_on_drop: false }`
[INFO] running `Command { std: "docker" "rm" "-f" "29b703a328cf43f7cb34971e6e8d1c350f642f1276102157d495ff79b765b5df", kill_on_drop: false }`
[INFO] [stdout] 29b703a328cf43f7cb34971e6e8d1c350f642f1276102157d495ff79b765b5df
[INFO] running `Command { std: "docker" "create" "-v" "/var/lib/crater-agent-workspace/builds/worker-7-tc2/target:/opt/rustwide/target:rw,Z" "-v" "/var/lib/crater-agent-workspace/builds/worker-7-tc2/source:/opt/rustwide/workdir:ro,Z" "-v" "/var/lib/crater-agent-workspace/cargo-home:/opt/rustwide/cargo-home:ro,Z" "-v" "/var/lib/crater-agent-workspace/rustup-home:/opt/rustwide/rustup-home:ro,Z" "-e" "SOURCE_DIR=/opt/rustwide/workdir" "-e" "CARGO_TARGET_DIR=/opt/rustwide/target" "-e" "CARGO_INCREMENTAL=0" "-e" "RUST_BACKTRACE=full" "-e" "RUSTFLAGS=--cap-lints=warn" "-e" "RUSTDOCFLAGS=--cap-lints=warn" "-e" "CARGO_HOME=/opt/rustwide/cargo-home" "-e" "RUSTUP_HOME=/opt/rustwide/rustup-home" "-w" "/opt/rustwide/workdir" "-m" "1610612736" "--user" "0:0" "--network" "none" "ghcr.io/rust-lang/crates-build-env/linux@sha256:2788e3201cd34a07e3172128adcd8b3090168a8e3bcc40d7c032b9dda1df7d1c" "/opt/rustwide/cargo-home/bin/cargo" "+beta-2023-12-22" "doc" "--frozen" "--no-deps" "--document-private-items" "--message-format=json", kill_on_drop: false }`
[INFO] [stdout] 29be66f2e03913983815293fedf6131ffa477fb3de474da8c08da29aa8956a22
[INFO] running `Command { std: "docker" "start" "-a" "29be66f2e03913983815293fedf6131ffa477fb3de474da8c08da29aa8956a22", kill_on_drop: false }`
[INFO] [stderr]    Compiling autocfg v1.1.0
[INFO] [stderr]    Compiling libc v0.2.150
[INFO] [stderr]    Compiling proc-macro2 v1.0.70
[INFO] [stderr]    Compiling unicode-ident v1.0.12
[INFO] [stderr]     Checking cfg-if v1.0.0
[INFO] [stderr]    Compiling version_check v0.9.4
[INFO] [stderr]     Checking once_cell v1.19.0
[INFO] [stderr]    Compiling crossbeam-utils v0.8.16
[INFO] [stderr]     Checking scopeguard v1.2.0
[INFO] [stderr]     Checking log v0.4.20
[INFO] [stderr]    Compiling rayon-core v1.12.0
[INFO] [stderr]     Checking zerocopy v0.7.30
[INFO] [stderr]     Checking itoa v1.0.10
[INFO] [stderr]     Checking bytes v1.5.0
[INFO] [stderr]     Checking pin-project-lite v0.2.13
[INFO] [stderr]    Compiling futures-core v0.3.29
[INFO] [stderr]    Compiling serde v1.0.193
[INFO] [stderr]     Checking fnv v1.0.7
[INFO] [stderr]    Compiling futures-task v0.3.29
[INFO] [stderr]    Compiling futures-util v0.3.29
[INFO] [stderr]     Checking tracing-core v0.1.32
[INFO] [stderr]     Checking bytemuck v1.14.0
[INFO] [stderr]     Checking pin-utils v0.1.0
[INFO] [stderr]     Checking either v1.9.0
[INFO] [stderr]     Checking simd-adler32 v0.3.7
[INFO] [stderr]    Compiling ahash v0.8.6
[INFO] [stderr]     Checking allocator-api2 v0.2.16
[INFO] [stderr]     Checking rgb v0.8.37
[INFO] [stderr]     Checking memchr v2.6.4
[INFO] [stderr]    Compiling memoffset v0.9.0
[INFO] [stderr]    Compiling crossbeam-epoch v0.9.15
[INFO] [stderr]    Compiling num-traits v0.2.17
[INFO] [stderr]    Compiling lock_api v0.4.11
[INFO] [stderr]    Compiling num-integer v0.1.45
[INFO] [stderr]    Compiling slab v0.4.9
[INFO] [stderr]    Compiling num-bigint v0.4.4
[INFO] [stderr]    Compiling tinyvec_macros v0.1.1
[INFO] [stderr]    Compiling tinyvec v1.6.0
[INFO] [stderr]    Compiling num-rational v0.4.1
[INFO] [stderr]     Checking futures-sink v0.3.29
[INFO] [stderr]     Checking adler v1.0.2
[INFO] [stderr]    Compiling quote v1.0.33
[INFO] [stderr]     Checking hashbrown v0.14.3
[INFO] [stderr]    Compiling crc32fast v1.3.2
[INFO] [stderr]    Compiling semver v1.0.20
[INFO] [stderr]    Compiling httparse v1.8.0
[INFO] [stderr]    Compiling dunce v1.0.4
[INFO] [stderr]    Compiling syn v2.0.39
[INFO] [stderr]     Checking spin v0.9.8
[INFO] [stderr]     Checking crossbeam-deque v0.8.3
[INFO] [stderr]     Checking equivalent v1.0.1
[INFO] [stderr]     Checking num_cpus v1.16.0
[INFO] [stderr]     Checking mio v0.8.10
[INFO] [stderr]     Checking socket2 v0.5.5
[INFO] [stderr]     Checking signal-hook-registry v1.4.1
[INFO] [stderr]     Checking getrandom v0.2.11
[INFO] [stderr]    Compiling jobserver v0.1.27
[INFO] [stderr]     Checking miniz_oxide v0.7.1
[INFO] [stderr]    Compiling unicode-bidi v0.3.14
[INFO] [stderr]    Compiling rustversion v1.0.14
[INFO] [stderr]    Compiling percent-encoding v2.3.1
[INFO] [stderr]    Compiling futures-channel v0.3.29
[INFO] [stderr]    Compiling cc v1.0.83
[INFO] [stderr]    Compiling form_urlencoded v1.2.1
[INFO] [stderr]     Checking indexmap v2.1.0
[INFO] [stderr]     Checking http v1.0.0
[INFO] [stderr]     Checking http v0.2.11
[INFO] [stderr]     Checking rayon v1.8.0
[INFO] [stderr]     Checking imgref v1.10.0
[INFO] [stderr]    Compiling syn v1.0.109
[INFO] [stderr]     Checking tower-service v0.3.2
[INFO] [stderr]    Compiling unicode-normalization v0.1.22
[INFO] [stderr]     Checking flate2 v1.0.28
[INFO] [stderr]     Checking hashbrown v0.13.2
[INFO] [stderr]    Compiling thiserror v1.0.50
[INFO] [stderr]     Checking untrusted v0.9.0
[INFO] [stderr]     Checking httpdate v1.0.3
[INFO] [stderr]    Compiling num-iter v0.1.43
[INFO] [stderr]    Compiling idna v0.5.0
[INFO] [stderr]    Compiling unicase v2.7.0
[INFO] [stderr]     Checking quick-error v2.0.1
[INFO] [stderr]     Checking rust_hawktracer_normal_macro v0.4.1
[INFO] [stderr]     Checking http-body v1.0.0
[INFO] [stderr]    Compiling pkg-config v0.3.27
[INFO] [stderr]    Compiling anyhow v1.0.75
[INFO] [stderr]     Checking mime v0.3.17
[INFO] [stderr]    Compiling rust_hawktracer_proc_macro v0.4.1
[INFO] [stderr]     Checking fallible_collections v0.4.9
[INFO] [stderr]    Compiling cmake v0.1.50
[INFO] [stderr]    Compiling rustls v0.21.10
[INFO] [stderr]    Compiling paste v1.0.14
[INFO] [stderr]    Compiling async-trait v0.1.74
[INFO] [stderr]     Checking ryu v1.0.15
[INFO] [stderr]    Compiling noop_proc_macro v0.3.0
[INFO] [stderr]     Checking tower-layer v0.3.2
[INFO] [stderr]     Checking rust_hawktracer v0.7.0
[INFO] [stderr]    Compiling url v2.5.0
[INFO] [stderr]     Checking minimal-lexical v0.2.1
[INFO] [stderr]    Compiling glob v0.3.1
[INFO] [stderr]    Compiling axum-core v0.4.1
[INFO] [stderr]     Checking nom v7.1.3
[INFO] [stderr]     Checking num-complex v0.4.4
[INFO] [stderr]     Checking itertools v0.10.5
[INFO] [stderr]    Compiling multer v2.1.0
[INFO] [stderr]     Checking encoding_rs v0.8.33
[INFO] [stderr]     Checking byteorder v1.5.0
[INFO] [stderr]     Checking foreign-types-shared v0.3.1
[INFO] [stderr]    Compiling serde_json v1.0.108
[INFO] [stderr]    Compiling ring v0.17.7
[INFO] [stderr]    Compiling lcms2-sys v4.0.4
[INFO] [stderr]    Compiling libwebp-sys v0.9.4
[INFO] [stderr]    Compiling libaom-sys v0.15.0
[INFO] [stderr]     Checking try-lock v0.2.5
[INFO] [stderr]     Checking want v0.3.1
[INFO] [stderr]     Checking lodepng v3.9.2
[INFO] [stderr]    Compiling axum v0.7.2
[INFO] [stderr]     Checking num v0.4.1
[INFO] [stderr]     Checking http-body-util v0.1.0
[INFO] [stderr]     Checking jpeg-decoder v0.3.0
[INFO] [stderr]     Checking maybe-rayon v0.1.1
[INFO] [stderr]     Checking http-body v0.4.6
[INFO] [stderr]     Checking rand_core v0.6.4
[INFO] [stderr]    Compiling simd_helpers v0.1.0
[INFO] [stderr]     Checking socket2 v0.4.10
[INFO] [stderr]     Checking bitreader v0.3.8
[INFO] [stderr]     Checking sync_wrapper v0.1.2
[INFO] [stderr]     Checking smallvec v1.11.2
[INFO] [stderr]     Checking weezl v0.1.7
[INFO] [stderr]     Checking static_assertions v1.1.0
[INFO] [stderr]    Compiling doc-comment v0.3.3
[INFO] [stderr]     Checking bitstream-io v1.10.0
[INFO] [stderr]     Checking powerfmt v0.2.0
[INFO] [stderr]    Compiling nasm-rs v0.2.5
[INFO] [stderr]     Checking new_debug_unreachable v1.0.4
[INFO] [stderr]     Checking ppv-lite86 v0.2.17
[INFO] [stderr]     Checking deranged v0.3.10
[INFO] [stderr]     Checking avif-parse v1.0.0
[INFO] [stderr]    Compiling mime_guess v2.0.4
[INFO] [stderr]     Checking rexif v0.7.3
[INFO] [stderr]     Checking yuv v0.1.5
[INFO] [stderr]     Checking loop9 v0.1.4
[INFO] [stderr]     Checking flume v0.11.0
[INFO] [stderr]     Checking aho-corasick v1.1.2
[INFO] [stderr]    Compiling substring v1.4.5
[INFO] [stderr]     Checking fdeflate v0.3.1
[INFO] [stderr]     Checking zune-inflate v0.2.54
[INFO] [stderr]     Checking itertools v0.11.0
[INFO] [stderr]     Checking matchit v0.7.3
[INFO] [stderr]     Checking rand_chacha v0.3.1
[INFO] [stderr]     Checking stable_deref_trait v1.2.0
[INFO] [stderr]    Compiling mozjpeg-sys v2.0.5
[INFO] [stderr]     Checking regex-syntax v0.8.2
[INFO] [stderr]     Checking unicode-width v0.1.11
[INFO] [stderr]     Checking lazy_static v1.4.0
[INFO] [stderr]     Checking num_threads v0.1.6
[INFO] [stderr]    Compiling heck v0.4.1
[INFO] [stderr]     Checking time-core v0.1.2
[INFO] [stderr]     Checking half v2.2.1
[INFO] [stderr]     Checking lebe v0.5.2
[INFO] [stderr]     Checking overload v0.1.1
[INFO] [stderr]     Checking color_quant v1.1.0
[INFO] [stderr]     Checking nonempty v0.7.0
[INFO] [stderr]     Checking bitflags v1.3.2
[INFO] [stderr]     Checking base64 v0.21.5
[INFO] [stderr]     Checking bit_field v0.10.2
[INFO] [stderr]     Checking gif v0.12.0
[INFO] [stderr]     Checking png v0.17.10
[INFO] [stderr]     Checking nu-ansi-term v0.46.0
[INFO] [stderr]     Checking sharded-slab v0.1.7
[INFO] [stderr]     Checking getopts v0.2.21
[INFO] [stderr]     Checking exr v1.71.0
[INFO] [stderr]     Checking rand v0.8.5
[INFO] [stderr]     Checking rustls-pemfile v1.0.4
[INFO] [stderr]     Checking time v0.3.30
[INFO] [stderr]     Checking owning_ref v0.4.1
[INFO] [stderr]     Checking tiff v0.9.0
[INFO] [stderr]     Checking tracing-log v0.2.0
[INFO] [stderr]     Checking qoi v0.4.1
[INFO] [stderr]     Checking thread_local v1.1.7
[INFO] [stderr]     Checking ipnet v2.9.0
[INFO] [stderr]     Checking iana-time-zone v0.1.58
[INFO] [stderr]     Checking webpki-roots v0.25.3
[INFO] [stderr]     Checking chrono v0.4.31
[INFO] [stderr]     Checking lru v0.12.1
[INFO] [stderr]     Checking urlencoding v2.1.3
[INFO] [stderr]     Checking nanoid v0.4.0
[INFO] [stderr]     Checking dssim-core v3.2.7
[INFO] [stderr]     Checking tracing-subscriber v0.3.18
[INFO] [stderr]    Compiling num-derive v0.3.3
[INFO] [stderr]     Checking regex-automata v0.4.3
[INFO] [stderr]    Compiling snafu-derive v0.7.5
[INFO] [stderr]    Compiling serde_derive v1.0.193
[INFO] [stderr]    Compiling tokio-macros v2.2.0
[INFO] [stderr]    Compiling tracing-attributes v0.1.27
[INFO] [stderr]    Compiling thiserror-impl v1.0.50
[INFO] [stderr]    Compiling pin-project-internal v1.1.3
[INFO] [stderr]    Compiling num-derive v0.4.1
[INFO] [stderr]    Compiling foreign-types-macros v0.2.3
[INFO] [stderr]    Compiling arg_enum_proc_macro v0.3.4
[INFO] [stderr]     Checking tokio v1.35.0
[INFO] [stderr]     Checking foreign-types v0.5.0
[INFO] [stderr]     Checking regex v1.10.2
[INFO] [stderr]     Checking forwarded-header-value v0.1.1
[INFO] [stderr]     Checking tracing v0.1.40
[INFO] [stderr]     Checking v_frame v0.3.6
[INFO] [stderr]     Checking pin-project v1.1.3
[INFO] [stderr]     Checking snafu v0.7.5
[INFO] [stderr]     Checking lcms2 v6.0.3
[INFO] [stderr]     Checking load_image v3.1.4
[INFO] [stderr]     Checking rustls-webpki v0.101.7
[INFO] [stderr]     Checking sct v0.7.1
[INFO] [stderr]     Checking dssim v3.2.4
[INFO] [stderr]     Checking webp v0.2.6
[INFO] [stderr]     Checking tokio-util v0.7.10
[INFO] [stderr]     Checking tower v0.4.13
[INFO] [stderr]     Checking h2 v0.4.0
[INFO] [stderr]     Checking h2 v0.3.22
[INFO] [stderr]     Checking tokio-rustls v0.24.1
[INFO] [stderr]     Checking arrayvec v0.7.4
[INFO] [stderr]     Checking serde_urlencoded v0.7.1
[INFO] [stderr]     Checking serde_path_to_error v0.1.14
[INFO] [stderr]     Checking av1-grain v0.2.2
[INFO] [stderr]     Checking avif-serialize v0.8.1
[INFO] [stderr]     Checking mozjpeg v0.10.5
[INFO] [stderr]     Checking imagequant v4.2.2
[INFO] [stderr]    Compiling toml v0.5.11
[INFO] [stderr]    Compiling rustc_version v0.4.0
[INFO] [stderr]    Compiling cargo-lock v8.0.3
[INFO] [stderr]    Compiling built v0.5.2
[INFO] [stderr]    Compiling rav1e v0.6.6
[INFO] [stderr]     Checking hyper v0.14.27
[INFO] [stderr]     Checking hyper v1.0.1
[INFO] [stderr]     Checking hyper-util v0.1.1
[INFO] [stderr]     Checking hyper-rustls v0.24.2
[INFO] [stderr]     Checking reqwest v0.11.22
[INFO] [stderr]     Checking axum-client-ip v0.5.0
[INFO] [stderr]     Checking ravif v0.11.3
[INFO] [stderr]     Checking image v0.24.7
[INFO] [stderr]     Checking aom-decode v0.2.7
[INFO] [stderr]     Checking avif-decode v0.2.2
[INFO] [stderr]  Documenting image-optim v0.3.1 (/opt/rustwide/workdir)
[INFO] [stderr]     Finished dev [unoptimized + debuginfo] target(s) in 56.71s
[INFO] [stderr]    Generated /opt/rustwide/target/doc/image_optim/index.html
[INFO] running `Command { std: "docker" "inspect" "29be66f2e03913983815293fedf6131ffa477fb3de474da8c08da29aa8956a22", kill_on_drop: false }`
[INFO] running `Command { std: "docker" "rm" "-f" "29be66f2e03913983815293fedf6131ffa477fb3de474da8c08da29aa8956a22", kill_on_drop: false }`
[INFO] [stdout] 29be66f2e03913983815293fedf6131ffa477fb3de474da8c08da29aa8956a22
