[INFO] cloning repository https://github.com/dmweis/hopper_rust
[INFO] running `Command { std: "git" "-c" "credential.helper=" "-c" "credential.helper=/workspace/cargo-home/bin/git-credential-null" "clone" "--bare" "https://github.com/dmweis/hopper_rust" "/workspace/cache/git-repos/https%3A%2F%2Fgithub.com%2Fdmweis%2Fhopper_rust", kill_on_drop: false }`
[INFO] [stderr] Cloning into bare repository '/workspace/cache/git-repos/https%3A%2F%2Fgithub.com%2Fdmweis%2Fhopper_rust'...
[INFO] running `Command { std: "git" "rev-parse" "HEAD", kill_on_drop: false }`
[INFO] [stdout] d6943d1c2afcdcdd28bd339d3ca646f0c77945ac
[INFO] documenting dmweis/hopper_rust against 1.75.0 for beta-1.76-rustdoc-1
[INFO] running `Command { std: "git" "clone" "/workspace/cache/git-repos/https%3A%2F%2Fgithub.com%2Fdmweis%2Fhopper_rust" "/workspace/builds/worker-6-tc1/source", kill_on_drop: false }`
[INFO] [stderr] Cloning into '/workspace/builds/worker-6-tc1/source'...
[INFO] [stderr] done.
[INFO] validating manifest of git repo https://github.com/dmweis/hopper_rust on toolchain 1.75.0
[INFO] running `Command { std: CARGO_HOME="/workspace/cargo-home" RUSTUP_HOME="/workspace/rustup-home" "/workspace/cargo-home/bin/cargo" "+1.75.0" "metadata" "--manifest-path" "Cargo.toml" "--no-deps", kill_on_drop: false }`
[INFO] started tweaking git repo https://github.com/dmweis/hopper_rust
[INFO] finished tweaking git repo https://github.com/dmweis/hopper_rust
[INFO] tweaked toml for git repo https://github.com/dmweis/hopper_rust written to /workspace/builds/worker-6-tc1/source/Cargo.toml
[INFO] crate git repo https://github.com/dmweis/hopper_rust already has a lockfile, it will not be regenerated
[INFO] running `Command { std: CARGO_HOME="/workspace/cargo-home" RUSTUP_HOME="/workspace/rustup-home" "/workspace/cargo-home/bin/cargo" "+1.75.0" "fetch" "--manifest-path" "Cargo.toml", kill_on_drop: false }`
[INFO] [stderr]     Updating git repository `https://github.com/dmweis/azure_tts`
[INFO] [stderr]     Updating crates.io index
[INFO] [stderr]     Updating git repository `https://github.com/dmweis/dynamixel-driver`
[INFO] [stderr]     Updating git repository `https://github.com/dmweis/last-message-channel`
[INFO] [stderr]     Updating git repository `https://github.com/dmweis/rplidar_driver`
[INFO] [stderr]     Updating git repository `https://github.com/tafia/quick-xml`
[INFO] [stderr]  Downloading crates ...
[INFO] [stderr]   Downloaded lz4_flex v0.10.0
[INFO] [stderr]   Downloaded v4l2-sys-mit v0.3.0
[INFO] [stderr]   Downloaded v4l v0.14.0
[INFO] [stderr]   Downloaded pnet v0.33.0
[INFO] [stderr]   Downloaded async-global-executor v2.4.0
[INFO] [stderr]   Downloaded pnet_transport v0.33.0
[INFO] [stderr]   Downloaded pnet_datalink v0.33.0
[INFO] [stderr]   Downloaded zenoh v0.7.2-rc
[INFO] [stderr]   Downloaded zenoh-link v0.7.2-rc
[INFO] [stderr]   Downloaded zenoh-collections v0.7.2-rc
[INFO] [stderr]   Downloaded pnet_sys v0.33.0
[INFO] [stderr]   Downloaded async-openai v0.17.1
[INFO] [stderr]   Downloaded git-version-macro v0.3.8
[INFO] [stderr]   Downloaded git-version v0.3.8
[INFO] [stderr]   Downloaded zenoh-link-tls v0.7.2-rc
[INFO] [stderr]   Downloaded zenoh-link-udp v0.7.2-rc
[INFO] [stderr]   Downloaded zenoh-link-unixsock_stream v0.7.2-rc
[INFO] [stderr]   Downloaded cobs-rs v1.1.2
[INFO] [stderr]   Downloaded prost-reflect-derive v0.11.0
[INFO] [stderr]   Downloaded zenoh-util v0.7.2-rc
[INFO] [stderr]   Downloaded zenoh-link-tcp v0.7.2-rc
[INFO] [stderr]   Downloaded async-rustls v0.4.1
[INFO] [stderr]   Downloaded zenoh-config v0.7.2-rc
[INFO] [stderr]   Downloaded zenoh-plugin-trait v0.7.2-rc
[INFO] [stderr]   Downloaded zenoh-link-commons v0.7.2-rc
[INFO] [stderr]   Downloaded zenoh-keyexpr v0.7.2-rc
[INFO] [stderr]   Downloaded zenoh-link-ws v0.7.2-rc
[INFO] [stderr]   Downloaded zenoh-sync v0.7.2-rc
[INFO] [stderr]   Downloaded zenoh-buffers v0.7.2-rc
[INFO] [stderr]   Downloaded zenoh-codec v0.7.2-rc
[INFO] [stderr]   Downloaded zenoh-link-quic v0.7.2-rc
[INFO] [stderr]   Downloaded zenoh-core v0.7.2-rc
[INFO] [stderr]   Downloaded prost-reflect-build v0.11.0
[INFO] [stderr]   Downloaded zenoh-crypto v0.7.2-rc
[INFO] [stderr]   Downloaded zenoh-result v0.7.2-rc
[INFO] [stderr]   Downloaded zenoh-cfg-properties v0.7.2-rc
[INFO] [stderr]   Downloaded zenoh-macros v0.7.2-rc
[INFO] [stderr]   Downloaded zenoh-protocol v0.7.2-rc
[INFO] [stderr]   Downloaded zenoh-transport v0.7.2-rc
[INFO] [stderr]   Downloaded prost-reflect v0.11.5
[INFO] running `Command { std: "docker" "create" "-v" "/var/lib/crater-agent-workspace/builds/worker-6-tc1/target:/opt/rustwide/target:rw,Z" "-v" "/var/lib/crater-agent-workspace/builds/worker-6-tc1/source:/opt/rustwide/workdir:ro,Z" "-v" "/var/lib/crater-agent-workspace/cargo-home:/opt/rustwide/cargo-home:ro,Z" "-v" "/var/lib/crater-agent-workspace/rustup-home:/opt/rustwide/rustup-home:ro,Z" "-e" "SOURCE_DIR=/opt/rustwide/workdir" "-e" "CARGO_TARGET_DIR=/opt/rustwide/target" "-e" "CARGO_HOME=/opt/rustwide/cargo-home" "-e" "RUSTUP_HOME=/opt/rustwide/rustup-home" "-w" "/opt/rustwide/workdir" "-m" "1610612736" "--user" "0:0" "--network" "none" "ghcr.io/rust-lang/crates-build-env/linux@sha256:2788e3201cd34a07e3172128adcd8b3090168a8e3bcc40d7c032b9dda1df7d1c" "/opt/rustwide/cargo-home/bin/cargo" "+1.75.0" "metadata" "--no-deps" "--format-version=1", kill_on_drop: false }`
[INFO] [stdout] f22ae239ab2297c0c9915fd91b1ae420d639997c02d5768b8cf1ff9c3d4c6959
[INFO] running `Command { std: "docker" "start" "-a" "f22ae239ab2297c0c9915fd91b1ae420d639997c02d5768b8cf1ff9c3d4c6959", kill_on_drop: false }`
[INFO] running `Command { std: "docker" "inspect" "f22ae239ab2297c0c9915fd91b1ae420d639997c02d5768b8cf1ff9c3d4c6959", kill_on_drop: false }`
[INFO] running `Command { std: "docker" "rm" "-f" "f22ae239ab2297c0c9915fd91b1ae420d639997c02d5768b8cf1ff9c3d4c6959", kill_on_drop: false }`
[INFO] [stdout] f22ae239ab2297c0c9915fd91b1ae420d639997c02d5768b8cf1ff9c3d4c6959
[INFO] running `Command { std: "docker" "create" "-v" "/var/lib/crater-agent-workspace/builds/worker-6-tc1/target:/opt/rustwide/target:rw,Z" "-v" "/var/lib/crater-agent-workspace/builds/worker-6-tc1/source:/opt/rustwide/workdir:ro,Z" "-v" "/var/lib/crater-agent-workspace/cargo-home:/opt/rustwide/cargo-home:ro,Z" "-v" "/var/lib/crater-agent-workspace/rustup-home:/opt/rustwide/rustup-home:ro,Z" "-e" "SOURCE_DIR=/opt/rustwide/workdir" "-e" "CARGO_TARGET_DIR=/opt/rustwide/target" "-e" "CARGO_INCREMENTAL=0" "-e" "RUST_BACKTRACE=full" "-e" "RUSTFLAGS=--cap-lints=warn" "-e" "RUSTDOCFLAGS=--cap-lints=warn" "-e" "CARGO_HOME=/opt/rustwide/cargo-home" "-e" "RUSTUP_HOME=/opt/rustwide/rustup-home" "-w" "/opt/rustwide/workdir" "-m" "1610612736" "--user" "0:0" "--network" "none" "ghcr.io/rust-lang/crates-build-env/linux@sha256:2788e3201cd34a07e3172128adcd8b3090168a8e3bcc40d7c032b9dda1df7d1c" "/opt/rustwide/cargo-home/bin/cargo" "+1.75.0" "doc" "--frozen" "--no-deps" "--document-private-items" "--message-format=json", kill_on_drop: false }`
[INFO] [stdout] b40e9020ca2fe4189eb2587dfe5e9ad8dce234422f694c4f4a9deb70e4c1f564
[INFO] running `Command { std: "docker" "start" "-a" "b40e9020ca2fe4189eb2587dfe5e9ad8dce234422f694c4f4a9deb70e4c1f564", kill_on_drop: false }`
[INFO] [stderr]    Compiling proc-macro2 v1.0.69
[INFO] [stderr]    Compiling unicode-ident v1.0.12
[INFO] [stderr]    Compiling autocfg v1.1.0
[INFO] [stderr]    Compiling libc v0.2.150
[INFO] [stderr]     Checking cfg-if v1.0.0
[INFO] [stderr]     Checking value-bag v1.4.2
[INFO] [stderr]     Checking once_cell v1.18.0
[INFO] [stderr]    Compiling version_check v0.9.4
[INFO] [stderr]     Checking pin-project-lite v0.2.13
[INFO] [stderr]     Checking scopeguard v1.2.0
[INFO] [stderr]     Checking memchr v2.6.4
[INFO] [stderr]     Checking bitflags v1.3.2
[INFO] [stderr]    Compiling syn v1.0.109
[INFO] [stderr]    Compiling serde v1.0.193
[INFO] [stderr]    Compiling futures-core v0.3.29
[INFO] [stderr]     Checking spin v0.5.2
[INFO] [stderr]     Checking bytes v1.5.0
[INFO] [stderr]     Checking futures-io v0.3.29
[INFO] [stderr]    Compiling crossbeam-utils v0.8.16
[INFO] [stderr]    Compiling pkg-config v0.3.27
[INFO] [stderr]     Checking tracing-core v0.1.32
[INFO] [stderr]     Checking lazy_static v1.4.0
[INFO] [stderr]    Compiling anyhow v1.0.75
[INFO] [stderr]     Checking bitflags v2.4.1
[INFO] [stderr]     Checking log v0.4.20
[INFO] [stderr]     Checking pin-utils v0.1.0
[INFO] [stderr]    Compiling slab v0.4.9
[INFO] [stderr]    Compiling lock_api v0.4.11
[INFO] [stderr]     Checking futures-sink v0.3.29
[INFO] [stderr]    Compiling typenum v1.17.0
[INFO] [stderr]     Checking parking v2.2.0
[INFO] [stderr]    Compiling futures-task v0.3.29
[INFO] [stderr]    Compiling futures-channel v0.3.29
[INFO] [stderr]    Compiling thiserror v1.0.50
[INFO] [stderr]    Compiling futures-util v0.3.29
[INFO] [stderr]     Checking ppv-lite86 v0.2.17
[INFO] [stderr]     Checking itoa v1.0.9
[INFO] [stderr]    Compiling regex-syntax v0.8.2
[INFO] [stderr]     Checking concurrent-queue v2.3.0
[INFO] [stderr]    Compiling paste v1.0.14
[INFO] [stderr]    Compiling libm v0.2.8
[INFO] [stderr]    Compiling quote v1.0.33
[INFO] [stderr]    Compiling aho-corasick v1.1.2
[INFO] [stderr]     Checking event-listener v4.0.0
[INFO] [stderr]    Compiling num-traits v0.2.17
[INFO] [stderr]    Compiling ahash v0.8.6
[INFO] [stderr]    Compiling rustix v0.38.25
[INFO] [stderr]    Compiling syn v2.0.39
[INFO] [stderr]     Checking spin v0.9.8
[INFO] [stderr]     Checking event-listener-strategy v0.4.0
[INFO] [stderr]    Compiling cc v1.0.83
[INFO] [stderr]     Checking linux-raw-sys v0.4.11
[INFO] [stderr]     Checking fastrand v2.0.1
[INFO] [stderr]     Checking async-lock v3.1.2
[INFO] [stderr]    Compiling generic-array v0.14.7
[INFO] [stderr]     Checking futures-lite v2.0.1
[INFO] [stderr]     Checking event-listener v2.5.3
[INFO] [stderr]    Compiling io-lifetimes v1.0.11
[INFO] [stderr]     Checking hashbrown v0.14.2
[INFO] [stderr]     Checking smallvec v1.11.2
[INFO] [stderr]     Checking equivalent v1.0.1
[INFO] [stderr]     Checking getrandom v0.2.11
[INFO] [stderr]     Checking num_cpus v1.16.0
[INFO] [stderr]     Checking signal-hook-registry v1.4.1
[INFO] [stderr]     Checking mio v0.8.9
[INFO] [stderr]     Checking socket2 v0.5.5
[INFO] [stderr]     Checking rand_core v0.6.4
[INFO] [stderr]     Checking socket2 v0.4.10
[INFO] [stderr]     Checking zenoh-result v0.7.2-rc
[INFO] [stderr]    Compiling polling v2.8.0
[INFO] [stderr]     Checking rand_chacha v0.3.1
[INFO] [stderr]    Compiling xml-rs v0.8.19
[INFO] [stderr]     Checking untrusted v0.9.0
[INFO] [stderr]     Checking indexmap v2.1.0
[INFO] [stderr]    Compiling rustix v0.37.27
[INFO] [stderr]    Compiling async-io v1.13.0
[INFO] [stderr]     Checking rand v0.8.5
[INFO] [stderr]    Compiling ahash v0.7.7
[INFO] [stderr]     Checking zerocopy v0.7.26
[INFO] [stderr]     Checking linux-raw-sys v0.3.8
[INFO] [stderr]     Checking async-task v4.5.0
[INFO] [stderr]    Compiling async-trait v0.1.74
[INFO] [stderr]     Checking fastrand v1.9.0
[INFO] [stderr]     Checking atomic-waker v1.1.2
[INFO] [stderr]     Checking tinyvec_macros v0.1.1
[INFO] [stderr]     Checking waker-fn v1.1.1
[INFO] [stderr]     Checking piper v0.2.1
[INFO] [stderr]     Checking tinyvec v1.6.0
[INFO] [stderr]    Compiling regex-automata v0.4.3
[INFO] [stderr]    Compiling ring v0.17.5
[INFO] [stderr]     Checking futures-lite v1.13.0
[INFO] [stderr]     Checking async-lock v2.8.0
[INFO] [stderr]     Checking async-channel v2.1.1
[INFO] [stderr]     Checking byteorder v1.5.0
[INFO] [stderr]     Checking ryu v1.0.15
[INFO] [stderr]    Compiling either v1.9.0
[INFO] [stderr]     Checking const-oid v0.9.5
[INFO] [stderr]     Checking hashbrown v0.13.2
[INFO] [stderr]     Checking async-executor v1.8.0
[INFO] [stderr]     Checking uuid v1.6.1
[INFO] [stderr]     Checking async-channel v1.9.0
[INFO] [stderr]     Checking event-listener v3.1.0
[INFO] [stderr]     Checking zenoh-collections v0.7.2-rc
[INFO] [stderr]     Checking no-std-net v0.6.0
[INFO] [stderr]    Compiling serde_json v1.0.108
[INFO] [stderr]     Checking humantime v2.1.0
[INFO] [stderr]     Checking fnv v1.0.7
[INFO] [stderr]     Checking zenoh-buffers v0.7.2-rc
[INFO] [stderr]     Checking pnet_base v0.33.0
[INFO] [stderr]     Checking hashbrown v0.12.3
[INFO] [stderr]     Checking crypto-common v0.1.6
[INFO] [stderr]     Checking token-cell v1.5.0
[INFO] [stderr]     Checking kv-log-macro v1.0.7
[INFO] [stderr]     Checking keyed-set v0.4.5
[INFO] [stderr]     Checking percent-encoding v2.3.1
[INFO] [stderr]    Compiling rustls v0.21.9
[INFO] [stderr]     Checking http v0.2.11
[INFO] [stderr]     Checking nanorand v0.7.0
[INFO] [stderr]     Checking hex v0.4.3
[INFO] [stderr]    Compiling httparse v1.8.0
[INFO] [stderr]     Checking pnet_macros_support v0.33.0
[INFO] [stderr]     Checking block-buffer v0.10.4
[INFO] [stderr]     Checking pnet_sys v0.33.0
[INFO] [stderr]    Compiling indexmap v1.9.3
[INFO] [stderr]     Checking subtle v2.5.0
[INFO] [stderr]     Checking base64 v0.21.5
[INFO] [stderr]     Checking openssl-probe v0.1.5
[INFO] [stderr]     Checking strsim v0.10.0
[INFO] [stderr]     Checking option-ext v0.2.0
[INFO] [stderr]    Compiling num-integer v0.1.45
[INFO] [stderr]     Checking digest v0.10.7
[INFO] [stderr]     Checking dirs-sys v0.4.1
[INFO] [stderr]     Checking os_str_bytes v6.6.1
[INFO] [stderr]     Checking cfg-if v0.1.10
[INFO] [stderr]    Compiling pnet v0.33.0
[INFO] [stderr]    Compiling ucd-trie v0.1.6
[INFO] [stderr]    Compiling vcpkg v0.2.15
[INFO] [stderr]     Checking termcolor v1.4.0
[INFO] [stderr]     Checking clap_lex v0.2.4
[INFO] [stderr]     Checking rustls-pemfile v1.0.4
[INFO] [stderr]     Checking dirs v5.0.1
[INFO] [stderr]     Checking form_urlencoded v1.2.1
[INFO] [stderr]     Checking unicode-normalization v0.1.22
[INFO] [stderr]    Compiling wayland-scanner v0.28.6
[INFO] [stderr]     Checking atty v0.2.14
[INFO] [stderr]    Compiling memoffset v0.7.1
[INFO] [stderr]     Checking bytemuck v1.14.0
[INFO] [stderr]     Checking unicode-bidi v0.3.13
[INFO] [stderr]     Checking textwrap v0.16.0
[INFO] [stderr]     Checking shellexpand v3.1.0
[INFO] [stderr]    Compiling itertools v0.10.5
[INFO] [stderr]     Checking zenoh-cfg-properties v0.7.2-rc
[INFO] [stderr]    Compiling wayland-sys v0.28.6
[INFO] [stderr]     Checking clap v3.2.25
[INFO] [stderr]     Checking libloading v0.7.4
[INFO] [stderr]     Checking libloading v0.8.1
[INFO] [stderr]    Compiling khronos_api v3.1.0
[INFO] [stderr]     Checking idna v0.5.0
[INFO] [stderr]     Checking minimal-lexical v0.2.1
[INFO] [stderr]     Checking home v0.5.5
[INFO] [stderr]     Checking dlib v0.5.2
[INFO] [stderr]    Compiling regex v1.10.2
[INFO] [stderr]     Checking rustls-native-certs v0.6.3
[INFO] [stderr]    Compiling openssl-sys v0.9.96
[INFO] [stderr]    Compiling memoffset v0.9.0
[INFO] [stderr]    Compiling unicase v2.7.0
[INFO] [stderr]     Checking nom v7.1.3
[INFO] [stderr]     Checking url v2.5.0
[INFO] [stderr]     Checking zeroize v1.7.0
[INFO] [stderr]     Checking cpufeatures v0.2.11
[INFO] [stderr]     Checking nix v0.26.4
[INFO] [stderr]    Compiling wayland-client v0.28.6
[INFO] [stderr]     Checking nix v0.20.0
[INFO] [stderr]    Compiling crossbeam-epoch v0.9.15
[INFO] [stderr]    Compiling glob v0.3.1
[INFO] [stderr]    Compiling openssl v0.10.60
[INFO] [stderr]     Checking downcast-rs v1.2.0
[INFO] [stderr]     Checking foreign-types-shared v0.1.1
[INFO] [stderr]     Checking foreign-types v0.3.2
[INFO] [stderr]    Compiling gl_generator v0.14.0
[INFO] [stderr]    Compiling clang-sys v1.6.1
[INFO] [stderr]    Compiling ring v0.16.20
[INFO] [stderr]    Compiling num-iter v0.1.43
[INFO] [stderr]     Checking encoding_rs v0.8.33
[INFO] [stderr]     Checking rustc-hash v1.1.0
[INFO] [stderr]     Checking try-lock v0.2.4
[INFO] [stderr]    Compiling prettyplease v0.2.15
[INFO] [stderr]     Checking base64ct v1.6.0
[INFO] [stderr] error: could not compile `syn` (lib)
[INFO] [stderr] 
[INFO] [stderr] Caused by:
[INFO] [stderr]   process didn't exit successfully: `/opt/rustwide/rustup-home/toolchains/1.75.0-x86_64-unknown-linux-gnu/bin/rustc --crate-name syn --edition=2021 /opt/rustwide/cargo-home/registry/src/index.crates.io-6f17d22bba15001f/syn-2.0.39/src/lib.rs --error-format=json --json=diagnostic-rendered-ansi,artifacts,future-incompat --crate-type lib --emit=dep-info,metadata,link -C embed-bitcode=no --cfg 'feature="clone-impls"' --cfg 'feature="default"' --cfg 'feature="derive"' --cfg 'feature="extra-traits"' --cfg 'feature="full"' --cfg 'feature="parsing"' --cfg 'feature="printing"' --cfg 'feature="proc-macro"' --cfg 'feature="quote"' --cfg 'feature="visit-mut"' -C metadata=f08b664220871319 -C extra-filename=-f08b664220871319 --out-dir /opt/rustwide/target/debug/deps -L dependency=/opt/rustwide/target/debug/deps --extern proc_macro2=/opt/rustwide/target/debug/deps/libproc_macro2-b0428a9650860c4f.rmeta --extern quote=/opt/rustwide/target/debug/deps/libquote-748a85d111adb03c.rmeta --extern unicode_ident=/opt/rustwide/target/debug/deps/libunicode_ident-e03ce37406b474da.rmeta --cap-lints allow --cap-lints=warn` (signal: 9, SIGKILL: kill)
[INFO] [stderr] warning: build failed, waiting for other jobs to finish...
[INFO] running `Command { std: "docker" "inspect" "b40e9020ca2fe4189eb2587dfe5e9ad8dce234422f694c4f4a9deb70e4c1f564", kill_on_drop: false }`
[INFO] running `Command { std: "docker" "rm" "-f" "b40e9020ca2fe4189eb2587dfe5e9ad8dce234422f694c4f4a9deb70e4c1f564", kill_on_drop: false }`
[INFO] [stdout] b40e9020ca2fe4189eb2587dfe5e9ad8dce234422f694c4f4a9deb70e4c1f564
[INFO] documenting dmweis/hopper_rust against beta-2023-12-22 for beta-1.76-rustdoc-1
[INFO] running `Command { std: "git" "clone" "/workspace/cache/git-repos/https%3A%2F%2Fgithub.com%2Fdmweis%2Fhopper_rust" "/workspace/builds/worker-6-tc2/source", kill_on_drop: false }`
[INFO] [stderr] Cloning into '/workspace/builds/worker-6-tc2/source'...
[INFO] [stderr] done.
[INFO] validating manifest of git repo https://github.com/dmweis/hopper_rust on toolchain beta-2023-12-22
[INFO] running `Command { std: CARGO_HOME="/workspace/cargo-home" RUSTUP_HOME="/workspace/rustup-home" "/workspace/cargo-home/bin/cargo" "+beta-2023-12-22" "metadata" "--manifest-path" "Cargo.toml" "--no-deps", kill_on_drop: false }`
[INFO] started tweaking git repo https://github.com/dmweis/hopper_rust
[INFO] finished tweaking git repo https://github.com/dmweis/hopper_rust
[INFO] tweaked toml for git repo https://github.com/dmweis/hopper_rust written to /workspace/builds/worker-6-tc2/source/Cargo.toml
[INFO] crate git repo https://github.com/dmweis/hopper_rust already has a lockfile, it will not be regenerated
[INFO] running `Command { std: CARGO_HOME="/workspace/cargo-home" RUSTUP_HOME="/workspace/rustup-home" "/workspace/cargo-home/bin/cargo" "+beta-2023-12-22" "fetch" "--manifest-path" "Cargo.toml", kill_on_drop: false }`
[INFO] running `Command { std: "docker" "create" "-v" "/var/lib/crater-agent-workspace/builds/worker-6-tc2/target:/opt/rustwide/target:rw,Z" "-v" "/var/lib/crater-agent-workspace/builds/worker-6-tc2/source:/opt/rustwide/workdir:ro,Z" "-v" "/var/lib/crater-agent-workspace/cargo-home:/opt/rustwide/cargo-home:ro,Z" "-v" "/var/lib/crater-agent-workspace/rustup-home:/opt/rustwide/rustup-home:ro,Z" "-e" "SOURCE_DIR=/opt/rustwide/workdir" "-e" "CARGO_TARGET_DIR=/opt/rustwide/target" "-e" "CARGO_HOME=/opt/rustwide/cargo-home" "-e" "RUSTUP_HOME=/opt/rustwide/rustup-home" "-w" "/opt/rustwide/workdir" "-m" "1610612736" "--user" "0:0" "--network" "none" "ghcr.io/rust-lang/crates-build-env/linux@sha256:2788e3201cd34a07e3172128adcd8b3090168a8e3bcc40d7c032b9dda1df7d1c" "/opt/rustwide/cargo-home/bin/cargo" "+beta-2023-12-22" "metadata" "--no-deps" "--format-version=1", kill_on_drop: false }`
[INFO] [stdout] 9adbc73133cd6ad0f6cb52b19550103ca9281a1135ef9aef2224461fce13689e
[INFO] running `Command { std: "docker" "start" "-a" "9adbc73133cd6ad0f6cb52b19550103ca9281a1135ef9aef2224461fce13689e", kill_on_drop: false }`
[INFO] running `Command { std: "docker" "inspect" "9adbc73133cd6ad0f6cb52b19550103ca9281a1135ef9aef2224461fce13689e", kill_on_drop: false }`
[INFO] running `Command { std: "docker" "rm" "-f" "9adbc73133cd6ad0f6cb52b19550103ca9281a1135ef9aef2224461fce13689e", kill_on_drop: false }`
[INFO] [stdout] 9adbc73133cd6ad0f6cb52b19550103ca9281a1135ef9aef2224461fce13689e
[INFO] running `Command { std: "docker" "create" "-v" "/var/lib/crater-agent-workspace/builds/worker-6-tc2/target:/opt/rustwide/target:rw,Z" "-v" "/var/lib/crater-agent-workspace/builds/worker-6-tc2/source:/opt/rustwide/workdir:ro,Z" "-v" "/var/lib/crater-agent-workspace/cargo-home:/opt/rustwide/cargo-home:ro,Z" "-v" "/var/lib/crater-agent-workspace/rustup-home:/opt/rustwide/rustup-home:ro,Z" "-e" "SOURCE_DIR=/opt/rustwide/workdir" "-e" "CARGO_TARGET_DIR=/opt/rustwide/target" "-e" "CARGO_INCREMENTAL=0" "-e" "RUST_BACKTRACE=full" "-e" "RUSTFLAGS=--cap-lints=warn" "-e" "RUSTDOCFLAGS=--cap-lints=warn" "-e" "CARGO_HOME=/opt/rustwide/cargo-home" "-e" "RUSTUP_HOME=/opt/rustwide/rustup-home" "-w" "/opt/rustwide/workdir" "-m" "1610612736" "--user" "0:0" "--network" "none" "ghcr.io/rust-lang/crates-build-env/linux@sha256:2788e3201cd34a07e3172128adcd8b3090168a8e3bcc40d7c032b9dda1df7d1c" "/opt/rustwide/cargo-home/bin/cargo" "+beta-2023-12-22" "doc" "--frozen" "--no-deps" "--document-private-items" "--message-format=json", kill_on_drop: false }`
[INFO] [stdout] b4a00f24c12b4b727d80e0a3c3a48ddc534454b0b9b48fd058a4112bd6300160
[INFO] running `Command { std: "docker" "start" "-a" "b4a00f24c12b4b727d80e0a3c3a48ddc534454b0b9b48fd058a4112bd6300160", kill_on_drop: false }`
[INFO] [stderr]    Compiling proc-macro2 v1.0.69
[INFO] [stderr]    Compiling unicode-ident v1.0.12
[INFO] [stderr]    Compiling autocfg v1.1.0
[INFO] [stderr]    Compiling libc v0.2.150
[INFO] [stderr]     Checking cfg-if v1.0.0
[INFO] [stderr]     Checking value-bag v1.4.2
[INFO] [stderr]     Checking once_cell v1.18.0
[INFO] [stderr]    Compiling version_check v0.9.4
[INFO] [stderr]     Checking pin-project-lite v0.2.13
[INFO] [stderr]     Checking memchr v2.6.4
[INFO] [stderr]     Checking scopeguard v1.2.0
[INFO] [stderr]     Checking bitflags v1.3.2
[INFO] [stderr]    Compiling serde v1.0.193
[INFO] [stderr]    Compiling syn v1.0.109
[INFO] [stderr]    Compiling futures-core v0.3.29
[INFO] [stderr]     Checking spin v0.5.2
[INFO] [stderr]     Checking bytes v1.5.0
[INFO] [stderr]    Compiling crossbeam-utils v0.8.16
[INFO] [stderr]     Checking futures-io v0.3.29
[INFO] [stderr]    Compiling pkg-config v0.3.27
[INFO] [stderr]     Checking tracing-core v0.1.32
[INFO] [stderr]     Checking lazy_static v1.4.0
[INFO] [stderr]    Compiling anyhow v1.0.75
[INFO] [stderr]     Checking log v0.4.20
[INFO] [stderr]    Compiling slab v0.4.9
[INFO] [stderr]    Compiling lock_api v0.4.11
[INFO] [stderr]     Checking bitflags v2.4.1
[INFO] [stderr]     Checking pin-utils v0.1.0
[INFO] [stderr]    Compiling typenum v1.17.0
[INFO] [stderr]     Checking futures-sink v0.3.29
[INFO] [stderr]     Checking parking v2.2.0
[INFO] [stderr]    Compiling futures-task v0.3.29
[INFO] [stderr]    Compiling futures-channel v0.3.29
[INFO] [stderr]    Compiling futures-util v0.3.29
[INFO] [stderr]     Checking ppv-lite86 v0.2.17
[INFO] [stderr]    Compiling thiserror v1.0.50
[INFO] [stderr]     Checking itoa v1.0.9
[INFO] [stderr]    Compiling paste v1.0.14
[INFO] [stderr]     Checking concurrent-queue v2.3.0
[INFO] [stderr]    Compiling aho-corasick v1.1.2
[INFO] [stderr]    Compiling regex-syntax v0.8.2
[INFO] [stderr]    Compiling libm v0.2.8
[INFO] [stderr]    Compiling quote v1.0.33
[INFO] [stderr]     Checking spin v0.9.8
[INFO] [stderr]     Checking event-listener v4.0.0
[INFO] [stderr]    Compiling ahash v0.8.6
[INFO] [stderr]    Compiling num-traits v0.2.17
[INFO] [stderr]    Compiling rustix v0.38.25
[INFO] [stderr]     Checking fastrand v2.0.1
[INFO] [stderr]    Compiling syn v2.0.39
[INFO] [stderr]     Checking event-listener-strategy v0.4.0
[INFO] [stderr]     Checking linux-raw-sys v0.4.11
[INFO] [stderr]    Compiling cc v1.0.83
[INFO] [stderr]     Checking futures-lite v2.0.1
[INFO] [stderr]     Checking async-lock v3.1.2
[INFO] [stderr]    Compiling generic-array v0.14.7
[INFO] [stderr]     Checking event-listener v2.5.3
[INFO] [stderr]    Compiling io-lifetimes v1.0.11
[INFO] [stderr]     Checking hashbrown v0.14.2
[INFO] [stderr]     Checking smallvec v1.11.2
[INFO] [stderr]     Checking equivalent v1.0.1
[INFO] [stderr]     Checking zenoh-result v0.7.2-rc
[INFO] [stderr]    Compiling polling v2.8.0
[INFO] [stderr]    Compiling xml-rs v0.8.19
[INFO] [stderr]     Checking getrandom v0.2.11
[INFO] [stderr]     Checking signal-hook-registry v1.4.1
[INFO] [stderr]     Checking num_cpus v1.16.0
[INFO] [stderr]     Checking mio v0.8.9
[INFO] [stderr]     Checking socket2 v0.5.5
[INFO] [stderr]     Checking socket2 v0.4.10
[INFO] [stderr]     Checking rand_core v0.6.4
[INFO] [stderr]    Compiling rustix v0.37.27
[INFO] [stderr]     Checking rand_chacha v0.3.1
[INFO] [stderr]     Checking untrusted v0.9.0
[INFO] [stderr]    Compiling ahash v0.7.7
[INFO] [stderr]    Compiling async-io v1.13.0
[INFO] [stderr]     Checking rand v0.8.5
[INFO] [stderr]     Checking indexmap v2.1.0
[INFO] [stderr]    Compiling async-trait v0.1.74
[INFO] [stderr]     Checking tinyvec_macros v0.1.1
[INFO] [stderr]     Checking zerocopy v0.7.26
[INFO] [stderr]     Checking atomic-waker v1.1.2
[INFO] [stderr]     Checking fastrand v1.9.0
[INFO] [stderr]     Checking waker-fn v1.1.1
[INFO] [stderr]     Checking linux-raw-sys v0.3.8
[INFO] [stderr]     Checking async-task v4.5.0
[INFO] [stderr]     Checking futures-lite v1.13.0
[INFO] [stderr]     Checking piper v0.2.1
[INFO] [stderr]    Compiling ring v0.17.5
[INFO] [stderr]    Compiling regex-automata v0.4.3
[INFO] [stderr]     Checking tinyvec v1.6.0
[INFO] [stderr]     Checking async-lock v2.8.0
[INFO] [stderr]     Checking async-channel v2.1.1
[INFO] [stderr]    Compiling either v1.9.0
[INFO] [stderr]     Checking ryu v1.0.15
[INFO] [stderr]     Checking byteorder v1.5.0
[INFO] [stderr]     Checking const-oid v0.9.5
[INFO] [stderr]     Checking hashbrown v0.13.2
[INFO] [stderr]     Checking async-executor v1.8.0
[INFO] [stderr]     Checking uuid v1.6.1
[INFO] [stderr]     Checking async-channel v1.9.0
[INFO] [stderr]     Checking event-listener v3.1.0
[INFO] [stderr]     Checking zenoh-collections v0.7.2-rc
[INFO] [stderr]     Checking fnv v1.0.7
[INFO] [stderr]     Checking no-std-net v0.6.0
[INFO] [stderr]    Compiling serde_json v1.0.108
[INFO] [stderr]     Checking humantime v2.1.0
[INFO] [stderr]     Checking pnet_base v0.33.0
[INFO] [stderr]     Checking zenoh-buffers v0.7.2-rc
[INFO] [stderr]     Checking hashbrown v0.12.3
[INFO] [stderr]     Checking crypto-common v0.1.6
[INFO] [stderr]     Checking token-cell v1.5.0
[INFO] [stderr]     Checking kv-log-macro v1.0.7
[INFO] [stderr]    Compiling rustls v0.21.9
[INFO] [stderr]     Checking percent-encoding v2.3.1
[INFO] [stderr]     Checking keyed-set v0.4.5
[INFO] [stderr]     Checking http v0.2.11
[INFO] [stderr]     Checking nanorand v0.7.0
[INFO] [stderr]     Checking hex v0.4.3
[INFO] [stderr]    Compiling httparse v1.8.0
[INFO] [stderr]     Checking pnet_macros_support v0.33.0
[INFO] [stderr]     Checking block-buffer v0.10.4
[INFO] [stderr]     Checking pnet_sys v0.33.0
[INFO] [stderr]    Compiling indexmap v1.9.3
[INFO] [stderr]     Checking strsim v0.10.0
[INFO] [stderr]     Checking base64 v0.21.5
[INFO] [stderr]     Checking openssl-probe v0.1.5
[INFO] [stderr]     Checking option-ext v0.2.0
[INFO] [stderr]     Checking subtle v2.5.0
[INFO] [stderr]    Compiling num-integer v0.1.45
[INFO] [stderr]     Checking dirs-sys v0.4.1
[INFO] [stderr]     Checking termcolor v1.4.0
[INFO] [stderr]    Compiling pnet v0.33.0
[INFO] [stderr]     Checking digest v0.10.7
[INFO] [stderr]     Checking os_str_bytes v6.6.1
[INFO] [stderr]    Compiling ucd-trie v0.1.6
[INFO] [stderr]     Checking cfg-if v0.1.10
[INFO] [stderr]    Compiling vcpkg v0.2.15
[INFO] [stderr]     Checking rustls-pemfile v1.0.4
[INFO] [stderr]     Checking dirs v5.0.1
[INFO] [stderr]     Checking form_urlencoded v1.2.1
[INFO] [stderr]     Checking clap_lex v0.2.4
[INFO] [stderr]     Checking unicode-normalization v0.1.22
[INFO] [stderr]    Compiling wayland-scanner v0.28.6
[INFO] [stderr]     Checking atty v0.2.14
[INFO] [stderr]    Compiling memoffset v0.7.1
[INFO] [stderr]     Checking textwrap v0.16.0
[INFO] [stderr]     Checking unicode-bidi v0.3.13
[INFO] [stderr]     Checking bytemuck v1.14.0
[INFO] [stderr]     Checking shellexpand v3.1.0
[INFO] [stderr]     Checking clap v3.2.25
[INFO] [stderr]    Compiling itertools v0.10.5
[INFO] [stderr]     Checking zenoh-cfg-properties v0.7.2-rc
[INFO] [stderr]    Compiling wayland-sys v0.28.6
[INFO] [stderr]     Checking libloading v0.7.4
[INFO] [stderr]     Checking idna v0.5.0
[INFO] [stderr]     Checking libloading v0.8.1
[INFO] [stderr]     Checking home v0.5.5
[INFO] [stderr]    Compiling khronos_api v3.1.0
[INFO] [stderr]     Checking minimal-lexical v0.2.1
[INFO] [stderr]     Checking dlib v0.5.2
[INFO] [stderr]     Checking rustls-native-certs v0.6.3
[INFO] [stderr]    Compiling openssl-sys v0.9.96
[INFO] [stderr]    Compiling unicase v2.7.0
[INFO] [stderr]     Checking url v2.5.0
[INFO] [stderr]    Compiling memoffset v0.9.0
[INFO] [stderr]    Compiling regex v1.10.2
[INFO] [stderr]     Checking nom v7.1.3
[INFO] [stderr]     Checking cpufeatures v0.2.11
[INFO] [stderr]     Checking zeroize v1.7.0
[INFO] [stderr]     Checking nix v0.26.4
[INFO] [stderr]    Compiling wayland-client v0.28.6
[INFO] [stderr]     Checking nix v0.20.0
[INFO] [stderr]    Compiling crossbeam-epoch v0.9.15
[INFO] [stderr]    Compiling openssl v0.10.60
[INFO] [stderr]    Compiling glob v0.3.1
[INFO] [stderr]     Checking foreign-types-shared v0.1.1
[INFO] [stderr]     Checking downcast-rs v1.2.0
[INFO] [stderr]     Checking foreign-types v0.3.2
[INFO] [stderr]    Compiling gl_generator v0.14.0
[INFO] [stderr]    Compiling ring v0.16.20
[INFO] [stderr]    Compiling num-iter v0.1.43
[INFO] [stderr]     Checking encoding_rs v0.8.33
[INFO] [stderr]    Compiling clang-sys v1.6.1
[INFO] [stderr]    Compiling prettyplease v0.2.15
[INFO] [stderr]    Compiling which v4.4.2
[INFO] [stderr]     Checking base64ct v1.6.0
[INFO] [stderr]    Compiling native-tls v0.2.11
[INFO] [stderr]     Checking try-lock v0.2.4
[INFO] [stderr]     Checking scoped-tls v1.0.1
[INFO] [stderr]     Checking rustc-hash v1.1.0
[INFO] [stderr]    Compiling semver v1.0.20
[INFO] [stderr]     Checking base64 v0.13.1
[INFO] [stderr]     Checking want v0.3.1
[INFO] [stderr]     Checking pem-rfc7468 v0.6.0
[INFO] [stderr]     Checking http-body v0.4.5
[INFO] [stderr]     Checking instant v0.1.12
[INFO] [stderr]    Compiling nix v0.18.0
[INFO] [stderr]     Checking tower-service v0.3.2
[INFO] [stderr]     Checking untrusted v0.7.1
[INFO] [stderr]     Checking unsafe-libyaml v0.2.9
[INFO] [stderr]     Checking ttf-parser v0.15.2
[INFO] [stderr]    Compiling ident_case v1.0.1
[INFO] [stderr]     Checking httpdate v1.0.3
[INFO] [stderr]    Compiling rayon-core v1.12.0
[INFO] [stderr]    Compiling async-attributes v1.1.2
[INFO] [stderr]    Compiling pnet_macros v0.33.0
[INFO] [stderr]    Compiling prost-derive v0.11.9
[INFO] [stderr]    Compiling unzip-n v0.1.2
[INFO] [stderr]    Compiling serde_derive v1.0.193
[INFO] [stderr]    Compiling tracing-attributes v0.1.27
[INFO] [stderr]    Compiling tokio-macros v2.2.0
[INFO] [stderr]    Compiling futures-macro v0.3.29
[INFO] [stderr]    Compiling thiserror-impl v1.0.50
[INFO] [stderr]    Compiling pin-project-internal v1.1.3
[INFO] [stderr]     Checking rustls-webpki v0.101.7
[INFO] [stderr]     Checking sct v0.7.1
[INFO] [stderr]    Compiling openssl-macros v0.1.1
[INFO] [stderr]     Checking wayland-commons v0.28.6
[INFO] [stderr]    Compiling validated_struct_macros v2.1.0
[INFO] [stderr]     Checking tokio v1.34.0
[INFO] [stderr]     Checking owned_ttf_parser v0.15.2
[INFO] [stderr]     Checking webpki v0.22.4
[INFO] [stderr]    Compiling darling_core v0.14.4
[INFO] [stderr]     Checking crossbeam-deque v0.8.3
[INFO] [stderr]     Checking pin-project v1.1.3
[INFO] [stderr]     Checking pnet_packet v0.33.0
[INFO] [stderr]     Checking tracing v0.1.40
[INFO] [stderr]    Compiling mime_guess v2.0.4
[INFO] [stderr]     Checking flume v0.10.14
[INFO] [stderr]    Compiling prost v0.11.9
[INFO] [stderr]     Checking pest v2.7.5
[INFO] [stderr]     Checking polling v3.3.1
[INFO] [stderr]     Checking blocking v1.5.1
[INFO] [stderr]     Checking der v0.6.1
[INFO] [stderr]    Compiling wayland-protocols v0.28.6
[INFO] [stderr]     Checking sha1 v0.10.6
[INFO] [stderr]     Checking async-io v2.2.1
[INFO] [stderr]    Compiling x11-dl v2.21.0
[INFO] [stderr]    Compiling crossbeam-utils v0.7.2
[INFO] [stderr]    Compiling memoffset v0.5.6
[INFO] [stderr]     Checking ab_glyph_rasterizer v0.1.8
[INFO] [stderr]     Checking utf-8 v0.7.6
[INFO] [stderr]    Compiling prettyplease v0.1.25
[INFO] [stderr]    Compiling maybe-uninit v2.0.0
[INFO] [stderr]    Compiling heck v0.4.1
[INFO] [stderr]     Checking same-file v1.0.6
[INFO] [stderr]    Compiling parking_lot_core v0.8.6
[INFO] [stderr]    Compiling bindgen v0.65.1
[INFO] [stderr]     Checking async-signal v0.2.5
[INFO] [stderr]     Checking spki v0.6.0
[INFO] [stderr]     Checking async-process v1.8.1
[INFO] [stderr]     Checking walkdir v2.4.0
[INFO] [stderr]     Checking tungstenite v0.18.0
[INFO] [stderr]     Checking rusttype v0.9.3
[INFO] [stderr]     Checking quinn-proto v0.10.6
[INFO] [stderr]    Compiling pest_meta v2.7.5
[INFO] [stderr]    Compiling prost-types v0.11.9
[INFO] [stderr]     Checking quinn-udp v0.4.1
[INFO] [stderr]    Compiling rustc_version v0.4.0
[INFO] [stderr]    Compiling cexpr v0.6.0
[INFO] [stderr]    Compiling prost-reflect-derive v0.11.0
[INFO] [stderr]     Checking futures-executor v0.3.29
[INFO] [stderr]     Checking futures v0.3.29
[INFO] [stderr]    Compiling pest_generator v2.7.5
[INFO] [stderr]     Checking pnet_transport v0.33.0
[INFO] [stderr]    Compiling darling_macro v0.14.4
[INFO] [stderr]     Checking xcursor v0.3.4
[INFO] [stderr]     Checking safe_arch v0.7.1
[INFO] [stderr]     Checking net2 v0.2.39
[INFO] [stderr]     Checking inout v0.1.3
[INFO] [stderr]     Checking iovec v0.1.4
[INFO] [stderr]    Compiling alsa-sys v0.3.1
[INFO] [stderr]    Compiling matrixmultiply v0.3.8
[INFO] [stderr]    Compiling miniz_oxide v0.4.4
[INFO] [stderr]    Compiling crossbeam-epoch v0.8.2
[INFO] [stderr]    Compiling num-rational v0.4.1
[INFO] [stderr]     Checking libloading v0.6.7
[INFO] [stderr]    Compiling peeking_take_while v0.1.2
[INFO] [stderr]     Checking mime v0.3.17
[INFO] [stderr]    Compiling parking_lot_core v0.9.9
[INFO] [stderr]    Compiling fixedbitset v0.4.2
[INFO] [stderr]    Compiling num-bigint-dig v0.8.4
[INFO] [stderr]    Compiling shlex v1.2.0
[INFO] [stderr]     Checking xdg v2.5.2
[INFO] [stderr]     Checking async-global-executor v2.4.0
[INFO] [stderr]     Checking tokio-util v0.7.10
[INFO] [stderr]     Checking tokio-rustls v0.24.1
[INFO] [stderr]     Checking tokio-native-tls v0.3.1
[INFO] [stderr]     Checking arrayvec v0.7.4
[INFO] [stderr]     Checking async-std v1.12.0
[INFO] [stderr]    Compiling lazycell v1.3.0
[INFO] [stderr]    Compiling crc32fast v1.3.2
[INFO] [stderr]     Checking cty v0.2.2
[INFO] [stderr]     Checking adler32 v1.2.0
[INFO] [stderr]     Checking raw-window-handle v0.4.3
[INFO] [stderr]    Compiling tempfile v3.8.1
[INFO] [stderr]     Checking symphonia-core v0.5.3
[INFO] [stderr]    Compiling petgraph v0.6.4
[INFO] [stderr]    Compiling pest_derive v2.7.5
[INFO] [stderr]     Checking tokio-tungstenite v0.18.0
[INFO] [stderr]     Checking andrew v0.3.1
[INFO] [stderr]     Checking h2 v0.3.22
[INFO] [stderr]    Compiling darling v0.14.4
[INFO] [stderr]     Checking quinn v0.10.2
[INFO] [stderr]     Checking dlib v0.4.2
[INFO] [stderr]     Checking wide v0.7.13
[INFO] [stderr]     Checking mio v0.6.23
[INFO] [stderr]     Checking cipher v0.4.4
[INFO] [stderr]     Checking wayland-cursor v0.28.6
[INFO] [stderr]     Checking calloop v0.6.5
[INFO] [stderr]     Checking rayon v1.8.0
[INFO] [stderr]     Checking uhlc v0.6.3
[INFO] [stderr]     Checking zenoh-keyexpr v0.7.2-rc
[INFO] [stderr]     Checking ipnetwork v0.20.0
[INFO] [stderr]     Checking json5 v0.4.1
[INFO] [stderr]     Checking serde_yaml v0.9.27
[INFO] [stderr]     Checking pnet_datalink v0.33.0
[INFO] [stderr]     Checking num-complex v0.4.4
[INFO] [stderr]     Checking serde_urlencoded v0.7.1
[INFO] [stderr]     Checking pkcs8 v0.9.0
[INFO] [stderr]     Checking async-rustls v0.4.1
[INFO] [stderr]     Checking webpki-roots v0.22.6
[INFO] [stderr]     Checking zenoh-protocol v0.7.2-rc
[INFO] [stderr]     Checking serialport v4.2.2
[INFO] [stderr]     Checking validated_struct v2.1.0
[INFO] [stderr]    Compiling glutin_egl_sys v0.1.6
[INFO] [stderr]    Compiling glutin_glx_sys v0.1.8
[INFO] [stderr]     Checking approx v0.5.1
[INFO] [stderr]     Checking zenoh-codec v0.7.2-rc
[INFO] [stderr]     Checking memmap2 v0.1.0
[INFO] [stderr]    Compiling libudev-sys v0.1.4
[INFO] [stderr]    Compiling slotmap v1.0.6
[INFO] [stderr]     Checking zenoh-core v0.7.2-rc
[INFO] [stderr]    Compiling num-rational v0.3.2
[INFO] [stderr]     Checking zenoh-util v0.7.2-rc
[INFO] [stderr]     Checking zenoh-sync v0.7.2-rc
[INFO] [stderr]     Checking rawpointer v0.2.1
[INFO] [stderr]     Checking zenoh-config v0.7.2-rc
[INFO] [stderr]     Checking utf8parse v0.2.1
[INFO] [stderr]     Checking linked-hash-map v0.5.6
[INFO] [stderr]     Checking weezl v0.1.7
[INFO] [stderr]     Checking zenoh-link-commons v0.7.2-rc
[INFO] [stderr]     Checking static_assertions v1.1.0
[INFO] [stderr]     Checking ipnet v2.9.0
[INFO] [stderr]    Compiling zenoh-macros v0.7.2-rc
[INFO] [stderr]     Checking adler v1.0.2
[INFO] [stderr]    Compiling build_const v0.2.2
[INFO] [stderr]     Checking keccak v0.1.4
[INFO] [stderr]    Compiling multimap v0.8.3
[INFO] [stderr]     Checking zenoh-link-ws v0.7.2-rc
[INFO] [stderr]    Compiling crc v1.8.1
[INFO] [stderr]    Compiling prost-build v0.11.9
[INFO] [stderr]     Checking sha3 v0.10.8
[INFO] [stderr]     Checking zenoh-link-tcp v0.7.2-rc
[INFO] [stderr]     Checking zenoh-link-unixsock_stream v0.7.2-rc
[INFO] [stderr]     Checking zenoh-link-udp v0.7.2-rc
[INFO] [stderr]     Checking jpeg-decoder v0.1.22
[INFO] [stderr]     Checking twox-hash v1.6.3
[INFO] [stderr]     Checking mio-extras v2.0.6
[INFO] [stderr]     Checking anstyle-parse v0.2.2
[INFO] [stderr]     Checking simba v0.7.3
[INFO] [stderr]     Checking parking_lot v0.11.2
[INFO] [stderr]     Checking pkcs1 v0.4.1
[INFO] [stderr]     Checking symphonia-metadata v0.5.3
[INFO] [stderr]     Checking aes v0.8.3
[INFO] [stderr]    Compiling derive_builder_core v0.12.0
[INFO] [stderr]     Checking raw-window-handle v0.3.4
[INFO] [stderr]     Checking zenoh-link-tls v0.7.2-rc
[INFO] [stderr]     Checking zenoh-link-quic v0.7.2-rc
[INFO] [stderr]     Checking hyper v0.14.27
[INFO] [stderr]     Checking miniz_oxide v0.3.7
[INFO] [stderr]     Checking deflate v0.8.6
[INFO] [stderr]    Compiling prost-reflect v0.11.5
[INFO] [stderr]    Compiling nalgebra-macros v0.1.0
[INFO] [stderr]     Checking signature v2.2.0
[INFO] [stderr]     Checking hmac v0.12.1
[INFO] [stderr]     Checking inotify-sys v0.1.5
[INFO] [stderr]     Checking shared_library v0.1.9
[INFO] [stderr]     Checking nix v0.27.1
[INFO] [stderr]     Checking nix v0.24.3
[INFO] [stderr]     Checking anstyle v1.0.4
[INFO] [stderr]     Checking cache-padded v1.3.0
[INFO] [stderr]    Compiling cpal v0.15.2
[INFO] [stderr]     Checking anstyle-query v1.0.0
[INFO] [stderr]     Checking colorchoice v1.0.0
[INFO] [stderr]     Checking dlv-list v0.3.0
[INFO] [stderr]     Checking color_quant v1.1.0
[INFO] [stderr]     Checking regex-syntax v0.6.29
[INFO] [stderr]     Checking vec_map v0.8.2
[INFO] [stderr]     Checking array-init v2.1.0
[INFO] [stderr]     Checking alsa v0.7.1
[INFO] [stderr]     Checking gif v0.11.4
[INFO] [stderr]     Checking ordered-multimap v0.4.3
[INFO] [stderr]     Checking ringbuffer-spsc v0.1.9
[INFO] [stderr]     Checking anstream v0.6.4
[INFO] [stderr]     Checking rsa v0.8.2
[INFO] [stderr]    Compiling derive_builder_macro v0.12.0
[INFO] [stderr]     Checking osmesa-sys v0.1.2
[INFO] [stderr]     Checking inotify v0.10.2
[INFO] [stderr]     Checking zenoh-crypto v0.7.2-rc
[INFO] [stderr]     Checking zenoh-link v0.7.2-rc
[INFO] [stderr]     Checking png v0.16.8
[INFO] [stderr]     Checking parking_lot v0.12.1
[INFO] [stderr]     Checking symphonia-bundle-mp3 v0.5.3
[INFO] [stderr]     Checking crossbeam-deque v0.7.4
[INFO] [stderr]     Checking lz4_flex v0.10.0
[INFO] [stderr]     Checking tiff v0.6.1
[INFO] [stderr]     Checking mio-serial v5.0.5
[INFO] [stderr]     Checking toml_datetime v0.6.5
[INFO] [stderr]     Checking serde_spanned v0.6.4
[INFO] [stderr]    Compiling zenoh v0.7.2-rc
[INFO] [stderr]     Checking wayland-egl v0.28.6
[INFO] [stderr]    Compiling prost-reflect-build v0.11.0
[INFO] [stderr]    Compiling git-version-macro v0.3.8
[INFO] [stderr]     Checking eventsource-stream v0.2.3
[INFO] [stderr]     Checking is-terminal v0.4.9
[INFO] [stderr]    Compiling serde_derive_internals v0.26.0
[INFO] [stderr]     Checking ogg v0.8.0
[INFO] [stderr]     Checking stb_truetype v0.3.1
[INFO] [stderr]     Checking ordered-float v2.10.1
[INFO] [stderr]     Checking approx v0.3.2
[INFO] [stderr]     Checking ordered-float v1.1.1
[INFO] [stderr]     Checking futures-timer v3.0.2
[INFO] [stderr]    Compiling schemars v0.8.16
[INFO] [stderr]     Checking dasp_sample v0.11.0
[INFO] [stderr]     Checking clap_lex v0.6.0
[INFO] [stderr]     Checking winnow v0.5.19
[INFO] [stderr]    Compiling gilrs v0.10.3
[INFO] [stderr]     Checking overload v0.1.1
[INFO] [stderr]     Checking scoped_threadpool v0.1.9
[INFO] [stderr]     Checking serde-value v0.7.0
[INFO] [stderr]     Checking nu-ansi-term v0.46.0
[INFO] [stderr]     Checking clap_builder v4.4.8
[INFO] [stderr]     Checking image v0.23.14
[INFO] [stderr]     Checking rusttype v0.8.3
[INFO] [stderr]     Checking regex-automata v0.1.10
[INFO] [stderr]     Checking lewton v0.10.2
[INFO] [stderr]     Checking gilrs-core v0.5.9
[INFO] [stderr]     Checking zenoh-plugin-trait v0.7.2-rc
[INFO] [stderr]     Checking env_logger v0.10.1
[INFO] [stderr]     Checking symphonia v0.5.3
[INFO] [stderr]     Checking git-version v0.3.8
[INFO] [stderr]     Checking tokio-serial v5.4.4
[INFO] [stderr]     Checking derive_builder v0.12.0
[INFO] [stderr]     Checking zenoh-transport v0.7.2-rc
[INFO] [stderr]     Checking rust-ini v0.18.0
[INFO] [stderr]     Checking yaml-rust v0.4.5
[INFO] [stderr]     Checking quick-xml v0.23.0-alpha3 (https://github.com/tafia/quick-xml?rev=d8727717fb062a2b2d31ce748959220a28da9f32#d8727717)
[INFO] [stderr]    Compiling schemars_derive v0.8.16
[INFO] [stderr]     Checking secrecy v0.8.0
[INFO] [stderr]     Checking toml v0.5.11
[INFO] [stderr]     Checking matchers v0.1.0
[INFO] [stderr]     Checking hyper-tls v0.5.0
[INFO] [stderr]     Checking hyper-rustls v0.24.2
[INFO] [stderr]     Checking ron v0.7.1
[INFO] [stderr]     Checking tracing-serde v0.1.3
[INFO] [stderr]     Checking backoff v0.4.0
[INFO] [stderr]     Checking reqwest v0.11.22
[INFO] [stderr]     Checking tokio-stream v0.1.14
[INFO] [stderr]    Compiling clap_derive v4.4.7
[INFO] [stderr]     Checking async-convert v1.0.0
[INFO] [stderr]     Checking stop-token v0.7.0
[INFO] [stderr]     Checking ordered-float v3.9.2
[INFO] [stderr]     Checking rand v0.4.6
[INFO] [stderr]     Checking tracing-log v0.2.0
[INFO] [stderr]     Checking sharded-slab v0.1.7
[INFO] [stderr]     Checking thread_local v1.1.7
[INFO] [stderr]    Compiling v4l2-sys-mit v0.3.0
[INFO] [stderr]     Checking dyn-clone v1.0.16
[INFO] [stderr]     Checking toml_edit v0.19.15
[INFO] [stderr]     Checking remove_dir_all v0.5.3
[INFO] [stderr]     Checking iana-time-zone v0.1.58
[INFO] [stderr]     Checking glow v0.11.2
[INFO] [stderr]     Checking hound v3.5.1
[INFO] [stderr]     Checking reqwest-eventsource v0.4.0
[INFO] [stderr]     Checking pathdiff v0.2.1
[INFO] [stderr]     Checking claxon v0.4.3
[INFO] [stderr]     Checking tracing-subscriber v0.3.18
[INFO] [stderr]     Checking config v0.13.4
[INFO] [stderr]     Checking azure_tts v0.1.0 (https://github.com/dmweis/azure_tts?branch=main#802e9597)
[INFO] [stderr]     Checking async-openai v0.17.1
[INFO] [stderr]     Checking rodio v0.17.3
[INFO] [stderr]     Checking tempdir v0.3.7
[INFO] [stderr]    Compiling hopper_rust v0.4.15 (/opt/rustwide/workdir)
[INFO] [stderr]     Checking chrono v0.4.31
[INFO] [stderr]     Checking dynamixel-driver v0.2.4 (https://github.com/dmweis/dynamixel-driver?branch=main#ef74bd29)
[INFO] [stderr]     Checking rplidar_driver v0.1.0 (https://github.com/dmweis/rplidar_driver?branch=main#43cd8441)
[INFO] [stderr]     Checking ctrlc v3.4.1
[INFO] [stderr]     Checking last-message-channel v0.1.0 (https://github.com/dmweis/last-message-channel?branch=main#8df7d187)
[INFO] [stderr]     Checking sha2 v0.10.8
[INFO] [stderr]     Checking mint v0.5.9
[INFO] [stderr]     Checking cobs-rs v1.1.2
[INFO] [stderr]     Checking nalgebra v0.30.1
[INFO] [stderr]     Checking toml v0.7.8
[INFO] [stderr]     Checking clap v4.4.8
[INFO] [stderr]     Checking v4l v0.14.0
[INFO] [stderr]     Checking ncollide3d v0.33.0
[INFO] [stderr]     Checking smithay-client-toolkit v0.12.3
[INFO] [stderr]     Checking winit v0.24.0
[INFO] [stderr]     Checking glutin v0.26.0
[INFO] [stderr]     Checking kiss3d v0.35.0
[INFO] [stderr]  Documenting hopper_rust v0.4.15 (/opt/rustwide/workdir)
[INFO] [stdout] warning: this URL is not a hyperlink
[INFO] [stdout]   --> src/speech/speech_service.rs:64:14
[INFO] [stdout]    |
[INFO] [stdout] 64 | /// Based on https://github.com/RustAudio/rodio/blob/4973f330e07be8480c35f145c9da84dc60e2184c/src/stream.rs#L57
[INFO] [stdout]    |              ^^^^^^^^^^^^^^^^^^^^^^^^^^^^^^^^^^^^^^^^^^^^^^^^^^^^^^^^^^^^^^^^^^^^^^^^^^^^^^^^^^^^^^^^^^^^^^^^^^ help: use an automatic link instead: `<https://github.com/RustAudio/rodio/blob/4973f330e07be8480c35f145c9da84dc60e2184c/src/stream.rs#L57>`
[INFO] [stdout]    |
[INFO] [stdout]    = note: bare URLs are not automatically turned into clickable links
[INFO] [stdout]    = note: `#[warn(rustdoc::bare_urls)]` on by default
[INFO] [stdout] 
[INFO] [stdout] 
[INFO] [stdout] warning: could not parse code block as Rust code
[INFO] [stdout]    --> /opt/rustwide/target/debug/build/hopper_rust-7e5782b30d2cd75f/out/foxglove.rs:267:9
[INFO] [stdout]     |
[INFO] [stdout] 267 |       /// ```ignore
[INFO] [stdout]     |  _________^
[INFO] [stdout] 268 | |     ///      [fx'  0  cx' Tx]
[INFO] [stdout] 269 | |     /// P = [ 0  fy' cy' Ty]
[INFO] [stdout] 270 | |     ///      [ 0   0   1   0]
[INFO] [stdout] 271 | |     /// ```
[INFO] [stdout]     | |___________^
[INFO] [stdout]     |
[INFO] [stdout] help: `ignore` code blocks require valid Rust code for syntax highlighting; mark blocks that do not contain Rust code as text: ```text
[INFO] [stdout]    --> /opt/rustwide/target/debug/build/hopper_rust-7e5782b30d2cd75f/out/foxglove.rs:267:9
[INFO] [stdout]     |
[INFO] [stdout] 267 |     /// ```ignore
[INFO] [stdout]     |         ^^^
[INFO] [stdout]     = note: error from rustc: prefix `fx` is unknown
[INFO] [stdout]     = note: error from rustc: character literal may only contain one codepoint
[INFO] [stdout]     = note: error from rustc: prefix `fy` is unknown
[INFO] [stdout]     = note: error from rustc: character literal may only contain one codepoint
[INFO] [stdout]     = note: `#[warn(rustdoc::invalid_rust_codeblocks)]` on by default
[INFO] [stdout] 
[INFO] [stdout] 
[INFO] [stdout] warning: could not parse code block as Rust code
[INFO] [stdout]    --> /opt/rustwide/target/debug/build/hopper_rust-7e5782b30d2cd75f/out/foxglove.rs:283:9
[INFO] [stdout]     |
[INFO] [stdout] 283 |       /// ```ignore
[INFO] [stdout]     |  _________^
[INFO] [stdout] 284 | |     /// [u v w]' = P * [X Y Z 1]'
[INFO] [stdout] 285 | |     ///         x = u / w
[INFO] [stdout] 286 | |     ///         y = v / w
[INFO] [stdout] 287 | |     /// ```
[INFO] [stdout]     | |___________^
[INFO] [stdout]     |
[INFO] [stdout] help: `ignore` code blocks require valid Rust code for syntax highlighting; mark blocks that do not contain Rust code as text: ```text
[INFO] [stdout]    --> /opt/rustwide/target/debug/build/hopper_rust-7e5782b30d2cd75f/out/foxglove.rs:283:9
[INFO] [stdout]     |
[INFO] [stdout] 283 |     /// ```ignore
[INFO] [stdout]     |         ^^^
[INFO] [stdout]     = note: error from rustc: character literal may only contain one codepoint
[INFO] [stdout] 
[INFO] [stdout] 
[INFO] [stdout] warning: 3 warnings emitted
[INFO] [stdout] 
[INFO] [stdout] 
[INFO] [stderr]     Finished dev [unoptimized + debuginfo] target(s) in 1m 17s
[INFO] [stderr]    Generated /opt/rustwide/target/doc/hopper_rust/index.html
[INFO] [stderr]    Generated /opt/rustwide/target/doc/hopper/index.html
[INFO] [stderr]    Generated /opt/rustwide/target/doc/remote_controller/index.html
[INFO] [stderr]    Generated /opt/rustwide/target/doc/visualizer/index.html
[INFO] running `Command { std: "docker" "inspect" "b4a00f24c12b4b727d80e0a3c3a48ddc534454b0b9b48fd058a4112bd6300160", kill_on_drop: false }`
[INFO] running `Command { std: "docker" "rm" "-f" "b4a00f24c12b4b727d80e0a3c3a48ddc534454b0b9b48fd058a4112bd6300160", kill_on_drop: false }`
[INFO] [stdout] b4a00f24c12b4b727d80e0a3c3a48ddc534454b0b9b48fd058a4112bd6300160
[INFO] running `Command { std: "docker" "create" "-v" "/var/lib/crater-agent-workspace/builds/worker-6-tc2/target:/opt/rustwide/target:rw,Z" "-v" "/var/lib/crater-agent-workspace/builds/worker-6-tc2/source:/opt/rustwide/workdir:ro,Z" "-v" "/var/lib/crater-agent-workspace/cargo-home:/opt/rustwide/cargo-home:ro,Z" "-v" "/var/lib/crater-agent-workspace/rustup-home:/opt/rustwide/rustup-home:ro,Z" "-e" "SOURCE_DIR=/opt/rustwide/workdir" "-e" "CARGO_TARGET_DIR=/opt/rustwide/target" "-e" "CARGO_INCREMENTAL=0" "-e" "RUST_BACKTRACE=full" "-e" "RUSTFLAGS=--cap-lints=warn" "-e" "RUSTDOCFLAGS=--cap-lints=warn" "-e" "DOCS_RS=1" "-e" "RUSTC_BOOTSTRAP=1" "-e" "CARGO_HOME=/opt/rustwide/cargo-home" "-e" "RUSTUP_HOME=/opt/rustwide/rustup-home" "-w" "/opt/rustwide/workdir" "-m" "1610612736" "--user" "0:0" "--network" "none" "ghcr.io/rust-lang/crates-build-env/linux@sha256:2788e3201cd34a07e3172128adcd8b3090168a8e3bcc40d7c032b9dda1df7d1c" "/opt/rustwide/cargo-home/bin/cargo" "+beta-2023-12-22" "rustdoc" "--lib" "-Zrustdoc-map" "-Z" "unstable-options" "--config" "build.rustdocflags=[\"-Z\", \"unstable-options\", \"--document-private-items\"]" "--frozen" "--message-format=json", kill_on_drop: false }`
[INFO] [stdout] 76d506b78126dfb444e2c8b4fb0e8f796802f577589dff346ce18520737f01cb
[INFO] running `Command { std: "docker" "start" "-a" "76d506b78126dfb444e2c8b4fb0e8f796802f577589dff346ce18520737f01cb", kill_on_drop: false }`
[INFO] [stderr]    Compiling async-trait v0.1.74
[INFO] [stderr]     Checking zenoh-util v0.7.2-rc
[INFO] [stderr]     Checking zenoh-link-commons v0.7.2-rc
[INFO] [stderr]     Checking async-convert v1.0.0
[INFO] [stderr]     Checking config v0.13.4
[INFO] [stderr]     Checking dynamixel-driver v0.2.4 (https://github.com/dmweis/dynamixel-driver?branch=main#ef74bd29)
[INFO] [stderr]     Checking async-openai v0.17.1
[INFO] [stderr]     Checking zenoh-link-unixsock_stream v0.7.2-rc
[INFO] [stderr]     Checking zenoh-config v0.7.2-rc
[INFO] [stderr]     Checking zenoh-link-udp v0.7.2-rc
[INFO] [stderr]     Checking zenoh-link-ws v0.7.2-rc
[INFO] [stderr]     Checking zenoh-link-tcp v0.7.2-rc
[INFO] [stderr]     Checking zenoh-plugin-trait v0.7.2-rc
[INFO] [stderr]     Checking zenoh-link-quic v0.7.2-rc
[INFO] [stderr]     Checking zenoh-link-tls v0.7.2-rc
[INFO] [stderr]     Checking zenoh-link v0.7.2-rc
[INFO] [stderr]     Checking zenoh-transport v0.7.2-rc
[INFO] [stderr]     Checking zenoh v0.7.2-rc
[INFO] [stderr]  Documenting hopper_rust v0.4.15 (/opt/rustwide/workdir)
[INFO] [stdout] warning: could not parse code block as Rust code
[INFO] [stdout]    --> /opt/rustwide/target/debug/build/hopper_rust-7e5782b30d2cd75f/out/foxglove.rs:267:9
[INFO] [stdout]     |
[INFO] [stdout] 267 |       /// ```ignore
[INFO] [stdout]     |  _________^
[INFO] [stdout] 268 | |     ///      [fx'  0  cx' Tx]
[INFO] [stdout] 269 | |     /// P = [ 0  fy' cy' Ty]
[INFO] [stdout] 270 | |     ///      [ 0   0   1   0]
[INFO] [stdout] 271 | |     /// ```
[INFO] [stdout]     | |___________^
[INFO] [stdout]     |
[INFO] [stdout] help: `ignore` code blocks require valid Rust code for syntax highlighting; mark blocks that do not contain Rust code as text: ```text
[INFO] [stdout]    --> /opt/rustwide/target/debug/build/hopper_rust-7e5782b30d2cd75f/out/foxglove.rs:267:9
[INFO] [stdout]     |
[INFO] [stdout] 267 |     /// ```ignore
[INFO] [stdout]     |         ^^^
[INFO] [stdout]     = note: error from rustc: prefix `fx` is unknown
[INFO] [stdout]     = note: error from rustc: character literal may only contain one codepoint
[INFO] [stdout]     = note: error from rustc: prefix `fy` is unknown
[INFO] [stdout]     = note: error from rustc: character literal may only contain one codepoint
[INFO] [stdout]     = note: `#[warn(rustdoc::invalid_rust_codeblocks)]` on by default
[INFO] [stdout] 
[INFO] [stdout] 
[INFO] [stdout] warning: could not parse code block as Rust code
[INFO] [stdout]    --> /opt/rustwide/target/debug/build/hopper_rust-7e5782b30d2cd75f/out/foxglove.rs:283:9
[INFO] [stdout]     |
[INFO] [stdout] 283 |       /// ```ignore
[INFO] [stdout]     |  _________^
[INFO] [stdout] 284 | |     /// [u v w]' = P * [X Y Z 1]'
[INFO] [stdout] 285 | |     ///         x = u / w
[INFO] [stdout] 286 | |     ///         y = v / w
[INFO] [stdout] 287 | |     /// ```
[INFO] [stdout]     | |___________^
[INFO] [stdout]     |
[INFO] [stdout] help: `ignore` code blocks require valid Rust code for syntax highlighting; mark blocks that do not contain Rust code as text: ```text
[INFO] [stdout]    --> /opt/rustwide/target/debug/build/hopper_rust-7e5782b30d2cd75f/out/foxglove.rs:283:9
[INFO] [stdout]     |
[INFO] [stdout] 283 |     /// ```ignore
[INFO] [stdout]     |         ^^^
[INFO] [stdout]     = note: error from rustc: character literal may only contain one codepoint
[INFO] [stdout] 
[INFO] [stdout] 
[INFO] [stdout] warning: 2 warnings emitted
[INFO] [stdout] 
[INFO] [stdout] 
[INFO] [stderr]     Finished dev [unoptimized + debuginfo] target(s) in 11.50s
[INFO] [stderr]    Generated /opt/rustwide/target/doc/hopper_rust/index.html
[INFO] running `Command { std: "docker" "inspect" "76d506b78126dfb444e2c8b4fb0e8f796802f577589dff346ce18520737f01cb", kill_on_drop: false }`
[INFO] running `Command { std: "docker" "rm" "-f" "76d506b78126dfb444e2c8b4fb0e8f796802f577589dff346ce18520737f01cb", kill_on_drop: false }`
[INFO] [stdout] 76d506b78126dfb444e2c8b4fb0e8f796802f577589dff346ce18520737f01cb
