[INFO] cloning repository https://github.com/sbhax/sbrx
[INFO] running `Command { std: "git" "-c" "credential.helper=" "-c" "credential.helper=/workspace/cargo-home/bin/git-credential-null" "clone" "--bare" "https://github.com/sbhax/sbrx" "/workspace/cache/git-repos/https%3A%2F%2Fgithub.com%2Fsbhax%2Fsbrx", kill_on_drop: false }`
[INFO] [stderr] Cloning into bare repository '/workspace/cache/git-repos/https%3A%2F%2Fgithub.com%2Fsbhax%2Fsbrx'...
[INFO] running `Command { std: "git" "rev-parse" "HEAD", kill_on_drop: false }`
[INFO] [stdout] a0ae84e5aef77e7b7803a2c8caabd171a8781a00
[INFO] documenting sbhax/sbrx against 1.75.0 for beta-1.76-rustdoc-1
[INFO] running `Command { std: "git" "clone" "/workspace/cache/git-repos/https%3A%2F%2Fgithub.com%2Fsbhax%2Fsbrx" "/workspace/builds/worker-0-tc1/source", kill_on_drop: false }`
[INFO] [stderr] Cloning into '/workspace/builds/worker-0-tc1/source'...
[INFO] [stderr] done.
[INFO] validating manifest of git repo https://github.com/sbhax/sbrx on toolchain 1.75.0
[INFO] running `Command { std: CARGO_HOME="/workspace/cargo-home" RUSTUP_HOME="/workspace/rustup-home" "/workspace/cargo-home/bin/cargo" "+1.75.0" "metadata" "--manifest-path" "Cargo.toml" "--no-deps", kill_on_drop: false }`
[INFO] started tweaking git repo https://github.com/sbhax/sbrx
[INFO] finished tweaking git repo https://github.com/sbhax/sbrx
[INFO] tweaked toml for git repo https://github.com/sbhax/sbrx written to /workspace/builds/worker-0-tc1/source/Cargo.toml
[INFO] crate git repo https://github.com/sbhax/sbrx already has a lockfile, it will not be regenerated
[INFO] running `Command { std: CARGO_HOME="/workspace/cargo-home" RUSTUP_HOME="/workspace/rustup-home" "/workspace/cargo-home/bin/cargo" "+1.75.0" "fetch" "--manifest-path" "Cargo.toml", kill_on_drop: false }`
[INFO] [stderr]     Blocking waiting for file lock on package cache
[ERROR] error running command: no output for 300 seconds
[ERROR] this task or one of its parent failed!
[ERROR] no output for 300 seconds
[ERROR] note: run with `RUST_BACKTRACE=1` to display a backtrace.
[INFO] documenting sbhax/sbrx against beta-2023-12-22 for beta-1.76-rustdoc-1
[INFO] running `Command { std: "git" "clone" "/workspace/cache/git-repos/https%3A%2F%2Fgithub.com%2Fsbhax%2Fsbrx" "/workspace/builds/worker-0-tc2/source", kill_on_drop: false }`
[INFO] [stderr] Cloning into '/workspace/builds/worker-0-tc2/source'...
[INFO] [stderr] done.
[INFO] validating manifest of git repo https://github.com/sbhax/sbrx on toolchain beta-2023-12-22
[INFO] running `Command { std: CARGO_HOME="/workspace/cargo-home" RUSTUP_HOME="/workspace/rustup-home" "/workspace/cargo-home/bin/cargo" "+beta-2023-12-22" "metadata" "--manifest-path" "Cargo.toml" "--no-deps", kill_on_drop: false }`
[INFO] started tweaking git repo https://github.com/sbhax/sbrx
[INFO] finished tweaking git repo https://github.com/sbhax/sbrx
[INFO] tweaked toml for git repo https://github.com/sbhax/sbrx written to /workspace/builds/worker-0-tc2/source/Cargo.toml
[INFO] crate git repo https://github.com/sbhax/sbrx already has a lockfile, it will not be regenerated
[INFO] running `Command { std: CARGO_HOME="/workspace/cargo-home" RUSTUP_HOME="/workspace/rustup-home" "/workspace/cargo-home/bin/cargo" "+beta-2023-12-22" "fetch" "--manifest-path" "Cargo.toml", kill_on_drop: false }`
[INFO] [stderr]     Blocking waiting for file lock on package cache
[INFO] [stderr]     Blocking waiting for file lock on package cache
[ERROR] error running command: no output for 300 seconds
[INFO] documenting sbhax/sbrx against beta-2023-12-22 for beta-1.76-rustdoc-1
[INFO] running `Command { std: "git" "clone" "/workspace/cache/git-repos/https%3A%2F%2Fgithub.com%2Fsbhax%2Fsbrx" "/workspace/builds/worker-0-tc2/source", kill_on_drop: false }`
[INFO] [stderr] Cloning into '/workspace/builds/worker-0-tc2/source'...
[INFO] [stderr] done.
[INFO] validating manifest of git repo https://github.com/sbhax/sbrx on toolchain beta-2023-12-22
[INFO] running `Command { std: CARGO_HOME="/workspace/cargo-home" RUSTUP_HOME="/workspace/rustup-home" "/workspace/cargo-home/bin/cargo" "+beta-2023-12-22" "metadata" "--manifest-path" "Cargo.toml" "--no-deps", kill_on_drop: false }`
[INFO] started tweaking git repo https://github.com/sbhax/sbrx
[INFO] finished tweaking git repo https://github.com/sbhax/sbrx
[INFO] tweaked toml for git repo https://github.com/sbhax/sbrx written to /workspace/builds/worker-0-tc2/source/Cargo.toml
[INFO] crate git repo https://github.com/sbhax/sbrx already has a lockfile, it will not be regenerated
[INFO] running `Command { std: CARGO_HOME="/workspace/cargo-home" RUSTUP_HOME="/workspace/rustup-home" "/workspace/cargo-home/bin/cargo" "+beta-2023-12-22" "fetch" "--manifest-path" "Cargo.toml", kill_on_drop: false }`
[INFO] [stderr]     Blocking waiting for file lock on package cache
[INFO] [stderr]     Blocking waiting for file lock on package cache
[ERROR] error running command: no output for 300 seconds
[INFO] documenting sbhax/sbrx against beta-2023-12-22 for beta-1.76-rustdoc-1
[INFO] running `Command { std: "git" "clone" "/workspace/cache/git-repos/https%3A%2F%2Fgithub.com%2Fsbhax%2Fsbrx" "/workspace/builds/worker-0-tc2/source", kill_on_drop: false }`
[INFO] [stderr] Cloning into '/workspace/builds/worker-0-tc2/source'...
[INFO] [stderr] done.
[INFO] validating manifest of git repo https://github.com/sbhax/sbrx on toolchain beta-2023-12-22
[INFO] running `Command { std: CARGO_HOME="/workspace/cargo-home" RUSTUP_HOME="/workspace/rustup-home" "/workspace/cargo-home/bin/cargo" "+beta-2023-12-22" "metadata" "--manifest-path" "Cargo.toml" "--no-deps", kill_on_drop: false }`
[INFO] started tweaking git repo https://github.com/sbhax/sbrx
[INFO] finished tweaking git repo https://github.com/sbhax/sbrx
[INFO] tweaked toml for git repo https://github.com/sbhax/sbrx written to /workspace/builds/worker-0-tc2/source/Cargo.toml
[INFO] crate git repo https://github.com/sbhax/sbrx already has a lockfile, it will not be regenerated
[INFO] running `Command { std: CARGO_HOME="/workspace/cargo-home" RUSTUP_HOME="/workspace/rustup-home" "/workspace/cargo-home/bin/cargo" "+beta-2023-12-22" "fetch" "--manifest-path" "Cargo.toml", kill_on_drop: false }`
[INFO] [stderr]     Blocking waiting for file lock on package cache
[INFO] [stderr]     Blocking waiting for file lock on package cache
[INFO] [stderr]  Downloading crates ...
[INFO] [stderr]   Downloaded wayland-client v0.20.11
[INFO] [stderr]   Downloaded wayland-commons v0.20.11
[INFO] [stderr]   Downloaded x11-dl v2.18.1
[INFO] [stderr]   Downloaded proc-macro2 v0.4.8
[INFO] [stderr]   Downloaded wayland-scanner v0.20.11
[INFO] [stderr]   Downloaded wayland-sys v0.20.11
[INFO] [stderr]   Downloaded wayland-protocols v0.20.11
[INFO] running `Command { std: "docker" "create" "-v" "/var/lib/crater-agent-workspace/builds/worker-0-tc2/target:/opt/rustwide/target:rw,Z" "-v" "/var/lib/crater-agent-workspace/builds/worker-0-tc2/source:/opt/rustwide/workdir:ro,Z" "-v" "/var/lib/crater-agent-workspace/cargo-home:/opt/rustwide/cargo-home:ro,Z" "-v" "/var/lib/crater-agent-workspace/rustup-home:/opt/rustwide/rustup-home:ro,Z" "-e" "SOURCE_DIR=/opt/rustwide/workdir" "-e" "CARGO_TARGET_DIR=/opt/rustwide/target" "-e" "CARGO_HOME=/opt/rustwide/cargo-home" "-e" "RUSTUP_HOME=/opt/rustwide/rustup-home" "-w" "/opt/rustwide/workdir" "-m" "1610612736" "--user" "0:0" "--network" "none" "ghcr.io/rust-lang/crates-build-env/linux@sha256:2788e3201cd34a07e3172128adcd8b3090168a8e3bcc40d7c032b9dda1df7d1c" "/opt/rustwide/cargo-home/bin/cargo" "+beta-2023-12-22" "metadata" "--no-deps" "--format-version=1", kill_on_drop: false }`
[INFO] [stdout] 36da2669c7150893650415673bb0a13d02dd10b82edf5853b128b61217993121
[INFO] running `Command { std: "docker" "start" "-a" "36da2669c7150893650415673bb0a13d02dd10b82edf5853b128b61217993121", kill_on_drop: false }`
[INFO] running `Command { std: "docker" "inspect" "36da2669c7150893650415673bb0a13d02dd10b82edf5853b128b61217993121", kill_on_drop: false }`
[INFO] running `Command { std: "docker" "rm" "-f" "36da2669c7150893650415673bb0a13d02dd10b82edf5853b128b61217993121", kill_on_drop: false }`
[INFO] [stdout] 36da2669c7150893650415673bb0a13d02dd10b82edf5853b128b61217993121
[INFO] running `Command { std: "docker" "create" "-v" "/var/lib/crater-agent-workspace/builds/worker-0-tc2/target:/opt/rustwide/target:rw,Z" "-v" "/var/lib/crater-agent-workspace/builds/worker-0-tc2/source:/opt/rustwide/workdir:ro,Z" "-v" "/var/lib/crater-agent-workspace/cargo-home:/opt/rustwide/cargo-home:ro,Z" "-v" "/var/lib/crater-agent-workspace/rustup-home:/opt/rustwide/rustup-home:ro,Z" "-e" "SOURCE_DIR=/opt/rustwide/workdir" "-e" "CARGO_TARGET_DIR=/opt/rustwide/target" "-e" "CARGO_INCREMENTAL=0" "-e" "RUST_BACKTRACE=full" "-e" "RUSTFLAGS=--cap-lints=warn" "-e" "RUSTDOCFLAGS=--cap-lints=warn" "-e" "CARGO_HOME=/opt/rustwide/cargo-home" "-e" "RUSTUP_HOME=/opt/rustwide/rustup-home" "-w" "/opt/rustwide/workdir" "-m" "1610612736" "--user" "0:0" "--network" "none" "ghcr.io/rust-lang/crates-build-env/linux@sha256:2788e3201cd34a07e3172128adcd8b3090168a8e3bcc40d7c032b9dda1df7d1c" "/opt/rustwide/cargo-home/bin/cargo" "+beta-2023-12-22" "doc" "--frozen" "--no-deps" "--document-private-items" "--message-format=json", kill_on_drop: false }`
[INFO] [stdout] d16873365c003785dcf9d9d6d0e16c2a1fdac96762993c70daca5ae99d781dac
[INFO] running `Command { std: "docker" "start" "-a" "d16873365c003785dcf9d9d6d0e16c2a1fdac96762993c70daca5ae99d781dac", kill_on_drop: false }`
[INFO] [stderr]     Checking libc v0.2.42
[INFO] [stderr]    Compiling bitflags v1.0.3
[INFO] [stderr]     Checking lazy_static v1.0.2
[INFO] [stderr]    Compiling cc v1.0.18
[INFO] [stderr]    Compiling num-traits v0.2.5
[INFO] [stderr]     Checking cfg-if v0.1.4
[INFO] [stderr]     Checking scopeguard v0.3.3
[INFO] [stderr]     Checking byteorder v1.2.3
[INFO] [stderr]    Compiling xml-rs v0.7.0
[INFO] [stderr]    Compiling khronos_api v2.2.0
[INFO] [stderr]    Compiling num-integer v0.1.39
[INFO] [stderr]     Checking nodrop v0.1.12
[INFO] [stderr]    Compiling log v0.4.3
[INFO] [stderr]     Checking arrayvec v0.4.7
[INFO] [stderr]     Checking downcast-rs v1.0.3
[INFO] [stderr]    Compiling proc-macro2 v0.4.8
[INFO] [stderr]     Checking unreachable v1.0.0
[INFO] [stderr]     Checking rand_core v0.2.1
[INFO] [stderr]     Checking rand v0.4.2
[INFO] [stderr]    Compiling pkg-config v0.3.12
[INFO] [stderr]    Compiling nix v0.11.0
[INFO] [stderr]     Checking stable_deref_trait v1.1.0
[INFO] [stderr]    Compiling wayland-scanner v0.20.11
[INFO] [stderr]    Compiling gl_generator v0.9.0
[INFO] [stderr]    Compiling x11-dl v2.18.1
[INFO] [stderr]    Compiling quote v0.6.3
[INFO] [stderr]     Checking owning_ref v0.3.3
[INFO] [stderr]    Compiling libloading v0.5.0
[INFO] [stderr]     Checking rand v0.5.4
[INFO] [stderr]     Checking smallvec v0.6.3
[INFO] [stderr]     Checking crossbeam-utils v0.2.2
[INFO] [stderr]    Compiling rayon-core v1.4.1
[INFO] [stderr]    Compiling wayland-client v0.20.11
[INFO] [stderr]    Compiling wayland-protocols v0.20.11
[INFO] [stderr]     Checking memoffset v0.2.1
[INFO] [stderr]    Compiling num-iter v0.1.37
[INFO] [stderr]     Checking remove_dir_all v0.5.1
[INFO] [stderr]     Checking rustc-serialize v0.3.24
[INFO] [stderr]     Checking crossbeam-epoch v0.3.1
[INFO] [stderr]     Checking dlib v0.4.1
[INFO] [stderr]     Checking wayland-sys v0.20.11
[INFO] [stderr]     Checking parking_lot_core v0.2.14
[INFO] [stderr]     Checking lock_api v0.1.3
[INFO] [stderr]    Compiling syn v0.14.4
[INFO] [stdout] error[E0310]: the parameter type `T` may not live long enough
[INFO] [stdout]     --> /opt/rustwide/cargo-home/registry/src/index.crates.io-6f17d22bba15001f/rustc-serialize-0.3.24/src/serialize.rs:1155:5
[INFO] [stdout]      |
[INFO] [stdout] 1155 |     fn decode<D: Decoder>(d: &mut D) -> Result<Cow<'static, T>, D::Error> {
[INFO] [stdout]      |     ^^^^^^^^^^^^^^^^^^^^^^^^^^^^^^^^^^^^^^^^^^^^^^^^^^^^^^^^^^^^^^^^^^^^^
[INFO] [stdout]      |     |
[INFO] [stdout]      |     the parameter type `T` must be valid for the static lifetime...
[INFO] [stdout]      |     ...so that the type `T` will meet its required lifetime bounds...
[INFO] [stdout]      |
[INFO] [stdout] note: ...that is required by this bound
[INFO] [stdout]     --> /rustc/0e09125c6c3c2fd70d7de961bcf0e51575235fad/library/alloc/src/borrow.rs:180:30
[INFO] [stdout] help: consider adding an explicit lifetime bound
[INFO] [stdout]      |
[INFO] [stdout] 1151 | impl<'a, T: ?Sized + 'static> Decodable for Cow<'a, T>
[INFO] [stdout]      |                    +++++++++
[INFO] [stdout] 
[INFO] [stdout] 
[INFO] [stderr]     Checking wayland-commons v0.20.11
[INFO] [stderr]    Compiling backtrace-sys v0.1.23
[INFO] [stderr]     Checking memmap v0.6.2
[INFO] [stderr]     Checking parking_lot v0.6.3
[INFO] [stderr]     Checking tempfile v3.0.3
[INFO] [stderr]     Checking crossbeam-deque v0.2.0
[INFO] [stderr]    Compiling glutin v0.17.0
[INFO] [stdout] error: aborting due to 1 previous error
[INFO] [stdout] 
[INFO] [stdout] 
[INFO] [stdout] For more information about this error, try `rustc --explain E0310`.
[INFO] [stdout] 
[INFO] [stderr] error: could not compile `rustc-serialize` (lib) due to 2 previous errors
[INFO] [stderr] warning: build failed, waiting for other jobs to finish...
[INFO] running `Command { std: "docker" "inspect" "d16873365c003785dcf9d9d6d0e16c2a1fdac96762993c70daca5ae99d781dac", kill_on_drop: false }`
[INFO] running `Command { std: "docker" "rm" "-f" "d16873365c003785dcf9d9d6d0e16c2a1fdac96762993c70daca5ae99d781dac", kill_on_drop: false }`
[INFO] [stdout] d16873365c003785dcf9d9d6d0e16c2a1fdac96762993c70daca5ae99d781dac
